[INFO] fetching crate lan-chat 0.12.6...
[INFO] testing lan-chat-0.12.6 against 1.99.0-beta.8+cargoflags=--release for beta-release-1.100-2
[INFO] extracting crate lan-chat 0.12.6 into /workspace/builds/worker-2-tc1/source
[INFO] started tweaking crates.io crate lan-chat 0.12.6
[INFO] finished tweaking crates.io crate lan-chat 0.12.6
[INFO] tweaked toml for crates.io crate lan-chat 0.12.6 written to /workspace/builds/worker-2-tc1/source/Cargo.toml
[INFO] validating manifest of crates.io crate lan-chat 0.12.6 on toolchain 1.99.0-beta.8
[INFO] running `Command { std: CARGO_HOME="/workspace/cargo-home" RUSTUP_HOME="/workspace/rustup-home" "/workspace/cargo-home/bin/cargo" "+1.99.0-beta.8" "metadata" "--manifest-path" "Cargo.toml" "--no-deps", kill_on_drop: false }`
[INFO] crate crates.io crate lan-chat 0.12.6 already has a lockfile, it will not be regenerated
[INFO] running `Command { std: CARGO_HOME="/workspace/cargo-home" RUSTUP_HOME="/workspace/rustup-home" "/workspace/cargo-home/bin/cargo" "+1.99.0-beta.8" "fetch" "--manifest-path" "Cargo.toml", kill_on_drop: false }`
[INFO] [stderr]     Updating crates.io index
[INFO] [stderr]  Downloading crates ...
[INFO] [stderr]   Downloaded stability v0.1.1
[INFO] [stderr]   Downloaded indoc v2.0.4
[INFO] [stderr]   Downloaded strum v0.26.1
[INFO] [stderr]   Downloaded tui-textarea v0.4.0
[INFO] [stderr]   Downloaded if-addrs v0.13.0
[INFO] [stderr]   Downloaded env_filter v0.1.0
[INFO] [stderr]   Downloaded env_logger v0.11.1
[INFO] [stderr]   Downloaded ratatui v0.26.1
[INFO] [stderr]   Downloaded anstream v0.6.11
[INFO] [stderr]   Downloaded clap v4.5.0
[INFO] [stderr]   Downloaded emojis v0.6.1
[INFO] [stderr]   Downloaded clap_builder v4.5.0
[INFO] running `Command { std: "docker" "create" "-v" "/var/lib/crater-agent-workspace/builds/worker-2-tc1/source:/opt/rustwide/workdir:ro,Z" "-v" "/var/lib/crater-agent-workspace/builds/worker-2-tc1/target:/opt/rustwide/target:rw,Z" "-v" "/var/lib/crater-agent-workspace/cargo-home:/opt/rustwide/cargo-home:ro,Z" "-v" "/var/lib/crater-agent-workspace/rustup-home:/opt/rustwide/rustup-home:ro,Z" "-m" "1610612736" "--network" "none" "ghcr.io/rust-lang/crates-build-env/linux@sha256:77db811e55d90add9212f6832c23229e3de5f1c1f9905e8cb07319ea15df73ac" "sleep" "infinity", kill_on_drop: false }`
[INFO] [stdout] 2b9462e4fc808cf4f59b905ae5f85244a1b8877dd1d3d2e4461de8f34f960783
[INFO] running `Command { std: "docker" "start" "2b9462e4fc808cf4f59b905ae5f85244a1b8877dd1d3d2e4461de8f34f960783", kill_on_drop: false }`
[INFO] running `Command { std: "docker" "inspect" "2b9462e4fc808cf4f59b905ae5f85244a1b8877dd1d3d2e4461de8f34f960783", kill_on_drop: false }`
[INFO] running `Command { std: "docker" "exec" "-e" "SOURCE_DIR=/opt/rustwide/workdir" "-e" "CARGO_HOME=/opt/rustwide/cargo-home" "-e" "RUSTUP_HOME=/opt/rustwide/rustup-home" "-e" "CARGO_TARGET_DIR=/opt/rustwide/target" "-w" "/opt/rustwide/workdir" "--user" "0:0" "2b9462e4fc808cf4f59b905ae5f85244a1b8877dd1d3d2e4461de8f34f960783" "/opt/rustwide/cargo-home/bin/cargo" "+1.99.0-beta.8" "metadata" "--no-deps" "--format-version=1", kill_on_drop: false }`
[INFO] running `Command { std: "docker" "inspect" "2b9462e4fc808cf4f59b905ae5f85244a1b8877dd1d3d2e4461de8f34f960783", kill_on_drop: false }`
[INFO] running `Command { std: "docker" "exec" "-e" "SOURCE_DIR=/opt/rustwide/workdir" "-e" "CARGO_HOME=/opt/rustwide/cargo-home" "-e" "RUSTUP_HOME=/opt/rustwide/rustup-home" "-e" "CARGO_TARGET_DIR=/opt/rustwide/target" "-e" "CARGO_INCREMENTAL=0" "-e" "RUST_BACKTRACE=full" "-e" "RUSTFLAGS=--cap-lints=warn" "-e" "RUSTDOCFLAGS=--cap-lints=warn" "-w" "/opt/rustwide/workdir" "--user" "0:0" "2b9462e4fc808cf4f59b905ae5f85244a1b8877dd1d3d2e4461de8f34f960783" "/opt/rustwide/cargo-home/bin/cargo" "+1.99.0-beta.8" "build" "--frozen" "--message-format=json" "--release", kill_on_drop: false }`
[INFO] [stderr]    Compiling libc v0.2.153
[INFO] [stderr]    Compiling proc-macro2 v1.0.78
[INFO] [stderr]    Compiling rustversion v1.0.14
[INFO] [stderr]    Compiling log v0.4.20
[INFO] [stderr]    Compiling parking_lot_core v0.9.9
[INFO] [stderr]    Compiling signal-hook v0.3.17
[INFO] [stderr]    Compiling smallvec v1.13.1
[INFO] [stderr]    Compiling zerocopy v0.7.32
[INFO] [stderr]    Compiling once_cell v1.19.0
[INFO] [stderr]    Compiling memchr v2.7.1
[INFO] [stderr]    Compiling lock_api v0.4.11
[INFO] [stderr]    Compiling ahash v0.8.8
[INFO] [stderr]    Compiling anstyle v1.0.6
[INFO] [stderr]    Compiling anstyle-parse v0.2.3
[INFO] [stderr]    Compiling paste v1.0.14
[INFO] [stderr]    Compiling regex-syntax v0.8.2
[INFO] [stderr]    Compiling allocator-api2 v0.2.16
[INFO] [stderr]    Compiling anstyle-query v1.0.2
[INFO] [stderr]    Compiling either v1.10.0
[INFO] [stderr]    Compiling bitflags v2.4.2
[INFO] [stderr]    Compiling anstream v0.6.11
[INFO] [stderr]    Compiling ryu v1.0.16
[INFO] [stderr]    Compiling itoa v1.0.10
[INFO] [stderr]    Compiling serde v1.0.196
[INFO] [stderr]    Compiling phf_shared v0.11.2
[INFO] [stderr]    Compiling indoc v2.0.4
[INFO] [stderr]    Compiling unicode-segmentation v1.11.0
[INFO] [stderr]    Compiling strsim v0.11.0
[INFO] [stderr]    Compiling clap_lex v0.7.0
[INFO] [stderr]    Compiling cassowary v0.3.0
[INFO] [stderr]    Compiling signal-hook-registry v1.4.1
[INFO] [stderr]    Compiling mio v0.8.10
[INFO] [stderr]    Compiling hashbrown v0.14.3
[INFO] [stderr]    Compiling getrandom v0.2.12
[INFO] [stderr]    Compiling castaway v0.2.2
[INFO] [stderr]    Compiling compact_str v0.7.1
[INFO] [stderr]    Compiling itertools v0.12.1
[INFO] [stderr]    Compiling aho-corasick v1.1.2
[INFO] [stderr]    Compiling parking_lot v0.12.1
[INFO] [stderr]    Compiling rand_core v0.6.4
[INFO] [stderr]    Compiling signal-hook-mio v0.2.3
[INFO] [stderr]    Compiling crossterm v0.27.0
[INFO] [stderr]    Compiling rand_chacha v0.3.1
[INFO] [stderr]    Compiling clap_builder v4.5.0
[INFO] [stderr]    Compiling phf v0.11.2
[INFO] [stderr]    Compiling humantime v2.1.0
[INFO] [stderr]    Compiling quote v1.0.35
[INFO] [stderr]    Compiling rand v0.8.5
[INFO] [stderr]    Compiling emojis v0.6.1
[INFO] [stderr]    Compiling syn v2.0.48
[INFO] [stderr]    Compiling syn v1.0.109
[INFO] [stderr]    Compiling if-addrs v0.13.0
[INFO] [stderr]    Compiling lru v0.12.2
[INFO] [stderr]    Compiling regex-automata v0.4.5
[INFO] [stderr]    Compiling strum_macros v0.26.4
[INFO] [stderr]    Compiling serde_derive v1.0.196
[INFO] [stderr]    Compiling clap_derive v4.5.0
[INFO] [stderr]    Compiling stability v0.1.1
[INFO] [stderr]    Compiling strum v0.26.1
[INFO] [stderr]    Compiling ratatui v0.26.1
[INFO] [stderr]    Compiling clap v4.5.0
[INFO] [stderr]    Compiling regex v1.10.3
[INFO] [stderr]    Compiling env_filter v0.1.0
[INFO] [stderr]    Compiling env_logger v0.11.1
[INFO] [stderr]    Compiling tui-textarea v0.4.0
[INFO] [stderr]    Compiling bincode v1.3.3
[INFO] [stderr]    Compiling lan-chat v0.12.6 (/opt/rustwide/workdir)
[INFO] [stderr]     Finished `release` profile [optimized] target(s) in 45.06s
[INFO] running `Command { std: "docker" "inspect" "2b9462e4fc808cf4f59b905ae5f85244a1b8877dd1d3d2e4461de8f34f960783", kill_on_drop: false }`
[INFO] running `Command { std: "docker" "exec" "-e" "SOURCE_DIR=/opt/rustwide/workdir" "-e" "CARGO_HOME=/opt/rustwide/cargo-home" "-e" "RUSTUP_HOME=/opt/rustwide/rustup-home" "-e" "CARGO_TARGET_DIR=/opt/rustwide/target" "-e" "CARGO_INCREMENTAL=0" "-e" "RUST_BACKTRACE=full" "-e" "RUSTFLAGS=--cap-lints=warn" "-e" "RUSTDOCFLAGS=--cap-lints=warn" "-w" "/opt/rustwide/workdir" "--user" "0:0" "2b9462e4fc808cf4f59b905ae5f85244a1b8877dd1d3d2e4461de8f34f960783" "/opt/rustwide/cargo-home/bin/cargo" "+1.99.0-beta.8" "test" "--frozen" "--no-run" "--message-format=json" "--release", kill_on_drop: false }`
[INFO] [stderr]    Compiling lan-chat v0.12.6 (/opt/rustwide/workdir)
[INFO] [stderr]     Finished `release` profile [optimized] target(s) in 1.10s
[INFO] running `Command { std: "docker" "inspect" "2b9462e4fc808cf4f59b905ae5f85244a1b8877dd1d3d2e4461de8f34f960783", kill_on_drop: false }`
[INFO] running `Command { std: "docker" "exec" "-e" "SOURCE_DIR=/opt/rustwide/workdir" "-e" "CARGO_HOME=/opt/rustwide/cargo-home" "-e" "RUSTUP_HOME=/opt/rustwide/rustup-home" "-e" "CARGO_TARGET_DIR=/opt/rustwide/target" "-e" "CARGO_INCREMENTAL=0" "-e" "RUST_BACKTRACE=full" "-e" "RUSTFLAGS=--cap-lints=warn" "-e" "RUSTDOCFLAGS=--cap-lints=warn" "-w" "/opt/rustwide/workdir" "--user" "0:0" "2b9462e4fc808cf4f59b905ae5f85244a1b8877dd1d3d2e4461de8f34f960783" "/opt/rustwide/cargo-home/bin/cargo" "+1.99.0-beta.8" "test" "--frozen" "--release", kill_on_drop: false }`
[INFO] [stderr]     Finished `release` profile [optimized] target(s) in 0.10s
[INFO] [stderr]      Running unittests src/main.rs (/opt/rustwide/target/release/deps/lan_chat-b16aa9badf7e8400)
[INFO] [stdout] 
[INFO] [stdout] running 3 tests
[INFO] [stdout] test networking::messaging::tests::test_send_message ... ok
[INFO] [stdout] test networking::messaging::tests::test_receive_message ... ok
[INFO] [stdout] test networking::server::tests::test_is_local_ip_ok ... FAILED
[INFO] [stdout] 
[INFO] [stdout] failures:
[INFO] [stdout] 
[INFO] [stdout] ---- networking::server::tests::test_is_local_ip_ok stdout ----
[INFO] [stdout] 
[INFO] [stdout] thread 'networking::server::tests::test_is_local_ip_ok' (1486) panicked at src/networking/server.rs:205:9:
[INFO] [stdout] assertion failed: get_local_ipv4().is_ok()
[INFO] [stdout] stack backtrace:
[INFO] [stdout]    0:     0x6376b91bfc31 - <<std[70759c8f55707aa4]::sys::backtrace::BacktraceLock>::print::DisplayBacktrace as core[df12db4294e9bfd3]::fmt::Display>::fmt
[INFO] [stdout]    1:     0x6376b91d4b9a - core[df12db4294e9bfd3]::fmt::write
[INFO] [stdout]    2:     0x6376b91c43ec - <alloc[2182bb758b4b3781]::vec::Vec<u8> as core[df12db4294e9bfd3]::io::write::Write>::write_fmt
[INFO] [stdout]    3:     0x6376b919b1b6 - std[70759c8f55707aa4]::panicking::default_hook::{closure#0}
[INFO] [stdout]    4:     0x6376b91b7b79 - std[70759c8f55707aa4]::panicking::default_hook
[INFO] [stdout]    5:     0x6376b91529b0 - test[9d35eded1c95d3be]::test_main_inner::<test[9d35eded1c95d3be]::test_main_static::{closure#0}>::{closure#0}
[INFO] [stdout]    6:     0x6376b91b7d32 - std[70759c8f55707aa4]::panicking::panic_with_hook
[INFO] [stdout]    7:     0x6376b919b294 - std[70759c8f55707aa4]::panicking::panic_handler::{closure#0}
[INFO] [stdout]    8:     0x6376b9193f39 - std[70759c8f55707aa4]::sys::backtrace::__rust_end_short_backtrace::<std[70759c8f55707aa4]::panicking::panic_handler::{closure#0}, !>
[INFO] [stdout]    9:     0x6376b919c04d - __rustc[8fa7c3cbc660c2b3]::rust_begin_unwind
[INFO] [stdout]   10:     0x6376b91d52cc - core[df12db4294e9bfd3]::panicking::panic_fmt
[INFO] [stdout]   11:     0x6376b91d5292 - core[df12db4294e9bfd3]::panicking::panic
[INFO] [stdout]   12:     0x6376b914234c - <lan_chat[24477a66ddc34902]::networking::server::tests::test_is_local_ip_ok::{closure#0} as core[df12db4294e9bfd3]::ops::function::FnOnce<()>>::call_once
[INFO] [stdout]   13:     0x6376b9145c9b - test[9d35eded1c95d3be]::__rust_begin_short_backtrace::<core[df12db4294e9bfd3]::result::Result<(), alloc[2182bb758b4b3781]::string::String>, fn() -> core[df12db4294e9bfd3]::result::Result<(), alloc[2182bb758b4b3781]::string::String>>
[INFO] [stdout]   14:     0x6376b9153305 - test[9d35eded1c95d3be]::run_test::{closure#0}
[INFO] [stdout]   15:     0x6376b914cbc4 - std[70759c8f55707aa4]::sys::backtrace::__rust_begin_short_backtrace::<test[9d35eded1c95d3be]::run_test::{closure#1}, ()>
[INFO] [stdout]   16:     0x6376b9156462 - <std[70759c8f55707aa4]::thread::lifecycle::spawn_unchecked<test[9d35eded1c95d3be]::run_test::{closure#1}, ()>::{closure#1} as core[df12db4294e9bfd3]::ops::function::FnOnce<()>>::call_once::{shim:vtable#0}
[INFO] [stdout]   17:     0x6376b91bed99 - <std[70759c8f55707aa4]::sys::thread::unix::Thread>::new::thread_start
[INFO] [stdout]   18:     0x76970f9bddfa - <unknown>
[INFO] [stdout]   19:     0x76970fa513d4 - clone
[INFO] [stdout]   20:                0x0 - <unknown>
[INFO] [stdout] 
[INFO] [stdout] 
[INFO] [stdout] failures:
[INFO] [stdout]     networking::server::tests::test_is_local_ip_ok
[INFO] [stdout] 
[INFO] [stdout] test result: FAILED. 2 passed; 1 failed; 0 ignored; 0 measured; 0 filtered out; finished in 0.00s
[INFO] [stdout] 
[INFO] [stderr] error: test failed, to rerun pass `--bin lan-chat`
[INFO] running `Command { std: "docker" "inspect" "2b9462e4fc808cf4f59b905ae5f85244a1b8877dd1d3d2e4461de8f34f960783", kill_on_drop: false }`
[INFO] running `Command { std: "docker" "rm" "-f" "2b9462e4fc808cf4f59b905ae5f85244a1b8877dd1d3d2e4461de8f34f960783", kill_on_drop: false }`
[INFO] [stdout] 2b9462e4fc808cf4f59b905ae5f85244a1b8877dd1d3d2e4461de8f34f960783
