[INFO] fetching crate lamquant-ops 0.1.0...
[INFO] testing lamquant-ops-0.1.0 against 1.99.0-beta.8+cargoflags=--release for beta-release-1.100-2
[INFO] extracting crate lamquant-ops 0.1.0 into /workspace/builds/worker-5-tc1/source
[INFO] started tweaking crates.io crate lamquant-ops 0.1.0
[INFO] removed 0 missing tests
[INFO] finished tweaking crates.io crate lamquant-ops 0.1.0
[INFO] tweaked toml for crates.io crate lamquant-ops 0.1.0 written to /workspace/builds/worker-5-tc1/source/Cargo.toml
[INFO] validating manifest of crates.io crate lamquant-ops 0.1.0 on toolchain 1.99.0-beta.8
[INFO] running `Command { std: CARGO_HOME="/workspace/cargo-home" RUSTUP_HOME="/workspace/rustup-home" "/workspace/cargo-home/bin/cargo" "+1.99.0-beta.8" "metadata" "--manifest-path" "Cargo.toml" "--no-deps", kill_on_drop: false }`
[INFO] crate crates.io crate lamquant-ops 0.1.0 already has a lockfile, it will not be regenerated
[INFO] running `Command { std: CARGO_HOME="/workspace/cargo-home" RUSTUP_HOME="/workspace/rustup-home" "/workspace/cargo-home/bin/cargo" "+1.99.0-beta.8" "fetch" "--manifest-path" "Cargo.toml", kill_on_drop: false }`
[INFO] [stderr]  Downloading crates ...
[INFO] [stderr]   Downloaded jsonschema v0.30.0
[INFO] [stderr]   Downloaded referencing v0.30.0
[INFO] running `Command { std: "docker" "create" "-v" "/var/lib/crater-agent-workspace/builds/worker-5-tc1/source:/opt/rustwide/workdir:ro,Z" "-v" "/var/lib/crater-agent-workspace/builds/worker-5-tc1/target:/opt/rustwide/target:rw,Z" "-v" "/var/lib/crater-agent-workspace/cargo-home:/opt/rustwide/cargo-home:ro,Z" "-v" "/var/lib/crater-agent-workspace/rustup-home:/opt/rustwide/rustup-home:ro,Z" "-m" "1610612736" "--network" "none" "ghcr.io/rust-lang/crates-build-env/linux@sha256:77db811e55d90add9212f6832c23229e3de5f1c1f9905e8cb07319ea15df73ac" "sleep" "infinity", kill_on_drop: false }`
[INFO] [stdout] eb7bb26fe2c77ae19a5c253a020affaf5e9de3bad540ff34960afc504f045ded
[INFO] running `Command { std: "docker" "start" "eb7bb26fe2c77ae19a5c253a020affaf5e9de3bad540ff34960afc504f045ded", kill_on_drop: false }`
[INFO] running `Command { std: "docker" "inspect" "eb7bb26fe2c77ae19a5c253a020affaf5e9de3bad540ff34960afc504f045ded", kill_on_drop: false }`
[INFO] running `Command { std: "docker" "exec" "-e" "SOURCE_DIR=/opt/rustwide/workdir" "-e" "CARGO_HOME=/opt/rustwide/cargo-home" "-e" "RUSTUP_HOME=/opt/rustwide/rustup-home" "-e" "CARGO_TARGET_DIR=/opt/rustwide/target" "-w" "/opt/rustwide/workdir" "--user" "0:0" "eb7bb26fe2c77ae19a5c253a020affaf5e9de3bad540ff34960afc504f045ded" "/opt/rustwide/cargo-home/bin/cargo" "+1.99.0-beta.8" "metadata" "--no-deps" "--format-version=1", kill_on_drop: false }`
[INFO] running `Command { std: "docker" "inspect" "eb7bb26fe2c77ae19a5c253a020affaf5e9de3bad540ff34960afc504f045ded", kill_on_drop: false }`
[INFO] running `Command { std: "docker" "exec" "-e" "SOURCE_DIR=/opt/rustwide/workdir" "-e" "CARGO_HOME=/opt/rustwide/cargo-home" "-e" "RUSTUP_HOME=/opt/rustwide/rustup-home" "-e" "CARGO_TARGET_DIR=/opt/rustwide/target" "-e" "CARGO_INCREMENTAL=0" "-e" "RUST_BACKTRACE=full" "-e" "RUSTFLAGS=--cap-lints=warn" "-e" "RUSTDOCFLAGS=--cap-lints=warn" "-w" "/opt/rustwide/workdir" "--user" "0:0" "eb7bb26fe2c77ae19a5c253a020affaf5e9de3bad540ff34960afc504f045ded" "/opt/rustwide/cargo-home/bin/cargo" "+1.99.0-beta.8" "build" "--frozen" "--message-format=json" "--release", kill_on_drop: false }`
[INFO] [stderr]    Compiling memchr v2.8.1
[INFO] [stderr]    Compiling sha2 v0.10.9
[INFO] [stderr]    Compiling serde_json v1.0.150
[INFO] [stderr]    Compiling lamquant-ops v0.1.0 (/opt/rustwide/workdir)
[INFO] [stderr]     Finished `release` profile [optimized] target(s) in 7.51s
[INFO] running `Command { std: "docker" "inspect" "eb7bb26fe2c77ae19a5c253a020affaf5e9de3bad540ff34960afc504f045ded", kill_on_drop: false }`
[INFO] running `Command { std: "docker" "exec" "-e" "SOURCE_DIR=/opt/rustwide/workdir" "-e" "CARGO_HOME=/opt/rustwide/cargo-home" "-e" "RUSTUP_HOME=/opt/rustwide/rustup-home" "-e" "CARGO_TARGET_DIR=/opt/rustwide/target" "-e" "CARGO_INCREMENTAL=0" "-e" "RUST_BACKTRACE=full" "-e" "RUSTFLAGS=--cap-lints=warn" "-e" "RUSTDOCFLAGS=--cap-lints=warn" "-w" "/opt/rustwide/workdir" "--user" "0:0" "eb7bb26fe2c77ae19a5c253a020affaf5e9de3bad540ff34960afc504f045ded" "/opt/rustwide/cargo-home/bin/cargo" "+1.99.0-beta.8" "test" "--frozen" "--no-run" "--message-format=json" "--release", kill_on_drop: false }`
[INFO] [stderr]    Compiling syn v2.0.117
[INFO] [stderr]    Compiling ref-cast v1.0.25
[INFO] [stderr]    Compiling zerocopy v0.8.50
[INFO] [stderr]    Compiling aho-corasick v1.1.4
[INFO] [stderr]    Compiling getrandom v0.3.4
[INFO] [stderr]    Compiling parking_lot_core v0.9.12
[INFO] [stderr]    Compiling num-integer v0.1.46
[INFO] [stderr]    Compiling uuid v1.23.2
[INFO] [stderr]    Compiling parking_lot v0.12.5
[INFO] [stderr]    Compiling uuid-simd v0.8.0
[INFO] [stderr]    Compiling num-bigint v0.4.6
[INFO] [stderr]    Compiling num-iter v0.1.45
[INFO] [stderr]    Compiling regex-automata v0.4.14
[INFO] [stderr]    Compiling num-rational v0.4.2
[INFO] [stderr]    Compiling num v0.4.3
[INFO] [stderr]    Compiling fraction v0.15.4
[INFO] [stderr]    Compiling synstructure v0.13.2
[INFO] [stderr]    Compiling zerovec-derive v0.11.3
[INFO] [stderr]    Compiling displaydoc v0.2.6
[INFO] [stderr]    Compiling serde_derive v1.0.228
[INFO] [stderr]    Compiling ref-cast-impl v1.0.25
[INFO] [stderr]    Compiling zerofrom-derive v0.1.7
[INFO] [stderr]    Compiling yoke-derive v0.8.2
[INFO] [stderr]    Compiling zerofrom v0.1.8
[INFO] [stderr]    Compiling yoke v0.8.2
[INFO] [stderr]    Compiling zerovec v0.11.6
[INFO] [stderr]    Compiling zerotrie v0.2.4
[INFO] [stderr]    Compiling tinystr v0.8.3
[INFO] [stderr]    Compiling potential_utf v0.1.5
[INFO] [stderr]    Compiling icu_locale_core v2.2.0
[INFO] [stderr]    Compiling icu_collections v2.2.0
[INFO] [stderr]    Compiling icu_provider v2.2.0
[INFO] [stderr]    Compiling icu_properties v2.2.0
[INFO] [stderr]    Compiling icu_normalizer v2.2.0
[INFO] [stderr]    Compiling serde v1.0.228
[INFO] [stderr]    Compiling regex v1.12.3
[INFO] [stderr]    Compiling fancy-regex v0.14.0
[INFO] [stderr]    Compiling ahash v0.8.12
[INFO] [stderr]    Compiling fluent-uri v0.3.2
[INFO] [stderr]    Compiling email_address v0.2.9
[INFO] [stderr]    Compiling lamquant-ops v0.1.0 (/opt/rustwide/workdir)
[INFO] [stderr]    Compiling idna_adapter v1.2.2
[INFO] [stderr]    Compiling idna v1.1.0
[INFO] [stderr]    Compiling referencing v0.30.0
[INFO] [stderr]    Compiling jsonschema v0.30.0
[INFO] [stderr]     Finished `release` profile [optimized] target(s) in 54.90s
[INFO] running `Command { std: "docker" "inspect" "eb7bb26fe2c77ae19a5c253a020affaf5e9de3bad540ff34960afc504f045ded", kill_on_drop: false }`
[INFO] running `Command { std: "docker" "exec" "-e" "SOURCE_DIR=/opt/rustwide/workdir" "-e" "CARGO_HOME=/opt/rustwide/cargo-home" "-e" "RUSTUP_HOME=/opt/rustwide/rustup-home" "-e" "CARGO_TARGET_DIR=/opt/rustwide/target" "-e" "CARGO_INCREMENTAL=0" "-e" "RUST_BACKTRACE=full" "-e" "RUSTFLAGS=--cap-lints=warn" "-e" "RUSTDOCFLAGS=--cap-lints=warn" "-w" "/opt/rustwide/workdir" "--user" "0:0" "eb7bb26fe2c77ae19a5c253a020affaf5e9de3bad540ff34960afc504f045ded" "/opt/rustwide/cargo-home/bin/cargo" "+1.99.0-beta.8" "test" "--frozen" "--release", kill_on_drop: false }`
[INFO] [stderr]     Finished `release` profile [optimized] target(s) in 0.15s
[INFO] [stderr]      Running unittests src/lib.rs (/opt/rustwide/target/release/deps/lamquant_ops-4e811d90eac9e758)
[INFO] [stdout] 
[INFO] [stdout] running 28 tests
[INFO] [stdout] test runner::tests::malformed_line_falls_back_to_log ... ok
[INFO] [stdout] test runner::tests::stage_blocked_maps_to_log_with_resource ... ok
[INFO] [stdout] test op_spec::tests::recover_uses_positional_output ... ok
[INFO] [stdout] test op_spec::tests::encode_dir_includes_recursive ... ok
[INFO] [stdout] test runner::tests::stage_skipped_maps_to_cached_filedone ... ok
[INFO] [stdout] test launcher::tests::blut_launcher_unknown_returns_none ... ok
[INFO] [stdout] test runner::tests::strip_field_extracts_value ... ok
[INFO] [stdout] test runner::tests::stage_end_maps_to_filedone_with_elapsed_ms ... ok
[INFO] [stdout] test sink::tests::mpsc_sink_round_trip ... ok
[INFO] [stdout] test sink::tests::snapshot_progresses_with_events ... ok
[INFO] [stdout] test runner::tests::stage_failed_maps_to_error ... ok
[INFO] [stdout] test runner::tests::stage_step_with_zero_total_falls_back_to_log ... ok
[INFO] [stdout] test runner::tests::stage_step_with_step_total_maps_to_progress ... ok
[INFO] [stdout] test tests::round_trip_filedone_full_telemetry ... ok
[INFO] [stdout] test tests::round_trip_started_without_total ... ok
[INFO] [stdout] test runner::tests::unknown_kind_falls_back_to_log ... ok
[INFO] [stdout] test tests::round_trip_filedone_no_cr ... ok
[INFO] [stdout] test tests::round_trip_started_with_total ... ok
[INFO] [stdout] test op_spec::tests::unknown_op_returns_none ... ok
[INFO] [stdout] test launcher::tests::unknown_op_returns_none ... ok
[INFO] [stdout] test launcher::tests::blut_launcher_resolves_cockpit_ids ... ok
[INFO] [stdout] test runner::tests::stage_begin_maps_to_log ... ok
[INFO] [stdout] test runner::tests::stage_step_without_total_falls_back_to_log ... ok
[INFO] [stdout] test op_spec::tests::encode_lml_siblings_passes_through_flag ... ok
[INFO] [stdout] test launcher::tests::known_op_returns_some ... ok
[INFO] [stdout] test runner::tests::spawn_blut_missing_binary_emits_error ... ok
[INFO] [stdout] test runner::tests::fast_command_completes_normally ... ok
[INFO] [stdout] test runner::tests::cancels_long_running_command ... ok
[INFO] [stdout] 
[INFO] [stdout] test result: ok. 28 passed; 0 failed; 0 ignored; 0 measured; 0 filtered out; finished in 0.28s
[INFO] [stdout] 
[INFO] [stderr]      Running tests/codec_ts_parity.rs (/opt/rustwide/target/release/deps/codec_ts_parity-f717ce2942730baa)
[INFO] [stdout] 
[INFO] [stdout] running 1 test
[INFO] [stdout] test every_codec_ts_op_id_has_a_rust_spec ... FAILED
[INFO] [stdout] 
[INFO] [stdout] failures:
[INFO] [stdout] 
[INFO] [stdout] ---- every_codec_ts_op_id_has_a_rust_spec stdout ----
[INFO] [stdout] 
[INFO] [stdout] thread 'every_codec_ts_op_id_has_a_rust_spec' (1227) panicked at tests/codec_ts_parity.rs:18:59:
[INFO] [stdout] read /opt/rustwide/workdir/../../gui/src/lib/codec.ts: No such file or directory (os error 2)
[INFO] [stdout] stack backtrace:
[INFO] [stdout]    0:     0x5b71fe090a31 - <<std[70759c8f55707aa4]::sys::backtrace::BacktraceLock>::print::DisplayBacktrace as core[df12db4294e9bfd3]::fmt::Display>::fmt
[INFO] [stdout]    1:     0x5b71fe0a4c9a - core[df12db4294e9bfd3]::fmt::write
[INFO] [stdout]    2:     0x5b71fe094eec - <alloc[2182bb758b4b3781]::vec::Vec<u8> as core[df12db4294e9bfd3]::io::write::Write>::write_fmt
[INFO] [stdout]    3:     0x5b71fe06cb26 - std[70759c8f55707aa4]::panicking::default_hook::{closure#0}
[INFO] [stdout]    4:     0x5b71fe088e29 - std[70759c8f55707aa4]::panicking::default_hook
[INFO] [stdout]    5:     0x5b71fe0247e0 - test[9d35eded1c95d3be]::test_main_inner::<test[9d35eded1c95d3be]::test_main_static::{closure#0}>::{closure#0}
[INFO] [stdout]    6:     0x5b71fe088fe2 - std[70759c8f55707aa4]::panicking::panic_with_hook
[INFO] [stdout]    7:     0x5b71fe06cbd2 - std[70759c8f55707aa4]::panicking::panic_handler::{closure#0}
[INFO] [stdout]    8:     0x5b71fe0657c9 - std[70759c8f55707aa4]::sys::backtrace::__rust_end_short_backtrace::<std[70759c8f55707aa4]::panicking::panic_handler::{closure#0}, !>
[INFO] [stdout]    9:     0x5b71fe06d7cd - __rustc[8fa7c3cbc660c2b3]::rust_begin_unwind
[INFO] [stdout]   10:     0x5b71fe0a53cc - core[df12db4294e9bfd3]::panicking::panic_fmt
[INFO] [stdout]   11:     0x5b71fe016ce9 - codec_ts_parity[723b5298e53ab16c]::extract_op_ids::{closure#0}
[INFO] [stdout]   12:     0x5b71fe017985 - <codec_ts_parity[723b5298e53ab16c]::every_codec_ts_op_id_has_a_rust_spec::{closure#0} as core[df12db4294e9bfd3]::ops::function::FnOnce<()>>::call_once
[INFO] [stdout]   13:     0x5b71fe017acb - test[9d35eded1c95d3be]::__rust_begin_short_backtrace::<core[df12db4294e9bfd3]::result::Result<(), alloc[2182bb758b4b3781]::string::String>, fn() -> core[df12db4294e9bfd3]::result::Result<(), alloc[2182bb758b4b3781]::string::String>>
[INFO] [stdout]   14:     0x5b71fe025135 - test[9d35eded1c95d3be]::run_test::{closure#0}
[INFO] [stdout]   15:     0x5b71fe01e9f4 - std[70759c8f55707aa4]::sys::backtrace::__rust_begin_short_backtrace::<test[9d35eded1c95d3be]::run_test::{closure#1}, ()>
[INFO] [stdout]   16:     0x5b71fe028292 - <std[70759c8f55707aa4]::thread::lifecycle::spawn_unchecked<test[9d35eded1c95d3be]::run_test::{closure#1}, ()>::{closure#1} as core[df12db4294e9bfd3]::ops::function::FnOnce<()>>::call_once::{shim:vtable#0}
[INFO] [stdout]   17:     0x5b71fe08ff99 - <std[70759c8f55707aa4]::sys::thread::unix::Thread>::new::thread_start
[INFO] [stdout]   18:     0x7c3e44463dfa - <unknown>
[INFO] [stdout]   19:     0x7c3e444f73d4 - clone
[INFO] [stdout]   20:                0x0 - <unknown>
[INFO] [stdout] 
[INFO] [stdout] 
[INFO] [stdout] failures:
[INFO] [stdout]     every_codec_ts_op_id_has_a_rust_spec
[INFO] [stdout] 
[INFO] [stdout] test result: FAILED. 0 passed; 1 failed; 0 ignored; 0 measured; 0 filtered out; finished in 0.02s
[INFO] [stdout] 
[INFO] [stderr] error: test failed, to rerun pass `--test codec_ts_parity`
[INFO] running `Command { std: "docker" "inspect" "eb7bb26fe2c77ae19a5c253a020affaf5e9de3bad540ff34960afc504f045ded", kill_on_drop: false }`
[INFO] running `Command { std: "docker" "rm" "-f" "eb7bb26fe2c77ae19a5c253a020affaf5e9de3bad540ff34960afc504f045ded", kill_on_drop: false }`
[INFO] [stdout] eb7bb26fe2c77ae19a5c253a020affaf5e9de3bad540ff34960afc504f045ded
