[INFO] fetching crate lade-sdk 0.19.2...
[INFO] testing lade-sdk-0.19.2 against 1.99.0-beta.8+cargoflags=--release for beta-release-1.100-2
[INFO] extracting crate lade-sdk 0.19.2 into /workspace/builds/worker-6-tc1/source
[INFO] started tweaking crates.io crate lade-sdk 0.19.2
[INFO] finished tweaking crates.io crate lade-sdk 0.19.2
[INFO] tweaked toml for crates.io crate lade-sdk 0.19.2 written to /workspace/builds/worker-6-tc1/source/Cargo.toml
[INFO] validating manifest of crates.io crate lade-sdk 0.19.2 on toolchain 1.99.0-beta.8
[INFO] running `Command { std: CARGO_HOME="/workspace/cargo-home" RUSTUP_HOME="/workspace/rustup-home" "/workspace/cargo-home/bin/cargo" "+1.99.0-beta.8" "metadata" "--manifest-path" "Cargo.toml" "--no-deps", kill_on_drop: false }`
[INFO] crate crates.io crate lade-sdk 0.19.2 already has a lockfile, it will not be regenerated
[INFO] running `Command { std: CARGO_HOME="/workspace/cargo-home" RUSTUP_HOME="/workspace/rustup-home" "/workspace/cargo-home/bin/cargo" "+1.99.0-beta.8" "fetch" "--manifest-path" "Cargo.toml", kill_on_drop: false }`
[INFO] [stderr]     Blocking waiting for file lock on package cache
[INFO] [stderr]     Updating crates.io index
[INFO] [stderr]     Blocking waiting for file lock on package cache
[INFO] [stderr]  Downloading crates ...
[INFO] [stderr]   Downloaded tinyvec v1.13.2
[INFO] [stderr]   Downloaded directories v6.0.0
[INFO] [stderr]   Downloaded wsl v0.1.0
[INFO] [stderr]   Downloaded kem v0.3.0-pre.0
[INFO] [stderr]   Downloaded scrypt v0.11.0
[INFO] [stderr]   Downloaded salsa20 v0.10.2
[INFO] [stderr]   Downloaded proc-macro-error-attr3 v3.1.1
[INFO] [stderr]   Downloaded i18n-config v0.4.8
[INFO] [stderr]   Downloaded i18n-embed-impl v0.8.4
[INFO] [stderr]   Downloaded ml-kem v0.2.3
[INFO] [stderr]   Downloaded hybrid-array v0.2.3
[INFO] [stderr]   Downloaded i18n-embed-fl v0.10.1
[INFO] [stderr]   Downloaded io_tee v0.1.1
[INFO] [stderr]   Downloaded bcrypt-pbkdf v0.10.0
[INFO] [stderr]   Downloaded proc-macro-error3 v3.1.1
[INFO] [stderr]   Downloaded blowfish v0.9.1
[INFO] [stderr]   Downloaded access-json v0.1.0
[INFO] [stderr]   Downloaded chacha20 v0.9.1
[INFO] [stderr]   Downloaded poly1305 v0.8.0
[INFO] [stderr]   Downloaded self_cell v1.3.0
[INFO] [stderr]   Downloaded age-core v0.12.0
[INFO] [stderr]   Downloaded find-crate v0.6.3
[INFO] [stderr]   Downloaded cookie-factory v0.3.3
[INFO] [stderr]   Downloaded i18n-embed v0.16.0
[INFO] [stderr]   Downloaded bech32 v0.11.1
[INFO] [stderr]   Downloaded chacha20poly1305 v0.10.1
[INFO] [stderr]   Downloaded age v0.12.1
[INFO] [stderr]   Downloaded rustls v0.23.44
[INFO] [stderr]   Downloaded hpke v0.12.0
[INFO] running `Command { std: "docker" "create" "-v" "/var/lib/crater-agent-workspace/builds/worker-6-tc1/source:/opt/rustwide/workdir:ro,Z" "-v" "/var/lib/crater-agent-workspace/builds/worker-6-tc1/target:/opt/rustwide/target:rw,Z" "-v" "/var/lib/crater-agent-workspace/cargo-home:/opt/rustwide/cargo-home:ro,Z" "-v" "/var/lib/crater-agent-workspace/rustup-home:/opt/rustwide/rustup-home:ro,Z" "-m" "1610612736" "--network" "none" "ghcr.io/rust-lang/crates-build-env/linux@sha256:77db811e55d90add9212f6832c23229e3de5f1c1f9905e8cb07319ea15df73ac" "sleep" "infinity", kill_on_drop: false }`
[INFO] [stdout] c25ae905a1f305444f976abcac8645149431ae699b15c1d93ea570692c16bf18
[INFO] running `Command { std: "docker" "start" "c25ae905a1f305444f976abcac8645149431ae699b15c1d93ea570692c16bf18", kill_on_drop: false }`
[INFO] running `Command { std: "docker" "inspect" "c25ae905a1f305444f976abcac8645149431ae699b15c1d93ea570692c16bf18", kill_on_drop: false }`
[INFO] running `Command { std: "docker" "exec" "-e" "SOURCE_DIR=/opt/rustwide/workdir" "-e" "CARGO_HOME=/opt/rustwide/cargo-home" "-e" "RUSTUP_HOME=/opt/rustwide/rustup-home" "-e" "CARGO_TARGET_DIR=/opt/rustwide/target" "-w" "/opt/rustwide/workdir" "--user" "0:0" "c25ae905a1f305444f976abcac8645149431ae699b15c1d93ea570692c16bf18" "/opt/rustwide/cargo-home/bin/cargo" "+1.99.0-beta.8" "metadata" "--no-deps" "--format-version=1", kill_on_drop: false }`
[INFO] running `Command { std: "docker" "inspect" "c25ae905a1f305444f976abcac8645149431ae699b15c1d93ea570692c16bf18", kill_on_drop: false }`
[INFO] running `Command { std: "docker" "exec" "-e" "SOURCE_DIR=/opt/rustwide/workdir" "-e" "CARGO_HOME=/opt/rustwide/cargo-home" "-e" "RUSTUP_HOME=/opt/rustwide/rustup-home" "-e" "CARGO_TARGET_DIR=/opt/rustwide/target" "-e" "CARGO_INCREMENTAL=0" "-e" "RUST_BACKTRACE=full" "-e" "RUSTFLAGS=--cap-lints=warn" "-e" "RUSTDOCFLAGS=--cap-lints=warn" "-w" "/opt/rustwide/workdir" "--user" "0:0" "c25ae905a1f305444f976abcac8645149431ae699b15c1d93ea570692c16bf18" "/opt/rustwide/cargo-home/bin/cargo" "+1.99.0-beta.8" "build" "--frozen" "--message-format=json" "--release", kill_on_drop: false }`
[INFO] [stderr]    Compiling subtle v2.6.1
[INFO] [stderr]    Compiling smallvec v1.16.0
[INFO] [stderr]    Compiling generic-array v0.14.7
[INFO] [stderr]    Compiling serde_core v1.0.229
[INFO] [stderr]    Compiling futures-sink v0.3.34
[INFO] [stderr]    Compiling typenum v1.20.1
[INFO] [stderr]    Compiling dunce v1.0.5
[INFO] [stderr]    Compiling fs_extra v1.3.0
[INFO] [stderr]    Compiling syn v2.0.119
[INFO] [stderr]    Compiling syn v3.0.5
[INFO] [stderr]    Compiling getrandom v0.2.17
[INFO] [stderr]    Compiling cc v1.4.5
[INFO] [stderr]    Compiling errno v0.3.14
[INFO] [stderr]    Compiling const-oid v0.10.2
[INFO] [stderr]    Compiling unicase v2.9.0
[INFO] [stderr]    Compiling same-file v1.0.6
[INFO] [stderr]    Compiling cpufeatures v0.3.1
[INFO] [stderr]    Compiling mime_guess v2.0.5
[INFO] [stderr]    Compiling rand_core v0.6.4
[INFO] [stderr]    Compiling futures-channel v0.3.34
[INFO] [stderr]    Compiling signal-hook-registry v1.4.8
[INFO] [stderr]    Compiling aws-lc-rs v1.18.1
[INFO] [stderr]    Compiling zerocopy v0.8.56
[INFO] [stderr]    Compiling walkdir v2.5.0
[INFO] [stderr]    Compiling crunchy v0.2.4
[INFO] [stderr]    Compiling opaque-debug v0.3.1
[INFO] [stderr]    Compiling mime v0.3.17
[INFO] [stderr]    Compiling num-traits v0.2.19
[INFO] [stderr]    Compiling tokio v1.53.1
[INFO] [stderr]    Compiling ff v0.13.1
[INFO] [stderr]    Compiling thiserror v1.0.69
[INFO] [stderr]    Compiling base16ct v0.2.0
[INFO] [stderr]    Compiling tiny-keccak v2.0.2
[INFO] [stderr]    Compiling type-map v0.5.1
[INFO] [stderr]    Compiling group v0.13.0
[INFO] [stderr]    Compiling rustls v0.23.44
[INFO] [stderr]    Compiling rustc-hash v2.1.3
[INFO] [stderr]    Compiling digest v0.11.3
[INFO] [stderr]    Compiling parking_lot_core v0.9.12
[INFO] [stderr]    Compiling scopeguard v1.2.0
[INFO] [stderr]    Compiling self_cell v1.3.0
[INFO] [stderr]    Compiling once_cell v1.21.4
[INFO] [stderr]    Compiling lock_api v0.4.14
[INFO] [stderr]    Compiling sha2 v0.11.0
[INFO] [stderr]    Compiling curve25519-dalek v4.1.3
[INFO] [stderr]    Compiling num-bigint-dig v0.8.6
[INFO] [stderr]    Compiling const-random-macro v0.1.16
[INFO] [stderr]    Compiling arc-swap v1.9.2
[INFO] [stderr]    Compiling proc-macro-error-attr3 v3.1.1
[INFO] [stderr]    Compiling keccak v0.1.6
[INFO] [stderr]    Compiling parking_lot v0.12.5
[INFO] [stderr]    Compiling const-random v0.1.18
[INFO] [stderr]    Compiling byteorder v1.5.0
[INFO] [stderr]    Compiling openssl-probe v0.2.1
[INFO] [stderr]    Compiling dlv-list v0.5.2
[INFO] [stderr]    Compiling tempfile v3.27.0
[INFO] [stderr]    Compiling hybrid-array v0.4.14
[INFO] [stderr]    Compiling serde_json v1.0.151
[INFO] [stderr]    Compiling hybrid-array v0.2.3
[INFO] [stderr]    Compiling nom v8.0.0
[INFO] [stderr]    Compiling cmake v0.1.58
[INFO] [stderr]    Compiling aho-corasick v1.1.5
[INFO] [stderr]    Compiling hashbrown v0.14.5
[INFO] [stderr]    Compiling num-integer v0.1.47
[INFO] [stderr]    Compiling crypto-common v0.2.2
[INFO] [stderr]    Compiling aws-lc-sys v0.45.0
[INFO] [stderr]    Compiling block-buffer v0.12.1
[INFO] [stderr]    Compiling rust-embed-utils v8.12.0
[INFO] [stderr]    Compiling num-iter v0.1.46
[INFO] [stderr]    Compiling bech32 v0.11.1
[INFO] [stderr]    Compiling io_tee v0.1.1
[INFO] [stderr]    Compiling dirs-sys v0.5.0
[INFO] [stderr]    Compiling ordered-multimap v0.7.3
[INFO] [stderr]    Compiling which v8.0.6
[INFO] [stderr]    Compiling base64 v0.23.1
[INFO] [stderr]    Compiling wsl v0.1.0
[INFO] [stderr]    Compiling either v1.18.0
[INFO] [stderr]    Compiling itertools v0.15.0
[INFO] [stderr]    Compiling rust-ini v0.21.3
[INFO] [stderr]    Compiling toml v1.1.6+spec-1.1.0
[INFO] [stderr]    Compiling directories v6.0.0
[INFO] [stderr]    Compiling anyhow v1.0.104
[INFO] [stderr]    Compiling regex-automata v0.4.18
[INFO] [stderr]    Compiling urlencoding v2.1.3
[INFO] [stderr]    Compiling proc-macro-error3 v3.1.1
[INFO] [stderr]    Compiling displaydoc v0.2.7
[INFO] [stderr]    Compiling serde_derive v1.0.229
[INFO] [stderr]    Compiling zerovec-derive v0.11.6
[INFO] [stderr]    Compiling thiserror-impl v2.0.20
[INFO] [stderr]    Compiling futures-macro v0.3.34
[INFO] [stderr]    Compiling async-trait v0.1.92
[INFO] [stderr]    Compiling synstructure v0.13.2
[INFO] [stderr]    Compiling tinystr v0.8.4
[INFO] [stderr]    Compiling hyper v1.11.1
[INFO] [stderr]    Compiling tokio-util v0.7.19
[INFO] [stderr]    Compiling futures-util v0.3.34
[INFO] [stderr]    Compiling ppv-lite86 v0.2.21
[INFO] [stderr]    Compiling zeroize_derive v1.5.0
[INFO] [stderr]    Compiling zerofrom-derive v0.1.7
[INFO] [stderr]    Compiling yoke-derive v0.8.2
[INFO] [stderr]    Compiling thiserror-impl v1.0.69
[INFO] [stderr]    Compiling thiserror v2.0.20
[INFO] [stderr]    Compiling rust-embed-impl v8.12.0
[INFO] [stderr]    Compiling fluent-syntax v0.12.0
[INFO] [stderr]    Compiling rand_chacha v0.3.1
[INFO] [stderr]    Compiling zeroize v1.9.0
[INFO] [stderr]    Compiling curve25519-dalek-derive v0.1.1
[INFO] [stderr]    Compiling der v0.7.10
[INFO] [stderr]    Compiling rustls-pki-types v1.15.1
[INFO] [stderr]    Compiling rand v0.8.8
[INFO] [stderr]    Compiling rust-embed v8.12.0
[INFO] [stderr]    Compiling zerofrom v0.1.8
[INFO] [stderr]    Compiling kem v0.3.0-pre.0
[INFO] [stderr]    Compiling secrecy v0.10.3
[INFO] [stderr]    Compiling pin-project-internal v1.1.13
[INFO] [stderr]    Compiling rustls-native-certs v0.8.4
[INFO] [stderr]    Compiling yoke v0.8.3
[INFO] [stderr]    Compiling regex v1.13.1
[INFO] [stderr]    Compiling zerovec v0.11.8
[INFO] [stderr]    Compiling zerotrie v0.2.5
[INFO] [stderr]    Compiling crypto-common v0.1.7
[INFO] [stderr]    Compiling block-buffer v0.10.4
[INFO] [stderr]    Compiling digest v0.10.7
[INFO] [stderr]    Compiling block-padding v0.3.3
[INFO] [stderr]    Compiling inout v0.1.4
[INFO] [stderr]    Compiling hmac v0.12.1
[INFO] [stderr]    Compiling universal-hash v0.5.1
[INFO] [stderr]    Compiling crypto-bigint v0.5.5
[INFO] [stderr]    Compiling cipher v0.4.4
[INFO] [stderr]    Compiling hkdf v0.12.4
[INFO] [stderr]    Compiling polyval v0.6.2
[INFO] [stderr]    Compiling sha2 v0.10.9
[INFO] [stderr]    Compiling sec1 v0.7.3
[INFO] [stderr]    Compiling aead v0.5.2
[INFO] [stderr]    Compiling ghash v0.5.1
[INFO] [stderr]    Compiling spki v0.7.3
[INFO] [stderr]    Compiling poly1305 v0.8.0
[INFO] [stderr]    Compiling aes v0.8.4
[INFO] [stderr]    Compiling ctr v0.9.2
[INFO] [stderr]    Compiling chacha20 v0.9.1
[INFO] [stderr]    Compiling chacha20poly1305 v0.10.1
[INFO] [stderr]    Compiling pkcs8 v0.10.2
[INFO] [stderr]    Compiling serde v1.0.229
[INFO] [stderr]    Compiling futures-executor v0.3.34
[INFO] [stderr]    Compiling potential_utf v0.1.6
[INFO] [stderr]    Compiling icu_collections v2.3.0
[INFO] [stderr]    Compiling futures v0.3.34
[INFO] [stderr]    Compiling aes-gcm v0.10.3
[INFO] [stderr]    Compiling icu_locale_core v2.3.0
[INFO] [stderr]    Compiling unic-langid-impl v0.9.6
[INFO] [stderr]    Compiling pbkdf2 v0.12.2
[INFO] [stderr]    Compiling toml v0.5.11
[INFO] [stderr]    Compiling unic-langid v0.9.6
[INFO] [stderr]    Compiling basic-toml v0.1.10
[INFO] [stderr]    Compiling intl_pluralrules v7.0.2
[INFO] [stderr]    Compiling intl-memoizer v0.5.3
[INFO] [stderr]    Compiling elliptic-curve v0.13.8
[INFO] [stderr]    Compiling fluent-langneg v0.13.1
[INFO] [stderr]    Compiling fluent-bundle v0.16.0
[INFO] [stderr]    Compiling i18n-config v0.4.8
[INFO] [stderr]    Compiling cookie-factory v0.3.3
[INFO] [stderr]    Compiling tower v0.5.3
[INFO] [stderr]    Compiling hyper-util v0.1.20
[INFO] [stderr]    Compiling primeorder v0.13.6
[INFO] [stderr]    Compiling p256 v0.13.2
[INFO] [stderr]    Compiling icu_provider v2.3.1
[INFO] [stderr]    Compiling fluent v0.17.0
[INFO] [stderr]    Compiling find-crate v0.6.3
[INFO] [stderr]    Compiling pkcs1 v0.7.5
[INFO] [stderr]    Compiling blowfish v0.9.1
[INFO] [stderr]    Compiling salsa20 v0.10.2
[INFO] [stderr]    Compiling hpke v0.12.0
[INFO] [stderr]    Compiling sha3 v0.10.9
[INFO] [stderr]    Compiling signature v2.2.0
[INFO] [stderr]    Compiling icu_normalizer v2.3.0
[INFO] [stderr]    Compiling icu_properties v2.3.0
[INFO] [stderr]    Compiling scrypt v0.11.0
[INFO] [stderr]    Compiling i18n-embed-impl v0.8.4
[INFO] [stderr]    Compiling i18n-embed v0.16.0
[INFO] [stderr]    Compiling ml-kem v0.2.3
[INFO] [stderr]    Compiling age-core v0.12.0
[INFO] [stderr]    Compiling bcrypt-pbkdf v0.10.0
[INFO] [stderr]    Compiling erased-serde v0.3.31
[INFO] [stderr]    Compiling serde_urlencoded v0.7.1
[INFO] [stderr]    Compiling x25519-dalek v2.0.1
[INFO] [stderr]    Compiling cbc v0.1.2
[INFO] [stderr]    Compiling pin-project v1.1.13
[INFO] [stderr]    Compiling serde_yaml v0.9.34+deprecated
[INFO] [stderr]    Compiling access-json v0.1.0
[INFO] [stderr]    Compiling i18n-embed-fl v0.10.1
[INFO] [stderr]    Compiling idna_adapter v1.2.2
[INFO] [stderr]    Compiling idna v1.1.0
[INFO] [stderr]    Compiling rsa v0.9.10
[INFO] [stderr]    Compiling url v2.5.8
[INFO] [stderr]    Compiling tower-http v0.6.11
[INFO] [stderr]    Compiling age v0.12.1
[INFO] [stderr]    Compiling rustls-webpki v0.103.15
[INFO] [stderr]    Compiling tokio-rustls v0.26.5
[INFO] [stderr]    Compiling rustls-platform-verifier v0.7.0
[INFO] [stderr]    Compiling hyper-rustls v0.27.9
[INFO] [stderr]    Compiling reqwest v0.13.5
[INFO] [stderr]    Compiling lade-sdk v0.19.2 (/opt/rustwide/workdir)
[INFO] [stderr]     Finished `release` profile [optimized] target(s) in 3m 27s
[INFO] running `Command { std: "docker" "inspect" "c25ae905a1f305444f976abcac8645149431ae699b15c1d93ea570692c16bf18", kill_on_drop: false }`
[INFO] running `Command { std: "docker" "exec" "-e" "SOURCE_DIR=/opt/rustwide/workdir" "-e" "CARGO_HOME=/opt/rustwide/cargo-home" "-e" "RUSTUP_HOME=/opt/rustwide/rustup-home" "-e" "CARGO_TARGET_DIR=/opt/rustwide/target" "-e" "CARGO_INCREMENTAL=0" "-e" "RUST_BACKTRACE=full" "-e" "RUSTFLAGS=--cap-lints=warn" "-e" "RUSTDOCFLAGS=--cap-lints=warn" "-w" "/opt/rustwide/workdir" "--user" "0:0" "c25ae905a1f305444f976abcac8645149431ae699b15c1d93ea570692c16bf18" "/opt/rustwide/cargo-home/bin/cargo" "+1.99.0-beta.8" "test" "--frozen" "--no-run" "--message-format=json" "--release", kill_on_drop: false }`
[INFO] [stderr]    Compiling tokio-macros v2.7.2
[INFO] [stderr]    Compiling semver v1.0.28
[INFO] [stderr]    Compiling tokio v1.53.1
[INFO] [stderr]    Compiling hyper v1.11.1
[INFO] [stderr]    Compiling tokio-rustls v0.26.5
[INFO] [stderr]    Compiling tower v0.5.3
[INFO] [stderr]    Compiling tokio-util v0.7.19
[INFO] [stderr]    Compiling tower-http v0.6.11
[INFO] [stderr]    Compiling hyper-util v0.1.20
[INFO] [stderr]    Compiling hyper-rustls v0.27.9
[INFO] [stderr]    Compiling reqwest v0.13.5
[INFO] [stderr]    Compiling lade-sdk v0.19.2 (/opt/rustwide/workdir)
[INFO] [stderr]     Finished `release` profile [optimized] target(s) in 1m 03s
[INFO] running `Command { std: "docker" "inspect" "c25ae905a1f305444f976abcac8645149431ae699b15c1d93ea570692c16bf18", kill_on_drop: false }`
[INFO] running `Command { std: "docker" "exec" "-e" "SOURCE_DIR=/opt/rustwide/workdir" "-e" "CARGO_HOME=/opt/rustwide/cargo-home" "-e" "RUSTUP_HOME=/opt/rustwide/rustup-home" "-e" "CARGO_TARGET_DIR=/opt/rustwide/target" "-e" "CARGO_INCREMENTAL=0" "-e" "RUST_BACKTRACE=full" "-e" "RUSTFLAGS=--cap-lints=warn" "-e" "RUSTDOCFLAGS=--cap-lints=warn" "-w" "/opt/rustwide/workdir" "--user" "0:0" "c25ae905a1f305444f976abcac8645149431ae699b15c1d93ea570692c16bf18" "/opt/rustwide/cargo-home/bin/cargo" "+1.99.0-beta.8" "test" "--frozen" "--release", kill_on_drop: false }`
[INFO] [stderr]     Finished `release` profile [optimized] target(s) in 0.31s
[INFO] [stderr]      Running unittests src/lib.rs (/opt/rustwide/target/release/deps/lade_sdk-96d945cf3e5146d2)
[INFO] [stdout] 
[INFO] [stdout] running 164 tests
[INFO] [stdout] test providers::age::tests::test_parse_plugin_requires_identity ... ok
[INFO] [stdout] test providers::age::tests::test_plugin_missing_binary ... ok
[INFO] [stdout] test mcp::tests::rejects_invalid_headers ... ok
[INFO] [stdout] test providers::age::tests::test_round_trip_identity_file ... ok
[INFO] [stdout] test providers::age::tests::test_missing_identity ... ok
[INFO] [stdout] test providers::age::tests::test_round_trip_named_identity ... ok
[INFO] [stdout] test mcp::tests::allows_https_and_loopback_http_urls ... ok
[INFO] [stdout] test providers::age::tests::test_round_trip_and_dedupe ... ok
[INFO] [stdout] test mcp::tests::sse_parser_handles_split_crlf_and_multiline_data ... ok
[INFO] [stdout] test providers::age::tests::test_round_trip_binary_and_percent_encoding ... ok
[INFO] [stdout] test mcp::tests::rejects_transport_owned_headers ... ok
[INFO] [stdout] test providers::age::tests::test_wrong_identity_fails ... ok
[INFO] [stdout] test mcp::tests::action_uses_only_the_json_rpc_method ... ok
[INFO] [stdout] test providers::azurekv::tests::test_add_routing ... ok
[INFO] [stdout] test providers::awssm::tests::test_add_routing ... ok
[INFO] [stdout] test providers::age::tests::test_add_rejects_empty ... ok
[INFO] [stdout] test providers::bw::tests::test_resolve_cli_not_found ... ok
[INFO] [stdout] test providers::add::tests::azurekv_search_needs_vault ... ok
[INFO] [stdout] test providers::add::tests::vault_asks_field_and_host ... ok
[INFO] [stdout] test providers::bw::tests::test_add_routing ... ok
[INFO] [stdout] test providers::compat::tests::test_all_supported_schemes_includes_secret_and_network ... ok
[INFO] [stdout] test providers::compat::tests::tunnel_specs_match_network_providers ... ok
[INFO] [stdout] test providers::doppler::tests::test_add_routing ... ok
[INFO] [stdout] test providers::compat::tests::package_clis_live_in_the_spec_table ... ok
[INFO] [stdout] test providers::age::tests::test_plugin_named_identity_uses_var ... ok
[INFO] [stdout] test providers::compat::tests::test_specs_have_valid_min_versions ... ok
[INFO] [stdout] test providers::azurekv::tests::test_dedupe_and_query ... ok
[INFO] [stdout] test providers::doppler::tests::test_resolve_cli_not_found ... ok
[INFO] [stdout] test providers::file::convert::tests::test_ini2json_global_key ... ok
[INFO] [stdout] test providers::bw::tests::test_resolve_default_field_is_password ... ok
[INFO] [stdout] test providers::file::convert::tests::test_toml2json_array ... ok
[INFO] [stdout] test providers::awssm::tests::test_fail_closed_on_missing ... ok
[INFO] [stdout] test providers::file::convert::tests::test_toml2json_integer ... ok
[INFO] [stdout] test providers::file::convert::tests::test_ini2json_multiple_sections ... ok
[INFO] [stdout] test providers::file::convert::tests::test_toml2json_boolean ... ok
[INFO] [stdout] test providers::bw::tests::test_missing_item ... ok
[INFO] [stdout] test providers::file::convert::tests::test_toml2json_nested_table ... ok
[INFO] [stdout] test providers::file::convert::tests::test_toml2json_string ... ok
[INFO] [stdout] test providers::awssm::tests::test_batch_and_query ... ok
[INFO] [stdout] test providers::file::tests::test_resolve_nested_json_query ... ok
[INFO] [stdout] test providers::file::tests::test_add_routing ... ok
[INFO] [stdout] test providers::file::tests::test_missing_file_is_error ... ok
[INFO] [stdout] test providers::file::tests::test_resolve_ini_file ... ok
[INFO] [stdout] test providers::file::convert::tests::test_ini2json_section_with_properties ... ok
[INFO] [stdout] test providers::gcpsm::tests::test_add_routing ... ok
[INFO] [stdout] test providers::doppler::tests::test_resolve_malformed_json_error ... ok
[INFO] [stdout] test providers::file::tests::test_resolve_percent_encoded_path ... ok
[INFO] [stdout] test providers::file::tests::test_resolve_json_file ... ok
[INFO] [stdout] test providers::bw::tests::test_resolve_fields_one_list ... ok
[INFO] [stdout] test providers::file::tests::test_resolve_same_path_two_queries_one_read ... ok
[INFO] [stdout] test providers::file::tests::test_resolve_toml_file ... ok
[INFO] [stdout] test providers::file::tests::test_resolve_yaml_file ... ok
[INFO] [stdout] test providers::awssm::tests::test_arn_alias_lookup ... ok
[INFO] [stdout] test providers::infisical::tests::test_add_routing ... ok
[INFO] [stdout] test providers::infisical::tests::test_resolve_cli_not_found ... ok
[INFO] [stdout] test providers::network::command::tests::builds_app_proxy_command ... ok
[INFO] [stdout] test providers::network::command::tests::builds_app_proxy_command_with_target_port ... ok
[INFO] [stdout] test providers::doppler::tests::test_resolve_multiple_vars_same_project ... ok
[INFO] [stdout] test providers::bw::tests::test_duplicate_name_is_rejected ... ok
[INFO] [stdout] test providers::doppler::tests::test_resolve_single_var ... ok
[INFO] [stdout] test providers::awssm::tests::test_version_uses_get ... ok
[INFO] [stdout] test providers::azurekv::tests::test_parallel_gets ... ok
[INFO] [stdout] test providers::network::ssh::tests::test_parse_ssh_uri ... ok
[INFO] [stdout] test providers::network::command::tests::rejects_non_loopback_app_proxy_host ... ok
[INFO] [stdout] test providers::network::tsh::tests::parses_app ... ok
[INFO] [stdout] test providers::azurekv::tests::test_fail_closed_on_missing ... ok
[INFO] [stdout] test providers::network::tsh::tests::parses_app_target_port ... ok
[INFO] [stdout] test providers::onepassword::tests::test_add_rejects_plus_in_item_name ... ok
[INFO] [stdout] test providers::onepassword::tests::test_add_rejects_plus_in_field_name ... ok
[INFO] [stdout] test providers::network::tsh::tests::parses_kube_cluster ... ok
[INFO] [stdout] test providers::onepassword::tests::test_add_accepts_uuid_path_with_section ... ok
[INFO] [stdout] test providers::onepassword::tests::test_add_valid_op_scheme ... ok
[INFO] [stdout] test providers::infisical::tests::test_resolve_same_path_one_call ... ok
[INFO] [stdout] test providers::gcpsm::tests::test_fail_closed ... ok
[INFO] [stdout] test providers::onepassword::tests::test_add_rejects_wrong_scheme ... ok
[INFO] [stdout] test providers::onepassword::tests::test_strip_account_host_preserves_ampersand_unencoded ... ok
[INFO] [stdout] test providers::onepassword::tests::test_strip_account_host_preserves_spaces ... ok
[INFO] [stdout] test providers::infisical::tests::test_nested_folder_path ... ok
[INFO] [stdout] test providers::gcpsm::tests::test_dedupe_query_and_location ... ok
[INFO] [stdout] test providers::params::tests::test_parse_plugin_name ... ok
[INFO] [stdout] test providers::gcpsm::tests::test_parallel_access ... ok
[INFO] [stdout] test providers::onepassword::tests::test_strip_account_host_simple ... ok
[INFO] [stdout] test providers::params::tests::test_split_scheme_path_query ... ok
[INFO] [stdout] test providers::onepassword::tests::test_resolve_cli_not_found ... ok
[INFO] [stdout] test providers::infisical::tests::test_resolve_missing_variable_error ... ok
[INFO] [stdout] test providers::raw::tests::test_add_accepts_any_value ... ok
[INFO] [stdout] test providers::passbolt::tests::test_resolve_cli_not_found ... ok
[INFO] [stdout] test providers::raw::tests::test_resolve_strips_bang_prefix ... ok
[INFO] [stdout] test providers::sh::tests::test_add_routing ... ok
[INFO] [stdout] test providers::sh::tests::test_invocation_skips_startup_files ... ok
[INFO] [stdout] test providers::raw::tests::test_resolve_plain_value_unchanged ... ok
[INFO] [stdout] test providers::infisical::tests::test_resolve_percent_encoded_variable_name ... ok
[INFO] [stdout] test providers::infisical::tests::test_resolve_single_var ... ok
[INFO] [stdout] test providers::onepassword::tests::test_inject_stdin_must_contain_op_scheme ... ok
[INFO] [stdout] test providers::sops::tests::test_add_routing ... ok
[INFO] [stdout] test providers::sh::tests::test_resolve_fish_ignores_config_overwrite ... FAILED
[INFO] [stdout] test providers::sh::tests::test_resolve_timeout ... ok
[INFO] [stdout] test providers::network::command::tests::missing_ssh_copy_points_at_openssh ... ok
[INFO] [stdout] test providers::passbolt::tests::test_add_rejects_wrong_scheme ... ok
[INFO] [stdout] test providers::onepassword::tests::test_resolve_section_and_field_uuid ... ok
[INFO] [stdout] test providers::passbolt::tests::test_add_valid_passbolt_scheme ... ok
[INFO] [stdout] test providers::onepassword::tests::test_resolve_reference_with_ampersand_in_vault_name ... ok
[INFO] [stdout] test providers::tests::test_dispatch_age ... ok
[INFO] [stdout] test providers::tests::test_dispatch_awssm ... ok
[INFO] [stdout] test providers::tests::test_dispatch_azurekv ... ok
[INFO] [stdout] test providers::tests::test_dispatch_bang_escaped_to_fallback ... ok
[INFO] [stdout] test providers::tests::test_dispatch_bw ... ok
[INFO] [stdout] test providers::tests::test_dispatch_doppler ... ok
[INFO] [stdout] test providers::sops::tests::test_plugin_yubikey_missing_binary ... ok
[INFO] [stdout] test providers::onepassword::tests::test_resolve_fake_cli_single_secret ... ok
[INFO] [stdout] test providers::tests::test_dispatch_file_without_query_falls_back_to_raw ... ok
[INFO] [stdout] test providers::tests::test_dispatch_file_with_query_goes_to_file ... ok
[INFO] [stdout] test providers::sops::tests::test_encoded_path_same_file_one_call ... ok
[INFO] [stdout] test providers::tests::test_dispatch_gcpsm ... ok
[INFO] [stdout] test providers::tests::test_dispatch_plain_value_to_fallback ... ok
[INFO] [stdout] test providers::tests::test_dispatch_op ... ok
[INFO] [stdout] test providers::tests::test_dispatch_sops ... ok
[INFO] [stdout] test providers::sh::tests::test_resolve_sh ... ok
[INFO] [stdout] test providers::onepassword::tests::test_resolve_error_in_stderr ... ok
[INFO] [stdout] test providers::sops::tests::test_plugin_age_remaps_identity ... ok
[INFO] [stdout] test providers::sops::tests::test_plugin_age_missing_named_env ... ok
[INFO] [stdout] test providers::tests::test_dispatch_unknown_scheme_to_fallback ... ok
[INFO] [stdout] test providers::tests::test_empty_age_does_not_fall_back_to_raw ... ok
[INFO] [stdout] test providers::tests::test_dispatch_vault ... ok
[INFO] [stdout] test providers::vault::tests::test_resolve_missing_token ... ok
[INFO] [stdout] test providers::sops::tests::test_no_query_returns_full_json ... ok
[INFO] [stdout] test providers::passbolt::tests::test_resolve_fake_cli ... ok
[INFO] [stdout] test providers::sops::tests::test_aws_kms_remaps_profile ... ok
[INFO] [stdout] test providers::vault::tests::kv_v2_url_encodes_nested_key ... ok
[INFO] [stdout] test providers::onepassword::tests::test_ampersand_fallback_passes_vault_as_separate_arg ... ok
[INFO] [stdout] test providers::passbolt::tests::test_resolve_malformed_json_error ... ok
[INFO] [stdout] test providers::sops::tests::test_resolve_same_path_one_call ... ok
[INFO] [stdout] test providers::sops::tests::test_resolve_cli_error ... ok
[INFO] [stdout] test resolve::tests::dag_allows_unknown_bare_shell_variables ... ok
[INFO] [stdout] test providers::vault::tests::test_add_routing ... ok
[INFO] [stdout] test resolve::tests::dag_rejects_missing_dependency ... ok
[INFO] [stdout] test resolve::tests::template_normalizes_private_reference_for_shell ... ok
[INFO] [stdout] test resolve::tests::dag_rejects_cycles ... ok
[INFO] [stdout] test resolve::tests::template_tracks_braced_and_bare_references ... ok
[INFO] [stdout] test resolve::tests::test_resolve_one_no_double_expansion ... ok
[INFO] [stdout] test resolve::tests::test_resolve_one_braces_var ... ok
[INFO] [stdout] test resolve::tests::test_resolve_one_multiple_vars ... ok
[INFO] [stdout] test resolve::tests::test_resolve_batch ... ok
[INFO] [stdout] test resolve::tests::test_resolve_one_adjacent_braced_vars ... ok
[INFO] [stdout] test resolve::tests::test_resolve_one_dollar_var ... ok
[INFO] [stdout] test resolve::tests::test_resolve_one_unmatched_open_brace_is_literal ... ok
[INFO] [stdout] test resolve::tests::test_resolve_one_unknown_var_empty ... ok
[INFO] [stdout] test resolve::tests::test_resolve_one_word_boundary_without_braces ... ok
[INFO] [stdout] test resolve::tests::test_resolve_one_trailing_brace_not_consumed ... ok
[INFO] [stdout] test tests::test_hydrate_one_raw_bang_escape ... ok
[INFO] [stdout] test tests::test_hydrate_raw_values_with_extra_env_ignored_by_raw_provider ... ok
[INFO] [stdout] test resolve::tests::test_resolve_one_no_vars ... ok
[INFO] [stdout] test tests::test_hydrate_duplicate_raw_values ... ok
[INFO] [stdout] test tests::test_hydrate_raw_values_with_empty_extra_env ... ok
[INFO] [stdout] test tests::test_hydrate_fail_closed_across_schemes ... ok
[INFO] [stdout] test providers::vault::tests::test_missing_field_names_field ... ok
[INFO] [stdout] test providers::vault::tests::test_lade_vault_token_and_namespace ... ok
[INFO] [stdout] test tests::test_hydrate_one_raw_with_empty_extra_env ... ok
[INFO] [stdout] test providers::vault::tests::test_resolve_multiple_fields_same_key_one_call ... ok
[INFO] [stdout] test mcp::tests::bridge_keeps_running_after_a_transport_error_without_replaying ... ok
[INFO] [stdout] test tests::test_hydrate_file_and_shell_in_one_resolve ... ok
[INFO] [stdout] test providers::vault::tests::test_resolve_single_field ... ok
[INFO] [stdout] test providers::vault::tests::test_resolve_http_error ... ok
[INFO] [stdout] test providers::vault::tests::test_resolve_token_file ... ok
[INFO] [stdout] 
[INFO] [stdout] failures:
[INFO] [stdout] 
[INFO] [stdout] ---- providers::sh::tests::test_resolve_fish_ignores_config_overwrite stdout ----
[INFO] [stdout] 
[INFO] [stdout] thread 'providers::sh::tests::test_resolve_fish_ignores_config_overwrite' (5119) panicked at src/providers/sh.rs:188:14:
[INFO] [stdout] called `Result::unwrap()` on an `Err` value: fish CLI not found. Make sure the binary is in your PATH or install it from url.
[INFO] [stdout] 
[INFO] [stdout] Stack backtrace:
[INFO] [stdout]    0: <anyhow::Error>::msg::<alloc::string::String>
[INFO] [stdout]    1: anyhow::__private::format_err
[INFO] [stdout]    2: <tokio::time::timeout::Timeout<lade_sdk::providers::run_cli::{closure#0}> as core::future::future::Future>::poll
[INFO] [stdout]    3: <futures_util::future::try_maybe_done::TryMaybeDone<futures_util::future::try_future::into_future::IntoFuture<<lade_sdk::providers::sh::Shell as lade_sdk::providers::Provider>::resolve::{closure#0}::{closure#0}::{closure#0}>> as core::future::future::Future>::poll
[INFO] [stdout]    4: <futures_util::future::try_join_all::TryJoinAll<<lade_sdk::providers::sh::Shell as lade_sdk::providers::Provider>::resolve::{closure#0}::{closure#0}::{closure#0}> as core::future::future::Future>::poll
[INFO] [stdout]    5: <lade_sdk::providers::sh::Shell as lade_sdk::providers::Provider>::resolve::{closure#0}
[INFO] [stdout]    6: lade_sdk::providers::sh::tests::test_resolve_fish_ignores_config_overwrite::{closure#0}
[INFO] [stdout]    7: <tokio::runtime::scheduler::current_thread::Context>::enter::<core::task::poll::Poll<()>, <tokio::runtime::scheduler::current_thread::CoreGuard>::block_on<core::pin::Pin<&mut core::pin::Pin<&mut dyn core::future::future::Future<Output = ()>>>>::{closure#0}::{closure#0}>
[INFO] [stdout]    8: <tokio::runtime::context::scoped::Scoped<tokio::runtime::scheduler::Context>>::set::<<tokio::runtime::scheduler::current_thread::CoreGuard>::enter<<tokio::runtime::scheduler::current_thread::CoreGuard>::block_on<core::pin::Pin<&mut core::pin::Pin<&mut dyn core::future::future::Future<Output = ()>>>>::{closure#0}, core::option::Option<()>>::{closure#0}, (alloc::boxed::Box<tokio::runtime::scheduler::current_thread::Core>, core::option::Option<()>)>
[INFO] [stdout]    9: <tokio::runtime::scheduler::current_thread::CoreGuard>::block_on::<core::pin::Pin<&mut core::pin::Pin<&mut dyn core::future::future::Future<Output = ()>>>>
[INFO] [stdout]   10: tokio::runtime::context::runtime::enter_runtime::<<tokio::runtime::scheduler::current_thread::CurrentThread>::block_on<core::pin::Pin<&mut dyn core::future::future::Future<Output = ()>>>::{closure#0}, ()>
[INFO] [stdout]   11: <tokio::runtime::runtime::Runtime>::block_on::<core::pin::Pin<&mut dyn core::future::future::Future<Output = ()>>>
[INFO] [stdout]   12: lade_sdk::providers::sh::tests::test_resolve_fish_ignores_config_overwrite
[INFO] [stdout]   13: <lade_sdk::providers::sh::tests::test_resolve_fish_ignores_config_overwrite::{closure#0} as core::ops::function::FnOnce<()>>::call_once
[INFO] [stdout]   14: test::__rust_begin_short_backtrace::<core::result::Result<(), alloc::string::String>, fn() -> core::result::Result<(), alloc::string::String>>
[INFO] [stdout]   15: test::run_test::{closure#0}
[INFO] [stdout]   16: std::sys::backtrace::__rust_begin_short_backtrace::<test::run_test::{closure#1}, ()>
[INFO] [stdout]   17: <std::thread::lifecycle::spawn_unchecked<test::run_test::{closure#1}, ()>::{closure#1} as core::ops::function::FnOnce<()>>::call_once::{shim:vtable#0}
[INFO] [stdout]   18: <std::sys::thread::unix::Thread>::new::thread_start
[INFO] [stdout]   19: <unknown>
[INFO] [stdout]   20: clone
[INFO] [stdout] stack backtrace:
[INFO] [stdout]    0:     0x59a45194da21 - <<std[70759c8f55707aa4]::sys::backtrace::BacktraceLock>::print::DisplayBacktrace as core[df12db4294e9bfd3]::fmt::Display>::fmt
[INFO] [stdout]    1:     0x59a4519689ca - core[df12db4294e9bfd3]::fmt::write
[INFO] [stdout]    2:     0x59a45195479c - <alloc[2182bb758b4b3781]::vec::Vec<u8> as core[df12db4294e9bfd3]::io::write::Write>::write_fmt
[INFO] [stdout]    3:     0x59a451924c56 - std[70759c8f55707aa4]::panicking::default_hook::{closure#0}
[INFO] [stdout]    4:     0x59a451943d09 - std[70759c8f55707aa4]::panicking::default_hook
[INFO] [stdout]    5:     0x59a4513c05f0 - test[9d35eded1c95d3be]::test_main_inner::<test[9d35eded1c95d3be]::test_main_static::{closure#0}>::{closure#0}
[INFO] [stdout]    6:     0x59a451944032 - std[70759c8f55707aa4]::panicking::panic_with_hook
[INFO] [stdout]    7:     0x59a451924d02 - std[70759c8f55707aa4]::panicking::panic_handler::{closure#0}
[INFO] [stdout]    8:     0x59a45191cf39 - std[70759c8f55707aa4]::sys::backtrace::__rust_end_short_backtrace::<std[70759c8f55707aa4]::panicking::panic_handler::{closure#0}, !>
[INFO] [stdout]    9:     0x59a451925c9d - __rustc[8fa7c3cbc660c2b3]::rust_begin_unwind
[INFO] [stdout]   10:     0x59a4519691ec - core[df12db4294e9bfd3]::panicking::panic_fmt
[INFO] [stdout]   11:     0x59a451968fc2 - core[df12db4294e9bfd3]::result::unwrap_failed
[INFO] [stdout]   12:     0x59a45137c657 - lade_sdk[a9f37dd024ab9cd9]::providers::sh::tests::test_resolve_fish_ignores_config_overwrite::{closure#0}
[INFO] [stdout]   13:     0x59a45131f173 - <tokio[4e8d01d9b93431f3]::runtime::scheduler::current_thread::Context>::enter::<core[df12db4294e9bfd3]::task::poll::Poll<()>, <tokio[4e8d01d9b93431f3]::runtime::scheduler::current_thread::CoreGuard>::block_on<core[df12db4294e9bfd3]::pin::Pin<&mut core[df12db4294e9bfd3]::pin::Pin<&mut dyn core[df12db4294e9bfd3]::future::future::Future<Output = ()>>>>::{closure#0}::{closure#0}>
[INFO] [stdout]   14:     0x59a45135d84c - <tokio[4e8d01d9b93431f3]::runtime::context::scoped::Scoped<tokio[4e8d01d9b93431f3]::runtime::scheduler::Context>>::set::<<tokio[4e8d01d9b93431f3]::runtime::scheduler::current_thread::CoreGuard>::enter<<tokio[4e8d01d9b93431f3]::runtime::scheduler::current_thread::CoreGuard>::block_on<core[df12db4294e9bfd3]::pin::Pin<&mut core[df12db4294e9bfd3]::pin::Pin<&mut dyn core[df12db4294e9bfd3]::future::future::Future<Output = ()>>>>::{closure#0}, core[df12db4294e9bfd3]::option::Option<()>>::{closure#0}, (alloc[2182bb758b4b3781]::boxed::Box<tokio[4e8d01d9b93431f3]::runtime::scheduler::current_thread::Core>, core[df12db4294e9bfd3]::option::Option<()>)>
[INFO] [stdout]   15:     0x59a45131f6b7 - <tokio[4e8d01d9b93431f3]::runtime::scheduler::current_thread::CoreGuard>::block_on::<core[df12db4294e9bfd3]::pin::Pin<&mut core[df12db4294e9bfd3]::pin::Pin<&mut dyn core[df12db4294e9bfd3]::future::future::Future<Output = ()>>>>
[INFO] [stdout]   16:     0x59a4512980cd - tokio[4e8d01d9b93431f3]::runtime::context::runtime::enter_runtime::<<tokio[4e8d01d9b93431f3]::runtime::scheduler::current_thread::CurrentThread>::block_on<core[df12db4294e9bfd3]::pin::Pin<&mut dyn core[df12db4294e9bfd3]::future::future::Future<Output = ()>>>::{closure#0}, ()>
[INFO] [stdout]   17:     0x59a4512a37b5 - <tokio[4e8d01d9b93431f3]::runtime::runtime::Runtime>::block_on::<core[df12db4294e9bfd3]::pin::Pin<&mut dyn core[df12db4294e9bfd3]::future::future::Future<Output = ()>>>
[INFO] [stdout]   18:     0x59a45137fe3b - lade_sdk[a9f37dd024ab9cd9]::providers::sh::tests::test_resolve_fish_ignores_config_overwrite
[INFO] [stdout]   19:     0x59a4512a2759 - <lade_sdk[a9f37dd024ab9cd9]::providers::sh::tests::test_resolve_fish_ignores_config_overwrite::{closure#0} as core[df12db4294e9bfd3]::ops::function::FnOnce<()>>::call_once
[INFO] [stdout]   20:     0x59a4513b38db - test[9d35eded1c95d3be]::__rust_begin_short_backtrace::<core[df12db4294e9bfd3]::result::Result<(), alloc[2182bb758b4b3781]::string::String>, fn() -> core[df12db4294e9bfd3]::result::Result<(), alloc[2182bb758b4b3781]::string::String>>
[INFO] [stdout]   21:     0x59a4513c0f45 - test[9d35eded1c95d3be]::run_test::{closure#0}
[INFO] [stdout]   22:     0x59a4513ba804 - std[70759c8f55707aa4]::sys::backtrace::__rust_begin_short_backtrace::<test[9d35eded1c95d3be]::run_test::{closure#1}, ()>
[INFO] [stdout]   23:     0x59a4513c40a2 - <std[70759c8f55707aa4]::thread::lifecycle::spawn_unchecked<test[9d35eded1c95d3be]::run_test::{closure#1}, ()>::{closure#1} as core[df12db4294e9bfd3]::ops::function::FnOnce<()>>::call_once::{shim:vtable#0}
[INFO] [stdout]   24:     0x59a45194c3f9 - <std[70759c8f55707aa4]::sys::thread::unix::Thread>::new::thread_start
[INFO] [stdout]   25:     0x7c76e5091dfa - <unknown>
[INFO] [stdout]   26:     0x7c76e51253d4 - clone
[INFO] [stdout]   27:                0x0 - <unknown>
[INFO] [stdout] 
[INFO] [stdout] 
[INFO] [stdout] failures:
[INFO] [stdout]     providers::sh::tests::test_resolve_fish_ignores_config_overwrite
[INFO] [stdout] 
[INFO] [stdout] test result: FAILED. 163 passed; 1 failed; 0 ignored; 0 measured; 0 filtered out; finished in 0.38s
[INFO] [stdout] 
[INFO] [stderr] error: test failed, to rerun pass `--lib`
[INFO] running `Command { std: "docker" "inspect" "c25ae905a1f305444f976abcac8645149431ae699b15c1d93ea570692c16bf18", kill_on_drop: false }`
[INFO] running `Command { std: "docker" "rm" "-f" "c25ae905a1f305444f976abcac8645149431ae699b15c1d93ea570692c16bf18", kill_on_drop: false }`
[INFO] [stdout] c25ae905a1f305444f976abcac8645149431ae699b15c1d93ea570692c16bf18
