[INFO] fetching crate labtui-asyncgit 0.28.3...
[INFO] testing labtui-asyncgit-0.28.3 against 1.99.0-beta.8+cargoflags=--release for beta-release-1.100-2
[INFO] extracting crate labtui-asyncgit 0.28.3 into /workspace/builds/worker-7-tc1/source
[INFO] started tweaking crates.io crate labtui-asyncgit 0.28.3
[INFO] finished tweaking crates.io crate labtui-asyncgit 0.28.3
[INFO] tweaked toml for crates.io crate labtui-asyncgit 0.28.3 written to /workspace/builds/worker-7-tc1/source/Cargo.toml
[INFO] validating manifest of crates.io crate labtui-asyncgit 0.28.3 on toolchain 1.99.0-beta.8
[INFO] running `Command { std: CARGO_HOME="/workspace/cargo-home" RUSTUP_HOME="/workspace/rustup-home" "/workspace/cargo-home/bin/cargo" "+1.99.0-beta.8" "metadata" "--manifest-path" "Cargo.toml" "--no-deps", kill_on_drop: false }`
[INFO] crate crates.io crate labtui-asyncgit 0.28.3 already has a lockfile, it will not be regenerated
[INFO] running `Command { std: CARGO_HOME="/workspace/cargo-home" RUSTUP_HOME="/workspace/rustup-home" "/workspace/cargo-home/bin/cargo" "+1.99.0-beta.8" "fetch" "--manifest-path" "Cargo.toml", kill_on_drop: false }`
[INFO] [stderr]     Updating crates.io index
[INFO] [stderr]  Downloading crates ...
[INFO] [stderr]   Downloaded rsa v0.9.7
[INFO] [stderr]   Downloaded ssh-key v0.6.7
[INFO] [stderr]   Downloaded serial_test v3.3.1
[INFO] [stderr]   Downloaded semver v1.0.24
[INFO] [stderr]   Downloaded serial_test_derive v3.3.1
[INFO] [stderr]   Downloaded scopetime v0.1.2
[INFO] [stderr]   Downloaded sdd v3.0.8
[INFO] [stderr]   Downloaded shellexpand v3.1.1
[INFO] [stderr]   Downloaded labtui-git2-hooks v0.7.0
[INFO] [stderr]   Downloaded gix-path v0.11.0
[INFO] [stderr]   Downloaded gix-validate v0.11.0
[INFO] [stderr]   Downloaded gix-hashtable v0.12.0
[INFO] [stderr]   Downloaded gix-trace v0.1.17
[INFO] [stderr]   Downloaded invalidstring v0.1.3
[INFO] [stderr]   Downloaded gix-worktree v0.47.0
[INFO] [stderr]   Downloaded gix-object v0.55.0
[INFO] [stderr]   Downloaded tinyvec v1.8.1
[INFO] [stderr]   Downloaded gix-hash v0.22.0
[INFO] [stderr]   Downloaded gix v0.78.0
[INFO] [stderr]   Downloaded gix-features v0.46.0
[INFO] [stderr]   Downloaded gix-date v0.13.0
[INFO] [stderr]   Downloaded gix-error v0.0.0
[INFO] [stderr]   Downloaded gix-actor v0.38.0
[INFO] [stderr]   Downloaded gix-lock v21.0.0
[INFO] [stderr]   Downloaded gix-ignore v0.19.0
[INFO] [stderr]   Downloaded gix-index v0.46.0
[INFO] [stderr]   Downloaded gix-traverse v0.52.0
[INFO] [stderr]   Downloaded gix-revwalk v0.26.0
[INFO] [stderr]   Downloaded gix-commitgraph v0.32.0
[INFO] [stderr]   Downloaded gix-chunk v0.5.0
[INFO] [stderr]   Downloaded gix-tempfile v21.0.0
[INFO] [stderr]   Downloaded gix-fs v0.19.0
[INFO] [stderr]   Downloaded gix-bitmap v0.2.15
[INFO] [stderr]   Downloaded gix-url v0.35.0
[INFO] [stderr]   Downloaded libz-sys v1.1.21
[INFO] [stderr]   Downloaded gix-glob v0.24.0
[INFO] [stderr]   Downloaded gix-quote v0.6.1
[INFO] [stderr]   Downloaded gix-config-value v0.17.0
[INFO] [stderr]   Downloaded gix-attributes v0.30.0
[INFO] [stderr]   Downloaded gix-submodule v0.25.0
[INFO] [stderr]   Downloaded gix-refspec v0.36.0
[INFO] [stderr]   Downloaded gix-revision v0.40.0
[INFO] [stderr]   Downloaded gix-pathspec v0.15.0
[INFO] [stderr]   Downloaded gix-config v0.51.0
[INFO] [stderr]   Downloaded gix-sec v0.13.0
[INFO] [stderr]   Downloaded gix-ref v0.58.0
[INFO] [stderr]   Downloaded gix-command v0.7.0
[INFO] [stderr]   Downloaded gix-shallow v0.8.0
[INFO] [stderr]   Downloaded gix-packetline v0.21.0
[INFO] [stderr]   Downloaded gix-discover v0.46.0
[INFO] [stderr]   Downloaded gix-mailmap v0.30.0
[INFO] [stderr]   Downloaded gix-status v0.25.0
[INFO] [stderr]   Downloaded gix-filter v0.25.0
[INFO] [stderr]   Downloaded gix-diff v0.58.0
[INFO] [stderr]   Downloaded gix-transport v0.53.0
[INFO] [stderr]   Downloaded gix-odb v0.75.0
[INFO] [stderr]   Downloaded arc-swap v1.8.0
[INFO] [stderr]   Downloaded gix-protocol v0.56.0
[INFO] [stderr]   Downloaded gix-dir v0.20.0
[INFO] [stderr]   Downloaded gix-pack v0.65.0
[INFO] [stderr]   Downloaded easy-cast v0.5.4
[INFO] [stderr]   Downloaded openssl-src v300.4.1+3.4.0
[INFO] running `Command { std: "docker" "create" "-v" "/var/lib/crater-agent-workspace/builds/worker-7-tc1/source:/opt/rustwide/workdir:ro,Z" "-v" "/var/lib/crater-agent-workspace/builds/worker-7-tc1/target:/opt/rustwide/target:rw,Z" "-v" "/var/lib/crater-agent-workspace/cargo-home:/opt/rustwide/cargo-home:ro,Z" "-v" "/var/lib/crater-agent-workspace/rustup-home:/opt/rustwide/rustup-home:ro,Z" "-m" "1610612736" "--network" "none" "ghcr.io/rust-lang/crates-build-env/linux@sha256:77db811e55d90add9212f6832c23229e3de5f1c1f9905e8cb07319ea15df73ac" "sleep" "infinity", kill_on_drop: false }`
[INFO] [stdout] 5c7e993329bed15597e53ba3dff76076349e3a3f0a39dcebdae66f5e21e8c120
[INFO] running `Command { std: "docker" "start" "5c7e993329bed15597e53ba3dff76076349e3a3f0a39dcebdae66f5e21e8c120", kill_on_drop: false }`
[INFO] running `Command { std: "docker" "inspect" "5c7e993329bed15597e53ba3dff76076349e3a3f0a39dcebdae66f5e21e8c120", kill_on_drop: false }`
[INFO] running `Command { std: "docker" "exec" "-e" "SOURCE_DIR=/opt/rustwide/workdir" "-e" "CARGO_HOME=/opt/rustwide/cargo-home" "-e" "RUSTUP_HOME=/opt/rustwide/rustup-home" "-e" "CARGO_TARGET_DIR=/opt/rustwide/target" "-w" "/opt/rustwide/workdir" "--user" "0:0" "5c7e993329bed15597e53ba3dff76076349e3a3f0a39dcebdae66f5e21e8c120" "/opt/rustwide/cargo-home/bin/cargo" "+1.99.0-beta.8" "metadata" "--no-deps" "--format-version=1", kill_on_drop: false }`
[INFO] running `Command { std: "docker" "inspect" "5c7e993329bed15597e53ba3dff76076349e3a3f0a39dcebdae66f5e21e8c120", kill_on_drop: false }`
[INFO] running `Command { std: "docker" "exec" "-e" "SOURCE_DIR=/opt/rustwide/workdir" "-e" "CARGO_HOME=/opt/rustwide/cargo-home" "-e" "RUSTUP_HOME=/opt/rustwide/rustup-home" "-e" "CARGO_TARGET_DIR=/opt/rustwide/target" "-e" "CARGO_INCREMENTAL=0" "-e" "RUST_BACKTRACE=full" "-e" "RUSTFLAGS=--cap-lints=warn" "-e" "RUSTDOCFLAGS=--cap-lints=warn" "-w" "/opt/rustwide/workdir" "--user" "0:0" "5c7e993329bed15597e53ba3dff76076349e3a3f0a39dcebdae66f5e21e8c120" "/opt/rustwide/cargo-home/bin/cargo" "+1.99.0-beta.8" "build" "--frozen" "--message-format=json" "--release", kill_on_drop: false }`
[INFO] [stderr]    Compiling smallvec v1.15.1
[INFO] [stderr]    Compiling regex-automata v0.4.9
[INFO] [stderr]    Compiling cpufeatures v0.2.16
[INFO] [stderr]    Compiling gix-trace v0.1.17
[INFO] [stderr]    Compiling byteorder v1.5.0
[INFO] [stderr]    Compiling proc-macro2 v1.0.94
[INFO] [stderr]    Compiling tinyvec v1.8.1
[INFO] [stderr]    Compiling zlib-rs v0.5.5
[INFO] [stderr]    Compiling generic-array v0.14.7
[INFO] [stderr]    Compiling heapless v0.8.0
[INFO] [stderr]    Compiling jiff v0.2.18
[INFO] [stderr]    Compiling winnow v0.7.14
[INFO] [stderr]    Compiling hashbrown v0.16.1
[INFO] [stderr]    Compiling getrandom v0.2.15
[INFO] [stderr]    Compiling memmap2 v0.9.9
[INFO] [stderr]    Compiling rustix v1.1.3
[INFO] [stderr]    Compiling getrandom v0.3.4
[INFO] [stderr]    Compiling jobserver v0.1.32
[INFO] [stderr]    Compiling parking_lot_core v0.9.12
[INFO] [stderr]    Compiling der v0.7.9
[INFO] [stderr]    Compiling rand_core v0.6.4
[INFO] [stderr]    Compiling parking_lot v0.12.5
[INFO] [stderr]    Compiling hash32 v0.3.1
[INFO] [stderr]    Compiling dashmap v6.1.0
[INFO] [stderr]    Compiling cc v1.2.65
[INFO] [stderr]    Compiling unicode-bom v2.0.3
[INFO] [stderr]    Compiling quote v1.0.38
[INFO] [stderr]    Compiling prodash v31.0.0
[INFO] [stderr]    Compiling crypto-common v0.1.6
[INFO] [stderr]    Compiling block-buffer v0.10.4
[INFO] [stderr]    Compiling block-padding v0.3.3
[INFO] [stderr]    Compiling digest v0.10.7
[INFO] [stderr]    Compiling syn v2.0.117
[INFO] [stderr]    Compiling sha1 v0.10.6
[INFO] [stderr]    Compiling inout v0.1.3
[INFO] [stderr]    Compiling litemap v0.7.4
[INFO] [stderr]    Compiling kstring v2.0.2
[INFO] [stderr]    Compiling sha1-checked v0.10.0
[INFO] [stderr]    Compiling cipher v0.4.4
[INFO] [stderr]    Compiling faster-hex v0.10.0
[INFO] [stderr]    Compiling sha2 v0.10.8
[INFO] [stderr]    Compiling unicode-normalization v0.1.24
[INFO] [stderr]    Compiling signature v2.2.0
[INFO] [stderr]    Compiling ff v0.13.0
[INFO] [stderr]    Compiling bstr v1.12.0
[INFO] [stderr]    Compiling gix-sec v0.13.0
[INFO] [stderr]    Compiling spki v0.7.3
[INFO] [stderr]    Compiling libm v0.2.11
[INFO] [stderr]    Compiling icu_locid_transform_data v1.5.0
[INFO] [stderr]    Compiling semver v1.0.24
[INFO] [stderr]    Compiling num-traits v0.2.19
[INFO] [stderr]    Compiling openssl-sys v0.9.111
[INFO] [stderr]    Compiling libz-sys v1.1.21
[INFO] [stderr]    Compiling sec1 v0.7.3
[INFO] [stderr]    Compiling group v0.13.0
[INFO] [stderr]    Compiling crypto-bigint v0.5.5
[INFO] [stderr]    Compiling gix-validate v0.11.0
[INFO] [stderr]    Compiling gix-utils v0.3.1
[INFO] [stderr]    Compiling gix-error v0.0.0
[INFO] [stderr]    Compiling icu_properties_data v1.5.0
[INFO] [stderr]    Compiling gix-chunk v0.5.0
[INFO] [stderr]    Compiling shell-words v1.1.0
[INFO] [stderr]    Compiling elliptic-curve v0.13.8
[INFO] [stderr]    Compiling libssh2-sys v0.3.1
[INFO] [stderr]    Compiling hmac v0.12.1
[INFO] [stderr]    Compiling universal-hash v0.5.1
[INFO] [stderr]    Compiling filetime v0.2.25
[INFO] [stderr]    Compiling tempfile v3.24.0
[INFO] [stderr]    Compiling icu_normalizer_data v1.5.0
[INFO] [stderr]    Compiling rustc_version v0.4.1
[INFO] [stderr]    Compiling foldhash v0.1.4
[INFO] [stderr]    Compiling rustversion v1.0.19
[INFO] [stderr]    Compiling rfc6979 v0.4.0
[INFO] [stderr]    Compiling polyval v0.6.2
[INFO] [stderr]    Compiling primeorder v0.13.6
[INFO] [stderr]    Compiling curve25519-dalek v4.1.3
[INFO] [stderr]    Compiling ecdsa v0.16.9
[INFO] [stderr]    Compiling hashbrown v0.15.2
[INFO] [stderr]    Compiling libgit2-sys v0.18.5+1.9.4
[INFO] [stderr]    Compiling num-bigint-dig v0.8.4
[INFO] [stderr]    Compiling base64ct v1.6.0
[INFO] [stderr]    Compiling dirs-sys v0.5.0
[INFO] [stderr]    Compiling uluru v3.1.0
[INFO] [stderr]    Compiling ghash v0.5.1
[INFO] [stderr]    Compiling pkcs8 v0.10.2
[INFO] [stderr]    Compiling form_urlencoded v1.2.1
[INFO] [stderr]    Compiling pem-rfc7468 v0.7.0
[INFO] [stderr]    Compiling aes v0.8.4
[INFO] [stderr]    Compiling ctr v0.9.2
[INFO] [stderr]    Compiling aead v0.5.2
[INFO] [stderr]    Compiling either v1.13.0
[INFO] [stderr]    Compiling clru v0.6.2
[INFO] [stderr]    Compiling pkcs1 v0.7.5
[INFO] [stderr]    Compiling arc-swap v1.8.0
[INFO] [stderr]    Compiling ssh-encoding v0.2.0
[INFO] [stderr]    Compiling dirs v6.0.0
[INFO] [stderr]    Compiling poly1305 v0.8.0
[INFO] [stderr]    Compiling ed25519 v2.2.3
[INFO] [stderr]    Compiling chacha20 v0.9.1
[INFO] [stderr]    Compiling imara-diff v0.1.8
[INFO] [stderr]    Compiling cbc v0.1.2
[INFO] [stderr]    Compiling blowfish v0.9.1
[INFO] [stderr]    Compiling pbkdf2 v0.12.2
[INFO] [stderr]    Compiling shellexpand v3.1.1
[INFO] [stderr]    Compiling itertools v0.14.0
[INFO] [stderr]    Compiling p384 v0.13.0
[INFO] [stderr]    Compiling num-integer v0.1.46
[INFO] [stderr]    Compiling bcrypt-pbkdf v0.10.0
[INFO] [stderr]    Compiling p521 v0.13.3
[INFO] [stderr]    Compiling p256 v0.13.2
[INFO] [stderr]    Compiling thread_local v1.1.8
[INFO] [stderr]    Compiling num-iter v0.1.45
[INFO] [stderr]    Compiling aes-gcm v0.10.3
[INFO] [stderr]    Compiling ssh-cipher v0.2.0
[INFO] [stderr]    Compiling fuzzy-matcher v0.3.7
[INFO] [stderr]    Compiling rayon v1.11.0
[INFO] [stderr]    Compiling scopetime v0.1.2
[INFO] [stderr]    Compiling easy-cast v0.5.4
[INFO] [stderr]    Compiling synstructure v0.13.1
[INFO] [stderr]    Compiling gix-date v0.13.0
[INFO] [stderr]    Compiling unicode-truncate v2.0.1
[INFO] [stderr]    Compiling thiserror-impl v2.0.18
[INFO] [stderr]    Compiling zerofrom-derive v0.1.5
[INFO] [stderr]    Compiling yoke-derive v0.7.5
[INFO] [stderr]    Compiling zerovec-derive v0.10.3
[INFO] [stderr]    Compiling displaydoc v0.2.5
[INFO] [stderr]    Compiling icu_provider_macros v1.5.0
[INFO] [stderr]    Compiling zerocopy-derive v0.7.35
[INFO] [stderr]    Compiling curve25519-dalek-derive v0.1.1
[INFO] [stderr]    Compiling maybe-async v0.2.10
[INFO] [stderr]    Compiling serde_derive v1.0.228
[INFO] [stderr]    Compiling zerofrom v0.1.5
[INFO] [stderr]    Compiling yoke v0.7.5
[INFO] [stderr]    Compiling zerocopy v0.7.35
[INFO] [stderr]    Compiling zerovec v0.10.4
[INFO] [stderr]    Compiling thiserror v2.0.18
[INFO] [stderr]    Compiling gix-path v0.11.0
[INFO] [stderr]    Compiling gix-actor v0.38.0
[INFO] [stderr]    Compiling gix-quote v0.6.1
[INFO] [stderr]    Compiling gix-packetline v0.21.0
[INFO] [stderr]    Compiling gix-bitmap v0.2.15
[INFO] [stderr]    Compiling gix-features v0.46.0
[INFO] [stderr]    Compiling gix-config-value v0.17.0
[INFO] [stderr]    Compiling gix-command v0.7.0
[INFO] [stderr]    Compiling gix-url v0.35.0
[INFO] [stderr]    Compiling gix-mailmap v0.30.0
[INFO] [stderr]    Compiling ed25519-dalek v2.1.1
[INFO] [stderr]    Compiling gix-hash v0.22.0
[INFO] [stderr]    Compiling gix-fs v0.19.0
[INFO] [stderr]    Compiling gix-glob v0.24.0
[INFO] [stderr]    Compiling ppv-lite86 v0.2.20
[INFO] [stderr]    Compiling gix-hashtable v0.12.0
[INFO] [stderr]    Compiling gix-object v0.55.0
[INFO] [stderr]    Compiling gix-tempfile v21.0.0
[INFO] [stderr]    Compiling gix-commitgraph v0.32.0
[INFO] [stderr]    Compiling gix-attributes v0.30.0
[INFO] [stderr]    Compiling gix-ignore v0.19.0
[INFO] [stderr]    Compiling rand_chacha v0.3.1
[INFO] [stderr]    Compiling gix-transport v0.53.0
[INFO] [stderr]    Compiling gix-lock v21.0.0
[INFO] [stderr]    Compiling tinystr v0.7.6
[INFO] [stderr]    Compiling icu_collections v1.5.0
[INFO] [stderr]    Compiling rand v0.8.5
[INFO] [stderr]    Compiling gix-shallow v0.8.0
[INFO] [stderr]    Compiling icu_locid v1.5.0
[INFO] [stderr]    Compiling gix-pathspec v0.15.0
[INFO] [stderr]    Compiling serde v1.0.228
[INFO] [stderr]    Compiling icu_provider v1.5.0
[INFO] [stderr]    Compiling gix-revwalk v0.26.0
[INFO] [stderr]    Compiling gix-ref v0.58.0
[INFO] [stderr]    Compiling gix-filter v0.25.0
[INFO] [stderr]    Compiling gix-pack v0.65.0
[INFO] [stderr]    Compiling gix-traverse v0.52.0
[INFO] [stderr]    Compiling gix-revision v0.40.0
[INFO] [stderr]    Compiling icu_locid_transform v1.5.0
[INFO] [stderr]    Compiling gix-index v0.46.0
[INFO] [stderr]    Compiling gix-refspec v0.36.0
[INFO] [stderr]    Compiling rsa v0.9.7
[INFO] [stderr]    Compiling gix-odb v0.75.0
[INFO] [stderr]    Compiling icu_properties v1.5.1
[INFO] [stderr]    Compiling gix-worktree v0.47.0
[INFO] [stderr]    Compiling gix-discover v0.46.0
[INFO] [stderr]    Compiling gix-diff v0.58.0
[INFO] [stderr]    Compiling gix-config v0.51.0
[INFO] [stderr]    Compiling gix-dir v0.20.0
[INFO] [stderr]    Compiling gix-protocol v0.56.0
[INFO] [stderr]    Compiling ssh-key v0.6.7
[INFO] [stderr]    Compiling gix-status v0.25.0
[INFO] [stderr]    Compiling icu_normalizer v1.5.0
[INFO] [stderr]    Compiling gix-submodule v0.25.0
[INFO] [stderr]    Compiling idna_adapter v1.2.0
[INFO] [stderr]    Compiling idna v1.0.3
[INFO] [stderr]    Compiling gix v0.78.0
[INFO] [stderr]    Compiling url v2.5.4
[INFO] [stderr]    Compiling git2 v0.21.0
[INFO] [stderr]    Compiling labtui-git2-hooks v0.7.0
[INFO] [stderr]    Compiling labtui-asyncgit v0.28.3 (/opt/rustwide/workdir)
[INFO] [stderr]     Finished `release` profile [optimized] target(s) in 2m 52s
[INFO] [stderr] warning: the following packages contain code that will be rejected by a future version of Rust: num-bigint-dig v0.8.4
[INFO] [stderr] note: to see what the problems were, use the option `--future-incompat-report`, or run `cargo report future-incompatibilities --id 3`
[INFO] running `Command { std: "docker" "inspect" "5c7e993329bed15597e53ba3dff76076349e3a3f0a39dcebdae66f5e21e8c120", kill_on_drop: false }`
[INFO] running `Command { std: "docker" "exec" "-e" "SOURCE_DIR=/opt/rustwide/workdir" "-e" "CARGO_HOME=/opt/rustwide/cargo-home" "-e" "RUSTUP_HOME=/opt/rustwide/rustup-home" "-e" "CARGO_TARGET_DIR=/opt/rustwide/target" "-e" "CARGO_INCREMENTAL=0" "-e" "RUST_BACKTRACE=full" "-e" "RUSTFLAGS=--cap-lints=warn" "-e" "RUSTDOCFLAGS=--cap-lints=warn" "-w" "/opt/rustwide/workdir" "--user" "0:0" "5c7e993329bed15597e53ba3dff76076349e3a3f0a39dcebdae66f5e21e8c120" "/opt/rustwide/cargo-home/bin/cargo" "+1.99.0-beta.8" "test" "--frozen" "--no-run" "--message-format=json" "--release", kill_on_drop: false }`
[INFO] [stderr]    Compiling regex-automata v0.4.9
[INFO] [stderr]    Compiling futures-core v0.3.31
[INFO] [stderr]    Compiling sdd v3.0.8
[INFO] [stderr]    Compiling scopetime v0.1.2
[INFO] [stderr]    Compiling serial_test_derive v3.3.1
[INFO] [stderr]    Compiling git2 v0.21.0
[INFO] [stderr]    Compiling anstream v0.6.18
[INFO] [stderr]    Compiling yansi v1.0.1
[INFO] [stderr]    Compiling invalidstring v0.1.3
[INFO] [stderr]    Compiling futures-util v0.3.31
[INFO] [stderr]    Compiling scc v2.3.4
[INFO] [stderr]    Compiling pretty_assertions v1.4.1
[INFO] [stderr]    Compiling futures-executor v0.3.31
[INFO] [stderr]    Compiling serial_test v3.3.1
[INFO] [stderr]    Compiling bstr v1.12.0
[INFO] [stderr]    Compiling regex v1.11.1
[INFO] [stderr]    Compiling env_filter v1.0.0
[INFO] [stderr]    Compiling env_logger v0.11.9
[INFO] [stderr]    Compiling gix-validate v0.11.0
[INFO] [stderr]    Compiling gix-utils v0.3.1
[INFO] [stderr]    Compiling gix-path v0.11.0
[INFO] [stderr]    Compiling gix-error v0.0.0
[INFO] [stderr]    Compiling gix-packetline v0.21.0
[INFO] [stderr]    Compiling gix-quote v0.6.1
[INFO] [stderr]    Compiling gix-date v0.13.0
[INFO] [stderr]    Compiling gix-features v0.46.0
[INFO] [stderr]    Compiling gix-chunk v0.5.0
[INFO] [stderr]    Compiling gix-config-value v0.17.0
[INFO] [stderr]    Compiling gix-command v0.7.0
[INFO] [stderr]    Compiling gix-url v0.35.0
[INFO] [stderr]    Compiling labtui-git2-hooks v0.7.0
[INFO] [stderr]    Compiling gix-hash v0.22.0
[INFO] [stderr]    Compiling gix-fs v0.19.0
[INFO] [stderr]    Compiling gix-glob v0.24.0
[INFO] [stderr]    Compiling gix-actor v0.38.0
[INFO] [stderr]    Compiling gix-hashtable v0.12.0
[INFO] [stderr]    Compiling gix-commitgraph v0.32.0
[INFO] [stderr]    Compiling gix-tempfile v21.0.0
[INFO] [stderr]    Compiling gix-object v0.55.0
[INFO] [stderr]    Compiling gix-transport v0.53.0
[INFO] [stderr]    Compiling gix-mailmap v0.30.0
[INFO] [stderr]    Compiling gix-attributes v0.30.0
[INFO] [stderr]    Compiling gix-ignore v0.19.0
[INFO] [stderr]    Compiling gix-lock v21.0.0
[INFO] [stderr]    Compiling gix-pathspec v0.15.0
[INFO] [stderr]    Compiling gix-shallow v0.8.0
[INFO] [stderr]    Compiling gix-revwalk v0.26.0
[INFO] [stderr]    Compiling gix-ref v0.58.0
[INFO] [stderr]    Compiling gix-filter v0.25.0
[INFO] [stderr]    Compiling gix-pack v0.65.0
[INFO] [stderr]    Compiling gix-traverse v0.52.0
[INFO] [stderr]    Compiling gix-revision v0.40.0
[INFO] [stderr]    Compiling gix-refspec v0.36.0
[INFO] [stderr]    Compiling gix-index v0.46.0
[INFO] [stderr]    Compiling gix-odb v0.75.0
[INFO] [stderr]    Compiling gix-worktree v0.47.0
[INFO] [stderr]    Compiling gix-discover v0.46.0
[INFO] [stderr]    Compiling gix-diff v0.58.0
[INFO] [stderr]    Compiling gix-config v0.51.0
[INFO] [stderr]    Compiling gix-protocol v0.56.0
[INFO] [stderr]    Compiling gix-dir v0.20.0
[INFO] [stderr]    Compiling gix-submodule v0.25.0
[INFO] [stderr]    Compiling gix-status v0.25.0
[INFO] [stderr]    Compiling gix v0.78.0
[INFO] [stderr]    Compiling labtui-asyncgit v0.28.3 (/opt/rustwide/workdir)
[INFO] [stderr]     Finished `release` profile [optimized] target(s) in 1m 44s
[INFO] [stderr] warning: the following packages contain code that will be rejected by a future version of Rust: num-bigint-dig v0.8.4
[INFO] [stderr] note: to see what the problems were, use the option `--future-incompat-report`, or run `cargo report future-incompatibilities --id 3`
[INFO] running `Command { std: "docker" "inspect" "5c7e993329bed15597e53ba3dff76076349e3a3f0a39dcebdae66f5e21e8c120", kill_on_drop: false }`
[INFO] running `Command { std: "docker" "exec" "-e" "SOURCE_DIR=/opt/rustwide/workdir" "-e" "CARGO_HOME=/opt/rustwide/cargo-home" "-e" "RUSTUP_HOME=/opt/rustwide/rustup-home" "-e" "CARGO_TARGET_DIR=/opt/rustwide/target" "-e" "CARGO_INCREMENTAL=0" "-e" "RUST_BACKTRACE=full" "-e" "RUSTFLAGS=--cap-lints=warn" "-e" "RUSTDOCFLAGS=--cap-lints=warn" "-w" "/opt/rustwide/workdir" "--user" "0:0" "5c7e993329bed15597e53ba3dff76076349e3a3f0a39dcebdae66f5e21e8c120" "/opt/rustwide/cargo-home/bin/cargo" "+1.99.0-beta.8" "test" "--frozen" "--release", kill_on_drop: false }`
[INFO] [stderr]     Finished `release` profile [optimized] target(s) in 0.33s
[INFO] [stderr] warning: the following packages contain code that will be rejected by a future version of Rust: num-bigint-dig v0.8.4
[INFO] [stderr] note: to see what the problems were, use the option `--future-incompat-report`, or run `cargo report future-incompatibilities --id 3`
[INFO] [stderr]      Running unittests src/lib.rs (/opt/rustwide/target/release/deps/labtui_asyncgit-b649b3cde92e18ff)
[INFO] [stdout] 
[INFO] [stdout] running 167 tests
[INFO] [stdout] test progress::tests::test_progress_rounding ... ok
[INFO] [stdout] test progress::tests::test_progress_zero_all ... ok
[INFO] [stdout] test progress::tests::test_progress_zero_total ... ok
[INFO] [stdout] test asyncjob::test::test_cancel ... ok
[INFO] [stdout] test sync::branch::rename::test::test_rename_branch ... ok
[INFO] [stdout] test sync::blame::tests::test_blame_windows_path_dividers ... ok
[INFO] [stdout] test revlog::tests::test_smoke_in_subdir ... ok
[INFO] [stdout] test sync::branch::test_delete_branch::test_delete_branch ... ok
[INFO] [stdout] test sync::blame::tests::test_blame ... ok
[INFO] [stdout] test revlog::tests::test_env_variables ... ok
[INFO] [stdout] test sync::branch::tests_branch_name::test_empty_repo ... ok
[INFO] [stdout] test asyncjob::test::test_overwrite ... ok
[INFO] [stdout] test sync::branch::tests_branch_compare::test_smoke ... ok
[INFO] [stdout] test sync::branch::tests_branches::test_branch_with_upstream_merge_config ... ok
[INFO] [stderr] [2026-10-18T11:06:27Z DEBUG labtui_asyncgit::sync::remotes::callbacks] packing: Deltafication - 1/2
[INFO] [stdout] test sync::branch::merge_commit::test::test_merge_normal ... ok
[INFO] [stdout] test sync::branch::tests_branches::test_branch_remote_no_upstream ... ok
[INFO] [stdout] test sync::branch::test_remote_branches::test_checkout_remote_branch ... ok
[INFO] [stdout] test sync::branch::tests_branches::test_branch_remote_no_branch ... ok
[INFO] [stdout] test sync::branch::tests_branches::test_smoke ... ok
[INFO] [stdout] test sync::branch::tests_branches::test_branch_no_upstream_merge_config ... ok
[INFO] [stdout] test sync::branch::tests_branch_name::test_smoke ... ok
[INFO] [stdout] test sync::branch::tests_checkout::test_multiple ... ok
[INFO] [stdout] test sync::branch::merge_commit::test::test_merge_normal_non_ff ... ok
[INFO] [stderr] [2026-10-18T11:06:27Z DEBUG labtui_asyncgit::sync::remotes::callbacks] packing: Deltafication - 1/2
[INFO] [stderr] [2026-10-18T11:06:27Z DEBUG labtui_asyncgit::sync::remotes::callbacks] packing: Deltafication - 1/2
[INFO] [stdout] test sync::branch::tests_branches::test_multiple ... ok
[INFO] [stderr] [2026-10-18T11:06:27Z DEBUG labtui_asyncgit::sync::remotes::callbacks] sideband transfer: 'Compressing objects: 50% (1/2)'
[INFO] [stdout] test sync::branch::tests_create_branch::test_smoke ... ok
[INFO] [stdout] test sync::commit::tests::test_amend_with_different_user ... ok
[INFO] [stderr] [2026-10-18T11:06:28Z DEBUG labtui_asyncgit::sync::remotes::callbacks] sideband transfer: 'Compressing objects: 50% (1/2)'
[INFO] [stdout] test sync::branch::tests_checkout::test_staged_new_file ... ok
[INFO] [stdout] test sync::branch::test_remote_branches::test_has_tracking ... ok
[INFO] [stdout] test sync::commit::tests::test_empty_comment_char ... ok
[INFO] [stdout] test sync::branch::tests_checkout::test_branch_with_slash_in_name ... ok
[INFO] [stdout] test sync::branch::merge_rebase::test::test_merge_conflict ... ok
[INFO] [stdout] test sync::branch::test_remote_branches::test_checkout_remote_branch_hierarchical ... ok
[INFO] [stdout] test sync::commit::tests::test_amend ... ok
[INFO] [stdout] test sync::commit::tests::test_empty_email ... ok
[INFO] [stdout] test sync::branch::tests_checkout_commit::test_smoke ... ok
[INFO] [stdout] test sync::commit_details::tests::test_commit_message_combine ... ok
[INFO] [stdout] test sync::commit_details::tests::test_msg_linefeeds ... ok
[INFO] [stdout] test sync::commit::tests::test_tag ... ok
[INFO] [stdout] test sync::branch::test_remote_branches::test_remote_branches ... ok
[INFO] [stdout] test sync::branch::merge_rebase::test::test_merge_normal ... ok
[INFO] [stdout] test sync::commit::tests::test_with_comment_char ... ok
[INFO] [stdout] test sync::commit::tests::test_tag_with_message ... ok
[INFO] [stdout] test sync::commit_details::tests::test_msg_invalid_utf8 ... ok
[INFO] [stdout] test sync::commits_info::tests::test_get_commit_from_revision ... ok
[INFO] [stdout] test sync::cred::tests::test_credential_not_complete ... ok
[INFO] [stdout] test sync::cred::tests::test_credential_complete ... ok
[INFO] [stdout] test sync::cred::tests::test_dont_need_username_password_if_pushurl_ssh ... ok
[INFO] [stdout] test sync::commit_files::tests::test_smoke ... ok
[INFO] [stdout] test sync::commit_files::tests::test_stashed_untracked ... ok
[INFO] [stdout] test sync::branch::tests_checkout::test_smoke ... ok
[INFO] [stdout] test sync::cred::tests::test_extract_nothing_from_url ... ok
[INFO] [stdout] test sync::cred::tests::test_extract_username_from_url ... ok
[INFO] [stdout] test sync::cred::tests::test_dont_need_username_password_if_ssh ... ok
[INFO] [stdout] test sync::config::tests::test_get_config ... ok
[INFO] [stdout] test sync::commit::tests::test_commit_in_empty_repo ... ok
[INFO] [stdout] test sync::commits_info::tests::test_invalid_utf8 ... ok
[INFO] [stdout] test sync::cred::tests::test_extract_username_password_from_url ... ok
[INFO] [stdout] test sync::commit::tests::test_empty_name ... ok
[INFO] [stdout] test sync::branch::merge_rebase::test::test_merge_multiple ... ok
[INFO] [stdout] test sync::diff::tests::test_diff_delta_size ... ok
[INFO] [stdout] test sync::diff::tests::test_binary_diff_delta_size_untracked ... ok
[INFO] [stdout] test sync::commits_info::tests::test_log_first_msg_line ... ok
[INFO] [stdout] test sync::diff::tests::test_hunks ... ok
[INFO] [stdout] test sync::diff::tests::test_diff_newfile_in_sub_dir_current_dir ... ok
[INFO] [stdout] test sync::commit::tests::test_commit ... ok
[INFO] [stdout] test sync::cred::tests::test_error_if_no_remote_when_trying_to_extract_username_password - should panic ... ok
[INFO] [stdout] test sync::diff::tests::test_untracked_subfolder ... ok
[INFO] [stdout] test sync::hooks::tests::test_hooks_commit_msg_reject_in_subfolder ... ok
[INFO] [stdout] test sync::cred::tests::test_error_if_no_remote_when_trying_to_retrieve_if_need_username_password - should panic ... ok
[INFO] [stdout] test sync::commits_info::tests::test_log ... ok
[INFO] [stdout] test sync::ignore::tests::test_append_no_newline_at_end ... ok
[INFO] [stdout] test sync::hunks::tests::reset_untracked_file_which_will_not_find_hunk ... ok
[INFO] [stdout] test sync::ignore::tests::test_append ... ok
[INFO] [stderr] [2026-10-18T11:06:28Z DEBUG labtui_asyncgit::sync::remotes::callbacks] packing: Deltafication - 1/2
[INFO] [stdout] test sync::ignore::tests::test_empty ... ok
[INFO] [stdout] test sync::diff::tests::test_diff_delta_size_commit ... ok
[INFO] [stdout] test sync::diff::tests::test_empty_repo ... ok
[INFO] [stdout] test sync::cred::tests::test_extract_username_password_from_repo ... ok
[INFO] [stdout] test sync::commit_files::tests::test_stashed_untracked_and_modified ... ok
[INFO] [stdout] test sync::logwalker::tests::test_limit ... ok
[INFO] [stdout] test sync::ignore::tests::test_ignore_ignore ... ok
[INFO] [stdout] test sync::hooks::tests::test_pre_push_hook_rejects_based_on_stdin ... ok
[INFO] [stdout] test sync::hooks::tests::test_post_commit_hook_reject_in_subfolder ... ok
[INFO] [stdout] test sync::logwalker::tests::test_logwalker ... ok
[INFO] [stdout] test sync::hooks::tests::test_hooks_commit_msg_reject_in_hooks_folder_githooks_moved_absolute ... ok
[INFO] [stdout] test sync::hooks::tests::test_pre_commit_workdir ... ok
[INFO] [stdout] test sync::cred::tests::test_extract_username_from_repo ... ok
[INFO] [stdout] test sync::cred::tests::test_need_username_password_if_https ... ok
[INFO] [stdout] test sync::logwalker::tests::test_logwalker_with_filter_search ... ok
[INFO] [stdout] test sync::branch::merge_ff::test::test_merge_fastforward ... ok
[INFO] [stdout] test sync::logwalker::tests::test_logwalker_without_filter ... ok
[INFO] [stderr] [2026-10-18T11:06:28Z DEBUG labtui_asyncgit::sync::remotes::callbacks] packing: Deltafication - 1/3
[INFO] [stdout] test sync::logwalker::tests::test_logwalker_with_filter ... ok
[INFO] [stdout] test sync::branch::tests_branches::test_remotes_of_branches ... ok
[INFO] [stdout] test sync::rebase::test_rebase::test_conflicted_abort ... ok
[INFO] [stderr] [2026-10-18T11:06:28Z DEBUG labtui_asyncgit::sync::remotes::callbacks] packing: Deltafication - 1/3
[INFO] [stdout] test sync::remotes::tags::tests::test_tags_delete_remote ... ok
[INFO] [stderr] [2026-10-18T11:06:28Z DEBUG labtui_asyncgit::sync::remotes::callbacks] packing: Deltafication - 1/5
[INFO] [stdout] test sync::merge::tests::test_smoke ... ok
[INFO] [stdout] test sync::remotes::tags::tests::test_tags_missing_remote ... ok
[INFO] [stdout] test sync::remotes::push::tests::test_force_push ... ok
[INFO] [stderr] [2026-10-18T11:06:28Z DEBUG labtui_asyncgit::sync::remotes::callbacks] packing: Deltafication - 1/5
[INFO] [stdout] test sync::remotes::tests::test_default_remote_for_fetch ... ok
[INFO] [stdout] test sync::remotes::tags::tests::test_get_remote_tags ... ok
[INFO] [stdout] test sync::remotes::tags::tests::test_tags_fetch ... ok
[INFO] [stdout] test sync::remotes::tests::test_default_remote ... ok
[INFO] [stdout] test sync::remotes::tags::tests::test_push_pull_tags ... ok
[INFO] [stdout] test sync::remotes::push::tests::test_force_push_rewrites_history ... ok
[INFO] [stdout] test sync::rebase::test_conflict_free_rebase::test_smoke ... ok
[INFO] [stdout] test sync::remotes::push::tests::test_delete_remote_branch ... ok
[INFO] [stdout] test sync::remotes::tests::test_smoke ... ok
[INFO] [stdout] test sync::remotes::tests::test_default_remote_inconclusive ... ok
[INFO] [stdout] test sync::sign::tests::test_gpg_program_configs ... ok
[INFO] [stdout] test sync::rebase::test_conflict_free_rebase::test_conflict ... ok
[INFO] [stdout] test sync::sign::tests::test_invalid_signing_format ... ok
[INFO] [stdout] test sync::remotes::tests::test_default_remote_for_push ... ok
[INFO] [stdout] test sync::sign::tests::test_program_and_signing_key_defaults ... ok
[INFO] [stdout] test sync::remotes::tests::test_default_remote_out_of_order ... ok
[INFO] [stdout] test sync::sign::tests::test_user_signingkey ... ok
[INFO] [stdout] test sync::sign::tests::test_ssh_program_configs ... ok
[INFO] [stdout] test sync::reset::tests::test_reset_untracked_subdir ... ok
[INFO] [stdout] test sync::reword::tests::test_reword ... ok
[INFO] [stdout] test sync::remotes::tags::tests::test_tags_fetch_all ... ok
[INFO] [stdout] test sync::staging::discard_tracked::test::test_discard3 ... ok
[INFO] [stdout] test sync::reset::tests::test_reset_folder ... ok
[INFO] [stdout] test sync::reset::tests::test_reset_untracked_in_subdir_with_cwd_in_subdir ... ok
[INFO] [stdout] test sync::reset::tests::test_reset_untracked_in_subdir ... ok
[INFO] [stdout] test sync::reset::tests::unstage_in_empty_repo ... ok
[INFO] [stdout] test sync::staging::discard_tracked::test::test_discard_deletions_filestart_breaking_with_zero_context ... ok
[INFO] [stdout] test sync::staging::discard_tracked::test::test_discard_if_first_selected_line_is_not_in_any_hunk ... ok
[INFO] [stdout] test sync::staging::discard_tracked::test::test_discard4 ... ok
[INFO] [stdout] test sync::stash::tests::test_smoke ... ok
[INFO] [stdout] test sync::staging::discard_tracked::test::test_discard5 ... ok
[INFO] [stdout] test sync::staging::discard_tracked::test::test_discard2 ... ok
[INFO] [stdout] test sync::staging::discard_tracked::test::test_discard ... ok
[INFO] [stdout] test sync::stash::tests::test_stash_nothing_untracked ... ok
[INFO] [stdout] test sync::stash::tests::test_stashes ... ok
[INFO] [stdout] test sync::reset::tests::test_reset_untracked_in_subdir_and_index ... ok
[INFO] [stdout] test sync::stash::tests::test_stash_apply_creating_conflict ... ok
[INFO] [stdout] test sync::stash::tests::test_stash_apply_conflict ... ok
[INFO] [stdout] test sync::tree::tests::test_path_cmp ... ok
[INFO] [stdout] test sync::tree::tests::test_path_file_cmp ... ok
[INFO] [stdout] test sync::stash::tests::test_stash_pop_no_conflict ... ok
[INFO] [stdout] test sync::tree::tests::test_sorting ... ok
[INFO] [stdout] test sync::tree::tests::test_sorting_folders ... ok
[INFO] [stdout] test sync::tree::tests::test_sorting_folders2 ... ok
[INFO] [stdout] test sync::tags::tests::test_smoke ... ok
[INFO] [stdout] test sync::submodules::tests::test_smoke ... FAILED
[INFO] [stdout] test sync::tags::tests::test_multitags ... ok
[INFO] [stdout] test sync::stash::tests::test_stash_pop_conflict ... ok
[INFO] [stdout] test sync::stash::tests::test_stash_apply_conflict2 ... ok
[INFO] [stdout] test sync::reset::tests::test_reset_only_unstaged ... ok
[INFO] [stdout] test sync::status::tests::test_get_status_with_workdir ... ok
[INFO] [stdout] test sync::staging::stage_tracked::test::test_unstage ... ok
[INFO] [stdout] test sync::utils::tests::test_stage_add_smoke ... ok
[INFO] [stdout] test sync::stash::tests::test_stashing ... ok
[INFO] [stdout] test sync::utils::tests::test_not_staging_untracked_folder ... ok
[INFO] [stdout] test sync::status::tests::test_discard_status ... ok
[INFO] [stdout] test sync::staging::stage_tracked::test::test_stage ... ok
[INFO] [stdout] test sync::utils::tests::test_head ... ok
[INFO] [stdout] test sync::staging::stage_tracked::test::test_panic_stage_no_newline ... ok
[INFO] [stdout] test sync::utils::tests::test_head_empty ... ok
[INFO] [stdout] test sync::stash::tests::test_stash_pop_conflict_after_commit ... ok
[INFO] [stdout] test sync::tree::tests::test_smoke ... ok
[INFO] [stdout] test sync::stash::tests::test_stash_without_second_parent ... ok
[INFO] [stdout] test sync::utils::tests::test_undo_commit_empty_repo ... ok
[INFO] [stdout] test sync::utils::tests::test_undo_commit ... ok
[INFO] [stdout] test sync::utils::tests::test_staging_one_file_from_different_sub_directory ... ok
[INFO] [stdout] test sync::utils::tests::test_staging_deleted_file ... ok
[INFO] [stdout] test sync::utils::tests::test_staging_one_file ... ok
[INFO] [stdout] test sync::utils::tests::test_staging_folder ... ok
[INFO] [stdout] test sync::utils::tests::test_staging_sub_git_folder ... ok
[INFO] [stdout] 
[INFO] [stdout] failures:
[INFO] [stdout] 
[INFO] [stdout] ---- sync::submodules::tests::test_smoke stdout ----
[INFO] [stdout] 
[INFO] [stdout] thread 'sync::submodules::tests::test_smoke' (5658) panicked at src/sync/submodules.rs:181:40:
[INFO] [stdout] called `Result::unwrap()` on an `Err` value: Error { code: -1, klass: 12, message: "failed to resolve address for github.com: Temporary failure in name resolution" }
[INFO] [stdout] stack backtrace:
[INFO] [stdout]    0:     0x5d33038419c1 - <<std[70759c8f55707aa4]::sys::backtrace::BacktraceLock>::print::DisplayBacktrace as core[df12db4294e9bfd3]::fmt::Display>::fmt
[INFO] [stdout]    1:     0x5d330385c4ea - core[df12db4294e9bfd3]::fmt::write
[INFO] [stdout]    2:     0x5d330384908c - <alloc[2182bb758b4b3781]::vec::Vec<u8> as core[df12db4294e9bfd3]::io::write::Write>::write_fmt
[INFO] [stdout]    3:     0x5d33038197a6 - std[70759c8f55707aa4]::panicking::default_hook::{closure#0}
[INFO] [stdout]    4:     0x5d3303838689 - std[70759c8f55707aa4]::panicking::default_hook
[INFO] [stdout]    5:     0x5d330329d140 - test[9d35eded1c95d3be]::test_main_inner::<test[9d35eded1c95d3be]::test_main_static::{closure#0}>::{closure#0}
[INFO] [stdout]    6:     0x5d33038389b2 - std[70759c8f55707aa4]::panicking::panic_with_hook
[INFO] [stdout]    7:     0x5d3303819852 - std[70759c8f55707aa4]::panicking::panic_handler::{closure#0}
[INFO] [stdout]    8:     0x5d3303812069 - std[70759c8f55707aa4]::sys::backtrace::__rust_end_short_backtrace::<std[70759c8f55707aa4]::panicking::panic_handler::{closure#0}, !>
[INFO] [stdout]    9:     0x5d330381a66d - __rustc[8fa7c3cbc660c2b3]::rust_begin_unwind
[INFO] [stdout]   10:     0x5d330385cccc - core[df12db4294e9bfd3]::panicking::panic_fmt
[INFO] [stdout]   11:     0x5d330385caa2 - core[df12db4294e9bfd3]::result::unwrap_failed
[INFO] [stdout]   12:     0x5d3303257528 - <labtui_asyncgit[5ccb8d414f78d478]::sync::submodules::tests::test_smoke::{closure#0} as core[df12db4294e9bfd3]::ops::function::FnOnce<()>>::call_once
[INFO] [stdout]   13:     0x5d330329042b - test[9d35eded1c95d3be]::__rust_begin_short_backtrace::<core[df12db4294e9bfd3]::result::Result<(), alloc[2182bb758b4b3781]::string::String>, fn() -> core[df12db4294e9bfd3]::result::Result<(), alloc[2182bb758b4b3781]::string::String>>
[INFO] [stdout]   14:     0x5d330329da95 - test[9d35eded1c95d3be]::run_test::{closure#0}
[INFO] [stdout]   15:     0x5d3303297354 - std[70759c8f55707aa4]::sys::backtrace::__rust_begin_short_backtrace::<test[9d35eded1c95d3be]::run_test::{closure#1}, ()>
[INFO] [stdout]   16:     0x5d33032a0bf2 - <std[70759c8f55707aa4]::thread::lifecycle::spawn_unchecked<test[9d35eded1c95d3be]::run_test::{closure#1}, ()>::{closure#1} as core[df12db4294e9bfd3]::ops::function::FnOnce<()>>::call_once::{shim:vtable#0}
[INFO] [stdout]   17:     0x5d3303840e49 - <std[70759c8f55707aa4]::sys::thread::unix::Thread>::new::thread_start
[INFO] [stdout]   18:     0x730560e55dfa - <unknown>
[INFO] [stdout]   19:     0x730560ee93d4 - clone
[INFO] [stdout]   20:                0x0 - <unknown>
[INFO] [stdout] 
[INFO] [stdout] 
[INFO] [stdout] failures:
[INFO] [stdout]     sync::submodules::tests::test_smoke
[INFO] [stdout] 
[INFO] [stdout] test result: FAILED. 166 passed; 1 failed; 0 ignored; 0 measured; 0 filtered out; finished in 1.34s
[INFO] [stdout] 
[INFO] [stderr] error: test failed, to rerun pass `--lib`
[INFO] running `Command { std: "docker" "inspect" "5c7e993329bed15597e53ba3dff76076349e3a3f0a39dcebdae66f5e21e8c120", kill_on_drop: false }`
[INFO] running `Command { std: "docker" "rm" "-f" "5c7e993329bed15597e53ba3dff76076349e3a3f0a39dcebdae66f5e21e8c120", kill_on_drop: false }`
[INFO] [stdout] 5c7e993329bed15597e53ba3dff76076349e3a3f0a39dcebdae66f5e21e8c120
