[INFO] fetching crate l4d2_addon_parser 1.3.1...
[INFO] testing l4d2_addon_parser-1.3.1 against 1.99.0-beta.8+cargoflags=--release for beta-release-1.100-2
[INFO] extracting crate l4d2_addon_parser 1.3.1 into /workspace/builds/worker-4-tc1/source
[INFO] started tweaking crates.io crate l4d2_addon_parser 1.3.1
[INFO] removed 0 missing tests
[INFO] finished tweaking crates.io crate l4d2_addon_parser 1.3.1
[INFO] tweaked toml for crates.io crate l4d2_addon_parser 1.3.1 written to /workspace/builds/worker-4-tc1/source/Cargo.toml
[INFO] validating manifest of crates.io crate l4d2_addon_parser 1.3.1 on toolchain 1.99.0-beta.8
[INFO] running `Command { std: CARGO_HOME="/workspace/cargo-home" RUSTUP_HOME="/workspace/rustup-home" "/workspace/cargo-home/bin/cargo" "+1.99.0-beta.8" "metadata" "--manifest-path" "Cargo.toml" "--no-deps", kill_on_drop: false }`
[INFO] crate crates.io crate l4d2_addon_parser 1.3.1 already has a lockfile, it will not be regenerated
[INFO] running `Command { std: CARGO_HOME="/workspace/cargo-home" RUSTUP_HOME="/workspace/rustup-home" "/workspace/cargo-home/bin/cargo" "+1.99.0-beta.8" "fetch" "--manifest-path" "Cargo.toml", kill_on_drop: false }`
[INFO] [stderr]     Updating crates.io index
[INFO] [stderr]     Blocking waiting for file lock on package cache
[INFO] [stderr]  Downloading crates ...
[INFO] [stderr]   Downloaded sourcepak v0.3.0
[INFO] [stderr]   Downloaded keyvalues-parser v0.2.1
[INFO] [stderr]   Downloaded pest v2.8.3
[INFO] [stderr]   Downloaded keyvalues-serde v0.2.2
[INFO] running `Command { std: "docker" "create" "-v" "/var/lib/crater-agent-workspace/builds/worker-4-tc1/source:/opt/rustwide/workdir:ro,Z" "-v" "/var/lib/crater-agent-workspace/builds/worker-4-tc1/target:/opt/rustwide/target:rw,Z" "-v" "/var/lib/crater-agent-workspace/cargo-home:/opt/rustwide/cargo-home:ro,Z" "-v" "/var/lib/crater-agent-workspace/rustup-home:/opt/rustwide/rustup-home:ro,Z" "-m" "1610612736" "--network" "none" "ghcr.io/rust-lang/crates-build-env/linux@sha256:77db811e55d90add9212f6832c23229e3de5f1c1f9905e8cb07319ea15df73ac" "sleep" "infinity", kill_on_drop: false }`
[INFO] [stdout] 8a5a1a8a86138d85401116d112d03f00da47ab94702c2c599c3255ddd30fac5d
[INFO] running `Command { std: "docker" "start" "8a5a1a8a86138d85401116d112d03f00da47ab94702c2c599c3255ddd30fac5d", kill_on_drop: false }`
[INFO] running `Command { std: "docker" "inspect" "8a5a1a8a86138d85401116d112d03f00da47ab94702c2c599c3255ddd30fac5d", kill_on_drop: false }`
[INFO] running `Command { std: "docker" "exec" "-e" "SOURCE_DIR=/opt/rustwide/workdir" "-e" "CARGO_HOME=/opt/rustwide/cargo-home" "-e" "RUSTUP_HOME=/opt/rustwide/rustup-home" "-e" "CARGO_TARGET_DIR=/opt/rustwide/target" "-w" "/opt/rustwide/workdir" "--user" "0:0" "8a5a1a8a86138d85401116d112d03f00da47ab94702c2c599c3255ddd30fac5d" "/opt/rustwide/cargo-home/bin/cargo" "+1.99.0-beta.8" "metadata" "--no-deps" "--format-version=1", kill_on_drop: false }`
[INFO] running `Command { std: "docker" "inspect" "8a5a1a8a86138d85401116d112d03f00da47ab94702c2c599c3255ddd30fac5d", kill_on_drop: false }`
[INFO] running `Command { std: "docker" "exec" "-e" "SOURCE_DIR=/opt/rustwide/workdir" "-e" "CARGO_HOME=/opt/rustwide/cargo-home" "-e" "RUSTUP_HOME=/opt/rustwide/rustup-home" "-e" "CARGO_TARGET_DIR=/opt/rustwide/target" "-e" "CARGO_INCREMENTAL=0" "-e" "RUST_BACKTRACE=full" "-e" "RUSTFLAGS=--cap-lints=warn" "-e" "RUSTDOCFLAGS=--cap-lints=warn" "-w" "/opt/rustwide/workdir" "--user" "0:0" "8a5a1a8a86138d85401116d112d03f00da47ab94702c2c599c3255ddd30fac5d" "/opt/rustwide/cargo-home/bin/cargo" "+1.99.0-beta.8" "build" "--frozen" "--message-format=json" "--release", kill_on_drop: false }`
[INFO] [stderr]    Compiling memchr v2.7.6
[INFO] [stderr]    Compiling crc-catalog v2.4.0
[INFO] [stderr]    Compiling log v0.4.28
[INFO] [stderr]    Compiling generic-array v0.14.9
[INFO] [stderr]    Compiling serde v1.0.228
[INFO] [stderr]    Compiling crc v3.3.0
[INFO] [stderr]    Compiling sourcepak v0.3.0
[INFO] [stderr]    Compiling pest v2.8.3
[INFO] [stderr]    Compiling block-buffer v0.10.4
[INFO] [stderr]    Compiling crypto-common v0.1.6
[INFO] [stderr]    Compiling digest v0.10.7
[INFO] [stderr]    Compiling sha2 v0.10.9
[INFO] [stderr]    Compiling keyvalues-parser v0.2.1
[INFO] [stderr]    Compiling keyvalues-serde v0.2.2
[INFO] [stderr]    Compiling l4d2_addon_parser v1.3.1 (/opt/rustwide/workdir)
[INFO] [stdout] warning: unused imports: `BufReader` and `Read`
[INFO] [stdout]  --> src/lib.rs:9:15
[INFO] [stdout]   |
[INFO] [stdout] 9 | use std::io::{BufReader, Read, Seek, SeekFrom, Write};
[INFO] [stdout]   |               ^^^^^^^^^  ^^^^
[INFO] [stdout]   |
[INFO] [stdout]   = note: `#[warn(unused_imports)]` (part of `#[warn(unused)]`) on by default
[INFO] [stdout] 
[INFO] [stdout] 
[INFO] [stderr]     Finished `release` profile [optimized] target(s) in 7.08s
[INFO] running `Command { std: "docker" "inspect" "8a5a1a8a86138d85401116d112d03f00da47ab94702c2c599c3255ddd30fac5d", kill_on_drop: false }`
[INFO] running `Command { std: "docker" "exec" "-e" "SOURCE_DIR=/opt/rustwide/workdir" "-e" "CARGO_HOME=/opt/rustwide/cargo-home" "-e" "RUSTUP_HOME=/opt/rustwide/rustup-home" "-e" "CARGO_TARGET_DIR=/opt/rustwide/target" "-e" "CARGO_INCREMENTAL=0" "-e" "RUST_BACKTRACE=full" "-e" "RUSTFLAGS=--cap-lints=warn" "-e" "RUSTDOCFLAGS=--cap-lints=warn" "-w" "/opt/rustwide/workdir" "--user" "0:0" "8a5a1a8a86138d85401116d112d03f00da47ab94702c2c599c3255ddd30fac5d" "/opt/rustwide/cargo-home/bin/cargo" "+1.99.0-beta.8" "test" "--frozen" "--no-run" "--message-format=json" "--release", kill_on_drop: false }`
[INFO] [stderr]    Compiling l4d2_addon_parser v1.3.1 (/opt/rustwide/workdir)
[INFO] [stdout] warning: unused imports: `BufReader` and `Read`
[INFO] [stdout]  --> src/lib.rs:9:15
[INFO] [stdout]   |
[INFO] [stdout] 9 | use std::io::{BufReader, Read, Seek, SeekFrom, Write};
[INFO] [stdout]   |               ^^^^^^^^^  ^^^^
[INFO] [stdout]   |
[INFO] [stdout]   = note: `#[warn(unused_imports)]` (part of `#[warn(unused)]`) on by default
[INFO] [stdout] 
[INFO] [stdout] 
[INFO] [stdout] warning: unused import: `std::io::Read`
[INFO] [stdout]  --> tests/addon_info.rs:3:5
[INFO] [stdout]   |
[INFO] [stdout] 3 | use std::io::Read;
[INFO] [stdout]   |     ^^^^^^^^^^^^^
[INFO] [stdout]   |
[INFO] [stdout]   = note: `#[warn(unused_imports)]` (part of `#[warn(unused)]`) on by default
[INFO] [stdout] 
[INFO] [stdout] 
[INFO] [stdout] warning: function `get_addonlist_paths` is never used
[INFO] [stdout]   --> tests/common/mod.rs:16:8
[INFO] [stdout]    |
[INFO] [stdout] 16 | pub fn get_addonlist_paths(index: u8) -> (PathBuf, PathBuf) {
[INFO] [stdout]    |        ^^^^^^^^^^^^^^^^^^^
[INFO] [stdout]    |
[INFO] [stdout]    = note: `#[warn(dead_code)]` (part of `#[warn(unused)]`) on by default
[INFO] [stdout] 
[INFO] [stdout] 
[INFO] [stdout] warning: function `setup_vpk` is never used
[INFO] [stdout]   --> tests/common/mod.rs:10:8
[INFO] [stdout]    |
[INFO] [stdout] 10 | pub fn setup_vpk(test_file: u8) -> File {
[INFO] [stdout]    |        ^^^^^^^^^
[INFO] [stdout]    |
[INFO] [stdout]    = note: `#[warn(dead_code)]` (part of `#[warn(unused)]`) on by default
[INFO] [stdout] 
[INFO] [stdout] 
[INFO] [stdout] warning: function `get_addonlist_paths` is never used
[INFO] [stdout]   --> tests/common/mod.rs:16:8
[INFO] [stdout]    |
[INFO] [stdout] 16 | pub fn get_addonlist_paths(index: u8) -> (PathBuf, PathBuf) {
[INFO] [stdout]    |        ^^^^^^^^^^^^^^^^^^^
[INFO] [stdout]    |
[INFO] [stdout]    = note: `#[warn(dead_code)]` (part of `#[warn(unused)]`) on by default
[INFO] [stdout] 
[INFO] [stdout] 
[INFO] [stdout] warning: unused imports: `BufReader` and `Read`
[INFO] [stdout]  --> src/lib.rs:9:15
[INFO] [stdout]   |
[INFO] [stdout] 9 | use std::io::{BufReader, Read, Seek, SeekFrom, Write};
[INFO] [stdout]   |               ^^^^^^^^^  ^^^^
[INFO] [stdout]   |
[INFO] [stdout]   = note: `#[warn(unused_imports)]` (part of `#[warn(unused)]`) on by default
[INFO] [stdout] 
[INFO] [stdout] 
[INFO] [stderr]     Finished `release` profile [optimized] target(s) in 2.12s
[INFO] running `Command { std: "docker" "inspect" "8a5a1a8a86138d85401116d112d03f00da47ab94702c2c599c3255ddd30fac5d", kill_on_drop: false }`
[INFO] running `Command { std: "docker" "exec" "-e" "SOURCE_DIR=/opt/rustwide/workdir" "-e" "CARGO_HOME=/opt/rustwide/cargo-home" "-e" "RUSTUP_HOME=/opt/rustwide/rustup-home" "-e" "CARGO_TARGET_DIR=/opt/rustwide/target" "-e" "CARGO_INCREMENTAL=0" "-e" "RUST_BACKTRACE=full" "-e" "RUSTFLAGS=--cap-lints=warn" "-e" "RUSTDOCFLAGS=--cap-lints=warn" "-w" "/opt/rustwide/workdir" "--user" "0:0" "8a5a1a8a86138d85401116d112d03f00da47ab94702c2c599c3255ddd30fac5d" "/opt/rustwide/cargo-home/bin/cargo" "+1.99.0-beta.8" "test" "--frozen" "--release", kill_on_drop: false }`
[INFO] [stderr] warning: unused imports: `BufReader` and `Read`
[INFO] [stderr]  --> src/lib.rs:9:15
[INFO] [stderr]   |
[INFO] [stderr] 9 | use std::io::{BufReader, Read, Seek, SeekFrom, Write};
[INFO] [stderr]   |               ^^^^^^^^^  ^^^^
[INFO] [stderr]   |
[INFO] [stderr]   = note: `#[warn(unused_imports)]` (part of `#[warn(unused)]`) on by default
[INFO] [stderr] 
[INFO] [stderr] warning: `l4d2_addon_parser` (lib) generated 1 warning (run `cargo fix --lib -p l4d2_addon_parser` to apply 1 suggestion)
[INFO] [stderr] warning: function `get_addonlist_paths` is never used
[INFO] [stderr]   --> tests/common/mod.rs:16:8
[INFO] [stderr]    |
[INFO] [stderr] 16 | pub fn get_addonlist_paths(index: u8) -> (PathBuf, PathBuf) {
[INFO] [stderr]    |        ^^^^^^^^^^^^^^^^^^^
[INFO] [stderr]    |
[INFO] [stderr]    = note: `#[warn(dead_code)]` (part of `#[warn(unused)]`) on by default
[INFO] [stderr] 
[INFO] [stderr] warning: function `setup_vpk` is never used
[INFO] [stderr]   --> tests/common/mod.rs:10:8
[INFO] [stderr]    |
[INFO] [stderr] 10 | pub fn setup_vpk(test_file: u8) -> File {
[INFO] [stderr]    |        ^^^^^^^^^
[INFO] [stderr]    |
[INFO] [stderr]    = note: `#[warn(dead_code)]` (part of `#[warn(unused)]`) on by default
[INFO] [stderr] 
[INFO] [stderr] warning: unused import: `std::io::Read`
[INFO] [stderr]  --> tests/addon_info.rs:3:5
[INFO] [stderr]   |
[INFO] [stderr] 3 | use std::io::Read;
[INFO] [stderr]   |     ^^^^^^^^^^^^^
[INFO] [stderr]   |
[INFO] [stderr]   = note: `#[warn(unused_imports)]` (part of `#[warn(unused)]`) on by default
[INFO] [stderr] 
[INFO] [stderr] warning: `l4d2_addon_parser` (test "mission_info") generated 1 warning
[INFO] [stderr] warning: `l4d2_addon_parser` (test "addon_list") generated 1 warning
[INFO] [stderr] warning: `l4d2_addon_parser` (test "addon_info") generated 2 warnings (1 duplicate) (run `cargo fix --test "addon_info" -p l4d2_addon_parser` to apply 1 suggestion)
[INFO] [stderr] warning: `l4d2_addon_parser` (lib test) generated 1 warning (1 duplicate)
[INFO] [stderr]     Finished `release` profile [optimized] target(s) in 0.08s
[INFO] [stderr]      Running unittests src/lib.rs (/opt/rustwide/target/release/deps/l4d2_addon_parser-af1f99e4ea1b0e64)
[INFO] [stdout] 
[INFO] [stdout] running 8 tests
[INFO] [stdout] test addon_list::tests::test_kv_key_with_bwd_slash ... ok
[INFO] [stdout] test tests::test_addoninfo ... ok
[INFO] [stdout] test tests::test_addoninfo_booleans_false ... ok
[INFO] [stdout] test addon_list::tests::test_kv_key_with_fwd_slash ... ok
[INFO] [stdout] test tests::test_addoninfo_bad_content ... ok
[INFO] [stdout] test tests::test_addoninfo_booleans_true_mixed_case_names ... ok
[INFO] [stdout] test tests::test_addoninfo_other ... ok
[INFO] [stdout] test tests::test_missioninfo_coop ... ok
[INFO] [stdout] 
[INFO] [stdout] test result: ok. 8 passed; 0 failed; 0 ignored; 0 measured; 0 filtered out; finished in 0.00s
[INFO] [stdout] 
[INFO] [stderr]      Running tests/addon_info.rs (/opt/rustwide/target/release/deps/addon_info-d27698f3824a1dc3)
[INFO] [stdout] 
[INFO] [stdout] running 4 tests
[INFO] [stdout] test test_info_missing ... ok
[INFO] [stdout] test test_info ... ok
[INFO] [stdout] test test_hash_512 ... ok
[INFO] [stdout] test test_hash_256 ... ok
[INFO] [stdout] 
[INFO] [stdout] test result: ok. 4 passed; 0 failed; 0 ignored; 0 measured; 0 filtered out; finished in 0.01s
[INFO] [stdout] 
[INFO] [stderr]      Running tests/addon_list.rs (/opt/rustwide/target/release/deps/addon_list-095c60e3ead342a1)
[INFO] [stdout] 
[INFO] [stdout] running 3 tests
[INFO] [stdout] test test_read ... FAILED
[INFO] [stdout] test test_with_slashes ... ok
[INFO] [stdout] test test_write ... ok
[INFO] [stdout] 
[INFO] [stdout] failures:
[INFO] [stdout] 
[INFO] [stdout] ---- test_read stdout ----
[INFO] [stdout] 
[INFO] [stdout] thread 'test_read' (424) panicked at tests/addon_list.rs:9:42:
[INFO] [stdout] called `Result::unwrap()` on an `Err` value: FileError(Os { code: 30, kind: ReadOnlyFilesystem, message: "Read-only file system" })
[INFO] [stdout] stack backtrace:
[INFO] [stdout]    0:     0x5998b70cd5c1 - <<std[70759c8f55707aa4]::sys::backtrace::BacktraceLock>::print::DisplayBacktrace as core[df12db4294e9bfd3]::fmt::Display>::fmt
[INFO] [stdout]    1:     0x5998b70e312a - core[df12db4294e9bfd3]::fmt::write
[INFO] [stdout]    2:     0x5998b70d1b6c - <alloc[2182bb758b4b3781]::vec::Vec<u8> as core[df12db4294e9bfd3]::io::write::Write>::write_fmt
[INFO] [stdout]    3:     0x5998b70a8636 - std[70759c8f55707aa4]::panicking::default_hook::{closure#0}
[INFO] [stdout]    4:     0x5998b70c4be9 - std[70759c8f55707aa4]::panicking::default_hook
[INFO] [stdout]    5:     0x5998b70485e0 - test[9d35eded1c95d3be]::test_main_inner::<test[9d35eded1c95d3be]::test_main_static::{closure#0}>::{closure#0}
[INFO] [stdout]    6:     0x5998b70c4da2 - std[70759c8f55707aa4]::panicking::panic_with_hook
[INFO] [stdout]    7:     0x5998b70a86e2 - std[70759c8f55707aa4]::panicking::panic_handler::{closure#0}
[INFO] [stderr] error: test failed, to rerun pass `--test addon_list`
[INFO] [stdout]    8:     0x5998b70a1229 - std[70759c8f55707aa4]::sys::backtrace::__rust_end_short_backtrace::<std[70759c8f55707aa4]::panicking::panic_handler::{closure#0}, !>
[INFO] [stdout]    9:     0x5998b70a92dd - __rustc[8fa7c3cbc660c2b3]::rust_begin_unwind
[INFO] [stdout]   10:     0x5998b70e385c - core[df12db4294e9bfd3]::panicking::panic_fmt
[INFO] [stdout]   11:     0x5998b70e3632 - core[df12db4294e9bfd3]::result::unwrap_failed
[INFO] [stdout]   12:     0x5998b703b7d4 - <addon_list[68e58c9bb09de72a]::test_read::{closure#0} as core[df12db4294e9bfd3]::ops::function::FnOnce<()>>::call_once
[INFO] [stdout]   13:     0x5998b703b8cb - test[9d35eded1c95d3be]::__rust_begin_short_backtrace::<core[df12db4294e9bfd3]::result::Result<(), alloc[2182bb758b4b3781]::string::String>, fn() -> core[df12db4294e9bfd3]::result::Result<(), alloc[2182bb758b4b3781]::string::String>>
[INFO] [stdout]   14:     0x5998b7048f35 - test[9d35eded1c95d3be]::run_test::{closure#0}
[INFO] [stdout]   15:     0x5998b70427f4 - std[70759c8f55707aa4]::sys::backtrace::__rust_begin_short_backtrace::<test[9d35eded1c95d3be]::run_test::{closure#1}, ()>
[INFO] [stdout]   16:     0x5998b704c092 - <std[70759c8f55707aa4]::thread::lifecycle::spawn_unchecked<test[9d35eded1c95d3be]::run_test::{closure#1}, ()>::{closure#1} as core[df12db4294e9bfd3]::ops::function::FnOnce<()>>::call_once::{shim:vtable#0}
[INFO] [stdout]   17:     0x5998b70cca69 - <std[70759c8f55707aa4]::sys::thread::unix::Thread>::new::thread_start
[INFO] [stdout]   18:     0x70913c55adfa - <unknown>
[INFO] [stdout]   19:     0x70913c5ee3d4 - clone
[INFO] [stdout]   20:                0x0 - <unknown>
[INFO] [stdout] 
[INFO] [stdout] 
[INFO] [stdout] failures:
[INFO] [stdout]     test_read
[INFO] [stdout] 
[INFO] [stdout] test result: FAILED. 2 passed; 1 failed; 0 ignored; 0 measured; 0 filtered out; finished in 0.00s
[INFO] [stdout] 
[INFO] running `Command { std: "docker" "inspect" "8a5a1a8a86138d85401116d112d03f00da47ab94702c2c599c3255ddd30fac5d", kill_on_drop: false }`
[INFO] running `Command { std: "docker" "rm" "-f" "8a5a1a8a86138d85401116d112d03f00da47ab94702c2c599c3255ddd30fac5d", kill_on_drop: false }`
[INFO] [stdout] 8a5a1a8a86138d85401116d112d03f00da47ab94702c2c599c3255ddd30fac5d
