[INFO] fetching crate l10n_core 0.1.3...
[INFO] testing l10n_core-0.1.3 against 1.99.0-beta.8+cargoflags=--release for beta-release-1.100-2
[INFO] extracting crate l10n_core 0.1.3 into /workspace/builds/worker-1-tc1/source
[INFO] started tweaking crates.io crate l10n_core 0.1.3
[INFO] finished tweaking crates.io crate l10n_core 0.1.3
[INFO] tweaked toml for crates.io crate l10n_core 0.1.3 written to /workspace/builds/worker-1-tc1/source/Cargo.toml
[INFO] validating manifest of crates.io crate l10n_core 0.1.3 on toolchain 1.99.0-beta.8
[INFO] running `Command { std: CARGO_HOME="/workspace/cargo-home" RUSTUP_HOME="/workspace/rustup-home" "/workspace/cargo-home/bin/cargo" "+1.99.0-beta.8" "metadata" "--manifest-path" "Cargo.toml" "--no-deps", kill_on_drop: false }`
[INFO] crate crates.io crate l10n_core 0.1.3 already has a lockfile, it will not be regenerated
[INFO] running `Command { std: CARGO_HOME="/workspace/cargo-home" RUSTUP_HOME="/workspace/rustup-home" "/workspace/cargo-home/bin/cargo" "+1.99.0-beta.8" "fetch" "--manifest-path" "Cargo.toml", kill_on_drop: false }`
[INFO] [stderr]     Updating crates.io index
[INFO] [stderr]  Downloading crates ...
[INFO] [stderr]   Downloaded macro_files v0.1.0
[INFO] [stderr]   Downloaded self_cell v1.2.1
[INFO] [stderr]   Downloaded intl-memoizer v0.5.2
[INFO] [stderr]   Downloaded libc v0.2.163
[INFO] running `Command { std: "docker" "create" "-v" "/var/lib/crater-agent-workspace/builds/worker-1-tc1/source:/opt/rustwide/workdir:ro,Z" "-v" "/var/lib/crater-agent-workspace/builds/worker-1-tc1/target:/opt/rustwide/target:rw,Z" "-v" "/var/lib/crater-agent-workspace/cargo-home:/opt/rustwide/cargo-home:ro,Z" "-v" "/var/lib/crater-agent-workspace/rustup-home:/opt/rustwide/rustup-home:ro,Z" "-m" "1610612736" "--network" "none" "ghcr.io/rust-lang/crates-build-env/linux@sha256:77db811e55d90add9212f6832c23229e3de5f1c1f9905e8cb07319ea15df73ac" "sleep" "infinity", kill_on_drop: false }`
[INFO] [stdout] a92aaf855b1f59ebbd464c44754b158f68a33282f8a34be88aae3394ac136a9f
[INFO] running `Command { std: "docker" "start" "a92aaf855b1f59ebbd464c44754b158f68a33282f8a34be88aae3394ac136a9f", kill_on_drop: false }`
[INFO] running `Command { std: "docker" "inspect" "a92aaf855b1f59ebbd464c44754b158f68a33282f8a34be88aae3394ac136a9f", kill_on_drop: false }`
[INFO] running `Command { std: "docker" "exec" "-e" "SOURCE_DIR=/opt/rustwide/workdir" "-e" "CARGO_HOME=/opt/rustwide/cargo-home" "-e" "RUSTUP_HOME=/opt/rustwide/rustup-home" "-e" "CARGO_TARGET_DIR=/opt/rustwide/target" "-w" "/opt/rustwide/workdir" "--user" "0:0" "a92aaf855b1f59ebbd464c44754b158f68a33282f8a34be88aae3394ac136a9f" "/opt/rustwide/cargo-home/bin/cargo" "+1.99.0-beta.8" "metadata" "--no-deps" "--format-version=1", kill_on_drop: false }`
[INFO] running `Command { std: "docker" "inspect" "a92aaf855b1f59ebbd464c44754b158f68a33282f8a34be88aae3394ac136a9f", kill_on_drop: false }`
[INFO] running `Command { std: "docker" "exec" "-e" "SOURCE_DIR=/opt/rustwide/workdir" "-e" "CARGO_HOME=/opt/rustwide/cargo-home" "-e" "RUSTUP_HOME=/opt/rustwide/rustup-home" "-e" "CARGO_TARGET_DIR=/opt/rustwide/target" "-e" "CARGO_INCREMENTAL=0" "-e" "RUST_BACKTRACE=full" "-e" "RUSTFLAGS=--cap-lints=warn" "-e" "RUSTDOCFLAGS=--cap-lints=warn" "-w" "/opt/rustwide/workdir" "--user" "0:0" "a92aaf855b1f59ebbd464c44754b158f68a33282f8a34be88aae3394ac136a9f" "/opt/rustwide/cargo-home/bin/cargo" "+1.99.0-beta.8" "build" "--frozen" "--message-format=json" "--release", kill_on_drop: false }`
[INFO] [stderr]    Compiling self_cell v1.2.1
[INFO] [stderr]    Compiling winnow v0.7.13
[INFO] [stderr]    Compiling type-map v0.5.1
[INFO] [stderr]    Compiling quote v1.0.41
[INFO] [stderr]    Compiling self_cell v0.10.3
[INFO] [stderr]    Compiling syn v2.0.106
[INFO] [stderr]    Compiling serde_derive v1.0.228
[INFO] [stderr]    Compiling displaydoc v0.2.5
[INFO] [stderr]    Compiling thiserror-impl v1.0.69
[INFO] [stderr]    Compiling tinystr v0.8.2
[INFO] [stderr]    Compiling unic-langid-impl v0.9.6
[INFO] [stderr]    Compiling unic-langid-macros-impl v0.9.6
[INFO] [stderr]    Compiling thiserror v1.0.69
[INFO] [stderr]    Compiling fluent-syntax v0.11.1
[INFO] [stderr]    Compiling serde v1.0.228
[INFO] [stderr]    Compiling toml_datetime v0.6.11
[INFO] [stderr]    Compiling serde_spanned v0.6.9
[INFO] [stderr]    Compiling toml_edit v0.22.27
[INFO] [stderr]    Compiling unic-langid-macros v0.9.6
[INFO] [stderr]    Compiling unic-langid v0.9.6
[INFO] [stderr]    Compiling intl_pluralrules v7.0.2
[INFO] [stderr]    Compiling fluent-langneg v0.13.1
[INFO] [stderr]    Compiling intl-memoizer v0.5.2
[INFO] [stderr]    Compiling fluent-bundle v0.15.3
[INFO] [stderr]    Compiling toml v0.8.23
[INFO] [stderr]    Compiling l10n_core v0.1.3 (/opt/rustwide/workdir)
[INFO] [stderr]     Finished `release` profile [optimized] target(s) in 24.15s
[INFO] running `Command { std: "docker" "inspect" "a92aaf855b1f59ebbd464c44754b158f68a33282f8a34be88aae3394ac136a9f", kill_on_drop: false }`
[INFO] running `Command { std: "docker" "exec" "-e" "SOURCE_DIR=/opt/rustwide/workdir" "-e" "CARGO_HOME=/opt/rustwide/cargo-home" "-e" "RUSTUP_HOME=/opt/rustwide/rustup-home" "-e" "CARGO_TARGET_DIR=/opt/rustwide/target" "-e" "CARGO_INCREMENTAL=0" "-e" "RUST_BACKTRACE=full" "-e" "RUSTFLAGS=--cap-lints=warn" "-e" "RUSTDOCFLAGS=--cap-lints=warn" "-w" "/opt/rustwide/workdir" "--user" "0:0" "a92aaf855b1f59ebbd464c44754b158f68a33282f8a34be88aae3394ac136a9f" "/opt/rustwide/cargo-home/bin/cargo" "+1.99.0-beta.8" "test" "--frozen" "--no-run" "--message-format=json" "--release", kill_on_drop: false }`
[INFO] [stderr]    Compiling libc v0.2.163
[INFO] [stderr]    Compiling io-lifetimes v1.0.11
[INFO] [stderr]    Compiling rustix v0.37.28
[INFO] [stderr]    Compiling tempfile v3.6.0
[INFO] [stderr]    Compiling linux-raw-sys v0.3.8
[INFO] [stderr]    Compiling fastrand v1.9.0
[INFO] [stderr]    Compiling macro_files v0.1.0
[INFO] [stderr]    Compiling l10n_core v0.1.3 (/opt/rustwide/workdir)
[INFO] [stderr]     Finished `release` profile [optimized] target(s) in 12.58s
[INFO] running `Command { std: "docker" "inspect" "a92aaf855b1f59ebbd464c44754b158f68a33282f8a34be88aae3394ac136a9f", kill_on_drop: false }`
[INFO] running `Command { std: "docker" "exec" "-e" "SOURCE_DIR=/opt/rustwide/workdir" "-e" "CARGO_HOME=/opt/rustwide/cargo-home" "-e" "RUSTUP_HOME=/opt/rustwide/rustup-home" "-e" "CARGO_TARGET_DIR=/opt/rustwide/target" "-e" "CARGO_INCREMENTAL=0" "-e" "RUST_BACKTRACE=full" "-e" "RUSTFLAGS=--cap-lints=warn" "-e" "RUSTDOCFLAGS=--cap-lints=warn" "-w" "/opt/rustwide/workdir" "--user" "0:0" "a92aaf855b1f59ebbd464c44754b158f68a33282f8a34be88aae3394ac136a9f" "/opt/rustwide/cargo-home/bin/cargo" "+1.99.0-beta.8" "test" "--frozen" "--release", kill_on_drop: false }`
[INFO] [stderr]     Finished `release` profile [optimized] target(s) in 0.11s
[INFO] [stderr]      Running unittests src/lib.rs (/opt/rustwide/target/release/deps/l10n_core-fe3055f30c3217be)
[INFO] [stdout] 
[INFO] [stdout] running 23 tests
[INFO] [stdout] test l10n::tests::parse_missing_resource ... ok
[INFO] [stdout] test config::tests::deserialize_config_ok_1 ... ok
[INFO] [stdout] test l10n::tests::global_named_resource ... ok
[INFO] [stdout] test locales::tests::locale_resolution_route ... ok
[INFO] [stdout] test config::tests::deserialize_config_locales_errors ... FAILED
[INFO] [stdout] test locales::tests::from_hashset_of_language_identifier ... ok
[INFO] [stdout] test locales::tests::deserialize_locale_entry_errors ... FAILED
[INFO] [stdout] test locales::tests::locales_deserialize ... ok
[INFO] [stdout] test config::tests::deserialize_config_paths_errors ... FAILED
[INFO] [stdout] test locales::tests::locales_deserialize_empty_error ... FAILED
[INFO] [stdout] test locales::tests::locales_deserialize_format_errors ... FAILED
[INFO] [stdout] test locales::tests::try_from_array_of_strings ... ok
[INFO] [stdout] test locales::tests::main_locales ... ok
[INFO] [stdout] test locales::tests::mandatory_locales ... ok
[INFO] [stdout] test message::tests::test ... ok
[INFO] [stdout] test l10n::tests::parse_fluent_resources_only ... ok
[INFO] [stdout] test resource::tests::required_variables ... ok
[INFO] [stdout] test l10n::tests::parse_ok ... ok
[INFO] [stdout] test locales::tests::deserialize_locale_entry_ok ... ok
[INFO] [stdout] test locales::tests::locales_deserialize_infinite_loop_error ... FAILED
[INFO] [stdout] test locales::tests::all_locales ... ok
[INFO] [stderr] error: test failed, to rerun pass `--lib`
[INFO] [stdout] test locales::tests::locales_deserialize_main_duplicate_error ... FAILED
[INFO] [stdout] test l10n::tests::required_functions ... ok
[INFO] [stdout] 
[INFO] [stdout] failures:
[INFO] [stdout] 
[INFO] [stdout] ---- config::tests::deserialize_config_locales_errors stdout ----
[INFO] [stdout] 
[INFO] [stdout] thread 'config::tests::deserialize_config_locales_errors' (829) panicked at src/config.rs:273:9:
[INFO] [stdout] assertion `left == right` failed
[INFO] [stdout]   left: "TOML parse error at line 3, column 5\n  |\n3 |     { another = \"key\" },\n  |     ^^^^^^^^^^^^^^^^^^^\nmissing field `main`\n"
[INFO] [stdout]  right: "missing field `main` for key `l10n.locales` at line 3 column 5"
[INFO] [stdout] stack backtrace:
[INFO] [stdout]    0:     0x56aded719391 - <<std[70759c8f55707aa4]::sys::backtrace::BacktraceLock>::print::DisplayBacktrace as core[df12db4294e9bfd3]::fmt::Display>::fmt
[INFO] [stdout]    1:     0x56aded72e90a - core[df12db4294e9bfd3]::fmt::write
[INFO] [stdout]    2:     0x56aded71dafc - <alloc[2182bb758b4b3781]::vec::Vec<u8> as core[df12db4294e9bfd3]::io::write::Write>::write_fmt
[INFO] [stdout]    3:     0x56aded6f39f6 - std[70759c8f55707aa4]::panicking::default_hook::{closure#0}
[INFO] [stdout]    4:     0x56aded710c79 - std[70759c8f55707aa4]::panicking::default_hook
[INFO] [stdout]    5:     0x56aded68f710 - test[9d35eded1c95d3be]::test_main_inner::<test[9d35eded1c95d3be]::test_main_static::{closure#0}>::{closure#0}
[INFO] [stdout]    6:     0x56aded710e32 - std[70759c8f55707aa4]::panicking::panic_with_hook
[INFO] [stdout]    7:     0x56aded6f3aa2 - std[70759c8f55707aa4]::panicking::panic_handler::{closure#0}
[INFO] [stdout]    8:     0x56aded6ec4d9 - std[70759c8f55707aa4]::sys::backtrace::__rust_end_short_backtrace::<std[70759c8f55707aa4]::panicking::panic_handler::{closure#0}, !>
[INFO] [stdout]    9:     0x56aded6f469d - __rustc[8fa7c3cbc660c2b3]::rust_begin_unwind
[INFO] [stdout]   10:     0x56aded72f03c - core[df12db4294e9bfd3]::panicking::panic_fmt
[INFO] [stdout]   11:     0x56aded72ef53 - core[df12db4294e9bfd3]::panicking::assert_failed_inner
[INFO] [stdout]   12:     0x56aded62546f - core[df12db4294e9bfd3]::panicking::assert_failed::<&alloc[2182bb758b4b3781]::string::String, &str>
[INFO] [stdout]   13:     0x56aded631d20 - l10n_core[f0a30d04dc4ab3c7]::config::tests::deserialize_config_locales_errors
[INFO] [stdout]   14:     0x56aded650209 - <l10n_core[f0a30d04dc4ab3c7]::config::tests::deserialize_config_locales_errors::{closure#0} as core[df12db4294e9bfd3]::ops::function::FnOnce<()>>::call_once
[INFO] [stdout]   15:     0x56aded6829fb - test[9d35eded1c95d3be]::__rust_begin_short_backtrace::<core[df12db4294e9bfd3]::result::Result<(), alloc[2182bb758b4b3781]::string::String>, fn() -> core[df12db4294e9bfd3]::result::Result<(), alloc[2182bb758b4b3781]::string::String>>
[INFO] [stdout]   16:     0x56aded690065 - test[9d35eded1c95d3be]::run_test::{closure#0}
[INFO] [stdout]   17:     0x56aded689924 - std[70759c8f55707aa4]::sys::backtrace::__rust_begin_short_backtrace::<test[9d35eded1c95d3be]::run_test::{closure#1}, ()>
[INFO] [stdout]   18:     0x56aded6931c2 - <std[70759c8f55707aa4]::thread::lifecycle::spawn_unchecked<test[9d35eded1c95d3be]::run_test::{closure#1}, ()>::{closure#1} as core[df12db4294e9bfd3]::ops::function::FnOnce<()>>::call_once::{shim:vtable#0}
[INFO] [stdout]   19:     0x56aded718709 - <std[70759c8f55707aa4]::sys::thread::unix::Thread>::new::thread_start
[INFO] [stdout]   20:     0x757d7ee45dfa - <unknown>
[INFO] [stdout]   21:     0x757d7eed93d4 - clone
[INFO] [stdout]   22:                0x0 - <unknown>
[INFO] [stdout] 
[INFO] [stdout] ---- locales::tests::deserialize_locale_entry_errors stdout ----
[INFO] [stdout] 
[INFO] [stdout] thread 'locales::tests::deserialize_locale_entry_errors' (838) panicked at src/locales.rs:374:9:
[INFO] [stdout] assertion `left == right` failed
[INFO] [stdout]   left: "invalid type: boolean `false`, expected a locale like \"en-US\" or a detailed entry like { main = \"fr-CA\", fallback = \"fr\" }\nin `entry`\n"
[INFO] [stdout]  right: "invalid type: boolean `false`, expected a locale like \"en-US\" or a detailed entry like { main = \"fr-CA\", fallback = \"fr\" } for key `entry`"
[INFO] [stdout] stack backtrace:
[INFO] [stdout]    0:     0x56aded719391 - <<std[70759c8f55707aa4]::sys::backtrace::BacktraceLock>::print::DisplayBacktrace as core[df12db4294e9bfd3]::fmt::Display>::fmt
[INFO] [stdout]    1:     0x56aded72e90a - core[df12db4294e9bfd3]::fmt::write
[INFO] [stdout]    2:     0x56aded71dafc - <alloc[2182bb758b4b3781]::vec::Vec<u8> as core[df12db4294e9bfd3]::io::write::Write>::write_fmt
[INFO] [stdout]    3:     0x56aded6f39f6 - std[70759c8f55707aa4]::panicking::default_hook::{closure#0}
[INFO] [stdout]    4:     0x56aded710c79 - std[70759c8f55707aa4]::panicking::default_hook
[INFO] [stdout]    5:     0x56aded68f710 - test[9d35eded1c95d3be]::test_main_inner::<test[9d35eded1c95d3be]::test_main_static::{closure#0}>::{closure#0}
[INFO] [stdout]    6:     0x56aded710e32 - std[70759c8f55707aa4]::panicking::panic_with_hook
[INFO] [stdout]    7:     0x56aded6f3aa2 - std[70759c8f55707aa4]::panicking::panic_handler::{closure#0}
[INFO] [stdout]    8:     0x56aded6ec4d9 - std[70759c8f55707aa4]::sys::backtrace::__rust_end_short_backtrace::<std[70759c8f55707aa4]::panicking::panic_handler::{closure#0}, !>
[INFO] [stdout]    9:     0x56aded6f469d - __rustc[8fa7c3cbc660c2b3]::rust_begin_unwind
[INFO] [stdout]   10:     0x56aded72f03c - core[df12db4294e9bfd3]::panicking::panic_fmt
[INFO] [stdout]   11:     0x56aded72ef53 - core[df12db4294e9bfd3]::panicking::assert_failed_inner
[INFO] [stdout]   12:     0x56aded62536c - core[df12db4294e9bfd3]::panicking::assert_failed::<alloc[2182bb758b4b3781]::string::String, &str>
[INFO] [stdout]   13:     0x56aded6559e2 - <l10n_core[f0a30d04dc4ab3c7]::locales::tests::deserialize_locale_entry_errors::{closure#0} as core[df12db4294e9bfd3]::ops::function::FnOnce<()>>::call_once
[INFO] [stdout]   14:     0x56aded6829fb - test[9d35eded1c95d3be]::__rust_begin_short_backtrace::<core[df12db4294e9bfd3]::result::Result<(), alloc[2182bb758b4b3781]::string::String>, fn() -> core[df12db4294e9bfd3]::result::Result<(), alloc[2182bb758b4b3781]::string::String>>
[INFO] [stdout]   15:     0x56aded690065 - test[9d35eded1c95d3be]::run_test::{closure#0}
[INFO] [stdout]   16:     0x56aded689924 - std[70759c8f55707aa4]::sys::backtrace::__rust_begin_short_backtrace::<test[9d35eded1c95d3be]::run_test::{closure#1}, ()>
[INFO] [stdout]   17:     0x56aded6931c2 - <std[70759c8f55707aa4]::thread::lifecycle::spawn_unchecked<test[9d35eded1c95d3be]::run_test::{closure#1}, ()>::{closure#1} as core[df12db4294e9bfd3]::ops::function::FnOnce<()>>::call_once::{shim:vtable#0}
[INFO] [stdout]   18:     0x56aded718709 - <std[70759c8f55707aa4]::sys::thread::unix::Thread>::new::thread_start
[INFO] [stdout]   19:     0x757d7ee45dfa - <unknown>
[INFO] [stdout]   20:     0x757d7eed93d4 - clone
[INFO] [stdout]   21:                0x0 - <unknown>
[INFO] [stdout] 
[INFO] [stdout] ---- config::tests::deserialize_config_paths_errors stdout ----
[INFO] [stdout] 
[INFO] [stdout] thread 'config::tests::deserialize_config_paths_errors' (831) panicked at src/config.rs:258:9:
[INFO] [stdout] assertion `left == right` failed
[INFO] [stdout]   left: "TOML parse error at line 2, column 9\n  |\n2 | paths = { production = \"/var/l10n\" }\n  |         ^^^^^^^^^^^^^^^^^^^^^^^^^^^^\nmissing field `default`\n"
[INFO] [stdout]  right: "missing field `default` for key `l10n.paths` at line 1 column 1"
[INFO] [stdout] stack backtrace:
[INFO] [stdout]    0:     0x56aded719391 - <<std[70759c8f55707aa4]::sys::backtrace::BacktraceLock>::print::DisplayBacktrace as core[df12db4294e9bfd3]::fmt::Display>::fmt
[INFO] [stdout]    1:     0x56aded72e90a - core[df12db4294e9bfd3]::fmt::write
[INFO] [stdout]    2:     0x56aded71dafc - <alloc[2182bb758b4b3781]::vec::Vec<u8> as core[df12db4294e9bfd3]::io::write::Write>::write_fmt
[INFO] [stdout]    3:     0x56aded6f39f6 - std[70759c8f55707aa4]::panicking::default_hook::{closure#0}
[INFO] [stdout]    4:     0x56aded710c79 - std[70759c8f55707aa4]::panicking::default_hook
[INFO] [stdout]    5:     0x56aded68f710 - test[9d35eded1c95d3be]::test_main_inner::<test[9d35eded1c95d3be]::test_main_static::{closure#0}>::{closure#0}
[INFO] [stdout]    6:     0x56aded710e32 - std[70759c8f55707aa4]::panicking::panic_with_hook
[INFO] [stdout]    7:     0x56aded6f3aa2 - std[70759c8f55707aa4]::panicking::panic_handler::{closure#0}
[INFO] [stdout]    8:     0x56aded6ec4d9 - std[70759c8f55707aa4]::sys::backtrace::__rust_end_short_backtrace::<std[70759c8f55707aa4]::panicking::panic_handler::{closure#0}, !>
[INFO] [stdout]    9:     0x56aded6f469d - __rustc[8fa7c3cbc660c2b3]::rust_begin_unwind
[INFO] [stdout]   10:     0x56aded72f03c - core[df12db4294e9bfd3]::panicking::panic_fmt
[INFO] [stdout]   11:     0x56aded72ef53 - core[df12db4294e9bfd3]::panicking::assert_failed_inner
[INFO] [stdout]   12:     0x56aded62546f - core[df12db4294e9bfd3]::panicking::assert_failed::<&alloc[2182bb758b4b3781]::string::String, &str>
[INFO] [stdout]   13:     0x56aded6317ed - l10n_core[f0a30d04dc4ab3c7]::config::tests::deserialize_config_paths_errors
[INFO] [stdout]   14:     0x56aded6501e9 - <l10n_core[f0a30d04dc4ab3c7]::config::tests::deserialize_config_paths_errors::{closure#0} as core[df12db4294e9bfd3]::ops::function::FnOnce<()>>::call_once
[INFO] [stdout]   15:     0x56aded6829fb - test[9d35eded1c95d3be]::__rust_begin_short_backtrace::<core[df12db4294e9bfd3]::result::Result<(), alloc[2182bb758b4b3781]::string::String>, fn() -> core[df12db4294e9bfd3]::result::Result<(), alloc[2182bb758b4b3781]::string::String>>
[INFO] [stdout]   16:     0x56aded690065 - test[9d35eded1c95d3be]::run_test::{closure#0}
[INFO] [stdout]   17:     0x56aded689924 - std[70759c8f55707aa4]::sys::backtrace::__rust_begin_short_backtrace::<test[9d35eded1c95d3be]::run_test::{closure#1}, ()>
[INFO] [stdout]   18:     0x56aded6931c2 - <std[70759c8f55707aa4]::thread::lifecycle::spawn_unchecked<test[9d35eded1c95d3be]::run_test::{closure#1}, ()>::{closure#1} as core[df12db4294e9bfd3]::ops::function::FnOnce<()>>::call_once::{shim:vtable#0}
[INFO] [stdout]   19:     0x56aded718709 - <std[70759c8f55707aa4]::sys::thread::unix::Thread>::new::thread_start
[INFO] [stdout]   20:     0x757d7ee45dfa - <unknown>
[INFO] [stdout]   21:     0x757d7eed93d4 - clone
[INFO] [stdout]   22:                0x0 - <unknown>
[INFO] [stdout] 
[INFO] [stdout] ---- locales::tests::locales_deserialize_empty_error stdout ----
[INFO] [stdout] 
[INFO] [stdout] thread 'locales::tests::locales_deserialize_empty_error' (843) panicked at src/locales.rs:529:9:
[INFO] [stdout] assertion `left == right` failed
[INFO] [stdout]   left: "empty\nin `locales`\n"
[INFO] [stdout]  right: "empty for key `locales`"
[INFO] [stdout] stack backtrace:
[INFO] [stdout]    0:     0x56aded719391 - <<std[70759c8f55707aa4]::sys::backtrace::BacktraceLock>::print::DisplayBacktrace as core[df12db4294e9bfd3]::fmt::Display>::fmt
[INFO] [stdout]    1:     0x56aded72e90a - core[df12db4294e9bfd3]::fmt::write
[INFO] [stdout]    2:     0x56aded71dafc - <alloc[2182bb758b4b3781]::vec::Vec<u8> as core[df12db4294e9bfd3]::io::write::Write>::write_fmt
[INFO] [stdout]    3:     0x56aded6f39f6 - std[70759c8f55707aa4]::panicking::default_hook::{closure#0}
[INFO] [stdout]    4:     0x56aded710c79 - std[70759c8f55707aa4]::panicking::default_hook
[INFO] [stdout]    5:     0x56aded68f710 - test[9d35eded1c95d3be]::test_main_inner::<test[9d35eded1c95d3be]::test_main_static::{closure#0}>::{closure#0}
[INFO] [stdout]    6:     0x56aded710e32 - std[70759c8f55707aa4]::panicking::panic_with_hook
[INFO] [stdout]    7:     0x56aded6f3aa2 - std[70759c8f55707aa4]::panicking::panic_handler::{closure#0}
[INFO] [stdout]    8:     0x56aded6ec4d9 - std[70759c8f55707aa4]::sys::backtrace::__rust_end_short_backtrace::<std[70759c8f55707aa4]::panicking::panic_handler::{closure#0}, !>
[INFO] [stdout]    9:     0x56aded6f469d - __rustc[8fa7c3cbc660c2b3]::rust_begin_unwind
[INFO] [stdout]   10:     0x56aded72f03c - core[df12db4294e9bfd3]::panicking::panic_fmt
[INFO] [stdout]   11:     0x56aded72ef53 - core[df12db4294e9bfd3]::panicking::assert_failed_inner
[INFO] [stdout]   12:     0x56aded62536c - core[df12db4294e9bfd3]::panicking::assert_failed::<alloc[2182bb758b4b3781]::string::String, &str>
[INFO] [stdout]   13:     0x56aded656575 - <l10n_core[f0a30d04dc4ab3c7]::locales::tests::locales_deserialize_empty_error::{closure#0} as core[df12db4294e9bfd3]::ops::function::FnOnce<()>>::call_once
[INFO] [stdout]   14:     0x56aded6829fb - test[9d35eded1c95d3be]::__rust_begin_short_backtrace::<core[df12db4294e9bfd3]::result::Result<(), alloc[2182bb758b4b3781]::string::String>, fn() -> core[df12db4294e9bfd3]::result::Result<(), alloc[2182bb758b4b3781]::string::String>>
[INFO] [stdout]   15:     0x56aded690065 - test[9d35eded1c95d3be]::run_test::{closure#0}
[INFO] [stdout]   16:     0x56aded689924 - std[70759c8f55707aa4]::sys::backtrace::__rust_begin_short_backtrace::<test[9d35eded1c95d3be]::run_test::{closure#1}, ()>
[INFO] [stdout]   17:     0x56aded6931c2 - <std[70759c8f55707aa4]::thread::lifecycle::spawn_unchecked<test[9d35eded1c95d3be]::run_test::{closure#1}, ()>::{closure#1} as core[df12db4294e9bfd3]::ops::function::FnOnce<()>>::call_once::{shim:vtable#0}
[INFO] [stdout]   18:     0x56aded718709 - <std[70759c8f55707aa4]::sys::thread::unix::Thread>::new::thread_start
[INFO] [stdout]   19:     0x757d7ee45dfa - <unknown>
[INFO] [stdout]   20:     0x757d7eed93d4 - clone
[INFO] [stdout]   21:                0x0 - <unknown>
[INFO] [stdout] 
[INFO] [stdout] ---- locales::tests::locales_deserialize_format_errors stdout ----
[INFO] [stdout] 
[INFO] [stdout] thread 'locales::tests::locales_deserialize_format_errors' (844) panicked at src/locales.rs:509:9:
[INFO] [stdout] assertion `left == right` failed
[INFO] [stdout]   left: "missing field `main`\nin `locales`\n"
[INFO] [stdout]  right: "missing field `main` for key `locales`"
[INFO] [stdout] stack backtrace:
[INFO] [stdout]    0:     0x56aded719391 - <<std[70759c8f55707aa4]::sys::backtrace::BacktraceLock>::print::DisplayBacktrace as core[df12db4294e9bfd3]::fmt::Display>::fmt
[INFO] [stdout]    1:     0x56aded72e90a - core[df12db4294e9bfd3]::fmt::write
[INFO] [stdout]    2:     0x56aded71dafc - <alloc[2182bb758b4b3781]::vec::Vec<u8> as core[df12db4294e9bfd3]::io::write::Write>::write_fmt
[INFO] [stdout]    3:     0x56aded6f39f6 - std[70759c8f55707aa4]::panicking::default_hook::{closure#0}
[INFO] [stdout]    4:     0x56aded710c79 - std[70759c8f55707aa4]::panicking::default_hook
[INFO] [stdout]    5:     0x56aded68f710 - test[9d35eded1c95d3be]::test_main_inner::<test[9d35eded1c95d3be]::test_main_static::{closure#0}>::{closure#0}
[INFO] [stdout]    6:     0x56aded710e32 - std[70759c8f55707aa4]::panicking::panic_with_hook
[INFO] [stdout]    7:     0x56aded6f3aa2 - std[70759c8f55707aa4]::panicking::panic_handler::{closure#0}
[INFO] [stdout]    8:     0x56aded6ec4d9 - std[70759c8f55707aa4]::sys::backtrace::__rust_end_short_backtrace::<std[70759c8f55707aa4]::panicking::panic_handler::{closure#0}, !>
[INFO] [stdout]    9:     0x56aded6f469d - __rustc[8fa7c3cbc660c2b3]::rust_begin_unwind
[INFO] [stdout]   10:     0x56aded72f03c - core[df12db4294e9bfd3]::panicking::panic_fmt
[INFO] [stdout]   11:     0x56aded72ef53 - core[df12db4294e9bfd3]::panicking::assert_failed_inner
[INFO] [stdout]   12:     0x56aded62536c - core[df12db4294e9bfd3]::panicking::assert_failed::<alloc[2182bb758b4b3781]::string::String, &str>
[INFO] [stdout]   13:     0x56aded656e9d - <l10n_core[f0a30d04dc4ab3c7]::locales::tests::locales_deserialize_format_errors::{closure#0} as core[df12db4294e9bfd3]::ops::function::FnOnce<()>>::call_once
[INFO] [stdout]   14:     0x56aded6829fb - test[9d35eded1c95d3be]::__rust_begin_short_backtrace::<core[df12db4294e9bfd3]::result::Result<(), alloc[2182bb758b4b3781]::string::String>, fn() -> core[df12db4294e9bfd3]::result::Result<(), alloc[2182bb758b4b3781]::string::String>>
[INFO] [stdout]   15:     0x56aded690065 - test[9d35eded1c95d3be]::run_test::{closure#0}
[INFO] [stdout]   16:     0x56aded689924 - std[70759c8f55707aa4]::sys::backtrace::__rust_begin_short_backtrace::<test[9d35eded1c95d3be]::run_test::{closure#1}, ()>
[INFO] [stdout]   17:     0x56aded6931c2 - <std[70759c8f55707aa4]::thread::lifecycle::spawn_unchecked<test[9d35eded1c95d3be]::run_test::{closure#1}, ()>::{closure#1} as core[df12db4294e9bfd3]::ops::function::FnOnce<()>>::call_once::{shim:vtable#0}
[INFO] [stdout]   18:     0x56aded718709 - <std[70759c8f55707aa4]::sys::thread::unix::Thread>::new::thread_start
[INFO] [stdout]   19:     0x757d7ee45dfa - <unknown>
[INFO] [stdout]   20:     0x757d7eed93d4 - clone
[INFO] [stdout]   21:                0x0 - <unknown>
[INFO] [stdout] 
[INFO] [stdout] ---- locales::tests::locales_deserialize_infinite_loop_error stdout ----
[INFO] [stdout] 
[INFO] [stdout] thread 'locales::tests::locales_deserialize_infinite_loop_error' (845) panicked at src/locales.rs:552:9:
[INFO] [stdout] assertion `left == right` failed
[INFO] [stdout]   left: "infinite fallback loop detected: (en -> en)\nin `locales`\n"
[INFO] [stdout]  right: "infinite fallback loop detected: (en -> en) for key `locales`"
[INFO] [stdout] stack backtrace:
[INFO] [stdout]    0:     0x56aded719391 - <<std[70759c8f55707aa4]::sys::backtrace::BacktraceLock>::print::DisplayBacktrace as core[df12db4294e9bfd3]::fmt::Display>::fmt
[INFO] [stdout]    1:     0x56aded72e90a - core[df12db4294e9bfd3]::fmt::write
[INFO] [stdout]    2:     0x56aded71dafc - <alloc[2182bb758b4b3781]::vec::Vec<u8> as core[df12db4294e9bfd3]::io::write::Write>::write_fmt
[INFO] [stdout]    3:     0x56aded6f39f6 - std[70759c8f55707aa4]::panicking::default_hook::{closure#0}
[INFO] [stdout]    4:     0x56aded710c79 - std[70759c8f55707aa4]::panicking::default_hook
[INFO] [stdout]    5:     0x56aded68f710 - test[9d35eded1c95d3be]::test_main_inner::<test[9d35eded1c95d3be]::test_main_static::{closure#0}>::{closure#0}
[INFO] [stdout]    6:     0x56aded710e32 - std[70759c8f55707aa4]::panicking::panic_with_hook
[INFO] [stdout]    7:     0x56aded6f3aa2 - std[70759c8f55707aa4]::panicking::panic_handler::{closure#0}
[INFO] [stdout]    8:     0x56aded6ec4d9 - std[70759c8f55707aa4]::sys::backtrace::__rust_end_short_backtrace::<std[70759c8f55707aa4]::panicking::panic_handler::{closure#0}, !>
[INFO] [stdout]    9:     0x56aded6f469d - __rustc[8fa7c3cbc660c2b3]::rust_begin_unwind
[INFO] [stdout]   10:     0x56aded72f03c - core[df12db4294e9bfd3]::panicking::panic_fmt
[INFO] [stdout]   11:     0x56aded72ef53 - core[df12db4294e9bfd3]::panicking::assert_failed_inner
[INFO] [stdout]   12:     0x56aded62536c - core[df12db4294e9bfd3]::panicking::assert_failed::<alloc[2182bb758b4b3781]::string::String, &str>
[INFO] [stdout]   13:     0x56aded658daf - <l10n_core[f0a30d04dc4ab3c7]::locales::tests::locales_deserialize_infinite_loop_error::{closure#0} as core[df12db4294e9bfd3]::ops::function::FnOnce<()>>::call_once
[INFO] [stdout]   14:     0x56aded6829fb - test[9d35eded1c95d3be]::__rust_begin_short_backtrace::<core[df12db4294e9bfd3]::result::Result<(), alloc[2182bb758b4b3781]::string::String>, fn() -> core[df12db4294e9bfd3]::result::Result<(), alloc[2182bb758b4b3781]::string::String>>
[INFO] [stdout]   15:     0x56aded690065 - test[9d35eded1c95d3be]::run_test::{closure#0}
[INFO] [stdout]   16:     0x56aded689924 - std[70759c8f55707aa4]::sys::backtrace::__rust_begin_short_backtrace::<test[9d35eded1c95d3be]::run_test::{closure#1}, ()>
[INFO] [stdout]   17:     0x56aded6931c2 - <std[70759c8f55707aa4]::thread::lifecycle::spawn_unchecked<test[9d35eded1c95d3be]::run_test::{closure#1}, ()>::{closure#1} as core[df12db4294e9bfd3]::ops::function::FnOnce<()>>::call_once::{shim:vtable#0}
[INFO] [stdout]   18:     0x56aded718709 - <std[70759c8f55707aa4]::sys::thread::unix::Thread>::new::thread_start
[INFO] [stdout]   19:     0x757d7ee45dfa - <unknown>
[INFO] [stdout]   20:     0x757d7eed93d4 - clone
[INFO] [stdout]   21:                0x0 - <unknown>
[INFO] [stdout] 
[INFO] [stdout] ---- locales::tests::locales_deserialize_main_duplicate_error stdout ----
[INFO] [stdout] 
[INFO] [stdout] thread 'locales::tests::locales_deserialize_main_duplicate_error' (846) panicked at src/locales.rs:541:9:
[INFO] [stdout] assertion `left == right` failed
[INFO] [stdout]   left: "main locale duplicate: en-CA\nin `locales`\n"
[INFO] [stdout]  right: "main locale duplicate: en-CA for key `locales`"
[INFO] [stdout] stack backtrace:
[INFO] [stdout]    0:     0x56aded719391 - <<std[70759c8f55707aa4]::sys::backtrace::BacktraceLock>::print::DisplayBacktrace as core[df12db4294e9bfd3]::fmt::Display>::fmt
[INFO] [stdout]    1:     0x56aded72e90a - core[df12db4294e9bfd3]::fmt::write
[INFO] [stdout]    2:     0x56aded71dafc - <alloc[2182bb758b4b3781]::vec::Vec<u8> as core[df12db4294e9bfd3]::io::write::Write>::write_fmt
[INFO] [stdout]    3:     0x56aded6f39f6 - std[70759c8f55707aa4]::panicking::default_hook::{closure#0}
[INFO] [stdout]    4:     0x56aded710c79 - std[70759c8f55707aa4]::panicking::default_hook
[INFO] [stdout]    5:     0x56aded68f710 - test[9d35eded1c95d3be]::test_main_inner::<test[9d35eded1c95d3be]::test_main_static::{closure#0}>::{closure#0}
[INFO] [stdout]    6:     0x56aded710e32 - std[70759c8f55707aa4]::panicking::panic_with_hook
[INFO] [stdout]    7:     0x56aded6f3aa2 - std[70759c8f55707aa4]::panicking::panic_handler::{closure#0}
[INFO] [stdout]    8:     0x56aded6ec4d9 - std[70759c8f55707aa4]::sys::backtrace::__rust_end_short_backtrace::<std[70759c8f55707aa4]::panicking::panic_handler::{closure#0}, !>
[INFO] [stdout]    9:     0x56aded6f469d - __rustc[8fa7c3cbc660c2b3]::rust_begin_unwind
[INFO] [stdout]   10:     0x56aded72f03c - core[df12db4294e9bfd3]::panicking::panic_fmt
[INFO] [stdout]   11:     0x56aded72ef53 - core[df12db4294e9bfd3]::panicking::assert_failed_inner
[INFO] [stdout]   12:     0x56aded62536c - core[df12db4294e9bfd3]::panicking::assert_failed::<alloc[2182bb758b4b3781]::string::String, &str>
[INFO] [stdout]   13:     0x56aded659619 - <l10n_core[f0a30d04dc4ab3c7]::locales::tests::locales_deserialize_main_duplicate_error::{closure#0} as core[df12db4294e9bfd3]::ops::function::FnOnce<()>>::call_once
[INFO] [stdout]   14:     0x56aded6829fb - test[9d35eded1c95d3be]::__rust_begin_short_backtrace::<core[df12db4294e9bfd3]::result::Result<(), alloc[2182bb758b4b3781]::string::String>, fn() -> core[df12db4294e9bfd3]::result::Result<(), alloc[2182bb758b4b3781]::string::String>>
[INFO] [stdout]   15:     0x56aded690065 - test[9d35eded1c95d3be]::run_test::{closure#0}
[INFO] [stdout]   16:     0x56aded689924 - std[70759c8f55707aa4]::sys::backtrace::__rust_begin_short_backtrace::<test[9d35eded1c95d3be]::run_test::{closure#1}, ()>
[INFO] [stdout]   17:     0x56aded6931c2 - <std[70759c8f55707aa4]::thread::lifecycle::spawn_unchecked<test[9d35eded1c95d3be]::run_test::{closure#1}, ()>::{closure#1} as core[df12db4294e9bfd3]::ops::function::FnOnce<()>>::call_once::{shim:vtable#0}
[INFO] [stdout]   18:     0x56aded718709 - <std[70759c8f55707aa4]::sys::thread::unix::Thread>::new::thread_start
[INFO] [stdout]   19:     0x757d7ee45dfa - <unknown>
[INFO] [stdout]   20:     0x757d7eed93d4 - clone
[INFO] [stdout]   21:                0x0 - <unknown>
[INFO] [stdout] 
[INFO] [stdout] 
[INFO] [stdout] failures:
[INFO] [stdout]     config::tests::deserialize_config_locales_errors
[INFO] [stdout]     config::tests::deserialize_config_paths_errors
[INFO] [stdout]     locales::tests::deserialize_locale_entry_errors
[INFO] [stdout]     locales::tests::locales_deserialize_empty_error
[INFO] [stdout]     locales::tests::locales_deserialize_format_errors
[INFO] [stdout]     locales::tests::locales_deserialize_infinite_loop_error
[INFO] [stdout]     locales::tests::locales_deserialize_main_duplicate_error
[INFO] [stdout] 
[INFO] [stdout] test result: FAILED. 16 passed; 7 failed; 0 ignored; 0 measured; 0 filtered out; finished in 0.11s
[INFO] [stdout] 
[INFO] running `Command { std: "docker" "inspect" "a92aaf855b1f59ebbd464c44754b158f68a33282f8a34be88aae3394ac136a9f", kill_on_drop: false }`
[INFO] running `Command { std: "docker" "rm" "-f" "a92aaf855b1f59ebbd464c44754b158f68a33282f8a34be88aae3394ac136a9f", kill_on_drop: false }`
[INFO] [stdout] a92aaf855b1f59ebbd464c44754b158f68a33282f8a34be88aae3394ac136a9f
