[INFO] fetching crate kz80_smalltalk 0.1.0...
[INFO] testing kz80_smalltalk-0.1.0 against 1.100.0-beta.1+cargoflags=--release for beta-release-1.100-2
[INFO] extracting crate kz80_smalltalk 0.1.0 into /workspace/builds/worker-0-tc2/source
[INFO] started tweaking crates.io crate kz80_smalltalk 0.1.0
[INFO] removed 0 missing tests
[INFO] finished tweaking crates.io crate kz80_smalltalk 0.1.0
[INFO] tweaked toml for crates.io crate kz80_smalltalk 0.1.0 written to /workspace/builds/worker-0-tc2/source/Cargo.toml
[INFO] validating manifest of crates.io crate kz80_smalltalk 0.1.0 on toolchain 1.100.0-beta.1
[INFO] running `Command { std: CARGO_HOME="/workspace/cargo-home" RUSTUP_HOME="/workspace/rustup-home" "/workspace/cargo-home/bin/cargo" "+1.100.0-beta.1" "metadata" "--manifest-path" "Cargo.toml" "--no-deps", kill_on_drop: false }`
[INFO] crate crates.io crate kz80_smalltalk 0.1.0 already has a lockfile, it will not be regenerated
[INFO] running `Command { std: CARGO_HOME="/workspace/cargo-home" RUSTUP_HOME="/workspace/rustup-home" "/workspace/cargo-home/bin/cargo" "+1.100.0-beta.1" "fetch" "--manifest-path" "Cargo.toml", kill_on_drop: false }`
[INFO] running `Command { std: "docker" "create" "-v" "/var/lib/crater-agent-workspace/builds/worker-0-tc2/source:/opt/rustwide/workdir:ro,Z" "-v" "/var/lib/crater-agent-workspace/builds/worker-0-tc2/target:/opt/rustwide/target:rw,Z" "-v" "/var/lib/crater-agent-workspace/cargo-home:/opt/rustwide/cargo-home:ro,Z" "-v" "/var/lib/crater-agent-workspace/rustup-home:/opt/rustwide/rustup-home:ro,Z" "-m" "1610612736" "--network" "none" "ghcr.io/rust-lang/crates-build-env/linux@sha256:77db811e55d90add9212f6832c23229e3de5f1c1f9905e8cb07319ea15df73ac" "sleep" "infinity", kill_on_drop: false }`
[INFO] [stdout] b29bdd58b152def81c4304846578e2e85f9cb36169cd71099aa74c16834a8728
[INFO] running `Command { std: "docker" "start" "b29bdd58b152def81c4304846578e2e85f9cb36169cd71099aa74c16834a8728", kill_on_drop: false }`
[INFO] running `Command { std: "docker" "inspect" "b29bdd58b152def81c4304846578e2e85f9cb36169cd71099aa74c16834a8728", kill_on_drop: false }`
[INFO] running `Command { std: "docker" "exec" "-e" "SOURCE_DIR=/opt/rustwide/workdir" "-e" "CARGO_HOME=/opt/rustwide/cargo-home" "-e" "RUSTUP_HOME=/opt/rustwide/rustup-home" "-e" "CARGO_TARGET_DIR=/opt/rustwide/target" "-w" "/opt/rustwide/workdir" "--user" "0:0" "b29bdd58b152def81c4304846578e2e85f9cb36169cd71099aa74c16834a8728" "/opt/rustwide/cargo-home/bin/cargo" "+1.100.0-beta.1" "metadata" "--no-deps" "--format-version=1", kill_on_drop: false }`
[INFO] running `Command { std: "docker" "inspect" "b29bdd58b152def81c4304846578e2e85f9cb36169cd71099aa74c16834a8728", kill_on_drop: false }`
[INFO] running `Command { std: "docker" "exec" "-e" "SOURCE_DIR=/opt/rustwide/workdir" "-e" "CARGO_HOME=/opt/rustwide/cargo-home" "-e" "RUSTUP_HOME=/opt/rustwide/rustup-home" "-e" "CARGO_TARGET_DIR=/opt/rustwide/target" "-e" "CARGO_INCREMENTAL=0" "-e" "RUST_BACKTRACE=full" "-e" "RUSTFLAGS=--cap-lints=warn" "-e" "RUSTDOCFLAGS=--cap-lints=warn" "-w" "/opt/rustwide/workdir" "--user" "0:0" "b29bdd58b152def81c4304846578e2e85f9cb36169cd71099aa74c16834a8728" "/opt/rustwide/cargo-home/bin/cargo" "+1.100.0-beta.1" "build" "--frozen" "--message-format=json" "--release", kill_on_drop: false }`
[INFO] [stderr]    Compiling kz80_smalltalk v0.1.0 (/opt/rustwide/workdir)
[INFO] [stdout] warning: field `0` is never read
[INFO] [stdout]   --> src/compiler.rs:13:16
[INFO] [stdout]    |
[INFO] [stdout] 13 |     PushSymbol(String),     // Push symbol literal
[INFO] [stdout]    |     ---------- ^^^^^^
[INFO] [stdout]    |     |
[INFO] [stdout]    |     field in this variant
[INFO] [stdout]    |
[INFO] [stdout]    = note: `Bytecode` has derived impls for the traits `Clone` and `Debug`, but these are intentionally ignored during dead code analysis
[INFO] [stdout]    = note: `#[warn(dead_code)]` (part of `#[warn(unused)]`) on by default
[INFO] [stdout] help: consider changing the field to be of unit type to suppress this warning while preserving the field numbering, or remove the field
[INFO] [stdout]    |
[INFO] [stdout] 13 -     PushSymbol(String),     // Push symbol literal
[INFO] [stdout] 13 +     PushSymbol(()),     // Push symbol literal
[INFO] [stdout]    |
[INFO] [stdout] 
[INFO] [stdout] 
[INFO] [stdout] warning: field `0` is never read
[INFO] [stdout]   --> src/compiler.rs:14:14
[INFO] [stdout]    |
[INFO] [stdout] 14 |     PushChar(u8),           // Push character literal
[INFO] [stdout]    |     -------- ^^
[INFO] [stdout]    |     |
[INFO] [stdout]    |     field in this variant
[INFO] [stdout]    |
[INFO] [stdout]    = note: `Bytecode` has derived impls for the traits `Clone` and `Debug`, but these are intentionally ignored during dead code analysis
[INFO] [stdout] help: consider changing the field to be of unit type to suppress this warning while preserving the field numbering, or remove the field
[INFO] [stdout]    |
[INFO] [stdout] 14 -     PushChar(u8),           // Push character literal
[INFO] [stdout] 14 +     PushChar(()),           // Push character literal
[INFO] [stdout]    |
[INFO] [stdout] 
[INFO] [stdout] 
[INFO] [stdout] warning: field `0` is never read
[INFO] [stdout]   --> src/compiler.rs:21:13
[INFO] [stdout]    |
[INFO] [stdout] 21 |     LoadVar(String),        // Push variable value
[INFO] [stdout]    |     ------- ^^^^^^
[INFO] [stdout]    |     |
[INFO] [stdout]    |     field in this variant
[INFO] [stdout]    |
[INFO] [stdout]    = note: `Bytecode` has derived impls for the traits `Clone` and `Debug`, but these are intentionally ignored during dead code analysis
[INFO] [stdout] help: consider changing the field to be of unit type to suppress this warning while preserving the field numbering, or remove the field
[INFO] [stdout]    |
[INFO] [stdout] 21 -     LoadVar(String),        // Push variable value
[INFO] [stdout] 21 +     LoadVar(()),        // Push variable value
[INFO] [stdout]    |
[INFO] [stdout] 
[INFO] [stdout] 
[INFO] [stdout] warning: field `0` is never read
[INFO] [stdout]   --> src/compiler.rs:22:14
[INFO] [stdout]    |
[INFO] [stdout] 22 |     StoreVar(String),       // Pop and store to variable
[INFO] [stdout]    |     -------- ^^^^^^
[INFO] [stdout]    |     |
[INFO] [stdout]    |     field in this variant
[INFO] [stdout]    |
[INFO] [stdout]    = note: `Bytecode` has derived impls for the traits `Clone` and `Debug`, but these are intentionally ignored during dead code analysis
[INFO] [stdout] help: consider changing the field to be of unit type to suppress this warning while preserving the field numbering, or remove the field
[INFO] [stdout]    |
[INFO] [stdout] 22 -     StoreVar(String),       // Pop and store to variable
[INFO] [stdout] 22 +     StoreVar(()),       // Pop and store to variable
[INFO] [stdout]    |
[INFO] [stdout] 
[INFO] [stdout] 
[INFO] [stdout] warning: field `0` is never read
[INFO] [stdout]   --> src/compiler.rs:25:15
[INFO] [stdout]    |
[INFO] [stdout] 25 |     SendUnary(String),      // Send unary message (pop receiver, push result)
[INFO] [stdout]    |     --------- ^^^^^^
[INFO] [stdout]    |     |
[INFO] [stdout]    |     field in this variant
[INFO] [stdout]    |
[INFO] [stdout]    = note: `Bytecode` has derived impls for the traits `Clone` and `Debug`, but these are intentionally ignored during dead code analysis
[INFO] [stdout] help: consider changing the field to be of unit type to suppress this warning while preserving the field numbering, or remove the field
[INFO] [stdout]    |
[INFO] [stdout] 25 -     SendUnary(String),      // Send unary message (pop receiver, push result)
[INFO] [stdout] 25 +     SendUnary(()),      // Send unary message (pop receiver, push result)
[INFO] [stdout]    |
[INFO] [stdout] 
[INFO] [stdout] 
[INFO] [stdout] warning: field `0` is never read
[INFO] [stdout]   --> src/compiler.rs:26:16
[INFO] [stdout]    |
[INFO] [stdout] 26 |     SendBinary(String),     // Send binary message (pop arg, pop receiver, push result)
[INFO] [stdout]    |     ---------- ^^^^^^
[INFO] [stdout]    |     |
[INFO] [stdout]    |     field in this variant
[INFO] [stdout]    |
[INFO] [stdout]    = note: `Bytecode` has derived impls for the traits `Clone` and `Debug`, but these are intentionally ignored during dead code analysis
[INFO] [stdout] help: consider changing the field to be of unit type to suppress this warning while preserving the field numbering, or remove the field
[INFO] [stdout]    |
[INFO] [stdout] 26 -     SendBinary(String),     // Send binary message (pop arg, pop receiver, push result)
[INFO] [stdout] 26 +     SendBinary(()),     // Send binary message (pop arg, pop receiver, push result)
[INFO] [stdout]    |
[INFO] [stdout] 
[INFO] [stdout] 
[INFO] [stdout] warning: fields `0` and `1` are never read
[INFO] [stdout]   --> src/compiler.rs:27:17
[INFO] [stdout]    |
[INFO] [stdout] 27 |     SendKeyword(String, u8),// Send keyword message (name, arg count)
[INFO] [stdout]    |     ----------- ^^^^^^  ^^
[INFO] [stdout]    |     |
[INFO] [stdout]    |     fields in this variant
[INFO] [stdout]    |
[INFO] [stdout]    = note: `Bytecode` has derived impls for the traits `Clone` and `Debug`, but these are intentionally ignored during dead code analysis
[INFO] [stdout] help: consider changing the fields to be of unit type to suppress this warning while preserving the field numbering, or remove the fields
[INFO] [stdout]    |
[INFO] [stdout] 27 -     SendKeyword(String, u8),// Send keyword message (name, arg count)
[INFO] [stdout] 27 +     SendKeyword((), ()),// Send keyword message (name, arg count)
[INFO] [stdout]    |
[INFO] [stdout] 
[INFO] [stdout] 
[INFO] [stdout] warning: field `0` is never read
[INFO] [stdout]   --> src/compiler.rs:30:15
[INFO] [stdout]    |
[INFO] [stdout] 30 |     MakeBlock(u16),         // Create block, arg is bytecode offset to block end
[INFO] [stdout]    |     --------- ^^^
[INFO] [stdout]    |     |
[INFO] [stdout]    |     field in this variant
[INFO] [stdout]    |
[INFO] [stdout]    = note: `Bytecode` has derived impls for the traits `Clone` and `Debug`, but these are intentionally ignored during dead code analysis
[INFO] [stdout] help: consider changing the field to be of unit type to suppress this warning while preserving the field numbering, or remove the field
[INFO] [stdout]    |
[INFO] [stdout] 30 -     MakeBlock(u16),         // Create block, arg is bytecode offset to block end
[INFO] [stdout] 30 +     MakeBlock(()),         // Create block, arg is bytecode offset to block end
[INFO] [stdout]    |
[INFO] [stdout] 
[INFO] [stdout] 
[INFO] [stdout] warning: field `0` is never read
[INFO] [stdout]   --> src/compiler.rs:31:14
[INFO] [stdout]    |
[INFO] [stdout] 31 |     BlockArg(u8),           // Load block argument by index
[INFO] [stdout]    |     -------- ^^
[INFO] [stdout]    |     |
[INFO] [stdout]    |     field in this variant
[INFO] [stdout]    |
[INFO] [stdout]    = note: `Bytecode` has derived impls for the traits `Clone` and `Debug`, but these are intentionally ignored during dead code analysis
[INFO] [stdout] help: consider changing the field to be of unit type to suppress this warning while preserving the field numbering, or remove the field
[INFO] [stdout]    |
[INFO] [stdout] 31 -     BlockArg(u8),           // Load block argument by index
[INFO] [stdout] 31 +     BlockArg(()),           // Load block argument by index
[INFO] [stdout]    |
[INFO] [stdout] 
[INFO] [stdout] 
[INFO] [stdout] warning: variants `Jump`, `JumpIfFalse`, and `JumpIfTrue` are never constructed
[INFO] [stdout]   --> src/compiler.rs:59:5
[INFO] [stdout]    |
[INFO] [stdout]  8 | pub enum Bytecode {
[INFO] [stdout]    |          -------- variants in this enum
[INFO] [stdout] ...
[INFO] [stdout] 59 |     Jump(i16),              // Unconditional jump
[INFO] [stdout]    |     ^^^^
[INFO] [stdout] 60 |     JumpIfFalse(i16),       // Jump if top of stack is false
[INFO] [stdout]    |     ^^^^^^^^^^^
[INFO] [stdout] 61 |     JumpIfTrue(i16),        // Jump if top of stack is true
[INFO] [stdout]    |     ^^^^^^^^^^
[INFO] [stdout]    |
[INFO] [stdout]    = note: `Bytecode` has derived impls for the traits `Clone` and `Debug`, but these are intentionally ignored during dead code analysis
[INFO] [stdout] 
[INFO] [stdout] 
[INFO] [stdout] warning: methods `add_string` and `add_symbol` are never used
[INFO] [stdout]    --> src/compiler.rs:97:8
[INFO] [stdout]     |
[INFO] [stdout]  82 | impl Compiler {
[INFO] [stdout]     | ------------- methods in this implementation
[INFO] [stdout] ...
[INFO] [stdout]  97 |     fn add_string(&mut self, s: String) -> usize {
[INFO] [stdout]     |        ^^^^^^^^^^
[INFO] [stdout] ...
[INFO] [stdout] 106 |     fn add_symbol(&mut self, s: String) -> usize {
[INFO] [stdout]     |        ^^^^^^^^^^
[INFO] [stdout] 
[INFO] [stdout] 
[INFO] [stdout] warning: constant `CALL_STACK` is never used
[INFO] [stdout]   --> src/codegen.rs:20:7
[INFO] [stdout]    |
[INFO] [stdout] 20 | const CALL_STACK: u16 = 0x8200;     // Return address stack
[INFO] [stdout]    |       ^^^^^^^^^^
[INFO] [stdout] 
[INFO] [stdout] 
[INFO] [stdout] warning: constant `LOCALS` is never used
[INFO] [stdout]   --> src/codegen.rs:21:7
[INFO] [stdout]    |
[INFO] [stdout] 21 | const LOCALS: u16 = 0x8300;         // Local variables
[INFO] [stdout]    |       ^^^^^^
[INFO] [stdout] 
[INFO] [stdout] 
[INFO] [stdout] warning: constant `BLOCK_ARGS` is never used
[INFO] [stdout]   --> src/codegen.rs:22:7
[INFO] [stdout]    |
[INFO] [stdout] 22 | const BLOCK_ARGS: u16 = 0x8400;     // Block argument storage
[INFO] [stdout]    |       ^^^^^^^^^^
[INFO] [stdout] 
[INFO] [stdout] 
[INFO] [stdout] warning: constant `TAG_SYMBOL` is never used
[INFO] [stdout]   --> src/codegen.rs:36:7
[INFO] [stdout]    |
[INFO] [stdout] 36 | const TAG_SYMBOL: u8 = 0x03;        // Symbol (tag + len + bytes)
[INFO] [stdout]    |       ^^^^^^^^^^
[INFO] [stdout] 
[INFO] [stdout] 
[INFO] [stdout] warning: constant `TAG_TRUE` is never used
[INFO] [stdout]   --> src/codegen.rs:37:7
[INFO] [stdout]    |
[INFO] [stdout] 37 | const TAG_TRUE: u8 = 0x04;          // true singleton
[INFO] [stdout]    |       ^^^^^^^^
[INFO] [stdout] 
[INFO] [stdout] 
[INFO] [stdout] warning: constant `TAG_FALSE` is never used
[INFO] [stdout]   --> src/codegen.rs:38:7
[INFO] [stdout]    |
[INFO] [stdout] 38 | const TAG_FALSE: u8 = 0x05;         // false singleton
[INFO] [stdout]    |       ^^^^^^^^^
[INFO] [stdout] 
[INFO] [stdout] 
[INFO] [stdout] warning: constant `TAG_NIL` is never used
[INFO] [stdout]   --> src/codegen.rs:39:7
[INFO] [stdout]    |
[INFO] [stdout] 39 | const TAG_NIL: u8 = 0x06;           // nil singleton
[INFO] [stdout]    |       ^^^^^^^
[INFO] [stdout] 
[INFO] [stdout] 
[INFO] [stdout] warning: constant `TAG_BLOCK` is never used
[INFO] [stdout]   --> src/codegen.rs:40:7
[INFO] [stdout]    |
[INFO] [stdout] 40 | const TAG_BLOCK: u8 = 0x07;         // Block (tag + bytecode offset)
[INFO] [stdout]    |       ^^^^^^^^^
[INFO] [stdout] 
[INFO] [stdout] 
[INFO] [stdout] warning: constant `TAG_CHAR` is never used
[INFO] [stdout]   --> src/codegen.rs:41:7
[INFO] [stdout]    |
[INFO] [stdout] 41 | const TAG_CHAR: u8 = 0x08;          // Character (tag + byte)
[INFO] [stdout]    |       ^^^^^^^^
[INFO] [stdout] 
[INFO] [stdout] 
[INFO] [stderr]     Finished `release` profile [optimized] target(s) in 1.66s
[INFO] running `Command { std: "docker" "inspect" "b29bdd58b152def81c4304846578e2e85f9cb36169cd71099aa74c16834a8728", kill_on_drop: false }`
[INFO] running `Command { std: "docker" "exec" "-e" "SOURCE_DIR=/opt/rustwide/workdir" "-e" "CARGO_HOME=/opt/rustwide/cargo-home" "-e" "RUSTUP_HOME=/opt/rustwide/rustup-home" "-e" "CARGO_TARGET_DIR=/opt/rustwide/target" "-e" "CARGO_INCREMENTAL=0" "-e" "RUST_BACKTRACE=full" "-e" "RUSTFLAGS=--cap-lints=warn" "-e" "RUSTDOCFLAGS=--cap-lints=warn" "-w" "/opt/rustwide/workdir" "--user" "0:0" "b29bdd58b152def81c4304846578e2e85f9cb36169cd71099aa74c16834a8728" "/opt/rustwide/cargo-home/bin/cargo" "+1.100.0-beta.1" "test" "--frozen" "--no-run" "--message-format=json" "--release", kill_on_drop: false }`
[INFO] [stderr]    Compiling kz80_smalltalk v0.1.0 (/opt/rustwide/workdir)
[INFO] [stdout] warning: field `0` is never read
[INFO] [stdout]   --> src/compiler.rs:13:16
[INFO] [stdout]    |
[INFO] [stdout] 13 |     PushSymbol(String),     // Push symbol literal
[INFO] [stdout]    |     ---------- ^^^^^^
[INFO] [stdout]    |     |
[INFO] [stdout]    |     field in this variant
[INFO] [stdout]    |
[INFO] [stdout]    = note: `Bytecode` has derived impls for the traits `Clone` and `Debug`, but these are intentionally ignored during dead code analysis
[INFO] [stdout]    = note: `#[warn(dead_code)]` (part of `#[warn(unused)]`) on by default
[INFO] [stdout] help: consider changing the field to be of unit type to suppress this warning while preserving the field numbering, or remove the field
[INFO] [stdout]    |
[INFO] [stdout] 13 -     PushSymbol(String),     // Push symbol literal
[INFO] [stdout] 13 +     PushSymbol(()),     // Push symbol literal
[INFO] [stdout]    |
[INFO] [stdout] 
[INFO] [stdout] 
[INFO] [stdout] warning: field `0` is never read
[INFO] [stdout]   --> src/compiler.rs:14:14
[INFO] [stdout]    |
[INFO] [stdout] 14 |     PushChar(u8),           // Push character literal
[INFO] [stdout]    |     -------- ^^
[INFO] [stdout]    |     |
[INFO] [stdout]    |     field in this variant
[INFO] [stdout]    |
[INFO] [stdout]    = note: `Bytecode` has derived impls for the traits `Clone` and `Debug`, but these are intentionally ignored during dead code analysis
[INFO] [stdout] help: consider changing the field to be of unit type to suppress this warning while preserving the field numbering, or remove the field
[INFO] [stdout]    |
[INFO] [stdout] 14 -     PushChar(u8),           // Push character literal
[INFO] [stdout] 14 +     PushChar(()),           // Push character literal
[INFO] [stdout]    |
[INFO] [stdout] 
[INFO] [stdout] 
[INFO] [stdout] warning: field `0` is never read
[INFO] [stdout]   --> src/compiler.rs:21:13
[INFO] [stdout]    |
[INFO] [stdout] 21 |     LoadVar(String),        // Push variable value
[INFO] [stdout]    |     ------- ^^^^^^
[INFO] [stdout]    |     |
[INFO] [stdout]    |     field in this variant
[INFO] [stdout]    |
[INFO] [stdout]    = note: `Bytecode` has derived impls for the traits `Clone` and `Debug`, but these are intentionally ignored during dead code analysis
[INFO] [stdout] help: consider changing the field to be of unit type to suppress this warning while preserving the field numbering, or remove the field
[INFO] [stdout]    |
[INFO] [stdout] 21 -     LoadVar(String),        // Push variable value
[INFO] [stdout] 21 +     LoadVar(()),        // Push variable value
[INFO] [stdout]    |
[INFO] [stdout] 
[INFO] [stdout] 
[INFO] [stdout] warning: field `0` is never read
[INFO] [stdout]   --> src/compiler.rs:22:14
[INFO] [stdout]    |
[INFO] [stdout] 22 |     StoreVar(String),       // Pop and store to variable
[INFO] [stdout]    |     -------- ^^^^^^
[INFO] [stdout]    |     |
[INFO] [stdout]    |     field in this variant
[INFO] [stdout]    |
[INFO] [stdout]    = note: `Bytecode` has derived impls for the traits `Clone` and `Debug`, but these are intentionally ignored during dead code analysis
[INFO] [stdout] help: consider changing the field to be of unit type to suppress this warning while preserving the field numbering, or remove the field
[INFO] [stdout]    |
[INFO] [stdout] 22 -     StoreVar(String),       // Pop and store to variable
[INFO] [stdout] 22 +     StoreVar(()),       // Pop and store to variable
[INFO] [stdout]    |
[INFO] [stdout] 
[INFO] [stdout] 
[INFO] [stdout] warning: field `0` is never read
[INFO] [stdout]   --> src/compiler.rs:25:15
[INFO] [stdout]    |
[INFO] [stdout] 25 |     SendUnary(String),      // Send unary message (pop receiver, push result)
[INFO] [stdout]    |     --------- ^^^^^^
[INFO] [stdout]    |     |
[INFO] [stdout]    |     field in this variant
[INFO] [stdout]    |
[INFO] [stdout]    = note: `Bytecode` has derived impls for the traits `Clone` and `Debug`, but these are intentionally ignored during dead code analysis
[INFO] [stdout] help: consider changing the field to be of unit type to suppress this warning while preserving the field numbering, or remove the field
[INFO] [stdout]    |
[INFO] [stdout] 25 -     SendUnary(String),      // Send unary message (pop receiver, push result)
[INFO] [stdout] 25 +     SendUnary(()),      // Send unary message (pop receiver, push result)
[INFO] [stdout]    |
[INFO] [stdout] 
[INFO] [stdout] 
[INFO] [stdout] warning: field `0` is never read
[INFO] [stdout]   --> src/compiler.rs:26:16
[INFO] [stdout]    |
[INFO] [stdout] 26 |     SendBinary(String),     // Send binary message (pop arg, pop receiver, push result)
[INFO] [stdout]    |     ---------- ^^^^^^
[INFO] [stdout]    |     |
[INFO] [stdout]    |     field in this variant
[INFO] [stdout]    |
[INFO] [stdout]    = note: `Bytecode` has derived impls for the traits `Clone` and `Debug`, but these are intentionally ignored during dead code analysis
[INFO] [stdout] help: consider changing the field to be of unit type to suppress this warning while preserving the field numbering, or remove the field
[INFO] [stdout]    |
[INFO] [stdout] 26 -     SendBinary(String),     // Send binary message (pop arg, pop receiver, push result)
[INFO] [stdout] 26 +     SendBinary(()),     // Send binary message (pop arg, pop receiver, push result)
[INFO] [stdout]    |
[INFO] [stdout] 
[INFO] [stdout] 
[INFO] [stdout] warning: fields `0` and `1` are never read
[INFO] [stdout]   --> src/compiler.rs:27:17
[INFO] [stdout]    |
[INFO] [stdout] 27 |     SendKeyword(String, u8),// Send keyword message (name, arg count)
[INFO] [stdout]    |     ----------- ^^^^^^  ^^
[INFO] [stdout]    |     |
[INFO] [stdout]    |     fields in this variant
[INFO] [stdout]    |
[INFO] [stdout]    = note: `Bytecode` has derived impls for the traits `Clone` and `Debug`, but these are intentionally ignored during dead code analysis
[INFO] [stdout] help: consider changing the fields to be of unit type to suppress this warning while preserving the field numbering, or remove the fields
[INFO] [stdout]    |
[INFO] [stdout] 27 -     SendKeyword(String, u8),// Send keyword message (name, arg count)
[INFO] [stdout] 27 +     SendKeyword((), ()),// Send keyword message (name, arg count)
[INFO] [stdout]    |
[INFO] [stdout] 
[INFO] [stdout] 
[INFO] [stdout] warning: field `0` is never read
[INFO] [stdout]   --> src/compiler.rs:30:15
[INFO] [stdout]    |
[INFO] [stdout] 30 |     MakeBlock(u16),         // Create block, arg is bytecode offset to block end
[INFO] [stdout]    |     --------- ^^^
[INFO] [stdout]    |     |
[INFO] [stdout]    |     field in this variant
[INFO] [stdout]    |
[INFO] [stdout]    = note: `Bytecode` has derived impls for the traits `Clone` and `Debug`, but these are intentionally ignored during dead code analysis
[INFO] [stdout] help: consider changing the field to be of unit type to suppress this warning while preserving the field numbering, or remove the field
[INFO] [stdout]    |
[INFO] [stdout] 30 -     MakeBlock(u16),         // Create block, arg is bytecode offset to block end
[INFO] [stdout] 30 +     MakeBlock(()),         // Create block, arg is bytecode offset to block end
[INFO] [stdout]    |
[INFO] [stdout] 
[INFO] [stdout] 
[INFO] [stdout] warning: field `0` is never read
[INFO] [stdout]   --> src/compiler.rs:31:14
[INFO] [stdout]    |
[INFO] [stdout] 31 |     BlockArg(u8),           // Load block argument by index
[INFO] [stdout]    |     -------- ^^
[INFO] [stdout]    |     |
[INFO] [stdout]    |     field in this variant
[INFO] [stdout]    |
[INFO] [stdout]    = note: `Bytecode` has derived impls for the traits `Clone` and `Debug`, but these are intentionally ignored during dead code analysis
[INFO] [stdout] help: consider changing the field to be of unit type to suppress this warning while preserving the field numbering, or remove the field
[INFO] [stdout]    |
[INFO] [stdout] 31 -     BlockArg(u8),           // Load block argument by index
[INFO] [stdout] 31 +     BlockArg(()),           // Load block argument by index
[INFO] [stdout]    |
[INFO] [stdout] 
[INFO] [stdout] 
[INFO] [stdout] warning: variants `Jump`, `JumpIfFalse`, and `JumpIfTrue` are never constructed
[INFO] [stdout]   --> src/compiler.rs:59:5
[INFO] [stdout]    |
[INFO] [stdout]  8 | pub enum Bytecode {
[INFO] [stdout]    |          -------- variants in this enum
[INFO] [stdout] ...
[INFO] [stdout] 59 |     Jump(i16),              // Unconditional jump
[INFO] [stdout]    |     ^^^^
[INFO] [stdout] 60 |     JumpIfFalse(i16),       // Jump if top of stack is false
[INFO] [stdout]    |     ^^^^^^^^^^^
[INFO] [stdout] 61 |     JumpIfTrue(i16),        // Jump if top of stack is true
[INFO] [stdout]    |     ^^^^^^^^^^
[INFO] [stdout]    |
[INFO] [stdout]    = note: `Bytecode` has derived impls for the traits `Clone` and `Debug`, but these are intentionally ignored during dead code analysis
[INFO] [stdout] 
[INFO] [stdout] 
[INFO] [stdout] warning: methods `add_string` and `add_symbol` are never used
[INFO] [stdout]    --> src/compiler.rs:97:8
[INFO] [stdout]     |
[INFO] [stdout]  82 | impl Compiler {
[INFO] [stdout]     | ------------- methods in this implementation
[INFO] [stdout] ...
[INFO] [stdout]  97 |     fn add_string(&mut self, s: String) -> usize {
[INFO] [stdout]     |        ^^^^^^^^^^
[INFO] [stdout] ...
[INFO] [stdout] 106 |     fn add_symbol(&mut self, s: String) -> usize {
[INFO] [stdout]     |        ^^^^^^^^^^
[INFO] [stdout] 
[INFO] [stdout] 
[INFO] [stdout] warning: constant `CALL_STACK` is never used
[INFO] [stdout]   --> src/codegen.rs:20:7
[INFO] [stdout]    |
[INFO] [stdout] 20 | const CALL_STACK: u16 = 0x8200;     // Return address stack
[INFO] [stdout]    |       ^^^^^^^^^^
[INFO] [stdout] 
[INFO] [stdout] 
[INFO] [stdout] warning: constant `LOCALS` is never used
[INFO] [stdout]   --> src/codegen.rs:21:7
[INFO] [stdout]    |
[INFO] [stdout] 21 | const LOCALS: u16 = 0x8300;         // Local variables
[INFO] [stdout]    |       ^^^^^^
[INFO] [stdout] 
[INFO] [stdout] 
[INFO] [stdout] warning: constant `BLOCK_ARGS` is never used
[INFO] [stdout]   --> src/codegen.rs:22:7
[INFO] [stdout]    |
[INFO] [stdout] 22 | const BLOCK_ARGS: u16 = 0x8400;     // Block argument storage
[INFO] [stdout]    |       ^^^^^^^^^^
[INFO] [stdout] 
[INFO] [stdout] 
[INFO] [stdout] warning: constant `TAG_SYMBOL` is never used
[INFO] [stdout]   --> src/codegen.rs:36:7
[INFO] [stdout]    |
[INFO] [stdout] 36 | const TAG_SYMBOL: u8 = 0x03;        // Symbol (tag + len + bytes)
[INFO] [stdout]    |       ^^^^^^^^^^
[INFO] [stdout] 
[INFO] [stdout] 
[INFO] [stdout] warning: constant `TAG_TRUE` is never used
[INFO] [stdout]   --> src/codegen.rs:37:7
[INFO] [stdout]    |
[INFO] [stdout] 37 | const TAG_TRUE: u8 = 0x04;          // true singleton
[INFO] [stdout]    |       ^^^^^^^^
[INFO] [stdout] 
[INFO] [stdout] 
[INFO] [stdout] warning: constant `TAG_FALSE` is never used
[INFO] [stdout]   --> src/codegen.rs:38:7
[INFO] [stdout]    |
[INFO] [stdout] 38 | const TAG_FALSE: u8 = 0x05;         // false singleton
[INFO] [stdout]    |       ^^^^^^^^^
[INFO] [stdout] 
[INFO] [stdout] 
[INFO] [stdout] warning: constant `TAG_NIL` is never used
[INFO] [stdout]   --> src/codegen.rs:39:7
[INFO] [stdout]    |
[INFO] [stdout] 39 | const TAG_NIL: u8 = 0x06;           // nil singleton
[INFO] [stdout]    |       ^^^^^^^
[INFO] [stdout] 
[INFO] [stdout] 
[INFO] [stdout] warning: constant `TAG_BLOCK` is never used
[INFO] [stdout]   --> src/codegen.rs:40:7
[INFO] [stdout]    |
[INFO] [stdout] 40 | const TAG_BLOCK: u8 = 0x07;         // Block (tag + bytecode offset)
[INFO] [stdout]    |       ^^^^^^^^^
[INFO] [stdout] 
[INFO] [stdout] 
[INFO] [stdout] warning: constant `TAG_CHAR` is never used
[INFO] [stdout]   --> src/codegen.rs:41:7
[INFO] [stdout]    |
[INFO] [stdout] 41 | const TAG_CHAR: u8 = 0x08;          // Character (tag + byte)
[INFO] [stdout]    |       ^^^^^^^^
[INFO] [stdout] 
[INFO] [stdout] 
[INFO] [stdout] warning: field `0` is never read
[INFO] [stdout]   --> src/compiler.rs:13:16
[INFO] [stdout]    |
[INFO] [stdout] 13 |     PushSymbol(String),     // Push symbol literal
[INFO] [stdout]    |     ---------- ^^^^^^
[INFO] [stdout]    |     |
[INFO] [stdout]    |     field in this variant
[INFO] [stdout]    |
[INFO] [stdout]    = note: `Bytecode` has derived impls for the traits `Clone` and `Debug`, but these are intentionally ignored during dead code analysis
[INFO] [stdout]    = note: `#[warn(dead_code)]` (part of `#[warn(unused)]`) on by default
[INFO] [stdout] help: consider changing the field to be of unit type to suppress this warning while preserving the field numbering, or remove the field
[INFO] [stdout]    |
[INFO] [stdout] 13 -     PushSymbol(String),     // Push symbol literal
[INFO] [stdout] 13 +     PushSymbol(()),     // Push symbol literal
[INFO] [stdout]    |
[INFO] [stdout] 
[INFO] [stdout] 
[INFO] [stdout] warning: field `0` is never read
[INFO] [stdout]   --> src/compiler.rs:14:14
[INFO] [stdout]    |
[INFO] [stdout] 14 |     PushChar(u8),           // Push character literal
[INFO] [stdout]    |     -------- ^^
[INFO] [stdout]    |     |
[INFO] [stdout]    |     field in this variant
[INFO] [stdout]    |
[INFO] [stdout]    = note: `Bytecode` has derived impls for the traits `Clone` and `Debug`, but these are intentionally ignored during dead code analysis
[INFO] [stdout] help: consider changing the field to be of unit type to suppress this warning while preserving the field numbering, or remove the field
[INFO] [stdout]    |
[INFO] [stdout] 14 -     PushChar(u8),           // Push character literal
[INFO] [stdout] 14 +     PushChar(()),           // Push character literal
[INFO] [stdout]    |
[INFO] [stdout] 
[INFO] [stdout] 
[INFO] [stdout] warning: field `0` is never read
[INFO] [stdout]   --> src/compiler.rs:21:13
[INFO] [stdout]    |
[INFO] [stdout] 21 |     LoadVar(String),        // Push variable value
[INFO] [stdout]    |     ------- ^^^^^^
[INFO] [stdout]    |     |
[INFO] [stdout]    |     field in this variant
[INFO] [stdout]    |
[INFO] [stdout]    = note: `Bytecode` has derived impls for the traits `Clone` and `Debug`, but these are intentionally ignored during dead code analysis
[INFO] [stdout] help: consider changing the field to be of unit type to suppress this warning while preserving the field numbering, or remove the field
[INFO] [stdout]    |
[INFO] [stdout] 21 -     LoadVar(String),        // Push variable value
[INFO] [stdout] 21 +     LoadVar(()),        // Push variable value
[INFO] [stdout]    |
[INFO] [stdout] 
[INFO] [stdout] 
[INFO] [stdout] warning: field `0` is never read
[INFO] [stdout]   --> src/compiler.rs:22:14
[INFO] [stdout]    |
[INFO] [stdout] 22 |     StoreVar(String),       // Pop and store to variable
[INFO] [stdout]    |     -------- ^^^^^^
[INFO] [stdout]    |     |
[INFO] [stdout]    |     field in this variant
[INFO] [stdout]    |
[INFO] [stdout]    = note: `Bytecode` has derived impls for the traits `Clone` and `Debug`, but these are intentionally ignored during dead code analysis
[INFO] [stdout] help: consider changing the field to be of unit type to suppress this warning while preserving the field numbering, or remove the field
[INFO] [stdout]    |
[INFO] [stdout] 22 -     StoreVar(String),       // Pop and store to variable
[INFO] [stdout] 22 +     StoreVar(()),       // Pop and store to variable
[INFO] [stdout]    |
[INFO] [stdout] 
[INFO] [stdout] 
[INFO] [stdout] warning: field `0` is never read
[INFO] [stdout]   --> src/compiler.rs:25:15
[INFO] [stdout]    |
[INFO] [stdout] 25 |     SendUnary(String),      // Send unary message (pop receiver, push result)
[INFO] [stdout]    |     --------- ^^^^^^
[INFO] [stdout]    |     |
[INFO] [stdout]    |     field in this variant
[INFO] [stdout]    |
[INFO] [stdout]    = note: `Bytecode` has derived impls for the traits `Clone` and `Debug`, but these are intentionally ignored during dead code analysis
[INFO] [stdout] help: consider changing the field to be of unit type to suppress this warning while preserving the field numbering, or remove the field
[INFO] [stdout]    |
[INFO] [stdout] 25 -     SendUnary(String),      // Send unary message (pop receiver, push result)
[INFO] [stdout] 25 +     SendUnary(()),      // Send unary message (pop receiver, push result)
[INFO] [stdout]    |
[INFO] [stdout] 
[INFO] [stdout] 
[INFO] [stdout] warning: field `0` is never read
[INFO] [stdout]   --> src/compiler.rs:26:16
[INFO] [stdout]    |
[INFO] [stdout] 26 |     SendBinary(String),     // Send binary message (pop arg, pop receiver, push result)
[INFO] [stdout]    |     ---------- ^^^^^^
[INFO] [stdout]    |     |
[INFO] [stdout]    |     field in this variant
[INFO] [stdout]    |
[INFO] [stdout]    = note: `Bytecode` has derived impls for the traits `Clone` and `Debug`, but these are intentionally ignored during dead code analysis
[INFO] [stdout] help: consider changing the field to be of unit type to suppress this warning while preserving the field numbering, or remove the field
[INFO] [stdout]    |
[INFO] [stdout] 26 -     SendBinary(String),     // Send binary message (pop arg, pop receiver, push result)
[INFO] [stdout] 26 +     SendBinary(()),     // Send binary message (pop arg, pop receiver, push result)
[INFO] [stdout]    |
[INFO] [stdout] 
[INFO] [stdout] 
[INFO] [stdout] warning: fields `0` and `1` are never read
[INFO] [stdout]   --> src/compiler.rs:27:17
[INFO] [stdout]    |
[INFO] [stdout] 27 |     SendKeyword(String, u8),// Send keyword message (name, arg count)
[INFO] [stdout]    |     ----------- ^^^^^^  ^^
[INFO] [stdout]    |     |
[INFO] [stdout]    |     fields in this variant
[INFO] [stdout]    |
[INFO] [stdout]    = note: `Bytecode` has derived impls for the traits `Clone` and `Debug`, but these are intentionally ignored during dead code analysis
[INFO] [stdout] help: consider changing the fields to be of unit type to suppress this warning while preserving the field numbering, or remove the fields
[INFO] [stdout]    |
[INFO] [stdout] 27 -     SendKeyword(String, u8),// Send keyword message (name, arg count)
[INFO] [stdout] 27 +     SendKeyword((), ()),// Send keyword message (name, arg count)
[INFO] [stdout]    |
[INFO] [stdout] 
[INFO] [stdout] 
[INFO] [stdout] warning: field `0` is never read
[INFO] [stdout]   --> src/compiler.rs:30:15
[INFO] [stdout]    |
[INFO] [stdout] 30 |     MakeBlock(u16),         // Create block, arg is bytecode offset to block end
[INFO] [stdout]    |     --------- ^^^
[INFO] [stdout]    |     |
[INFO] [stdout]    |     field in this variant
[INFO] [stdout]    |
[INFO] [stdout]    = note: `Bytecode` has derived impls for the traits `Clone` and `Debug`, but these are intentionally ignored during dead code analysis
[INFO] [stdout] help: consider changing the field to be of unit type to suppress this warning while preserving the field numbering, or remove the field
[INFO] [stdout]    |
[INFO] [stdout] 30 -     MakeBlock(u16),         // Create block, arg is bytecode offset to block end
[INFO] [stdout] 30 +     MakeBlock(()),         // Create block, arg is bytecode offset to block end
[INFO] [stdout]    |
[INFO] [stdout] 
[INFO] [stdout] 
[INFO] [stdout] warning: field `0` is never read
[INFO] [stdout]   --> src/compiler.rs:31:14
[INFO] [stdout]    |
[INFO] [stdout] 31 |     BlockArg(u8),           // Load block argument by index
[INFO] [stdout]    |     -------- ^^
[INFO] [stdout]    |     |
[INFO] [stdout]    |     field in this variant
[INFO] [stdout]    |
[INFO] [stdout]    = note: `Bytecode` has derived impls for the traits `Clone` and `Debug`, but these are intentionally ignored during dead code analysis
[INFO] [stdout] help: consider changing the field to be of unit type to suppress this warning while preserving the field numbering, or remove the field
[INFO] [stdout]    |
[INFO] [stdout] 31 -     BlockArg(u8),           // Load block argument by index
[INFO] [stdout] 31 +     BlockArg(()),           // Load block argument by index
[INFO] [stdout]    |
[INFO] [stdout] 
[INFO] [stdout] 
[INFO] [stdout] warning: variants `Jump`, `JumpIfFalse`, and `JumpIfTrue` are never constructed
[INFO] [stdout]   --> src/compiler.rs:59:5
[INFO] [stdout]    |
[INFO] [stdout]  8 | pub enum Bytecode {
[INFO] [stdout]    |          -------- variants in this enum
[INFO] [stdout] ...
[INFO] [stdout] 59 |     Jump(i16),              // Unconditional jump
[INFO] [stdout]    |     ^^^^
[INFO] [stdout] 60 |     JumpIfFalse(i16),       // Jump if top of stack is false
[INFO] [stdout]    |     ^^^^^^^^^^^
[INFO] [stdout] 61 |     JumpIfTrue(i16),        // Jump if top of stack is true
[INFO] [stdout]    |     ^^^^^^^^^^
[INFO] [stdout]    |
[INFO] [stdout]    = note: `Bytecode` has derived impls for the traits `Clone` and `Debug`, but these are intentionally ignored during dead code analysis
[INFO] [stdout] 
[INFO] [stdout] 
[INFO] [stdout] warning: methods `add_string` and `add_symbol` are never used
[INFO] [stdout]    --> src/compiler.rs:97:8
[INFO] [stdout]     |
[INFO] [stdout]  82 | impl Compiler {
[INFO] [stdout]     | ------------- methods in this implementation
[INFO] [stdout] ...
[INFO] [stdout]  97 |     fn add_string(&mut self, s: String) -> usize {
[INFO] [stdout]     |        ^^^^^^^^^^
[INFO] [stdout] ...
[INFO] [stdout] 106 |     fn add_symbol(&mut self, s: String) -> usize {
[INFO] [stdout]     |        ^^^^^^^^^^
[INFO] [stdout] 
[INFO] [stdout] 
[INFO] [stdout] warning: constant `CALL_STACK` is never used
[INFO] [stdout]   --> src/codegen.rs:20:7
[INFO] [stdout]    |
[INFO] [stdout] 20 | const CALL_STACK: u16 = 0x8200;     // Return address stack
[INFO] [stdout]    |       ^^^^^^^^^^
[INFO] [stdout] 
[INFO] [stdout] 
[INFO] [stdout] warning: constant `LOCALS` is never used
[INFO] [stdout]   --> src/codegen.rs:21:7
[INFO] [stdout]    |
[INFO] [stdout] 21 | const LOCALS: u16 = 0x8300;         // Local variables
[INFO] [stdout]    |       ^^^^^^
[INFO] [stdout] 
[INFO] [stdout] 
[INFO] [stdout] warning: constant `BLOCK_ARGS` is never used
[INFO] [stdout]   --> src/codegen.rs:22:7
[INFO] [stdout]    |
[INFO] [stdout] 22 | const BLOCK_ARGS: u16 = 0x8400;     // Block argument storage
[INFO] [stdout]    |       ^^^^^^^^^^
[INFO] [stdout] 
[INFO] [stdout] 
[INFO] [stdout] warning: constant `TAG_SYMBOL` is never used
[INFO] [stdout]   --> src/codegen.rs:36:7
[INFO] [stdout]    |
[INFO] [stdout] 36 | const TAG_SYMBOL: u8 = 0x03;        // Symbol (tag + len + bytes)
[INFO] [stdout]    |       ^^^^^^^^^^
[INFO] [stdout] 
[INFO] [stdout] 
[INFO] [stdout] warning: constant `TAG_TRUE` is never used
[INFO] [stdout]   --> src/codegen.rs:37:7
[INFO] [stdout]    |
[INFO] [stdout] 37 | const TAG_TRUE: u8 = 0x04;          // true singleton
[INFO] [stdout]    |       ^^^^^^^^
[INFO] [stdout] 
[INFO] [stdout] 
[INFO] [stdout] warning: constant `TAG_FALSE` is never used
[INFO] [stdout]   --> src/codegen.rs:38:7
[INFO] [stdout]    |
[INFO] [stdout] 38 | const TAG_FALSE: u8 = 0x05;         // false singleton
[INFO] [stdout]    |       ^^^^^^^^^
[INFO] [stdout] 
[INFO] [stdout] 
[INFO] [stdout] warning: constant `TAG_NIL` is never used
[INFO] [stdout]   --> src/codegen.rs:39:7
[INFO] [stdout]    |
[INFO] [stdout] 39 | const TAG_NIL: u8 = 0x06;           // nil singleton
[INFO] [stdout]    |       ^^^^^^^
[INFO] [stdout] 
[INFO] [stdout] 
[INFO] [stdout] warning: constant `TAG_BLOCK` is never used
[INFO] [stdout]   --> src/codegen.rs:40:7
[INFO] [stdout]    |
[INFO] [stdout] 40 | const TAG_BLOCK: u8 = 0x07;         // Block (tag + bytecode offset)
[INFO] [stdout]    |       ^^^^^^^^^
[INFO] [stdout] 
[INFO] [stdout] 
[INFO] [stdout] warning: constant `TAG_CHAR` is never used
[INFO] [stdout]   --> src/codegen.rs:41:7
[INFO] [stdout]    |
[INFO] [stdout] 41 | const TAG_CHAR: u8 = 0x08;          // Character (tag + byte)
[INFO] [stdout]    |       ^^^^^^^^
[INFO] [stdout] 
[INFO] [stdout] 
[INFO] [stderr]     Finished `release` profile [optimized] target(s) in 1.30s
[INFO] running `Command { std: "docker" "inspect" "b29bdd58b152def81c4304846578e2e85f9cb36169cd71099aa74c16834a8728", kill_on_drop: false }`
[INFO] running `Command { std: "docker" "exec" "-e" "SOURCE_DIR=/opt/rustwide/workdir" "-e" "CARGO_HOME=/opt/rustwide/cargo-home" "-e" "RUSTUP_HOME=/opt/rustwide/rustup-home" "-e" "CARGO_TARGET_DIR=/opt/rustwide/target" "-e" "CARGO_INCREMENTAL=0" "-e" "RUST_BACKTRACE=full" "-e" "RUSTFLAGS=--cap-lints=warn" "-e" "RUSTDOCFLAGS=--cap-lints=warn" "-w" "/opt/rustwide/workdir" "--user" "0:0" "b29bdd58b152def81c4304846578e2e85f9cb36169cd71099aa74c16834a8728" "/opt/rustwide/cargo-home/bin/cargo" "+1.100.0-beta.1" "test" "--frozen" "--release", kill_on_drop: false }`
[INFO] [stderr] warning: field `0` is never read
[INFO] [stderr]   --> src/compiler.rs:13:16
[INFO] [stderr]    |
[INFO] [stderr] 13 |     PushSymbol(String),     // Push symbol literal
[INFO] [stderr]    |     ---------- ^^^^^^
[INFO] [stderr]    |     |
[INFO] [stderr]    |     field in this variant
[INFO] [stderr]    |
[INFO] [stderr]    = note: `Bytecode` has derived impls for the traits `Clone` and `Debug`, but these are intentionally ignored during dead code analysis
[INFO] [stderr]    = note: `#[warn(dead_code)]` (part of `#[warn(unused)]`) on by default
[INFO] [stderr] help: consider changing the field to be of unit type to suppress this warning while preserving the field numbering, or remove the field
[INFO] [stderr]    |
[INFO] [stderr] 13 -     PushSymbol(String),     // Push symbol literal
[INFO] [stderr] 13 +     PushSymbol(()),     // Push symbol literal
[INFO] [stderr]    |
[INFO] [stderr] 
[INFO] [stderr] warning: field `0` is never read
[INFO] [stderr]   --> src/compiler.rs:14:14
[INFO] [stderr]    |
[INFO] [stderr] 14 |     PushChar(u8),           // Push character literal
[INFO] [stderr]    |     -------- ^^
[INFO] [stderr]    |     |
[INFO] [stderr]    |     field in this variant
[INFO] [stderr]    |
[INFO] [stderr]    = note: `Bytecode` has derived impls for the traits `Clone` and `Debug`, but these are intentionally ignored during dead code analysis
[INFO] [stderr] help: consider changing the field to be of unit type to suppress this warning while preserving the field numbering, or remove the field
[INFO] [stderr]    |
[INFO] [stderr] 14 -     PushChar(u8),           // Push character literal
[INFO] [stderr] 14 +     PushChar(()),           // Push character literal
[INFO] [stderr]    |
[INFO] [stderr] 
[INFO] [stderr] warning: field `0` is never read
[INFO] [stderr]   --> src/compiler.rs:21:13
[INFO] [stderr]    |
[INFO] [stderr] 21 |     LoadVar(String),        // Push variable value
[INFO] [stderr]    |     ------- ^^^^^^
[INFO] [stderr]    |     |
[INFO] [stderr]    |     field in this variant
[INFO] [stderr]    |
[INFO] [stderr]    = note: `Bytecode` has derived impls for the traits `Clone` and `Debug`, but these are intentionally ignored during dead code analysis
[INFO] [stderr] help: consider changing the field to be of unit type to suppress this warning while preserving the field numbering, or remove the field
[INFO] [stderr]    |
[INFO] [stderr] 21 -     LoadVar(String),        // Push variable value
[INFO] [stderr] 21 +     LoadVar(()),        // Push variable value
[INFO] [stderr]    |
[INFO] [stderr] 
[INFO] [stderr] warning: field `0` is never read
[INFO] [stderr]   --> src/compiler.rs:22:14
[INFO] [stderr]    |
[INFO] [stderr] 22 |     StoreVar(String),       // Pop and store to variable
[INFO] [stderr]    |     -------- ^^^^^^
[INFO] [stderr]    |     |
[INFO] [stderr]    |     field in this variant
[INFO] [stderr]    |
[INFO] [stderr]    = note: `Bytecode` has derived impls for the traits `Clone` and `Debug`, but these are intentionally ignored during dead code analysis
[INFO] [stderr] help: consider changing the field to be of unit type to suppress this warning while preserving the field numbering, or remove the field
[INFO] [stderr]    |
[INFO] [stderr] 22 -     StoreVar(String),       // Pop and store to variable
[INFO] [stderr] 22 +     StoreVar(()),       // Pop and store to variable
[INFO] [stderr]    |
[INFO] [stderr] 
[INFO] [stderr] warning: field `0` is never read
[INFO] [stderr]   --> src/compiler.rs:25:15
[INFO] [stderr]    |
[INFO] [stderr] 25 |     SendUnary(String),      // Send unary message (pop receiver, push result)
[INFO] [stderr]    |     --------- ^^^^^^
[INFO] [stderr]    |     |
[INFO] [stderr]    |     field in this variant
[INFO] [stderr]    |
[INFO] [stderr]    = note: `Bytecode` has derived impls for the traits `Clone` and `Debug`, but these are intentionally ignored during dead code analysis
[INFO] [stderr] help: consider changing the field to be of unit type to suppress this warning while preserving the field numbering, or remove the field
[INFO] [stderr]    |
[INFO] [stderr] 25 -     SendUnary(String),      // Send unary message (pop receiver, push result)
[INFO] [stderr] 25 +     SendUnary(()),      // Send unary message (pop receiver, push result)
[INFO] [stderr]    |
[INFO] [stderr] 
[INFO] [stderr] warning: field `0` is never read
[INFO] [stderr]   --> src/compiler.rs:26:16
[INFO] [stderr]    |
[INFO] [stderr] 26 |     SendBinary(String),     // Send binary message (pop arg, pop receiver, push result)
[INFO] [stderr]    |     ---------- ^^^^^^
[INFO] [stderr]    |     |
[INFO] [stderr]    |     field in this variant
[INFO] [stderr]    |
[INFO] [stderr]    = note: `Bytecode` has derived impls for the traits `Clone` and `Debug`, but these are intentionally ignored during dead code analysis
[INFO] [stderr] help: consider changing the field to be of unit type to suppress this warning while preserving the field numbering, or remove the field
[INFO] [stderr]    |
[INFO] [stderr] 26 -     SendBinary(String),     // Send binary message (pop arg, pop receiver, push result)
[INFO] [stderr] 26 +     SendBinary(()),     // Send binary message (pop arg, pop receiver, push result)
[INFO] [stderr]    |
[INFO] [stderr] 
[INFO] [stderr] warning: fields `0` and `1` are never read
[INFO] [stderr]   --> src/compiler.rs:27:17
[INFO] [stderr]    |
[INFO] [stderr] 27 |     SendKeyword(String, u8),// Send keyword message (name, arg count)
[INFO] [stderr]    |     ----------- ^^^^^^  ^^
[INFO] [stderr]    |     |
[INFO] [stderr]    |     fields in this variant
[INFO] [stderr]    |
[INFO] [stderr]    = note: `Bytecode` has derived impls for the traits `Clone` and `Debug`, but these are intentionally ignored during dead code analysis
[INFO] [stderr] help: consider changing the fields to be of unit type to suppress this warning while preserving the field numbering, or remove the fields
[INFO] [stderr]    |
[INFO] [stderr] 27 -     SendKeyword(String, u8),// Send keyword message (name, arg count)
[INFO] [stderr] 27 +     SendKeyword((), ()),// Send keyword message (name, arg count)
[INFO] [stderr]    |
[INFO] [stderr] 
[INFO] [stderr] warning: field `0` is never read
[INFO] [stderr]   --> src/compiler.rs:30:15
[INFO] [stderr]    |
[INFO] [stderr] 30 |     MakeBlock(u16),         // Create block, arg is bytecode offset to block end
[INFO] [stderr]    |     --------- ^^^
[INFO] [stderr]    |     |
[INFO] [stderr]    |     field in this variant
[INFO] [stderr]    |
[INFO] [stderr]    = note: `Bytecode` has derived impls for the traits `Clone` and `Debug`, but these are intentionally ignored during dead code analysis
[INFO] [stderr] help: consider changing the field to be of unit type to suppress this warning while preserving the field numbering, or remove the field
[INFO] [stderr]    |
[INFO] [stderr] 30 -     MakeBlock(u16),         // Create block, arg is bytecode offset to block end
[INFO] [stderr] 30 +     MakeBlock(()),         // Create block, arg is bytecode offset to block end
[INFO] [stderr]    |
[INFO] [stderr] 
[INFO] [stderr] warning: field `0` is never read
[INFO] [stderr]   --> src/compiler.rs:31:14
[INFO] [stderr]    |
[INFO] [stderr] 31 |     BlockArg(u8),           // Load block argument by index
[INFO] [stderr]    |     -------- ^^
[INFO] [stderr]    |     |
[INFO] [stderr]    |     field in this variant
[INFO] [stderr]    |
[INFO] [stderr]    = note: `Bytecode` has derived impls for the traits `Clone` and `Debug`, but these are intentionally ignored during dead code analysis
[INFO] [stderr] help: consider changing the field to be of unit type to suppress this warning while preserving the field numbering, or remove the field
[INFO] [stderr]    |
[INFO] [stderr] 31 -     BlockArg(u8),           // Load block argument by index
[INFO] [stderr] 31 +     BlockArg(()),           // Load block argument by index
[INFO] [stderr]    |
[INFO] [stderr] 
[INFO] [stderr] warning: variants `Jump`, `JumpIfFalse`, and `JumpIfTrue` are never constructed
[INFO] [stderr]   --> src/compiler.rs:59:5
[INFO] [stderr]    |
[INFO] [stderr]  8 | pub enum Bytecode {
[INFO] [stderr]    |          -------- variants in this enum
[INFO] [stderr] ...
[INFO] [stderr] 59 |     Jump(i16),              // Unconditional jump
[INFO] [stderr]    |     ^^^^
[INFO] [stderr] 60 |     JumpIfFalse(i16),       // Jump if top of stack is false
[INFO] [stderr]    |     ^^^^^^^^^^^
[INFO] [stderr] 61 |     JumpIfTrue(i16),        // Jump if top of stack is true
[INFO] [stderr]    |     ^^^^^^^^^^
[INFO] [stderr]    |
[INFO] [stderr]    = note: `Bytecode` has derived impls for the traits `Clone` and `Debug`, but these are intentionally ignored during dead code analysis
[INFO] [stderr] 
[INFO] [stderr] warning: methods `add_string` and `add_symbol` are never used
[INFO] [stderr]    --> src/compiler.rs:97:8
[INFO] [stderr]     |
[INFO] [stderr]  82 | impl Compiler {
[INFO] [stderr]     | ------------- methods in this implementation
[INFO] [stderr] ...
[INFO] [stderr]  97 |     fn add_string(&mut self, s: String) -> usize {
[INFO] [stderr]     |        ^^^^^^^^^^
[INFO] [stderr] ...
[INFO] [stderr] 106 |     fn add_symbol(&mut self, s: String) -> usize {
[INFO] [stderr]     |        ^^^^^^^^^^
[INFO] [stderr] 
[INFO] [stderr] warning: constant `CALL_STACK` is never used
[INFO] [stderr]   --> src/codegen.rs:20:7
[INFO] [stderr]    |
[INFO] [stderr] 20 | const CALL_STACK: u16 = 0x8200;     // Return address stack
[INFO] [stderr]    |       ^^^^^^^^^^
[INFO] [stderr] 
[INFO] [stderr] warning: constant `LOCALS` is never used
[INFO] [stderr]   --> src/codegen.rs:21:7
[INFO] [stderr]    |
[INFO] [stderr] 21 | const LOCALS: u16 = 0x8300;         // Local variables
[INFO] [stderr]    |       ^^^^^^
[INFO] [stderr] 
[INFO] [stderr] warning: constant `BLOCK_ARGS` is never used
[INFO] [stderr]   --> src/codegen.rs:22:7
[INFO] [stderr]    |
[INFO] [stderr] 22 | const BLOCK_ARGS: u16 = 0x8400;     // Block argument storage
[INFO] [stderr]    |       ^^^^^^^^^^
[INFO] [stderr] 
[INFO] [stderr] warning: constant `TAG_SYMBOL` is never used
[INFO] [stderr]   --> src/codegen.rs:36:7
[INFO] [stderr]    |
[INFO] [stderr] 36 | const TAG_SYMBOL: u8 = 0x03;        // Symbol (tag + len + bytes)
[INFO] [stderr]    |       ^^^^^^^^^^
[INFO] [stderr] 
[INFO] [stderr] warning: constant `TAG_TRUE` is never used
[INFO] [stderr]   --> src/codegen.rs:37:7
[INFO] [stderr]    |
[INFO] [stderr] 37 | const TAG_TRUE: u8 = 0x04;          // true singleton
[INFO] [stderr]    |       ^^^^^^^^
[INFO] [stderr] 
[INFO] [stderr] warning: constant `TAG_FALSE` is never used
[INFO] [stderr]   --> src/codegen.rs:38:7
[INFO] [stderr]    |
[INFO] [stderr] 38 | const TAG_FALSE: u8 = 0x05;         // false singleton
[INFO] [stderr]    |       ^^^^^^^^^
[INFO] [stderr] 
[INFO] [stderr] warning: constant `TAG_NIL` is never used
[INFO] [stderr]   --> src/codegen.rs:39:7
[INFO] [stderr]    |
[INFO] [stderr] 39 | const TAG_NIL: u8 = 0x06;           // nil singleton
[INFO] [stderr]    |       ^^^^^^^
[INFO] [stderr] 
[INFO] [stderr] warning: constant `TAG_BLOCK` is never used
[INFO] [stderr]   --> src/codegen.rs:40:7
[INFO] [stderr]    |
[INFO] [stderr] 40 | const TAG_BLOCK: u8 = 0x07;         // Block (tag + bytecode offset)
[INFO] [stderr]    |       ^^^^^^^^^
[INFO] [stderr] 
[INFO] [stderr] warning: constant `TAG_CHAR` is never used
[INFO] [stderr]   --> src/codegen.rs:41:7
[INFO] [stderr]    |
[INFO] [stderr] 41 | const TAG_CHAR: u8 = 0x08;          // Character (tag + byte)
[INFO] [stderr]    |       ^^^^^^^^
[INFO] [stderr] 
[INFO] [stderr] warning: `kz80_smalltalk` (bin "kz80_smalltalk" test) generated 20 warnings
[INFO] [stderr] warning: `kz80_smalltalk` (bin "kz80_smalltalk") generated 20 warnings (20 duplicates)
[INFO] [stderr]     Finished `release` profile [optimized] target(s) in 0.02s
[INFO] [stderr]      Running unittests src/main.rs (/opt/rustwide/target/release/build/kz80_smalltalk/b33ccb80b2b5fa84/out/kz80_smalltalk-b33ccb80b2b5fa84)
[INFO] [stdout] 
[INFO] [stdout] running 10 tests
[INFO] [stdout] test lexer::tests::test_integer ... ok
[INFO] [stdout] test parser::tests::test_binary ... ok
[INFO] [stdout] test lexer::tests::test_binary_message ... ok
[INFO] [stdout] test compiler::tests::test_compile_addition ... ok
[INFO] [stdout] test lexer::tests::test_keyword_message ... ok
[INFO] [stdout] test parser::tests::test_unary_chain ... ok
[INFO] [stdout] test lexer::tests::test_string ... ok
[INFO] [stdout] test parser::tests::test_block ... ok
[INFO] [stdout] test compiler::tests::test_compile_integer ... ok
[INFO] [stdout] test parser::tests::test_integer ... ok
[INFO] [stdout] 
[INFO] [stdout] test result: ok. 10 passed; 0 failed; 0 ignored; 0 measured; 0 filtered out; finished in 0.00s
[INFO] [stdout] 
[INFO] [stderr]      Running tests/integration_tests.rs (/opt/rustwide/target/release/build/kz80_smalltalk/f3a3a26ca9afa3d2/out/integration_tests-f3a3a26ca9afa3d2)
[INFO] [stdout] 
[INFO] [stdout] running 38 tests
[INFO] [stdout] test test_add_simple ... FAILED
[INFO] [stdout] test test_eq_large_false ... FAILED
[INFO] [stdout] test test_add_large ... FAILED
[INFO] [stdout] test test_chained_add ... FAILED
[INFO] [stdout] test test_eq_true ... FAILED
[INFO] [stdout] test test_gt_equal ... FAILED
[INFO] [stdout] test test_gt_true ... FAILED
[INFO] [stdout] test test_integer_max ... FAILED
[INFO] [stdout] test test_integer_three_digits ... FAILED
[INFO] [stdout] test test_integer_single_digit ... FAILED
[INFO] [stdout] test test_gt_large ... FAILED
[INFO] [stdout] test test_lt_true ... FAILED
[INFO] [stdout] test test_integer_two_digits ... FAILED
[INFO] [stdout] test test_integer_zero ... FAILED
[INFO] [stdout] test test_lt_false ... FAILED
[INFO] [stdout] test test_lt_equal ... FAILED
[INFO] [stdout] test test_mul_by_one ... FAILED
[INFO] [stdout] test test_mul_max_multiplier ... FAILED
[INFO] [stdout] test test_mul_by_zero ... FAILED
[INFO] [stdout] test test_lt_large ... FAILED
[INFO] [stdout] test test_mul_larger ... FAILED
[INFO] [stdout] test test_mixed_ops ... FAILED
[INFO] [stdout] test test_chained_sub ... FAILED
[INFO] [stdout] test test_integer_five_digits ... FAILED
[INFO] [stdout] test test_eq_large_true ... FAILED
[INFO] [stdout] test test_sub_with_borrow ... FAILED
[INFO] [stdout] test test_eq_false ... FAILED
[INFO] [stdout] test test_string_hello ... FAILED
[INFO] [stdout] test test_sub_large ... FAILED
[INFO] [stdout] test test_sub_simple ... FAILED
[INFO] [stdout] test test_add_with_carry ... FAILED
[INFO] [stdout] test test_gt_false ... FAILED
[INFO] [stdout] test test_add_multi_carry ... FAILED
[INFO] [stdout] test test_mul_simple ... FAILED
[INFO] [stdout] test test_string_with_spaces ... FAILED
[INFO] [stdout] test test_sub_to_zero ... FAILED
[INFO] [stdout] test test_sub_multi_borrow ... FAILED
[INFO] [stdout] test test_add_zeros ... FAILED
[INFO] [stdout] 
[INFO] [stdout] failures:
[INFO] [stdout] 
[INFO] [stdout] ---- test_add_simple stdout ----
[INFO] [stdout] 
[INFO] [stdout] thread 'test_add_simple' (217) panicked at tests/integration_tests.rs:35:10:
[INFO] [stdout] Failed to run emulator: Os { code: 2, kind: NotFound, message: "No such file or directory" }
[INFO] [stdout] stack backtrace:
[INFO] [stdout]    0:     0x5823f440ac01 - <<std[617be2ca0a6fd877]::sys::backtrace::BacktraceLock>::print::DisplayBacktrace as core[a373ad73a504971]::fmt::Display>::fmt
[INFO] [stdout]    1:     0x5823f441eb5a - core[a373ad73a504971]::fmt::write
[INFO] [stdout]    2:     0x5823f440ee1c - <alloc[2e1b2a31b91974c5]::vec::Vec<u8> as core[a373ad73a504971]::io::write::Write>::write_fmt
[INFO] [stdout]    3:     0x5823f43e6c66 - std[617be2ca0a6fd877]::panicking::default_hook::{closure#0}
[INFO] [stdout]    4:     0x5823f4402f99 - std[617be2ca0a6fd877]::panicking::default_hook
[INFO] [stdout]    5:     0x5823f439f490 - test[aada8e7e76ba119b]::test_main_inner::{closure#0}
[INFO] [stdout]    6:     0x5823f4403152 - std[617be2ca0a6fd877]::panicking::panic_with_hook
[INFO] [stdout]    7:     0x5823f43e6d12 - std[617be2ca0a6fd877]::panicking::panic_handler::{closure#0}
[INFO] [stdout]    8:     0x5823f43df979 - std[617be2ca0a6fd877]::sys::backtrace::__rust_end_short_backtrace::<std[617be2ca0a6fd877]::panicking::panic_handler::{closure#0}, !>
[INFO] [stdout]    9:     0x5823f43e791d - __rustc[ea4f61d10b84890b]::rust_begin_unwind
[INFO] [stdout]   10:     0x5823f441f28c - core[a373ad73a504971]::panicking::panic_fmt
[INFO] [stdout]   11:     0x5823f441f062 - core[a373ad73a504971]::result::unwrap_failed
[INFO] [stdout]   12:     0x5823f43900fe - integration_tests[e52525341cafed17]::compile_and_run
[INFO] [stdout]   13:     0x5823f4390e4e - <integration_tests[e52525341cafed17]::test_add_simple::{closure#0} as core[a373ad73a504971]::ops::function::FnOnce<()>>::call_once
[INFO] [stdout]   14:     0x5823f43928db - test[aada8e7e76ba119b]::__rust_begin_short_backtrace::<core[a373ad73a504971]::result::Result<(), alloc[2e1b2a31b91974c5]::string::String>, fn() -> core[a373ad73a504971]::result::Result<(), alloc[2e1b2a31b91974c5]::string::String>>
[INFO] [stdout]   15:     0x5823f439fab5 - test[aada8e7e76ba119b]::run_test::{closure#0}
[INFO] [stdout]   16:     0x5823f43993a4 - std[617be2ca0a6fd877]::sys::backtrace::__rust_begin_short_backtrace::<test[aada8e7e76ba119b]::run_test::{closure#1}, ()>
[INFO] [stdout]   17:     0x5823f43a2b42 - <std[617be2ca0a6fd877]::thread::lifecycle::spawn_unchecked<test[aada8e7e76ba119b]::run_test::{closure#1}, ()>::{closure#1} as core[a373ad73a504971]::ops::function::FnOnce<()>>::call_once::{shim:vtable#0}
[INFO] [stdout]   18:     0x5823f440a27f - <std[617be2ca0a6fd877]::sys::thread::unix::Thread>::new::thread_start
[INFO] [stdout]   19:     0x768f42a5ddfa - <unknown>
[INFO] [stdout]   20:     0x768f42af13d4 - clone
[INFO] [stdout]   21:                0x0 - <unknown>
[INFO] [stdout] 
[INFO] [stdout] ---- test_eq_large_false stdout ----
[INFO] [stdout] 
[INFO] [stdout] thread 'test_eq_large_false' (223) panicked at tests/integration_tests.rs:35:10:
[INFO] [stdout] Failed to run emulator: Os { code: 2, kind: NotFound, message: "No such file or directory" }
[INFO] [stdout] stack backtrace:
[INFO] [stdout]    0:     0x5823f440ac01 - <<std[617be2ca0a6fd877]::sys::backtrace::BacktraceLock>::print::DisplayBacktrace as core[a373ad73a504971]::fmt::Display>::fmt
[INFO] [stdout]    1:     0x5823f441eb5a - core[a373ad73a504971]::fmt::write
[INFO] [stdout]    2:     0x5823f440ee1c - <alloc[2e1b2a31b91974c5]::vec::Vec<u8> as core[a373ad73a504971]::io::write::Write>::write_fmt
[INFO] [stdout]    3:     0x5823f43e6c66 - std[617be2ca0a6fd877]::panicking::default_hook::{closure#0}
[INFO] [stdout]    4:     0x5823f4402f99 - std[617be2ca0a6fd877]::panicking::default_hook
[INFO] [stdout]    5:     0x5823f439f490 - test[aada8e7e76ba119b]::test_main_inner::{closure#0}
[INFO] [stdout]    6:     0x5823f4403152 - std[617be2ca0a6fd877]::panicking::panic_with_hook
[INFO] [stdout]    7:     0x5823f43e6d12 - std[617be2ca0a6fd877]::panicking::panic_handler::{closure#0}
[INFO] [stdout]    8:     0x5823f43df979 - std[617be2ca0a6fd877]::sys::backtrace::__rust_end_short_backtrace::<std[617be2ca0a6fd877]::panicking::panic_handler::{closure#0}, !>
[INFO] [stdout]    9:     0x5823f43e791d - __rustc[ea4f61d10b84890b]::rust_begin_unwind
[INFO] [stdout]   10:     0x5823f441f28c - core[a373ad73a504971]::panicking::panic_fmt
[INFO] [stdout]   11:     0x5823f441f062 - core[a373ad73a504971]::result::unwrap_failed
[INFO] [stdout]   12:     0x5823f43900fe - integration_tests[e52525341cafed17]::compile_and_run
[INFO] [stdout]   13:     0x5823f439174e - <integration_tests[e52525341cafed17]::test_eq_large_false::{closure#0} as core[a373ad73a504971]::ops::function::FnOnce<()>>::call_once
[INFO] [stdout]   14:     0x5823f43928db - test[aada8e7e76ba119b]::__rust_begin_short_backtrace::<core[a373ad73a504971]::result::Result<(), alloc[2e1b2a31b91974c5]::string::String>, fn() -> core[a373ad73a504971]::result::Result<(), alloc[2e1b2a31b91974c5]::string::String>>
[INFO] [stdout]   15:     0x5823f439fab5 - test[aada8e7e76ba119b]::run_test::{closure#0}
[INFO] [stdout]   16:     0x5823f43993a4 - std[617be2ca0a6fd877]::sys::backtrace::__rust_begin_short_backtrace::<test[aada8e7e76ba119b]::run_test::{closure#1}, ()>
[INFO] [stdout]   17:     0x5823f43a2b42 - <std[617be2ca0a6fd877]::thread::lifecycle::spawn_unchecked<test[aada8e7e76ba119b]::run_test::{closure#1}, ()>::{closure#1} as core[a373ad73a504971]::ops::function::FnOnce<()>>::call_once::{shim:vtable#0}
[INFO] [stdout]   18:     0x5823f440a27f - <std[617be2ca0a6fd877]::sys::thread::unix::Thread>::new::thread_start
[INFO] [stdout]   19:     0x768f42a5ddfa - <unknown>
[INFO] [stdout]   20:     0x768f42af13d4 - clone
[INFO] [stdout]   21:                0x0 - <unknown>
[INFO] [stdout] 
[INFO] [stdout] ---- test_add_large stdout ----
[INFO] [stdout] 
[INFO] [stdout] thread 'test_add_large' (215) panicked at tests/integration_tests.rs:35:10:
[INFO] [stdout] Failed to run emulator: Os { code: 2, kind: NotFound, message: "No such file or directory" }
[INFO] [stdout] stack backtrace:
[INFO] [stdout]    0:     0x5823f440ac01 - <<std[617be2ca0a6fd877]::sys::backtrace::BacktraceLock>::print::DisplayBacktrace as core[a373ad73a504971]::fmt::Display>::fmt
[INFO] [stdout]    1:     0x5823f441eb5a - core[a373ad73a504971]::fmt::write
[INFO] [stdout]    2:     0x5823f440ee1c - <alloc[2e1b2a31b91974c5]::vec::Vec<u8> as core[a373ad73a504971]::io::write::Write>::write_fmt
[INFO] [stdout]    3:     0x5823f43e6c66 - std[617be2ca0a6fd877]::panicking::default_hook::{closure#0}
[INFO] [stdout]    4:     0x5823f4402f99 - std[617be2ca0a6fd877]::panicking::default_hook
[INFO] [stdout]    5:     0x5823f439f490 - test[aada8e7e76ba119b]::test_main_inner::{closure#0}
[INFO] [stdout]    6:     0x5823f4403152 - std[617be2ca0a6fd877]::panicking::panic_with_hook
[INFO] [stdout]    7:     0x5823f43e6d12 - std[617be2ca0a6fd877]::panicking::panic_handler::{closure#0}
[INFO] [stdout]    8:     0x5823f43df979 - std[617be2ca0a6fd877]::sys::backtrace::__rust_end_short_backtrace::<std[617be2ca0a6fd877]::panicking::panic_handler::{closure#0}, !>
[INFO] [stdout]    9:     0x5823f43e791d - __rustc[ea4f61d10b84890b]::rust_begin_unwind
[INFO] [stdout]   10:     0x5823f441f28c - core[a373ad73a504971]::panicking::panic_fmt
[INFO] [stdout]   11:     0x5823f441f062 - core[a373ad73a504971]::result::unwrap_failed
[INFO] [stdout]   12:     0x5823f43900fe - integration_tests[e52525341cafed17]::compile_and_run
[INFO] [stdout]   13:     0x5823f4390bae - <integration_tests[e52525341cafed17]::test_add_large::{closure#0} as core[a373ad73a504971]::ops::function::FnOnce<()>>::call_once
[INFO] [stdout]   14:     0x5823f43928db - test[aada8e7e76ba119b]::__rust_begin_short_backtrace::<core[a373ad73a504971]::result::Result<(), alloc[2e1b2a31b91974c5]::string::String>, fn() -> core[a373ad73a504971]::result::Result<(), alloc[2e1b2a31b91974c5]::string::String>>
[INFO] [stdout]   15:     0x5823f439fab5 - test[aada8e7e76ba119b]::run_test::{closure#0}
[INFO] [stdout]   16:     0x5823f43993a4 - std[617be2ca0a6fd877]::sys::backtrace::__rust_begin_short_backtrace::<test[aada8e7e76ba119b]::run_test::{closure#1}, ()>
[INFO] [stdout]   17:     0x5823f43a2b42 - <std[617be2ca0a6fd877]::thread::lifecycle::spawn_unchecked<test[aada8e7e76ba119b]::run_test::{closure#1}, ()>::{closure#1} as core[a373ad73a504971]::ops::function::FnOnce<()>>::call_once::{shim:vtable#0}
[INFO] [stdout]   18:     0x5823f440a27f - <std[617be2ca0a6fd877]::sys::thread::unix::Thread>::new::thread_start
[INFO] [stdout]   19:     0x768f42a5ddfa - <unknown>
[INFO] [stdout]   20:     0x768f42af13d4 - clone
[INFO] [stdout]   21:                0x0 - <unknown>
[INFO] [stdout] 
[INFO] [stdout] ---- test_chained_add stdout ----
[INFO] [stdout] 
[INFO] [stdout] thread 'test_chained_add' (220) panicked at tests/integration_tests.rs:35:10:
[INFO] [stdout] Failed to run emulator: Os { code: 2, kind: NotFound, message: "No such file or directory" }
[INFO] [stdout] stack backtrace:
[INFO] [stdout]    0:     0x5823f440ac01 - <<std[617be2ca0a6fd877]::sys::backtrace::BacktraceLock>::print::DisplayBacktrace as core[a373ad73a504971]::fmt::Display>::fmt
[INFO] [stdout]    1:     0x5823f441eb5a - core[a373ad73a504971]::fmt::write
[INFO] [stdout]    2:     0x5823f440ee1c - <alloc[2e1b2a31b91974c5]::vec::Vec<u8> as core[a373ad73a504971]::io::write::Write>::write_fmt
[INFO] [stdout]    3:     0x5823f43e6c66 - std[617be2ca0a6fd877]::panicking::default_hook::{closure#0}
[INFO] [stdout]    4:     0x5823f4402f99 - std[617be2ca0a6fd877]::panicking::default_hook
[INFO] [stdout]    5:     0x5823f439f490 - test[aada8e7e76ba119b]::test_main_inner::{closure#0}
[INFO] [stdout]    6:     0x5823f4403152 - std[617be2ca0a6fd877]::panicking::panic_with_hook
[INFO] [stdout]    7:     0x5823f43e6d12 - std[617be2ca0a6fd877]::panicking::panic_handler::{closure#0}
[INFO] [stdout]    8:     0x5823f43df979 - std[617be2ca0a6fd877]::sys::backtrace::__rust_end_short_backtrace::<std[617be2ca0a6fd877]::panicking::panic_handler::{closure#0}, !>
[INFO] [stdout]    9:     0x5823f43e791d - __rustc[ea4f61d10b84890b]::rust_begin_unwind
[INFO] [stdout]   10:     0x5823f441f28c - core[a373ad73a504971]::panicking::panic_fmt
[INFO] [stdout]   11:     0x5823f441f062 - core[a373ad73a504971]::result::unwrap_failed
[INFO] [stdout]   12:     0x5823f43900fe - integration_tests[e52525341cafed17]::compile_and_run
[INFO] [stdout]   13:     0x5823f439117e - <integration_tests[e52525341cafed17]::test_chained_add::{closure#0} as core[a373ad73a504971]::ops::function::FnOnce<()>>::call_once
[INFO] [stdout]   14:     0x5823f43928db - test[aada8e7e76ba119b]::__rust_begin_short_backtrace::<core[a373ad73a504971]::result::Result<(), alloc[2e1b2a31b91974c5]::string::String>, fn() -> core[a373ad73a504971]::result::Result<(), alloc[2e1b2a31b91974c5]::string::String>>
[INFO] [stdout]   15:     0x5823f439fab5 - test[aada8e7e76ba119b]::run_test::{closure#0}
[INFO] [stdout]   16:     0x5823f43993a4 - std[617be2ca0a6fd877]::sys::backtrace::__rust_begin_short_backtrace::<test[aada8e7e76ba119b]::run_test::{closure#1}, ()>
[INFO] [stdout]   17:     0x5823f43a2b42 - <std[617be2ca0a6fd877]::thread::lifecycle::spawn_unchecked<test[aada8e7e76ba119b]::run_test::{closure#1}, ()>::{closure#1} as core[a373ad73a504971]::ops::function::FnOnce<()>>::call_once::{shim:vtable#0}
[INFO] [stdout]   18:     0x5823f440a27f - <std[617be2ca0a6fd877]::sys::thread::unix::Thread>::new::thread_start
[INFO] [stdout]   19:     0x768f42a5ddfa - <unknown>
[INFO] [stdout]   20:     0x768f42af13d4 - clone
[INFO] [stdout]   21:                0x0 - <unknown>
[INFO] [stdout] 
[INFO] [stdout] ---- test_eq_true stdout ----
[INFO] [stdout] 
[INFO] [stdout] thread 'test_eq_true' (225) panicked at tests/integration_tests.rs:35:10:
[INFO] [stdout] Failed to run emulator: Os { code: 2, kind: NotFound, message: "No such file or directory" }
[INFO] [stdout] stack backtrace:
[INFO] [stdout]    0:     0x5823f440ac01 - <<std[617be2ca0a6fd877]::sys::backtrace::BacktraceLock>::print::DisplayBacktrace as core[a373ad73a504971]::fmt::Display>::fmt
[INFO] [stdout]    1:     0x5823f441eb5a - core[a373ad73a504971]::fmt::write
[INFO] [stdout]    2:     0x5823f440ee1c - <alloc[2e1b2a31b91974c5]::vec::Vec<u8> as core[a373ad73a504971]::io::write::Write>::write_fmt
[INFO] [stdout]    3:     0x5823f43e6c66 - std[617be2ca0a6fd877]::panicking::default_hook::{closure#0}
[INFO] [stdout]    4:     0x5823f4402f99 - std[617be2ca0a6fd877]::panicking::default_hook
[INFO] [stdout]    5:     0x5823f439f490 - test[aada8e7e76ba119b]::test_main_inner::{closure#0}
[INFO] [stdout]    6:     0x5823f4403152 - std[617be2ca0a6fd877]::panicking::panic_with_hook
[INFO] [stdout]    7:     0x5823f43e6d12 - std[617be2ca0a6fd877]::panicking::panic_handler::{closure#0}
[INFO] [stdout]    8:     0x5823f43df979 - std[617be2ca0a6fd877]::sys::backtrace::__rust_end_short_backtrace::<std[617be2ca0a6fd877]::panicking::panic_handler::{closure#0}, !>
[INFO] [stdout]    9:     0x5823f43e791d - __rustc[ea4f61d10b84890b]::rust_begin_unwind
[INFO] [stdout]   10:     0x5823f441f28c - core[a373ad73a504971]::panicking::panic_fmt
[INFO] [stdout]   11:     0x5823f441f062 - core[a373ad73a504971]::result::unwrap_failed
[INFO] [stdout]   12:     0x5823f43900fe - integration_tests[e52525341cafed17]::compile_and_run
[INFO] [stdout]   13:     0x5823f439056e - <integration_tests[e52525341cafed17]::test_eq_true::{closure#0} as core[a373ad73a504971]::ops::function::FnOnce<()>>::call_once
[INFO] [stdout]   14:     0x5823f43928db - test[aada8e7e76ba119b]::__rust_begin_short_backtrace::<core[a373ad73a504971]::result::Result<(), alloc[2e1b2a31b91974c5]::string::String>, fn() -> core[a373ad73a504971]::result::Result<(), alloc[2e1b2a31b91974c5]::string::String>>
[INFO] [stdout]   15:     0x5823f439fab5 - test[aada8e7e76ba119b]::run_test::{closure#0}
[INFO] [stdout]   16:     0x5823f43993a4 - std[617be2ca0a6fd877]::sys::backtrace::__rust_begin_short_backtrace::<test[aada8e7e76ba119b]::run_test::{closure#1}, ()>
[INFO] [stdout]   17:     0x5823f43a2b42 - <std[617be2ca0a6fd877]::thread::lifecycle::spawn_unchecked<test[aada8e7e76ba119b]::run_test::{closure#1}, ()>::{closure#1} as core[a373ad73a504971]::ops::function::FnOnce<()>>::call_once::{shim:vtable#0}
[INFO] [stdout]   18:     0x5823f440a27f - <std[617be2ca0a6fd877]::sys::thread::unix::Thread>::new::thread_start
[INFO] [stdout]   19:     0x768f42a5ddfa - <unknown>
[INFO] [stdout]   20:     0x768f42af13d4 - clone
[INFO] [stdout]   21:                0x0 - <unknown>
[INFO] [stdout] 
[INFO] [stdout] ---- test_gt_equal stdout ----
[INFO] [stdout] 
[INFO] [stdout] thread 'test_gt_equal' (226) panicked at tests/integration_tests.rs:35:10:
[INFO] [stdout] Failed to run emulator: Os { code: 2, kind: NotFound, message: "No such file or directory" }
[INFO] [stdout] stack backtrace:
[INFO] [stdout]    0:     0x5823f440ac01 - <<std[617be2ca0a6fd877]::sys::backtrace::BacktraceLock>::print::DisplayBacktrace as core[a373ad73a504971]::fmt::Display>::fmt
[INFO] [stdout]    1:     0x5823f441eb5a - core[a373ad73a504971]::fmt::write
[INFO] [stdout]    2:     0x5823f440ee1c - <alloc[2e1b2a31b91974c5]::vec::Vec<u8> as core[a373ad73a504971]::io::write::Write>::write_fmt
[INFO] [stdout]    3:     0x5823f43e6c66 - std[617be2ca0a6fd877]::panicking::default_hook::{closure#0}
[INFO] [stdout]    4:     0x5823f4402f99 - std[617be2ca0a6fd877]::panicking::default_hook
[INFO] [stdout]    5:     0x5823f439f490 - test[aada8e7e76ba119b]::test_main_inner::{closure#0}
[INFO] [stdout]    6:     0x5823f4403152 - std[617be2ca0a6fd877]::panicking::panic_with_hook
[INFO] [stdout]    7:     0x5823f43e6d12 - std[617be2ca0a6fd877]::panicking::panic_handler::{closure#0}
[INFO] [stdout]    8:     0x5823f43df979 - std[617be2ca0a6fd877]::sys::backtrace::__rust_end_short_backtrace::<std[617be2ca0a6fd877]::panicking::panic_handler::{closure#0}, !>
[INFO] [stdout]    9:     0x5823f43e791d - __rustc[ea4f61d10b84890b]::rust_begin_unwind
[INFO] [stdout]   10:     0x5823f441f28c - core[a373ad73a504971]::panicking::panic_fmt
[INFO] [stdout]   11:     0x5823f441f062 - core[a373ad73a504971]::result::unwrap_failed
[INFO] [stdout]   12:     0x5823f43900fe - integration_tests[e52525341cafed17]::compile_and_run
[INFO] [stdout]   13:     0x5823f43907ee - <integration_tests[e52525341cafed17]::test_gt_equal::{closure#0} as core[a373ad73a504971]::ops::function::FnOnce<()>>::call_once
[INFO] [stdout]   14:     0x5823f43928db - test[aada8e7e76ba119b]::__rust_begin_short_backtrace::<core[a373ad73a504971]::result::Result<(), alloc[2e1b2a31b91974c5]::string::String>, fn() -> core[a373ad73a504971]::result::Result<(), alloc[2e1b2a31b91974c5]::string::String>>
[INFO] [stdout]   15:     0x5823f439fab5 - test[aada8e7e76ba119b]::run_test::{closure#0}
[INFO] [stdout]   16:     0x5823f43993a4 - std[617be2ca0a6fd877]::sys::backtrace::__rust_begin_short_backtrace::<test[aada8e7e76ba119b]::run_test::{closure#1}, ()>
[INFO] [stdout]   17:     0x5823f43a2b42 - <std[617be2ca0a6fd877]::thread::lifecycle::spawn_unchecked<test[aada8e7e76ba119b]::run_test::{closure#1}, ()>::{closure#1} as core[a373ad73a504971]::ops::function::FnOnce<()>>::call_once::{shim:vtable#0}
[INFO] [stdout]   18:     0x5823f440a27f - <std[617be2ca0a6fd877]::sys::thread::unix::Thread>::new::thread_start
[INFO] [stdout]   19:     0x768f42a5ddfa - <unknown>
[INFO] [stdout]   20:     0x768f42af13d4 - clone
[INFO] [stdout]   21:                0x0 - <unknown>
[INFO] [stdout] 
[INFO] [stdout] ---- test_gt_true stdout ----
[INFO] [stdout] 
[INFO] [stdout] thread 'test_gt_true' (229) panicked at tests/integration_tests.rs:35:10:
[INFO] [stdout] Failed to run emulator: Os { code: 2, kind: NotFound, message: "No such file or directory" }
[INFO] [stdout] stack backtrace:
[INFO] [stdout]    0:     0x5823f440ac01 - <<std[617be2ca0a6fd877]::sys::backtrace::BacktraceLock>::print::DisplayBacktrace as core[a373ad73a504971]::fmt::Display>::fmt
[INFO] [stdout]    1:     0x5823f441eb5a - core[a373ad73a504971]::fmt::write
[INFO] [stdout]    2:     0x5823f440ee1c - <alloc[2e1b2a31b91974c5]::vec::Vec<u8> as core[a373ad73a504971]::io::write::Write>::write_fmt
[INFO] [stdout]    3:     0x5823f43e6c66 - std[617be2ca0a6fd877]::panicking::default_hook::{closure#0}
[INFO] [stdout]    4:     0x5823f4402f99 - std[617be2ca0a6fd877]::panicking::default_hook
[INFO] [stdout]    5:     0x5823f439f490 - test[aada8e7e76ba119b]::test_main_inner::{closure#0}
[INFO] [stdout]    6:     0x5823f4403152 - std[617be2ca0a6fd877]::panicking::panic_with_hook
[INFO] [stdout]    7:     0x5823f43e6d12 - std[617be2ca0a6fd877]::panicking::panic_handler::{closure#0}
[INFO] [stdout]    8:     0x5823f43df979 - std[617be2ca0a6fd877]::sys::backtrace::__rust_end_short_backtrace::<std[617be2ca0a6fd877]::panicking::panic_handler::{closure#0}, !>
[INFO] [stdout]    9:     0x5823f43e791d - __rustc[ea4f61d10b84890b]::rust_begin_unwind
[INFO] [stdout]   10:     0x5823f441f28c - core[a373ad73a504971]::panicking::panic_fmt
[INFO] [stdout]   11:     0x5823f441f062 - core[a373ad73a504971]::result::unwrap_failed
[INFO] [stdout]   12:     0x5823f43900fe - integration_tests[e52525341cafed17]::compile_and_run
[INFO] [stdout]   13:     0x5823f439060e - <integration_tests[e52525341cafed17]::test_gt_true::{closure#0} as core[a373ad73a504971]::ops::function::FnOnce<()>>::call_once
[INFO] [stdout]   14:     0x5823f43928db - test[aada8e7e76ba119b]::__rust_begin_short_backtrace::<core[a373ad73a504971]::result::Result<(), alloc[2e1b2a31b91974c5]::string::String>, fn() -> core[a373ad73a504971]::result::Result<(), alloc[2e1b2a31b91974c5]::string::String>>
[INFO] [stdout]   15:     0x5823f439fab5 - test[aada8e7e76ba119b]::run_test::{closure#0}
[INFO] [stdout]   16:     0x5823f43993a4 - std[617be2ca0a6fd877]::sys::backtrace::__rust_begin_short_backtrace::<test[aada8e7e76ba119b]::run_test::{closure#1}, ()>
[INFO] [stdout]   17:     0x5823f43a2b42 - <std[617be2ca0a6fd877]::thread::lifecycle::spawn_unchecked<test[aada8e7e76ba119b]::run_test::{closure#1}, ()>::{closure#1} as core[a373ad73a504971]::ops::function::FnOnce<()>>::call_once::{shim:vtable#0}
[INFO] [stdout]   18:     0x5823f440a27f - <std[617be2ca0a6fd877]::sys::thread::unix::Thread>::new::thread_start
[INFO] [stdout]   19:     0x768f42a5ddfa - <unknown>
[INFO] [stdout]   20:     0x768f42af13d4 - clone
[INFO] [stdout]   21:                0x0 - <unknown>
[INFO] [stdout] 
[INFO] [stdout] ---- test_integer_max stdout ----
[INFO] [stdout] 
[INFO] [stdout] thread 'test_integer_max' (250) panicked at tests/integration_tests.rs:35:10:
[INFO] [stdout] Failed to run emulator: Os { code: 2, kind: NotFound, message: "No such file or directory" }
[INFO] [stdout] stack backtrace:
[INFO] [stdout]    0:     0x5823f440ac01 - <<std[617be2ca0a6fd877]::sys::backtrace::BacktraceLock>::print::DisplayBacktrace as core[a373ad73a504971]::fmt::Display>::fmt
[INFO] [stdout]    1:     0x5823f441eb5a - core[a373ad73a504971]::fmt::write
[INFO] [stdout]    2:     0x5823f440ee1c - <alloc[2e1b2a31b91974c5]::vec::Vec<u8> as core[a373ad73a504971]::io::write::Write>::write_fmt
[INFO] [stdout]    3:     0x5823f43e6c66 - std[617be2ca0a6fd877]::panicking::default_hook::{closure#0}
[INFO] [stdout]    4:     0x5823f4402f99 - std[617be2ca0a6fd877]::panicking::default_hook
[INFO] [stdout]    5:     0x5823f439f490 - test[aada8e7e76ba119b]::test_main_inner::{closure#0}
[INFO] [stdout]    6:     0x5823f4403152 - std[617be2ca0a6fd877]::panicking::panic_with_hook
[INFO] [stdout]    7:     0x5823f43e6d12 - std[617be2ca0a6fd877]::panicking::panic_handler::{closure#0}
[INFO] [stdout]    8:     0x5823f43df979 - std[617be2ca0a6fd877]::sys::backtrace::__rust_end_short_backtrace::<std[617be2ca0a6fd877]::panicking::panic_handler::{closure#0}, !>
[INFO] [stdout]    9:     0x5823f43e791d - __rustc[ea4f61d10b84890b]::rust_begin_unwind
[INFO] [stdout]   10:     0x5823f441f28c - core[a373ad73a504971]::panicking::panic_fmt
[INFO] [stdout]   11:     0x5823f441f062 - core[a373ad73a504971]::result::unwrap_failed
[INFO] [stdout]   12:     0x5823f43900fe - integration_tests[e52525341cafed17]::compile_and_run
[INFO] [stdout]   13:     0x5823f43912be - <integration_tests[e52525341cafed17]::test_integer_max::{closure#0} as core[a373ad73a504971]::ops::function::FnOnce<()>>::call_once
[INFO] [stdout]   14:     0x5823f43928db - test[aada8e7e76ba119b]::__rust_begin_short_backtrace::<core[a373ad73a504971]::result::Result<(), alloc[2e1b2a31b91974c5]::string::String>, fn() -> core[a373ad73a504971]::result::Result<(), alloc[2e1b2a31b91974c5]::string::String>>
[INFO] [stdout]   15:     0x5823f439fab5 - test[aada8e7e76ba119b]::run_test::{closure#0}
[INFO] [stdout]   16:     0x5823f43993a4 - std[617be2ca0a6fd877]::sys::backtrace::__rust_begin_short_backtrace::<test[aada8e7e76ba119b]::run_test::{closure#1}, ()>
[INFO] [stdout]   17:     0x5823f43a2b42 - <std[617be2ca0a6fd877]::thread::lifecycle::spawn_unchecked<test[aada8e7e76ba119b]::run_test::{closure#1}, ()>::{closure#1} as core[a373ad73a504971]::ops::function::FnOnce<()>>::call_once::{shim:vtable#0}
[INFO] [stdout]   18:     0x5823f440a27f - <std[617be2ca0a6fd877]::sys::thread::unix::Thread>::new::thread_start
[INFO] [stdout]   19:     0x768f42a5ddfa - <unknown>
[INFO] [stdout]   20:     0x768f42af13d4 - clone
[INFO] [stdout]   21:                0x0 - <unknown>
[INFO] [stdout] 
[INFO] [stdout] ---- test_integer_three_digits stdout ----
[INFO] [stdout] 
[INFO] [stdout] thread 'test_integer_three_digits' (252) panicked at tests/integration_tests.rs:35:10:
[INFO] [stdout] Failed to run emulator: Os { code: 2, kind: NotFound, message: "No such file or directory" }
[INFO] [stdout] stack backtrace:
[INFO] [stdout]    0:     0x5823f440ac01 - <<std[617be2ca0a6fd877]::sys::backtrace::BacktraceLock>::print::DisplayBacktrace as core[a373ad73a504971]::fmt::Display>::fmt
[INFO] [stdout]    1:     0x5823f441eb5a - core[a373ad73a504971]::fmt::write
[INFO] [stdout]    2:     0x5823f440ee1c - <alloc[2e1b2a31b91974c5]::vec::Vec<u8> as core[a373ad73a504971]::io::write::Write>::write_fmt
[INFO] [stdout]    3:     0x5823f43e6c66 - std[617be2ca0a6fd877]::panicking::default_hook::{closure#0}
[INFO] [stdout]    4:     0x5823f4402f99 - std[617be2ca0a6fd877]::panicking::default_hook
[INFO] [stdout]    5:     0x5823f439f490 - test[aada8e7e76ba119b]::test_main_inner::{closure#0}
[INFO] [stdout]    6:     0x5823f4403152 - std[617be2ca0a6fd877]::panicking::panic_with_hook
[INFO] [stdout]    7:     0x5823f43e6d12 - std[617be2ca0a6fd877]::panicking::panic_handler::{closure#0}
[INFO] [stdout]    8:     0x5823f43df979 - std[617be2ca0a6fd877]::sys::backtrace::__rust_end_short_backtrace::<std[617be2ca0a6fd877]::panicking::panic_handler::{closure#0}, !>
[INFO] [stdout]    9:     0x5823f43e791d - __rustc[ea4f61d10b84890b]::rust_begin_unwind
[INFO] [stdout]   10:     0x5823f441f28c - core[a373ad73a504971]::panicking::panic_fmt
[INFO] [stdout]   11:     0x5823f441f062 - core[a373ad73a504971]::result::unwrap_failed
[INFO] [stdout]   12:     0x5823f43900fe - integration_tests[e52525341cafed17]::compile_and_run
[INFO] [stdout]   13:     0x5823f4391d2e - <integration_tests[e52525341cafed17]::test_integer_three_digits::{closure#0} as core[a373ad73a504971]::ops::function::FnOnce<()>>::call_once
[INFO] [stdout]   14:     0x5823f43928db - test[aada8e7e76ba119b]::__rust_begin_short_backtrace::<core[a373ad73a504971]::result::Result<(), alloc[2e1b2a31b91974c5]::string::String>, fn() -> core[a373ad73a504971]::result::Result<(), alloc[2e1b2a31b91974c5]::string::String>>
[INFO] [stdout]   15:     0x5823f439fab5 - test[aada8e7e76ba119b]::run_test::{closure#0}
[INFO] [stdout]   16:     0x5823f43993a4 - std[617be2ca0a6fd877]::sys::backtrace::__rust_begin_short_backtrace::<test[aada8e7e76ba119b]::run_test::{closure#1}, ()>
[INFO] [stdout]   17:     0x5823f43a2b42 - <std[617be2ca0a6fd877]::thread::lifecycle::spawn_unchecked<test[aada8e7e76ba119b]::run_test::{closure#1}, ()>::{closure#1} as core[a373ad73a504971]::ops::function::FnOnce<()>>::call_once::{shim:vtable#0}
[INFO] [stdout]   18:     0x5823f440a27f - <std[617be2ca0a6fd877]::sys::thread::unix::Thread>::new::thread_start
[INFO] [stdout]   19:     0x768f42a5ddfa - <unknown>
[INFO] [stdout]   20:     0x768f42af13d4 - clone
[INFO] [stdout]   21:                0x0 - <unknown>
[INFO] [stdout] 
[INFO] [stdout] ---- test_integer_single_digit stdout ----
[INFO] [stdout] 
[INFO] [stdout] thread 'test_integer_single_digit' (251) panicked at tests/integration_tests.rs:35:10:
[INFO] [stdout] Failed to run emulator: Os { code: 2, kind: NotFound, message: "No such file or directory" }
[INFO] [stdout] stack backtrace:
[INFO] [stdout]    0:     0x5823f440ac01 - <<std[617be2ca0a6fd877]::sys::backtrace::BacktraceLock>::print::DisplayBacktrace as core[a373ad73a504971]::fmt::Display>::fmt
[INFO] [stdout]    1:     0x5823f441eb5a - core[a373ad73a504971]::fmt::write
[INFO] [stdout]    2:     0x5823f440ee1c - <alloc[2e1b2a31b91974c5]::vec::Vec<u8> as core[a373ad73a504971]::io::write::Write>::write_fmt
[INFO] [stdout]    3:     0x5823f43e6c66 - std[617be2ca0a6fd877]::panicking::default_hook::{closure#0}
[INFO] [stdout]    4:     0x5823f4402f99 - std[617be2ca0a6fd877]::panicking::default_hook
[INFO] [stdout]    5:     0x5823f439f490 - test[aada8e7e76ba119b]::test_main_inner::{closure#0}
[INFO] [stdout]    6:     0x5823f4403152 - std[617be2ca0a6fd877]::panicking::panic_with_hook
[INFO] [stdout]    7:     0x5823f43e6d12 - std[617be2ca0a6fd877]::panicking::panic_handler::{closure#0}
[INFO] [stdout]    8:     0x5823f43df979 - std[617be2ca0a6fd877]::sys::backtrace::__rust_end_short_backtrace::<std[617be2ca0a6fd877]::panicking::panic_handler::{closure#0}, !>
[INFO] [stdout]    9:     0x5823f43e791d - __rustc[ea4f61d10b84890b]::rust_begin_unwind
[INFO] [stdout]   10:     0x5823f441f28c - core[a373ad73a504971]::panicking::panic_fmt
[INFO] [stdout]   11:     0x5823f441f062 - core[a373ad73a504971]::result::unwrap_failed
[INFO] [stdout]   12:     0x5823f43900fe - integration_tests[e52525341cafed17]::compile_and_run
[INFO] [stdout]   13:     0x5823f4391c8e - <integration_tests[e52525341cafed17]::test_integer_single_digit::{closure#0} as core[a373ad73a504971]::ops::function::FnOnce<()>>::call_once
[INFO] [stdout]   14:     0x5823f43928db - test[aada8e7e76ba119b]::__rust_begin_short_backtrace::<core[a373ad73a504971]::result::Result<(), alloc[2e1b2a31b91974c5]::string::String>, fn() -> core[a373ad73a504971]::result::Result<(), alloc[2e1b2a31b91974c5]::string::String>>
[INFO] [stdout]   15:     0x5823f439fab5 - test[aada8e7e76ba119b]::run_test::{closure#0}
[INFO] [stdout]   16:     0x5823f43993a4 - std[617be2ca0a6fd877]::sys::backtrace::__rust_begin_short_backtrace::<test[aada8e7e76ba119b]::run_test::{closure#1}, ()>
[INFO] [stdout]   17:     0x5823f43a2b42 - <std[617be2ca0a6fd877]::thread::lifecycle::spawn_unchecked<test[aada8e7e76ba119b]::run_test::{closure#1}, ()>::{closure#1} as core[a373ad73a504971]::ops::function::FnOnce<()>>::call_once::{shim:vtable#0}
[INFO] [stdout]   18:     0x5823f440a27f - <std[617be2ca0a6fd877]::sys::thread::unix::Thread>::new::thread_start
[INFO] [stdout]   19:     0x768f42a5ddfa - <unknown>
[INFO] [stdout]   20:     0x768f42af13d4 - clone
[INFO] [stdout]   21:                0x0 - <unknown>
[INFO] [stdout] 
[INFO] [stdout] ---- test_gt_large stdout ----
[INFO] [stdout] 
[INFO] [stdout] thread 'test_gt_large' (228) panicked at tests/integration_tests.rs:35:10:
[INFO] [stdout] Failed to run emulator: Os { code: 2, kind: NotFound, message: "No such file or directory" }
[INFO] [stdout] stack backtrace:
[INFO] [stdout]    0:     0x5823f440ac01 - <<std[617be2ca0a6fd877]::sys::backtrace::BacktraceLock>::print::DisplayBacktrace as core[a373ad73a504971]::fmt::Display>::fmt
[INFO] [stdout]    1:     0x5823f441eb5a - core[a373ad73a504971]::fmt::write
[INFO] [stdout]    2:     0x5823f440ee1c - <alloc[2e1b2a31b91974c5]::vec::Vec<u8> as core[a373ad73a504971]::io::write::Write>::write_fmt
[INFO] [stdout]    3:     0x5823f43e6c66 - std[617be2ca0a6fd877]::panicking::default_hook::{closure#0}
[INFO] [stdout]    4:     0x5823f4402f99 - std[617be2ca0a6fd877]::panicking::default_hook
[INFO] [stdout]    5:     0x5823f439f490 - test[aada8e7e76ba119b]::test_main_inner::{closure#0}
[INFO] [stdout]    6:     0x5823f4403152 - std[617be2ca0a6fd877]::panicking::panic_with_hook
[INFO] [stdout]    7:     0x5823f43e6d12 - std[617be2ca0a6fd877]::panicking::panic_handler::{closure#0}
[INFO] [stdout]    8:     0x5823f43df979 - std[617be2ca0a6fd877]::sys::backtrace::__rust_end_short_backtrace::<std[617be2ca0a6fd877]::panicking::panic_handler::{closure#0}, !>
[INFO] [stdout]    9:     0x5823f43e791d - __rustc[ea4f61d10b84890b]::rust_begin_unwind
[INFO] [stdout]   10:     0x5823f441f28c - core[a373ad73a504971]::panicking::panic_fmt
[INFO] [stdout]   11:     0x5823f441f062 - core[a373ad73a504971]::result::unwrap_failed
[INFO] [stdout]   12:     0x5823f43900fe - integration_tests[e52525341cafed17]::compile_and_run
[INFO] [stdout]   13:     0x5823f439092e - <integration_tests[e52525341cafed17]::test_gt_large::{closure#0} as core[a373ad73a504971]::ops::function::FnOnce<()>>::call_once
[INFO] [stdout]   14:     0x5823f43928db - test[aada8e7e76ba119b]::__rust_begin_short_backtrace::<core[a373ad73a504971]::result::Result<(), alloc[2e1b2a31b91974c5]::string::String>, fn() -> core[a373ad73a504971]::result::Result<(), alloc[2e1b2a31b91974c5]::string::String>>
[INFO] [stdout]   15:     0x5823f439fab5 - test[aada8e7e76ba119b]::run_test::{closure#0}
[INFO] [stdout]   16:     0x5823f43993a4 - std[617be2ca0a6fd877]::sys::backtrace::__rust_begin_short_backtrace::<test[aada8e7e76ba119b]::run_test::{closure#1}, ()>
[INFO] [stdout]   17:     0x5823f43a2b42 - <std[617be2ca0a6fd877]::thread::lifecycle::spawn_unchecked<test[aada8e7e76ba119b]::run_test::{closure#1}, ()>::{closure#1} as core[a373ad73a504971]::ops::function::FnOnce<()>>::call_once::{shim:vtable#0}
[INFO] [stdout]   18:     0x5823f440a27f - <std[617be2ca0a6fd877]::sys::thread::unix::Thread>::new::thread_start
[INFO] [stdout]   19:     0x768f42a5ddfa - <unknown>
[INFO] [stdout]   20:     0x768f42af13d4 - clone
[INFO] [stdout]   21:                0x0 - <unknown>
[INFO] [stdout] 
[INFO] [stdout] ---- test_lt_true stdout ----
[INFO] [stdout] 
[INFO] [stdout] thread 'test_lt_true' (270) panicked at tests/integration_tests.rs:35:10:
[INFO] [stdout] Failed to run emulator: Os { code: 2, kind: NotFound, message: "No such file or directory" }
[INFO] [stdout] stack backtrace:
[INFO] [stdout]    0:     0x5823f440ac01 - <<std[617be2ca0a6fd877]::sys::backtrace::BacktraceLock>::print::DisplayBacktrace as core[a373ad73a504971]::fmt::Display>::fmt
[INFO] [stdout]    1:     0x5823f441eb5a - core[a373ad73a504971]::fmt::write
[INFO] [stdout]    2:     0x5823f440ee1c - <alloc[2e1b2a31b91974c5]::vec::Vec<u8> as core[a373ad73a504971]::io::write::Write>::write_fmt
[INFO] [stdout]    3:     0x5823f43e6c66 - std[617be2ca0a6fd877]::panicking::default_hook::{closure#0}
[INFO] [stdout]    4:     0x5823f4402f99 - std[617be2ca0a6fd877]::panicking::default_hook
[INFO] [stdout]    5:     0x5823f439f490 - test[aada8e7e76ba119b]::test_main_inner::{closure#0}
[INFO] [stdout]    6:     0x5823f4403152 - std[617be2ca0a6fd877]::panicking::panic_with_hook
[INFO] [stdout]    7:     0x5823f43e6d12 - std[617be2ca0a6fd877]::panicking::panic_handler::{closure#0}
[INFO] [stdout]    8:     0x5823f43df979 - std[617be2ca0a6fd877]::sys::backtrace::__rust_end_short_backtrace::<std[617be2ca0a6fd877]::panicking::panic_handler::{closure#0}, !>
[INFO] [stdout]    9:     0x5823f43e791d - __rustc[ea4f61d10b84890b]::rust_begin_unwind
[INFO] [stdout]   10:     0x5823f441f28c - core[a373ad73a504971]::panicking::panic_fmt
[INFO] [stdout]   11:     0x5823f441f062 - core[a373ad73a504971]::result::unwrap_failed
[INFO] [stdout]   12:     0x5823f43900fe - integration_tests[e52525341cafed17]::compile_and_run
[INFO] [stdout]   13:     0x5823f43906ae - <integration_tests[e52525341cafed17]::test_lt_true::{closure#0} as core[a373ad73a504971]::ops::function::FnOnce<()>>::call_once
[INFO] [stdout]   14:     0x5823f43928db - test[aada8e7e76ba119b]::__rust_begin_short_backtrace::<core[a373ad73a504971]::result::Result<(), alloc[2e1b2a31b91974c5]::string::String>, fn() -> core[a373ad73a504971]::result::Result<(), alloc[2e1b2a31b91974c5]::string::String>>
[INFO] [stdout]   15:     0x5823f439fab5 - test[aada8e7e76ba119b]::run_test::{closure#0}
[INFO] [stdout]   16:     0x5823f43993a4 - std[617be2ca0a6fd877]::sys::backtrace::__rust_begin_short_backtrace::<test[aada8e7e76ba119b]::run_test::{closure#1}, ()>
[INFO] [stdout]   17:     0x5823f43a2b42 - <std[617be2ca0a6fd877]::thread::lifecycle::spawn_unchecked<test[aada8e7e76ba119b]::run_test::{closure#1}, ()>::{closure#1} as core[a373ad73a504971]::ops::function::FnOnce<()>>::call_once::{shim:vtable#0}
[INFO] [stdout]   18:     0x5823f440a27f - <std[617be2ca0a6fd877]::sys::thread::unix::Thread>::new::thread_start
[INFO] [stdout]   19:     0x768f42a5ddfa - <unknown>
[INFO] [stdout]   20:     0x768f42af13d4 - clone
[INFO] [stdout]   21:                0x0 - <unknown>
[INFO] [stdout] 
[INFO] [stdout] ---- test_integer_two_digits stdout ----
[INFO] [stdout] 
[INFO] [stdout] thread 'test_integer_two_digits' (253) panicked at tests/integration_tests.rs:35:10:
[INFO] [stdout] Failed to run emulator: Os { code: 2, kind: NotFound, message: "No such file or directory" }
[INFO] [stdout] stack backtrace:
[INFO] [stdout]    0:     0x5823f440ac01 - <<std[617be2ca0a6fd877]::sys::backtrace::BacktraceLock>::print::DisplayBacktrace as core[a373ad73a504971]::fmt::Display>::fmt
[INFO] [stdout]    1:     0x5823f441eb5a - core[a373ad73a504971]::fmt::write
[INFO] [stdout]    2:     0x5823f440ee1c - <alloc[2e1b2a31b91974c5]::vec::Vec<u8> as core[a373ad73a504971]::io::write::Write>::write_fmt
[INFO] [stdout]    3:     0x5823f43e6c66 - std[617be2ca0a6fd877]::panicking::default_hook::{closure#0}
[INFO] [stdout]    4:     0x5823f4402f99 - std[617be2ca0a6fd877]::panicking::default_hook
[INFO] [stdout]    5:     0x5823f439f490 - test[aada8e7e76ba119b]::test_main_inner::{closure#0}
[INFO] [stdout]    6:     0x5823f4403152 - std[617be2ca0a6fd877]::panicking::panic_with_hook
[INFO] [stdout]    7:     0x5823f43e6d12 - std[617be2ca0a6fd877]::panicking::panic_handler::{closure#0}
[INFO] [stdout]    8:     0x5823f43df979 - std[617be2ca0a6fd877]::sys::backtrace::__rust_end_short_backtrace::<std[617be2ca0a6fd877]::panicking::panic_handler::{closure#0}, !>
[INFO] [stdout]    9:     0x5823f43e791d - __rustc[ea4f61d10b84890b]::rust_begin_unwind
[INFO] [stdout]   10:     0x5823f441f28c - core[a373ad73a504971]::panicking::panic_fmt
[INFO] [stdout]   11:     0x5823f441f062 - core[a373ad73a504971]::result::unwrap_failed
[INFO] [stdout]   12:     0x5823f43900fe - integration_tests[e52525341cafed17]::compile_and_run
[INFO] [stdout]   13:     0x5823f43919de - <integration_tests[e52525341cafed17]::test_integer_two_digits::{closure#0} as core[a373ad73a504971]::ops::function::FnOnce<()>>::call_once
[INFO] [stdout]   14:     0x5823f43928db - test[aada8e7e76ba119b]::__rust_begin_short_backtrace::<core[a373ad73a504971]::result::Result<(), alloc[2e1b2a31b91974c5]::string::String>, fn() -> core[a373ad73a504971]::result::Result<(), alloc[2e1b2a31b91974c5]::string::String>>
[INFO] [stdout]   15:     0x5823f439fab5 - test[aada8e7e76ba119b]::run_test::{closure#0}
[INFO] [stdout]   16:     0x5823f43993a4 - std[617be2ca0a6fd877]::sys::backtrace::__rust_begin_short_backtrace::<test[aada8e7e76ba119b]::run_test::{closure#1}, ()>
[INFO] [stdout]   17:     0x5823f43a2b42 - <std[617be2ca0a6fd877]::thread::lifecycle::spawn_unchecked<test[aada8e7e76ba119b]::run_test::{closure#1}, ()>::{closure#1} as core[a373ad73a504971]::ops::function::FnOnce<()>>::call_once::{shim:vtable#0}
[INFO] [stdout]   18:     0x5823f440a27f - <std[617be2ca0a6fd877]::sys::thread::unix::Thread>::new::thread_start
[INFO] [stdout]   19:     0x768f42a5ddfa - <unknown>
[INFO] [stdout]   20:     0x768f42af13d4 - clone
[INFO] [stdout]   21:                0x0 - <unknown>
[INFO] [stdout] 
[INFO] [stdout] ---- test_integer_zero stdout ----
[INFO] [stdout] 
[INFO] [stdout] thread 'test_integer_zero' (261) panicked at tests/integration_tests.rs:35:10:
[INFO] [stdout] Failed to run emulator: Os { code: 2, kind: NotFound, message: "No such file or directory" }
[INFO] [stdout] stack backtrace:
[INFO] [stdout]    0:     0x5823f440ac01 - <<std[617be2ca0a6fd877]::sys::backtrace::BacktraceLock>::print::DisplayBacktrace as core[a373ad73a504971]::fmt::Display>::fmt
[INFO] [stdout]    1:     0x5823f441eb5a - core[a373ad73a504971]::fmt::write
[INFO] [stdout]    2:     0x5823f440ee1c - <alloc[2e1b2a31b91974c5]::vec::Vec<u8> as core[a373ad73a504971]::io::write::Write>::write_fmt
[INFO] [stdout]    3:     0x5823f43e6c66 - std[617be2ca0a6fd877]::panicking::default_hook::{closure#0}
[INFO] [stdout]    4:     0x5823f4402f99 - std[617be2ca0a6fd877]::panicking::default_hook
[INFO] [stdout]    5:     0x5823f439f490 - test[aada8e7e76ba119b]::test_main_inner::{closure#0}
[INFO] [stdout]    6:     0x5823f4403152 - std[617be2ca0a6fd877]::panicking::panic_with_hook
[INFO] [stdout]    7:     0x5823f43e6d12 - std[617be2ca0a6fd877]::panicking::panic_handler::{closure#0}
[INFO] [stdout]    8:     0x5823f43df979 - std[617be2ca0a6fd877]::sys::backtrace::__rust_end_short_backtrace::<std[617be2ca0a6fd877]::panicking::panic_handler::{closure#0}, !>
[INFO] [stdout]    9:     0x5823f43e791d - __rustc[ea4f61d10b84890b]::rust_begin_unwind
[INFO] [stdout]   10:     0x5823f441f28c - core[a373ad73a504971]::panicking::panic_fmt
[INFO] [stdout]   11:     0x5823f441f062 - core[a373ad73a504971]::result::unwrap_failed
[INFO] [stdout]   12:     0x5823f43900fe - integration_tests[e52525341cafed17]::compile_and_run
[INFO] [stdout]   13:     0x5823f43914ae - <integration_tests[e52525341cafed17]::test_integer_zero::{closure#0} as core[a373ad73a504971]::ops::function::FnOnce<()>>::call_once
[INFO] [stdout]   14:     0x5823f43928db - test[aada8e7e76ba119b]::__rust_begin_short_backtrace::<core[a373ad73a504971]::result::Result<(), alloc[2e1b2a31b91974c5]::string::String>, fn() -> core[a373ad73a504971]::result::Result<(), alloc[2e1b2a31b91974c5]::string::String>>
[INFO] [stdout]   15:     0x5823f439fab5 - test[aada8e7e76ba119b]::run_test::{closure#0}
[INFO] [stdout]   16:     0x5823f43993a4 - std[617be2ca0a6fd877]::sys::backtrace::__rust_begin_short_backtrace::<test[aada8e7e76ba119b]::run_test::{closure#1}, ()>
[INFO] [stdout]   17:     0x5823f43a2b42 - <std[617be2ca0a6fd877]::thread::lifecycle::spawn_unchecked<test[aada8e7e76ba119b]::run_test::{closure#1}, ()>::{closure#1} as core[a373ad73a504971]::ops::function::FnOnce<()>>::call_once::{shim:vtable#0}
[INFO] [stdout]   18:     0x5823f440a27f - <std[617be2ca0a6fd877]::sys::thread::unix::Thread>::new::thread_start
[INFO] [stdout]   19:     0x768f42a5ddfa - <unknown>
[INFO] [stdout]   20:     0x768f42af13d4 - clone
[INFO] [stdout]   21:                0x0 - <unknown>
[INFO] [stdout] 
[INFO] [stdout] ---- test_lt_false stdout ----
[INFO] [stdout] 
[INFO] [stdout] thread 'test_lt_false' (268) panicked at tests/integration_tests.rs:35:10:
[INFO] [stdout] Failed to run emulator: Os { code: 2, kind: NotFound, message: "No such file or directory" }
[INFO] [stdout] stack backtrace:
[INFO] [stdout]    0:     0x5823f440ac01 - <<std[617be2ca0a6fd877]::sys::backtrace::BacktraceLock>::print::DisplayBacktrace as core[a373ad73a504971]::fmt::Display>::fmt
[INFO] [stdout]    1:     0x5823f441eb5a - core[a373ad73a504971]::fmt::write
[INFO] [stdout]    2:     0x5823f440ee1c - <alloc[2e1b2a31b91974c5]::vec::Vec<u8> as core[a373ad73a504971]::io::write::Write>::write_fmt
[INFO] [stdout]    3:     0x5823f43e6c66 - std[617be2ca0a6fd877]::panicking::default_hook::{closure#0}
[INFO] [stdout]    4:     0x5823f4402f99 - std[617be2ca0a6fd877]::panicking::default_hook
[INFO] [stdout]    5:     0x5823f439f490 - test[aada8e7e76ba119b]::test_main_inner::{closure#0}
[INFO] [stdout]    6:     0x5823f4403152 - std[617be2ca0a6fd877]::panicking::panic_with_hook
[INFO] [stdout]    7:     0x5823f43e6d12 - std[617be2ca0a6fd877]::panicking::panic_handler::{closure#0}
[INFO] [stdout]    8:     0x5823f43df979 - std[617be2ca0a6fd877]::sys::backtrace::__rust_end_short_backtrace::<std[617be2ca0a6fd877]::panicking::panic_handler::{closure#0}, !>
[INFO] [stdout]    9:     0x5823f43e791d - __rustc[ea4f61d10b84890b]::rust_begin_unwind
[INFO] [stdout]   10:     0x5823f441f28c - core[a373ad73a504971]::panicking::panic_fmt
[INFO] [stdout]   11:     0x5823f441f062 - core[a373ad73a504971]::result::unwrap_failed
[INFO] [stdout]   12:     0x5823f43900fe - integration_tests[e52525341cafed17]::compile_and_run
[INFO] [stdout]   13:     0x5823f4390a6e - <integration_tests[e52525341cafed17]::test_lt_false::{closure#0} as core[a373ad73a504971]::ops::function::FnOnce<()>>::call_once
[INFO] [stdout]   14:     0x5823f43928db - test[aada8e7e76ba119b]::__rust_begin_short_backtrace::<core[a373ad73a504971]::result::Result<(), alloc[2e1b2a31b91974c5]::string::String>, fn() -> core[a373ad73a504971]::result::Result<(), alloc[2e1b2a31b91974c5]::string::String>>
[INFO] [stdout]   15:     0x5823f439fab5 - test[aada8e7e76ba119b]::run_test::{closure#0}
[INFO] [stdout]   16:     0x5823f43993a4 - std[617be2ca0a6fd877]::sys::backtrace::__rust_begin_short_backtrace::<test[aada8e7e76ba119b]::run_test::{closure#1}, ()>
[INFO] [stdout]   17:     0x5823f43a2b42 - <std[617be2ca0a6fd877]::thread::lifecycle::spawn_unchecked<test[aada8e7e76ba119b]::run_test::{closure#1}, ()>::{closure#1} as core[a373ad73a504971]::ops::function::FnOnce<()>>::call_once::{shim:vtable#0}
[INFO] [stdout]   18:     0x5823f440a27f - <std[617be2ca0a6fd877]::sys::thread::unix::Thread>::new::thread_start
[INFO] [stdout]   19:     0x768f42a5ddfa - <unknown>
[INFO] [stdout]   20:     0x768f42af13d4 - clone
[INFO] [stdout]   21:                0x0 - <unknown>
[INFO] [stdout] 
[INFO] [stdout] ---- test_lt_equal stdout ----
[INFO] [stdout] 
[INFO] [stdout] thread 'test_lt_equal' (266) panicked at tests/integration_tests.rs:35:10:
[INFO] [stdout] Failed to run emulator: Os { code: 2, kind: NotFound, message: "No such file or directory" }
[INFO] [stdout] stack backtrace:
[INFO] [stdout]    0:     0x5823f440ac01 - <<std[617be2ca0a6fd877]::sys::backtrace::BacktraceLock>::print::DisplayBacktrace as core[a373ad73a504971]::fmt::Display>::fmt
[INFO] [stdout]    1:     0x5823f441eb5a - core[a373ad73a504971]::fmt::write
[INFO] [stdout]    2:     0x5823f440ee1c - <alloc[2e1b2a31b91974c5]::vec::Vec<u8> as core[a373ad73a504971]::io::write::Write>::write_fmt
[INFO] [stdout]    3:     0x5823f43e6c66 - std[617be2ca0a6fd877]::panicking::default_hook::{closure#0}
[INFO] [stdout]    4:     0x5823f4402f99 - std[617be2ca0a6fd877]::panicking::default_hook
[INFO] [stdout]    5:     0x5823f439f490 - test[aada8e7e76ba119b]::test_main_inner::{closure#0}
[INFO] [stdout]    6:     0x5823f4403152 - std[617be2ca0a6fd877]::panicking::panic_with_hook
[INFO] [stdout]    7:     0x5823f43e6d12 - std[617be2ca0a6fd877]::panicking::panic_handler::{closure#0}
[INFO] [stdout]    8:     0x5823f43df979 - std[617be2ca0a6fd877]::sys::backtrace::__rust_end_short_backtrace::<std[617be2ca0a6fd877]::panicking::panic_handler::{closure#0}, !>
[INFO] [stdout]    9:     0x5823f43e791d - __rustc[ea4f61d10b84890b]::rust_begin_unwind
[INFO] [stdout]   10:     0x5823f441f28c - core[a373ad73a504971]::panicking::panic_fmt
[INFO] [stdout]   11:     0x5823f441f062 - core[a373ad73a504971]::result::unwrap_failed
[INFO] [stdout]   12:     0x5823f43900fe - integration_tests[e52525341cafed17]::compile_and_run
[INFO] [stdout]   13:     0x5823f43909ce - <integration_tests[e52525341cafed17]::test_lt_equal::{closure#0} as core[a373ad73a504971]::ops::function::FnOnce<()>>::call_once
[INFO] [stdout]   14:     0x5823f43928db - test[aada8e7e76ba119b]::__rust_begin_short_backtrace::<core[a373ad73a504971]::result::Result<(), alloc[2e1b2a31b91974c5]::string::String>, fn() -> core[a373ad73a504971]::result::Result<(), alloc[2e1b2a31b91974c5]::string::String>>
[INFO] [stdout]   15:     0x5823f439fab5 - test[aada8e7e76ba119b]::run_test::{closure#0}
[INFO] [stdout]   16:     0x5823f43993a4 - std[617be2ca0a6fd877]::sys::backtrace::__rust_begin_short_backtrace::<test[aada8e7e76ba119b]::run_test::{closure#1}, ()>
[INFO] [stdout]   17:     0x5823f43a2b42 - <std[617be2ca0a6fd877]::thread::lifecycle::spawn_unchecked<test[aada8e7e76ba119b]::run_test::{closure#1}, ()>::{closure#1} as core[a373ad73a504971]::ops::function::FnOnce<()>>::call_once::{shim:vtable#0}
[INFO] [stdout]   18:     0x5823f440a27f - <std[617be2ca0a6fd877]::sys::thread::unix::Thread>::new::thread_start
[INFO] [stdout]   19:     0x768f42a5ddfa - <unknown>
[INFO] [stdout]   20:     0x768f42af13d4 - clone
[INFO] [stdout]   21:                0x0 - <unknown>
[INFO] [stdout] 
[INFO] [stdout] ---- test_mul_by_one stdout ----
[INFO] [stdout] 
[INFO] [stdout] thread 'test_mul_by_one' (277) panicked at tests/integration_tests.rs:35:10:
[INFO] [stdout] Failed to run emulator: Os { code: 2, kind: NotFound, message: "No such file or directory" }
[INFO] [stdout] stack backtrace:
[INFO] [stdout]    0:     0x5823f440ac01 - <<std[617be2ca0a6fd877]::sys::backtrace::BacktraceLock>::print::DisplayBacktrace as core[a373ad73a504971]::fmt::Display>::fmt
[INFO] [stdout]    1:     0x5823f441eb5a - core[a373ad73a504971]::fmt::write
[INFO] [stdout]    2:     0x5823f440ee1c - <alloc[2e1b2a31b91974c5]::vec::Vec<u8> as core[a373ad73a504971]::io::write::Write>::write_fmt
[INFO] [stdout]    3:     0x5823f43e6c66 - std[617be2ca0a6fd877]::panicking::default_hook::{closure#0}
[INFO] [stdout]    4:     0x5823f4402f99 - std[617be2ca0a6fd877]::panicking::default_hook
[INFO] [stdout]    5:     0x5823f439f490 - test[aada8e7e76ba119b]::test_main_inner::{closure#0}
[INFO] [stdout]    6:     0x5823f4403152 - std[617be2ca0a6fd877]::panicking::panic_with_hook
[INFO] [stdout]    7:     0x5823f43e6d12 - std[617be2ca0a6fd877]::panicking::panic_handler::{closure#0}
[INFO] [stdout]    8:     0x5823f43df979 - std[617be2ca0a6fd877]::sys::backtrace::__rust_end_short_backtrace::<std[617be2ca0a6fd877]::panicking::panic_handler::{closure#0}, !>
[INFO] [stdout]    9:     0x5823f43e791d - __rustc[ea4f61d10b84890b]::rust_begin_unwind
[INFO] [stdout]   10:     0x5823f441f28c - core[a373ad73a504971]::panicking::panic_fmt
[INFO] [stdout]   11:     0x5823f441f062 - core[a373ad73a504971]::result::unwrap_failed
[INFO] [stdout]   12:     0x5823f43900fe - integration_tests[e52525341cafed17]::compile_and_run
[INFO] [stdout]   13:     0x5823f4390eee - <integration_tests[e52525341cafed17]::test_mul_by_one::{closure#0} as core[a373ad73a504971]::ops::function::FnOnce<()>>::call_once
[INFO] [stdout]   14:     0x5823f43928db - test[aada8e7e76ba119b]::__rust_begin_short_backtrace::<core[a373ad73a504971]::result::Result<(), alloc[2e1b2a31b91974c5]::string::String>, fn() -> core[a373ad73a504971]::result::Result<(), alloc[2e1b2a31b91974c5]::string::String>>
[INFO] [stdout]   15:     0x5823f439fab5 - test[aada8e7e76ba119b]::run_test::{closure#0}
[INFO] [stdout]   16:     0x5823f43993a4 - std[617be2ca0a6fd877]::sys::backtrace::__rust_begin_short_backtrace::<test[aada8e7e76ba119b]::run_test::{closure#1}, ()>
[INFO] [stdout]   17:     0x5823f43a2b42 - <std[617be2ca0a6fd877]::thread::lifecycle::spawn_unchecked<test[aada8e7e76ba119b]::run_test::{closure#1}, ()>::{closure#1} as core[a373ad73a504971]::ops::function::FnOnce<()>>::call_once::{shim:vtable#0}
[INFO] [stdout]   18:     0x5823f440a27f - <std[617be2ca0a6fd877]::sys::thread::unix::Thread>::new::thread_start
[INFO] [stdout]   19:     0x768f42a5ddfa - <unknown>
[INFO] [stdout]   20:     0x768f42af13d4 - clone
[INFO] [stdout]   21:                0x0 - <unknown>
[INFO] [stdout] 
[INFO] [stdout] ---- test_mul_max_multiplier stdout ----
[INFO] [stdout] 
[INFO] [stdout] thread 'test_mul_max_multiplier' (288) panicked at tests/integration_tests.rs:35:10:
[INFO] [stdout] Failed to run emulator: Os { code: 2, kind: NotFound, message: "No such file or directory" }
[INFO] [stdout] stack backtrace:
[INFO] [stdout]    0:     0x5823f440ac01 - <<std[617be2ca0a6fd877]::sys::backtrace::BacktraceLock>::print::DisplayBacktrace as core[a373ad73a504971]::fmt::Display>::fmt
[INFO] [stdout]    1:     0x5823f441eb5a - core[a373ad73a504971]::fmt::write
[INFO] [stdout]    2:     0x5823f440ee1c - <alloc[2e1b2a31b91974c5]::vec::Vec<u8> as core[a373ad73a504971]::io::write::Write>::write_fmt
[INFO] [stdout]    3:     0x5823f43e6c66 - std[617be2ca0a6fd877]::panicking::default_hook::{closure#0}
[INFO] [stdout]    4:     0x5823f4402f99 - std[617be2ca0a6fd877]::panicking::default_hook
[INFO] [stdout]    5:     0x5823f439f490 - test[aada8e7e76ba119b]::test_main_inner::{closure#0}
[INFO] [stdout]    6:     0x5823f4403152 - std[617be2ca0a6fd877]::panicking::panic_with_hook
[INFO] [stdout]    7:     0x5823f43e6d12 - std[617be2ca0a6fd877]::panicking::panic_handler::{closure#0}
[INFO] [stdout]    8:     0x5823f43df979 - std[617be2ca0a6fd877]::sys::backtrace::__rust_end_short_backtrace::<std[617be2ca0a6fd877]::panicking::panic_handler::{closure#0}, !>
[INFO] [stdout]    9:     0x5823f43e791d - __rustc[ea4f61d10b84890b]::rust_begin_unwind
[INFO] [stdout]   10:     0x5823f441f28c - core[a373ad73a504971]::panicking::panic_fmt
[INFO] [stdout]   11:     0x5823f441f062 - core[a373ad73a504971]::result::unwrap_failed
[INFO] [stdout]   12:     0x5823f43900fe - integration_tests[e52525341cafed17]::compile_and_run
[INFO] [stdout]   13:     0x5823f4391a7e - <integration_tests[e52525341cafed17]::test_mul_max_multiplier::{closure#0} as core[a373ad73a504971]::ops::function::FnOnce<()>>::call_once
[INFO] [stdout]   14:     0x5823f43928db - test[aada8e7e76ba119b]::__rust_begin_short_backtrace::<core[a373ad73a504971]::result::Result<(), alloc[2e1b2a31b91974c5]::string::String>, fn() -> core[a373ad73a504971]::result::Result<(), alloc[2e1b2a31b91974c5]::string::String>>
[INFO] [stdout]   15:     0x5823f439fab5 - test[aada8e7e76ba119b]::run_test::{closure#0}
[INFO] [stdout]   16:     0x5823f43993a4 - std[617be2ca0a6fd877]::sys::backtrace::__rust_begin_short_backtrace::<test[aada8e7e76ba119b]::run_test::{closure#1}, ()>
[INFO] [stdout]   17:     0x5823f43a2b42 - <std[617be2ca0a6fd877]::thread::lifecycle::spawn_unchecked<test[aada8e7e76ba119b]::run_test::{closure#1}, ()>::{closure#1} as core[a373ad73a504971]::ops::function::FnOnce<()>>::call_once::{shim:vtable#0}
[INFO] [stdout]   18:     0x5823f440a27f - <std[617be2ca0a6fd877]::sys::thread::unix::Thread>::new::thread_start
[INFO] [stdout]   19:     0x768f42a5ddfa - <unknown>
[INFO] [stdout]   20:     0x768f42af13d4 - clone
[INFO] [stdout]   21:                0x0 - <unknown>
[INFO] [stdout] 
[INFO] [stdout] ---- test_mul_by_zero stdout ----
[INFO] [stdout] 
[INFO] [stdout] thread 'test_mul_by_zero' (281) panicked at tests/integration_tests.rs:35:10:
[INFO] [stdout] Failed to run emulator: Os { code: 2, kind: NotFound, message: "No such file or directory" }
[INFO] [stdout] stack backtrace:
[INFO] [stdout]    0:     0x5823f440ac01 - <<std[617be2ca0a6fd877]::sys::backtrace::BacktraceLock>::print::DisplayBacktrace as core[a373ad73a504971]::fmt::Display>::fmt
[INFO] [stdout]    1:     0x5823f441eb5a - core[a373ad73a504971]::fmt::write
[INFO] [stdout]    2:     0x5823f440ee1c - <alloc[2e1b2a31b91974c5]::vec::Vec<u8> as core[a373ad73a504971]::io::write::Write>::write_fmt
[INFO] [stdout]    3:     0x5823f43e6c66 - std[617be2ca0a6fd877]::panicking::default_hook::{closure#0}
[INFO] [stdout]    4:     0x5823f4402f99 - std[617be2ca0a6fd877]::panicking::default_hook
[INFO] [stdout]    5:     0x5823f439f490 - test[aada8e7e76ba119b]::test_main_inner::{closure#0}
[INFO] [stdout]    6:     0x5823f4403152 - std[617be2ca0a6fd877]::panicking::panic_with_hook
[INFO] [stdout]    7:     0x5823f43e6d12 - std[617be2ca0a6fd877]::panicking::panic_handler::{closure#0}
[INFO] [stdout]    8:     0x5823f43df979 - std[617be2ca0a6fd877]::sys::backtrace::__rust_end_short_backtrace::<std[617be2ca0a6fd877]::panicking::panic_handler::{closure#0}, !>
[INFO] [stdout]    9:     0x5823f43e791d - __rustc[ea4f61d10b84890b]::rust_begin_unwind
[INFO] [stdout]   10:     0x5823f441f28c - core[a373ad73a504971]::panicking::panic_fmt
[INFO] [stdout]   11:     0x5823f441f062 - core[a373ad73a504971]::result::unwrap_failed
[INFO] [stdout]   12:     0x5823f43900fe - integration_tests[e52525341cafed17]::compile_and_run
[INFO] [stdout]   13:     0x5823f439136e - <integration_tests[e52525341cafed17]::test_mul_by_zero::{closure#0} as core[a373ad73a504971]::ops::function::FnOnce<()>>::call_once
[INFO] [stdout]   14:     0x5823f43928db - test[aada8e7e76ba119b]::__rust_begin_short_backtrace::<core[a373ad73a504971]::result::Result<(), alloc[2e1b2a31b91974c5]::string::String>, fn() -> core[a373ad73a504971]::result::Result<(), alloc[2e1b2a31b91974c5]::string::String>>
[INFO] [stdout]   15:     0x5823f439fab5 - test[aada8e7e76ba119b]::run_test::{closure#0}
[INFO] [stdout]   16:     0x5823f43993a4 - std[617be2ca0a6fd877]::sys::backtrace::__rust_begin_short_backtrace::<test[aada8e7e76ba119b]::run_test::{closure#1}, ()>
[INFO] [stdout]   17:     0x5823f43a2b42 - <std[617be2ca0a6fd877]::thread::lifecycle::spawn_unchecked<test[aada8e7e76ba119b]::run_test::{closure#1}, ()>::{closure#1} as core[a373ad73a504971]::ops::function::FnOnce<()>>::call_once::{shim:vtable#0}
[INFO] [stdout]   18:     0x5823f440a27f - <std[617be2ca0a6fd877]::sys::thread::unix::Thread>::new::thread_start
[INFO] [stdout]   19:     0x768f42a5ddfa - <unknown>
[INFO] [stdout]   20:     0x768f42af13d4 - clone
[INFO] [stdout]   21:                0x0 - <unknown>
[INFO] [stdout] 
[INFO] [stdout] ---- test_lt_large stdout ----
[INFO] [stdout] 
[INFO] [stdout] thread 'test_lt_large' (269) panicked at tests/integration_tests.rs:35:10:
[INFO] [stdout] Failed to run emulator: Os { code: 2, kind: NotFound, message: "No such file or directory" }
[INFO] [stdout] stack backtrace:
[INFO] [stdout]    0:     0x5823f440ac01 - <<std[617be2ca0a6fd877]::sys::backtrace::BacktraceLock>::print::DisplayBacktrace as core[a373ad73a504971]::fmt::Display>::fmt
[INFO] [stdout]    1:     0x5823f441eb5a - core[a373ad73a504971]::fmt::write
[INFO] [stdout]    2:     0x5823f440ee1c - <alloc[2e1b2a31b91974c5]::vec::Vec<u8> as core[a373ad73a504971]::io::write::Write>::write_fmt
[INFO] [stdout]    3:     0x5823f43e6c66 - std[617be2ca0a6fd877]::panicking::default_hook::{closure#0}
[INFO] [stdout]    4:     0x5823f4402f99 - std[617be2ca0a6fd877]::panicking::default_hook
[INFO] [stdout]    5:     0x5823f439f490 - test[aada8e7e76ba119b]::test_main_inner::{closure#0}
[INFO] [stdout]    6:     0x5823f4403152 - std[617be2ca0a6fd877]::panicking::panic_with_hook
[INFO] [stdout]    7:     0x5823f43e6d12 - std[617be2ca0a6fd877]::panicking::panic_handler::{closure#0}
[INFO] [stdout]    8:     0x5823f43df979 - std[617be2ca0a6fd877]::sys::backtrace::__rust_end_short_backtrace::<std[617be2ca0a6fd877]::panicking::panic_handler::{closure#0}, !>
[INFO] [stdout]    9:     0x5823f43e791d - __rustc[ea4f61d10b84890b]::rust_begin_unwind
[INFO] [stdout]   10:     0x5823f441f28c - core[a373ad73a504971]::panicking::panic_fmt
[INFO] [stdout]   11:     0x5823f441f062 - core[a373ad73a504971]::result::unwrap_failed
[INFO] [stdout]   12:     0x5823f43900fe - integration_tests[e52525341cafed17]::compile_and_run
[INFO] [stdout]   13:     0x5823f4390b0e - <integration_tests[e52525341cafed17]::test_lt_large::{closure#0} as core[a373ad73a504971]::ops::function::FnOnce<()>>::call_once
[INFO] [stdout]   14:     0x5823f43928db - test[aada8e7e76ba119b]::__rust_begin_short_backtrace::<core[a373ad73a504971]::result::Result<(), alloc[2e1b2a31b91974c5]::string::String>, fn() -> core[a373ad73a504971]::result::Result<(), alloc[2e1b2a31b91974c5]::string::String>>
[INFO] [stdout]   15:     0x5823f439fab5 - test[aada8e7e76ba119b]::run_test::{closure#0}
[INFO] [stdout]   16:     0x5823f43993a4 - std[617be2ca0a6fd877]::sys::backtrace::__rust_begin_short_backtrace::<test[aada8e7e76ba119b]::run_test::{closure#1}, ()>
[INFO] [stdout]   17:     0x5823f43a2b42 - <std[617be2ca0a6fd877]::thread::lifecycle::spawn_unchecked<test[aada8e7e76ba119b]::run_test::{closure#1}, ()>::{closure#1} as core[a373ad73a504971]::ops::function::FnOnce<()>>::call_once::{shim:vtable#0}
[INFO] [stdout]   18:     0x5823f440a27f - <std[617be2ca0a6fd877]::sys::thread::unix::Thread>::new::thread_start
[INFO] [stdout]   19:     0x768f42a5ddfa - <unknown>
[INFO] [stdout]   20:     0x768f42af13d4 - clone
[INFO] [stdout]   21:                0x0 - <unknown>
[INFO] [stdout] 
[INFO] [stdout] ---- test_mul_larger stdout ----
[INFO] [stdout] 
[INFO] [stdout] thread 'test_mul_larger' (283) panicked at tests/integration_tests.rs:35:10:
[INFO] [stdout] Failed to run emulator: Os { code: 2, kind: NotFound, message: "No such file or directory" }
[INFO] [stdout] stack backtrace:
[INFO] [stdout]    0:     0x5823f440ac01 - <<std[617be2ca0a6fd877]::sys::backtrace::BacktraceLock>::print::DisplayBacktrace as core[a373ad73a504971]::fmt::Display>::fmt
[INFO] [stdout]    1:     0x5823f441eb5a - core[a373ad73a504971]::fmt::write
[INFO] [stdout]    2:     0x5823f440ee1c - <alloc[2e1b2a31b91974c5]::vec::Vec<u8> as core[a373ad73a504971]::io::write::Write>::write_fmt
[INFO] [stdout]    3:     0x5823f43e6c66 - std[617be2ca0a6fd877]::panicking::default_hook::{closure#0}
[INFO] [stdout]    4:     0x5823f4402f99 - std[617be2ca0a6fd877]::panicking::default_hook
[INFO] [stdout]    5:     0x5823f439f490 - test[aada8e7e76ba119b]::test_main_inner::{closure#0}
[INFO] [stdout]    6:     0x5823f4403152 - std[617be2ca0a6fd877]::panicking::panic_with_hook
[INFO] [stdout]    7:     0x5823f43e6d12 - std[617be2ca0a6fd877]::panicking::panic_handler::{closure#0}
[INFO] [stdout]    8:     0x5823f43df979 - std[617be2ca0a6fd877]::sys::backtrace::__rust_end_short_backtrace::<std[617be2ca0a6fd877]::panicking::panic_handler::{closure#0}, !>
[INFO] [stdout]    9:     0x5823f43e791d - __rustc[ea4f61d10b84890b]::rust_begin_unwind
[INFO] [stdout]   10:     0x5823f441f28c - core[a373ad73a504971]::panicking::panic_fmt
[INFO] [stdout]   11:     0x5823f441f062 - core[a373ad73a504971]::result::unwrap_failed
[INFO] [stdout]   12:     0x5823f43900fe - integration_tests[e52525341cafed17]::compile_and_run
[INFO] [stdout]   13:     0x5823f4390f8e - <integration_tests[e52525341cafed17]::test_mul_larger::{closure#0} as core[a373ad73a504971]::ops::function::FnOnce<()>>::call_once
[INFO] [stdout]   14:     0x5823f43928db - test[aada8e7e76ba119b]::__rust_begin_short_backtrace::<core[a373ad73a504971]::result::Result<(), alloc[2e1b2a31b91974c5]::string::String>, fn() -> core[a373ad73a504971]::result::Result<(), alloc[2e1b2a31b91974c5]::string::String>>
[INFO] [stdout]   15:     0x5823f439fab5 - test[aada8e7e76ba119b]::run_test::{closure#0}
[INFO] [stdout]   16:     0x5823f43993a4 - std[617be2ca0a6fd877]::sys::backtrace::__rust_begin_short_backtrace::<test[aada8e7e76ba119b]::run_test::{closure#1}, ()>
[INFO] [stdout]   17:     0x5823f43a2b42 - <std[617be2ca0a6fd877]::thread::lifecycle::spawn_unchecked<test[aada8e7e76ba119b]::run_test::{closure#1}, ()>::{closure#1} as core[a373ad73a504971]::ops::function::FnOnce<()>>::call_once::{shim:vtable#0}
[INFO] [stdout]   18:     0x5823f440a27f - <std[617be2ca0a6fd877]::sys::thread::unix::Thread>::new::thread_start
[INFO] [stdout]   19:     0x768f42a5ddfa - <unknown>
[INFO] [stdout]   20:     0x768f42af13d4 - clone
[INFO] [stdout]   21:                0x0 - <unknown>
[INFO] [stdout] 
[INFO] [stdout] ---- test_mixed_ops stdout ----
[INFO] [stdout] 
[INFO] [stdout] thread 'test_mixed_ops' (276) panicked at tests/integration_tests.rs:35:10:
[INFO] [stdout] Failed to run emulator: Os { code: 2, kind: NotFound, message: "No such file or directory" }
[INFO] [stdout] stack backtrace:
[INFO] [stdout]    0:     0x5823f440ac01 - <<std[617be2ca0a6fd877]::sys::backtrace::BacktraceLock>::print::DisplayBacktrace as core[a373ad73a504971]::fmt::Display>::fmt
[INFO] [stdout]    1:     0x5823f441eb5a - core[a373ad73a504971]::fmt::write
[INFO] [stdout]    2:     0x5823f440ee1c - <alloc[2e1b2a31b91974c5]::vec::Vec<u8> as core[a373ad73a504971]::io::write::Write>::write_fmt
[INFO] [stdout]    3:     0x5823f43e6c66 - std[617be2ca0a6fd877]::panicking::default_hook::{closure#0}
[INFO] [stdout]    4:     0x5823f4402f99 - std[617be2ca0a6fd877]::panicking::default_hook
[INFO] [stdout]    5:     0x5823f439f490 - test[aada8e7e76ba119b]::test_main_inner::{closure#0}
[INFO] [stdout]    6:     0x5823f4403152 - std[617be2ca0a6fd877]::panicking::panic_with_hook
[INFO] [stdout]    7:     0x5823f43e6d12 - std[617be2ca0a6fd877]::panicking::panic_handler::{closure#0}
[INFO] [stdout]    8:     0x5823f43df979 - std[617be2ca0a6fd877]::sys::backtrace::__rust_end_short_backtrace::<std[617be2ca0a6fd877]::panicking::panic_handler::{closure#0}, !>
[INFO] [stdout]    9:     0x5823f43e791d - __rustc[ea4f61d10b84890b]::rust_begin_unwind
[INFO] [stdout]   10:     0x5823f441f28c - core[a373ad73a504971]::panicking::panic_fmt
[INFO] [stdout]   11:     0x5823f441f062 - core[a373ad73a504971]::result::unwrap_failed
[INFO] [stdout]   12:     0x5823f43900fe - integration_tests[e52525341cafed17]::compile_and_run
[INFO] [stdout]   13:     0x5823f4390cfe - <integration_tests[e52525341cafed17]::test_mixed_ops::{closure#0} as core[a373ad73a504971]::ops::function::FnOnce<()>>::call_once
[INFO] [stdout]   14:     0x5823f43928db - test[aada8e7e76ba119b]::__rust_begin_short_backtrace::<core[a373ad73a504971]::result::Result<(), alloc[2e1b2a31b91974c5]::string::String>, fn() -> core[a373ad73a504971]::result::Result<(), alloc[2e1b2a31b91974c5]::string::String>>
[INFO] [stdout]   15:     0x5823f439fab5 - test[aada8e7e76ba119b]::run_test::{closure#0}
[INFO] [stdout]   16:     0x5823f43993a4 - std[617be2ca0a6fd877]::sys::backtrace::__rust_begin_short_backtrace::<test[aada8e7e76ba119b]::run_test::{closure#1}, ()>
[INFO] [stdout]   17:     0x5823f43a2b42 - <std[617be2ca0a6fd877]::thread::lifecycle::spawn_unchecked<test[aada8e7e76ba119b]::run_test::{closure#1}, ()>::{closure#1} as core[a373ad73a504971]::ops::function::FnOnce<()>>::call_once::{shim:vtable#0}
[INFO] [stdout]   18:     0x5823f440a27f - <std[617be2ca0a6fd877]::sys::thread::unix::Thread>::new::thread_start
[INFO] [stdout]   19:     0x768f42a5ddfa - <unknown>
[INFO] [stdout]   20:     0x768f42af13d4 - clone
[INFO] [stdout]   21:                0x0 - <unknown>
[INFO] [stdout] 
[INFO] [stdout] ---- test_chained_sub stdout ----
[INFO] [stdout] 
[INFO] [stdout] thread 'test_chained_sub' (221) panicked at tests/integration_tests.rs:35:10:
[INFO] [stdout] Failed to run emulator: Os { code: 2, kind: NotFound, message: "No such file or directory" }
[INFO] [stdout] stack backtrace:
[INFO] [stdout]    0:     0x5823f440ac01 - <<std[617be2ca0a6fd877]::sys::backtrace::BacktraceLock>::print::DisplayBacktrace as core[a373ad73a504971]::fmt::Display>::fmt
[INFO] [stdout]    1:     0x5823f441eb5a - core[a373ad73a504971]::fmt::write
[INFO] [stdout]    2:     0x5823f440ee1c - <alloc[2e1b2a31b91974c5]::vec::Vec<u8> as core[a373ad73a504971]::io::write::Write>::write_fmt
[INFO] [stdout]    3:     0x5823f43e6c66 - std[617be2ca0a6fd877]::panicking::default_hook::{closure#0}
[INFO] [stdout]    4:     0x5823f4402f99 - std[617be2ca0a6fd877]::panicking::default_hook
[INFO] [stdout]    5:     0x5823f439f490 - test[aada8e7e76ba119b]::test_main_inner::{closure#0}
[INFO] [stdout]    6:     0x5823f4403152 - std[617be2ca0a6fd877]::panicking::panic_with_hook
[INFO] [stdout]    7:     0x5823f43e6d12 - std[617be2ca0a6fd877]::panicking::panic_handler::{closure#0}
[INFO] [stdout]    8:     0x5823f43df979 - std[617be2ca0a6fd877]::sys::backtrace::__rust_end_short_backtrace::<std[617be2ca0a6fd877]::panicking::panic_handler::{closure#0}, !>
[INFO] [stdout]    9:     0x5823f43e791d - __rustc[ea4f61d10b84890b]::rust_begin_unwind
[INFO] [stdout]   10:     0x5823f441f28c - core[a373ad73a504971]::panicking::panic_fmt
[INFO] [stdout]   11:     0x5823f441f062 - core[a373ad73a504971]::result::unwrap_failed
[INFO] [stdout]   12:     0x5823f43900fe - integration_tests[e52525341cafed17]::compile_and_run
[INFO] [stdout]   13:     0x5823f439121e - <integration_tests[e52525341cafed17]::test_chained_sub::{closure#0} as core[a373ad73a504971]::ops::function::FnOnce<()>>::call_once
[INFO] [stdout]   14:     0x5823f43928db - test[aada8e7e76ba119b]::__rust_begin_short_backtrace::<core[a373ad73a504971]::result::Result<(), alloc[2e1b2a31b91974c5]::string::String>, fn() -> core[a373ad73a504971]::result::Result<(), alloc[2e1b2a31b91974c5]::string::String>>
[INFO] [stdout]   15:     0x5823f439fab5 - test[aada8e7e76ba119b]::run_test::{closure#0}
[INFO] [stdout]   16:     0x5823f43993a4 - std[617be2ca0a6fd877]::sys::backtrace::__rust_begin_short_backtrace::<test[aada8e7e76ba119b]::run_test::{closure#1}, ()>
[INFO] [stdout]   17:     0x5823f43a2b42 - <std[617be2ca0a6fd877]::thread::lifecycle::spawn_unchecked<test[aada8e7e76ba119b]::run_test::{closure#1}, ()>::{closure#1} as core[a373ad73a504971]::ops::function::FnOnce<()>>::call_once::{shim:vtable#0}
[INFO] [stdout]   18:     0x5823f440a27f - <std[617be2ca0a6fd877]::sys::thread::unix::Thread>::new::thread_start
[INFO] [stdout]   19:     0x768f42a5ddfa - <unknown>
[INFO] [stdout]   20:     0x768f42af13d4 - clone
[INFO] [stdout]   21:                0x0 - <unknown>
[INFO] [stdout] 
[INFO] [stdout] ---- test_integer_five_digits stdout ----
[INFO] [stdout] 
[INFO] [stdout] thread 'test_integer_five_digits' (230) panicked at tests/integration_tests.rs:35:10:
[INFO] [stdout] Failed to run emulator: Os { code: 2, kind: NotFound, message: "No such file or directory" }
[INFO] [stdout] stack backtrace:
[INFO] [stdout]    0:     0x5823f440ac01 - <<std[617be2ca0a6fd877]::sys::backtrace::BacktraceLock>::print::DisplayBacktrace as core[a373ad73a504971]::fmt::Display>::fmt
[INFO] [stdout]    1:     0x5823f441eb5a - core[a373ad73a504971]::fmt::write
[INFO] [stdout]    2:     0x5823f440ee1c - <alloc[2e1b2a31b91974c5]::vec::Vec<u8> as core[a373ad73a504971]::io::write::Write>::write_fmt
[INFO] [stdout]    3:     0x5823f43e6c66 - std[617be2ca0a6fd877]::panicking::default_hook::{closure#0}
[INFO] [stdout]    4:     0x5823f4402f99 - std[617be2ca0a6fd877]::panicking::default_hook
[INFO] [stdout]    5:     0x5823f439f490 - test[aada8e7e76ba119b]::test_main_inner::{closure#0}
[INFO] [stdout]    6:     0x5823f4403152 - std[617be2ca0a6fd877]::panicking::panic_with_hook
[INFO] [stdout]    7:     0x5823f43e6d12 - std[617be2ca0a6fd877]::panicking::panic_handler::{closure#0}
[INFO] [stdout]    8:     0x5823f43df979 - std[617be2ca0a6fd877]::sys::backtrace::__rust_end_short_backtrace::<std[617be2ca0a6fd877]::panicking::panic_handler::{closure#0}, !>
[INFO] [stdout]    9:     0x5823f43e791d - __rustc[ea4f61d10b84890b]::rust_begin_unwind
[INFO] [stdout]   10:     0x5823f441f28c - core[a373ad73a504971]::panicking::panic_fmt
[INFO] [stdout]   11:     0x5823f441f062 - core[a373ad73a504971]::result::unwrap_failed
[INFO] [stdout]   12:     0x5823f43900fe - integration_tests[e52525341cafed17]::compile_and_run
[INFO] [stdout]   13:     0x5823f4391bde - <integration_tests[e52525341cafed17]::test_integer_five_digits::{closure#0} as core[a373ad73a504971]::ops::function::FnOnce<()>>::call_once
[INFO] [stdout]   14:     0x5823f43928db - test[aada8e7e76ba119b]::__rust_begin_short_backtrace::<core[a373ad73a504971]::result::Result<(), alloc[2e1b2a31b91974c5]::string::String>, fn() -> core[a373ad73a504971]::result::Result<(), alloc[2e1b2a31b91974c5]::string::String>>
[INFO] [stdout]   15:     0x5823f439fab5 - test[aada8e7e76ba119b]::run_test::{closure#0}
[INFO] [stdout]   16:     0x5823f43993a4 - std[617be2ca0a6fd877]::sys::backtrace::__rust_begin_short_backtrace::<test[aada8e7e76ba119b]::run_test::{closure#1}, ()>
[INFO] [stdout]   17:     0x5823f43a2b42 - <std[617be2ca0a6fd877]::thread::lifecycle::spawn_unchecked<test[aada8e7e76ba119b]::run_test::{closure#1}, ()>::{closure#1} as core[a373ad73a504971]::ops::function::FnOnce<()>>::call_once::{shim:vtable#0}
[INFO] [stdout]   18:     0x5823f440a27f - <std[617be2ca0a6fd877]::sys::thread::unix::Thread>::new::thread_start
[INFO] [stdout]   19:     0x768f42a5ddfa - <unknown>
[INFO] [stdout]   20:     0x768f42af13d4 - clone
[INFO] [stdout]   21:                0x0 - <unknown>
[INFO] [stdout] 
[INFO] [stdout] ---- test_eq_large_true stdout ----
[INFO] [stdout] 
[INFO] [stdout] thread 'test_eq_large_true' (224) panicked at tests/integration_tests.rs:35:10:
[INFO] [stdout] Failed to run emulator: Os { code: 2, kind: NotFound, message: "No such file or directory" }
[INFO] [stdout] stack backtrace:
[INFO] [stdout]    0:     0x5823f440ac01 - <<std[617be2ca0a6fd877]::sys::backtrace::BacktraceLock>::print::DisplayBacktrace as core[a373ad73a504971]::fmt::Display>::fmt
[INFO] [stdout]    1:     0x5823f441eb5a - core[a373ad73a504971]::fmt::write
[INFO] [stdout]    2:     0x5823f440ee1c - <alloc[2e1b2a31b91974c5]::vec::Vec<u8> as core[a373ad73a504971]::io::write::Write>::write_fmt
[INFO] [stdout]    3:     0x5823f43e6c66 - std[617be2ca0a6fd877]::panicking::default_hook::{closure#0}
[INFO] [stdout]    4:     0x5823f4402f99 - std[617be2ca0a6fd877]::panicking::default_hook
[INFO] [stdout]    5:     0x5823f439f490 - test[aada8e7e76ba119b]::test_main_inner::{closure#0}
[INFO] [stdout]    6:     0x5823f4403152 - std[617be2ca0a6fd877]::panicking::panic_with_hook
[INFO] [stdout]    7:     0x5823f43e6d12 - std[617be2ca0a6fd877]::panicking::panic_handler::{closure#0}
[INFO] [stdout]    8:     0x5823f43df979 - std[617be2ca0a6fd877]::sys::backtrace::__rust_end_short_backtrace::<std[617be2ca0a6fd877]::panicking::panic_handler::{closure#0}, !>
[INFO] [stdout]    9:     0x5823f43e791d - __rustc[ea4f61d10b84890b]::rust_begin_unwind
[INFO] [stdout]   10:     0x5823f441f28c - core[a373ad73a504971]::panicking::panic_fmt
[INFO] [stdout]   11:     0x5823f441f062 - core[a373ad73a504971]::result::unwrap_failed
[INFO] [stdout]   12:     0x5823f43900fe - integration_tests[e52525341cafed17]::compile_and_run
[INFO] [stdout]   13:     0x5823f43915fe - <integration_tests[e52525341cafed17]::test_eq_large_true::{closure#0} as core[a373ad73a504971]::ops::function::FnOnce<()>>::call_once
[INFO] [stdout]   14:     0x5823f43928db - test[aada8e7e76ba119b]::__rust_begin_short_backtrace::<core[a373ad73a504971]::result::Result<(), alloc[2e1b2a31b91974c5]::string::String>, fn() -> core[a373ad73a504971]::result::Result<(), alloc[2e1b2a31b91974c5]::string::String>>
[INFO] [stdout]   15:     0x5823f439fab5 - test[aada8e7e76ba119b]::run_test::{closure#0}
[INFO] [stdout]   16:     0x5823f43993a4 - std[617be2ca0a6fd877]::sys::backtrace::__rust_begin_short_backtrace::<test[aada8e7e76ba119b]::run_test::{closure#1}, ()>
[INFO] [stderr] error: test failed, to rerun pass `--test integration_tests`
[INFO] [stdout]   17:     0x5823f43a2b42 - <std[617be2ca0a6fd877]::thread::lifecycle::spawn_unchecked<test[aada8e7e76ba119b]::run_test::{closure#1}, ()>::{closure#1} as core[a373ad73a504971]::ops::function::FnOnce<()>>::call_once::{shim:vtable#0}
[INFO] [stdout]   18:     0x5823f440a27f - <std[617be2ca0a6fd877]::sys::thread::unix::Thread>::new::thread_start
[INFO] [stdout]   19:     0x768f42a5ddfa - <unknown>
[INFO] [stdout]   20:     0x768f42af13d4 - clone
[INFO] [stdout]   21:                0x0 - <unknown>
[INFO] [stdout] 
[INFO] [stdout] ---- test_sub_with_borrow stdout ----
[INFO] [stdout] 
[INFO] [stdout] thread 'test_sub_with_borrow' (310) panicked at tests/integration_tests.rs:35:10:
[INFO] [stdout] Failed to run emulator: Os { code: 2, kind: NotFound, message: "No such file or directory" }
[INFO] [stdout] stack backtrace:
[INFO] [stdout]    0:     0x5823f440ac01 - <<std[617be2ca0a6fd877]::sys::backtrace::BacktraceLock>::print::DisplayBacktrace as core[a373ad73a504971]::fmt::Display>::fmt
[INFO] [stdout]    1:     0x5823f441eb5a - core[a373ad73a504971]::fmt::write
[INFO] [stdout]    2:     0x5823f440ee1c - <alloc[2e1b2a31b91974c5]::vec::Vec<u8> as core[a373ad73a504971]::io::write::Write>::write_fmt
[INFO] [stdout]    3:     0x5823f43e6c66 - std[617be2ca0a6fd877]::panicking::default_hook::{closure#0}
[INFO] [stdout]    4:     0x5823f4402f99 - std[617be2ca0a6fd877]::panicking::default_hook
[INFO] [stdout]    5:     0x5823f439f490 - test[aada8e7e76ba119b]::test_main_inner::{closure#0}
[INFO] [stdout]    6:     0x5823f4403152 - std[617be2ca0a6fd877]::panicking::panic_with_hook
[INFO] [stdout]    7:     0x5823f43e6d12 - std[617be2ca0a6fd877]::panicking::panic_handler::{closure#0}
[INFO] [stdout]    8:     0x5823f43df979 - std[617be2ca0a6fd877]::sys::backtrace::__rust_end_short_backtrace::<std[617be2ca0a6fd877]::panicking::panic_handler::{closure#0}, !>
[INFO] [stdout]    9:     0x5823f43e791d - __rustc[ea4f61d10b84890b]::rust_begin_unwind
[INFO] [stdout]   10:     0x5823f441f28c - core[a373ad73a504971]::panicking::panic_fmt
[INFO] [stdout]   11:     0x5823f441f062 - core[a373ad73a504971]::result::unwrap_failed
[INFO] [stdout]   12:     0x5823f43900fe - integration_tests[e52525341cafed17]::compile_and_run
[INFO] [stdout]   13:     0x5823f439188e - <integration_tests[e52525341cafed17]::test_sub_with_borrow::{closure#0} as core[a373ad73a504971]::ops::function::FnOnce<()>>::call_once
[INFO] [stdout]   14:     0x5823f43928db - test[aada8e7e76ba119b]::__rust_begin_short_backtrace::<core[a373ad73a504971]::result::Result<(), alloc[2e1b2a31b91974c5]::string::String>, fn() -> core[a373ad73a504971]::result::Result<(), alloc[2e1b2a31b91974c5]::string::String>>
[INFO] [stdout]   15:     0x5823f439fab5 - test[aada8e7e76ba119b]::run_test::{closure#0}
[INFO] [stdout]   16:     0x5823f43993a4 - std[617be2ca0a6fd877]::sys::backtrace::__rust_begin_short_backtrace::<test[aada8e7e76ba119b]::run_test::{closure#1}, ()>
[INFO] [stdout]   17:     0x5823f43a2b42 - <std[617be2ca0a6fd877]::thread::lifecycle::spawn_unchecked<test[aada8e7e76ba119b]::run_test::{closure#1}, ()>::{closure#1} as core[a373ad73a504971]::ops::function::FnOnce<()>>::call_once::{shim:vtable#0}
[INFO] [stdout]   18:     0x5823f440a27f - <std[617be2ca0a6fd877]::sys::thread::unix::Thread>::new::thread_start
[INFO] [stdout]   19:     0x768f42a5ddfa - <unknown>
[INFO] [stdout]   20:     0x768f42af13d4 - clone
[INFO] [stdout]   21:                0x0 - <unknown>
[INFO] [stdout] 
[INFO] [stdout] ---- test_eq_false stdout ----
[INFO] [stdout] 
[INFO] [stdout] thread 'test_eq_false' (222) panicked at tests/integration_tests.rs:35:10:
[INFO] [stdout] Failed to run emulator: Os { code: 2, kind: NotFound, message: "No such file or directory" }
[INFO] [stdout] stack backtrace:
[INFO] [stdout]    0:     0x5823f440ac01 - <<std[617be2ca0a6fd877]::sys::backtrace::BacktraceLock>::print::DisplayBacktrace as core[a373ad73a504971]::fmt::Display>::fmt
[INFO] [stdout]    1:     0x5823f441eb5a - core[a373ad73a504971]::fmt::write
[INFO] [stdout]    2:     0x5823f440ee1c - <alloc[2e1b2a31b91974c5]::vec::Vec<u8> as core[a373ad73a504971]::io::write::Write>::write_fmt
[INFO] [stdout]    3:     0x5823f43e6c66 - std[617be2ca0a6fd877]::panicking::default_hook::{closure#0}
[INFO] [stdout]    4:     0x5823f4402f99 - std[617be2ca0a6fd877]::panicking::default_hook
[INFO] [stdout]    5:     0x5823f439f490 - test[aada8e7e76ba119b]::test_main_inner::{closure#0}
[INFO] [stdout]    6:     0x5823f4403152 - std[617be2ca0a6fd877]::panicking::panic_with_hook
[INFO] [stdout]    7:     0x5823f43e6d12 - std[617be2ca0a6fd877]::panicking::panic_handler::{closure#0}
[INFO] [stdout]    8:     0x5823f43df979 - std[617be2ca0a6fd877]::sys::backtrace::__rust_end_short_backtrace::<std[617be2ca0a6fd877]::panicking::panic_handler::{closure#0}, !>
[INFO] [stdout]    9:     0x5823f43e791d - __rustc[ea4f61d10b84890b]::rust_begin_unwind
[INFO] [stdout]   10:     0x5823f441f28c - core[a373ad73a504971]::panicking::panic_fmt
[INFO] [stdout]   11:     0x5823f441f062 - core[a373ad73a504971]::result::unwrap_failed
[INFO] [stdout]   12:     0x5823f43900fe - integration_tests[e52525341cafed17]::compile_and_run
[INFO] [stdout]   13:     0x5823f439074e - <integration_tests[e52525341cafed17]::test_eq_false::{closure#0} as core[a373ad73a504971]::ops::function::FnOnce<()>>::call_once
[INFO] [stdout]   14:     0x5823f43928db - test[aada8e7e76ba119b]::__rust_begin_short_backtrace::<core[a373ad73a504971]::result::Result<(), alloc[2e1b2a31b91974c5]::string::String>, fn() -> core[a373ad73a504971]::result::Result<(), alloc[2e1b2a31b91974c5]::string::String>>
[INFO] [stdout]   15:     0x5823f439fab5 - test[aada8e7e76ba119b]::run_test::{closure#0}
[INFO] [stdout]   16:     0x5823f43993a4 - std[617be2ca0a6fd877]::sys::backtrace::__rust_begin_short_backtrace::<test[aada8e7e76ba119b]::run_test::{closure#1}, ()>
[INFO] [stdout]   17:     0x5823f43a2b42 - <std[617be2ca0a6fd877]::thread::lifecycle::spawn_unchecked<test[aada8e7e76ba119b]::run_test::{closure#1}, ()>::{closure#1} as core[a373ad73a504971]::ops::function::FnOnce<()>>::call_once::{shim:vtable#0}
[INFO] [stdout]   18:     0x5823f440a27f - <std[617be2ca0a6fd877]::sys::thread::unix::Thread>::new::thread_start
[INFO] [stdout]   19:     0x768f42a5ddfa - <unknown>
[INFO] [stdout]   20:     0x768f42af13d4 - clone
[INFO] [stdout]   21:                0x0 - <unknown>
[INFO] [stdout] 
[INFO] [stdout] ---- test_string_hello stdout ----
[INFO] [stdout] 
[INFO] [stdout] thread 'test_string_hello' (295) panicked at tests/integration_tests.rs:35:10:
[INFO] [stdout] Failed to run emulator: Os { code: 2, kind: NotFound, message: "No such file or directory" }
[INFO] [stdout] stack backtrace:
[INFO] [stdout]    0:     0x5823f440ac01 - <<std[617be2ca0a6fd877]::sys::backtrace::BacktraceLock>::print::DisplayBacktrace as core[a373ad73a504971]::fmt::Display>::fmt
[INFO] [stdout]    1:     0x5823f441eb5a - core[a373ad73a504971]::fmt::write
[INFO] [stdout]    2:     0x5823f440ee1c - <alloc[2e1b2a31b91974c5]::vec::Vec<u8> as core[a373ad73a504971]::io::write::Write>::write_fmt
[INFO] [stdout]    3:     0x5823f43e6c66 - std[617be2ca0a6fd877]::panicking::default_hook::{closure#0}
[INFO] [stdout]    4:     0x5823f4402f99 - std[617be2ca0a6fd877]::panicking::default_hook
[INFO] [stdout]    5:     0x5823f439f490 - test[aada8e7e76ba119b]::test_main_inner::{closure#0}
[INFO] [stdout]    6:     0x5823f4403152 - std[617be2ca0a6fd877]::panicking::panic_with_hook
[INFO] [stdout]    7:     0x5823f43e6d12 - std[617be2ca0a6fd877]::panicking::panic_handler::{closure#0}
[INFO] [stdout]    8:     0x5823f43df979 - std[617be2ca0a6fd877]::sys::backtrace::__rust_end_short_backtrace::<std[617be2ca0a6fd877]::panicking::panic_handler::{closure#0}, !>
[INFO] [stdout]    9:     0x5823f43e791d - __rustc[ea4f61d10b84890b]::rust_begin_unwind
[INFO] [stdout]   10:     0x5823f441f28c - core[a373ad73a504971]::panicking::panic_fmt
[INFO] [stdout]   11:     0x5823f441f062 - core[a373ad73a504971]::result::unwrap_failed
[INFO] [stdout]   12:     0x5823f43900fe - integration_tests[e52525341cafed17]::compile_and_run
[INFO] [stdout]   13:     0x5823f439154e - <integration_tests[e52525341cafed17]::test_string_hello::{closure#0} as core[a373ad73a504971]::ops::function::FnOnce<()>>::call_once
[INFO] [stdout]   14:     0x5823f43928db - test[aada8e7e76ba119b]::__rust_begin_short_backtrace::<core[a373ad73a504971]::result::Result<(), alloc[2e1b2a31b91974c5]::string::String>, fn() -> core[a373ad73a504971]::result::Result<(), alloc[2e1b2a31b91974c5]::string::String>>
[INFO] [stdout]   15:     0x5823f439fab5 - test[aada8e7e76ba119b]::run_test::{closure#0}
[INFO] [stdout]   16:     0x5823f43993a4 - std[617be2ca0a6fd877]::sys::backtrace::__rust_begin_short_backtrace::<test[aada8e7e76ba119b]::run_test::{closure#1}, ()>
[INFO] [stdout]   17:     0x5823f43a2b42 - <std[617be2ca0a6fd877]::thread::lifecycle::spawn_unchecked<test[aada8e7e76ba119b]::run_test::{closure#1}, ()>::{closure#1} as core[a373ad73a504971]::ops::function::FnOnce<()>>::call_once::{shim:vtable#0}
[INFO] [stdout]   18:     0x5823f440a27f - <std[617be2ca0a6fd877]::sys::thread::unix::Thread>::new::thread_start
[INFO] [stdout]   19:     0x768f42a5ddfa - <unknown>
[INFO] [stdout]   20:     0x768f42af13d4 - clone
[INFO] [stdout]   21:                0x0 - <unknown>
[INFO] [stdout] 
[INFO] [stdout] ---- test_sub_large stdout ----
[INFO] [stdout] 
[INFO] [stdout] thread 'test_sub_large' (300) panicked at tests/integration_tests.rs:35:10:
[INFO] [stdout] Failed to run emulator: Os { code: 2, kind: NotFound, message: "No such file or directory" }
[INFO] [stdout] stack backtrace:
[INFO] [stdout]    0:     0x5823f440ac01 - <<std[617be2ca0a6fd877]::sys::backtrace::BacktraceLock>::print::DisplayBacktrace as core[a373ad73a504971]::fmt::Display>::fmt
[INFO] [stdout]    1:     0x5823f441eb5a - core[a373ad73a504971]::fmt::write
[INFO] [stdout]    2:     0x5823f440ee1c - <alloc[2e1b2a31b91974c5]::vec::Vec<u8> as core[a373ad73a504971]::io::write::Write>::write_fmt
[INFO] [stdout]    3:     0x5823f43e6c66 - std[617be2ca0a6fd877]::panicking::default_hook::{closure#0}
[INFO] [stdout]    4:     0x5823f4402f99 - std[617be2ca0a6fd877]::panicking::default_hook
[INFO] [stdout]    5:     0x5823f439f490 - test[aada8e7e76ba119b]::test_main_inner::{closure#0}
[INFO] [stdout]    6:     0x5823f4403152 - std[617be2ca0a6fd877]::panicking::panic_with_hook
[INFO] [stdout]    7:     0x5823f43e6d12 - std[617be2ca0a6fd877]::panicking::panic_handler::{closure#0}
[INFO] [stdout]    8:     0x5823f43df979 - std[617be2ca0a6fd877]::sys::backtrace::__rust_end_short_backtrace::<std[617be2ca0a6fd877]::panicking::panic_handler::{closure#0}, !>
[INFO] [stdout]    9:     0x5823f43e791d - __rustc[ea4f61d10b84890b]::rust_begin_unwind
[INFO] [stdout]   10:     0x5823f441f28c - core[a373ad73a504971]::panicking::panic_fmt
[INFO] [stdout]   11:     0x5823f441f062 - core[a373ad73a504971]::result::unwrap_failed
[INFO] [stdout]   12:     0x5823f43900fe - integration_tests[e52525341cafed17]::compile_and_run
[INFO] [stdout]   13:     0x5823f4390d9e - <integration_tests[e52525341cafed17]::test_sub_large::{closure#0} as core[a373ad73a504971]::ops::function::FnOnce<()>>::call_once
[INFO] [stdout]   14:     0x5823f43928db - test[aada8e7e76ba119b]::__rust_begin_short_backtrace::<core[a373ad73a504971]::result::Result<(), alloc[2e1b2a31b91974c5]::string::String>, fn() -> core[a373ad73a504971]::result::Result<(), alloc[2e1b2a31b91974c5]::string::String>>
[INFO] [stdout]   15:     0x5823f439fab5 - test[aada8e7e76ba119b]::run_test::{closure#0}
[INFO] [stdout]   16:     0x5823f43993a4 - std[617be2ca0a6fd877]::sys::backtrace::__rust_begin_short_backtrace::<test[aada8e7e76ba119b]::run_test::{closure#1}, ()>
[INFO] [stdout]   17:     0x5823f43a2b42 - <std[617be2ca0a6fd877]::thread::lifecycle::spawn_unchecked<test[aada8e7e76ba119b]::run_test::{closure#1}, ()>::{closure#1} as core[a373ad73a504971]::ops::function::FnOnce<()>>::call_once::{shim:vtable#0}
[INFO] [stdout]   18:     0x5823f440a27f - <std[617be2ca0a6fd877]::sys::thread::unix::Thread>::new::thread_start
[INFO] [stdout]   19:     0x768f42a5ddfa - <unknown>
[INFO] [stdout]   20:     0x768f42af13d4 - clone
[INFO] [stdout]   21:                0x0 - <unknown>
[INFO] [stdout] 
[INFO] [stdout] ---- test_sub_simple stdout ----
[INFO] [stdout] 
[INFO] [stdout] thread 'test_sub_simple' (303) panicked at tests/integration_tests.rs:35:10:
[INFO] [stdout] Failed to run emulator: Os { code: 2, kind: NotFound, message: "No such file or directory" }
[INFO] [stdout] stack backtrace:
[INFO] [stdout]    0:     0x5823f440ac01 - <<std[617be2ca0a6fd877]::sys::backtrace::BacktraceLock>::print::DisplayBacktrace as core[a373ad73a504971]::fmt::Display>::fmt
[INFO] [stdout]    1:     0x5823f441eb5a - core[a373ad73a504971]::fmt::write
[INFO] [stdout]    2:     0x5823f440ee1c - <alloc[2e1b2a31b91974c5]::vec::Vec<u8> as core[a373ad73a504971]::io::write::Write>::write_fmt
[INFO] [stdout]    3:     0x5823f43e6c66 - std[617be2ca0a6fd877]::panicking::default_hook::{closure#0}
[INFO] [stdout]    4:     0x5823f4402f99 - std[617be2ca0a6fd877]::panicking::default_hook
[INFO] [stdout]    5:     0x5823f439f490 - test[aada8e7e76ba119b]::test_main_inner::{closure#0}
[INFO] [stdout]    6:     0x5823f4403152 - std[617be2ca0a6fd877]::panicking::panic_with_hook
[INFO] [stdout]    7:     0x5823f43e6d12 - std[617be2ca0a6fd877]::panicking::panic_handler::{closure#0}
[INFO] [stdout]    8:     0x5823f43df979 - std[617be2ca0a6fd877]::sys::backtrace::__rust_end_short_backtrace::<std[617be2ca0a6fd877]::panicking::panic_handler::{closure#0}, !>
[INFO] [stdout]    9:     0x5823f43e791d - __rustc[ea4f61d10b84890b]::rust_begin_unwind
[INFO] [stdout]   10:     0x5823f441f28c - core[a373ad73a504971]::panicking::panic_fmt
[INFO] [stdout]   11:     0x5823f441f062 - core[a373ad73a504971]::result::unwrap_failed
[INFO] [stdout]   12:     0x5823f43900fe - integration_tests[e52525341cafed17]::compile_and_run
[INFO] [stdout]   13:     0x5823f43910de - <integration_tests[e52525341cafed17]::test_sub_simple::{closure#0} as core[a373ad73a504971]::ops::function::FnOnce<()>>::call_once
[INFO] [stdout]   14:     0x5823f43928db - test[aada8e7e76ba119b]::__rust_begin_short_backtrace::<core[a373ad73a504971]::result::Result<(), alloc[2e1b2a31b91974c5]::string::String>, fn() -> core[a373ad73a504971]::result::Result<(), alloc[2e1b2a31b91974c5]::string::String>>
[INFO] [stdout]   15:     0x5823f439fab5 - test[aada8e7e76ba119b]::run_test::{closure#0}
[INFO] [stdout]   16:     0x5823f43993a4 - std[617be2ca0a6fd877]::sys::backtrace::__rust_begin_short_backtrace::<test[aada8e7e76ba119b]::run_test::{closure#1}, ()>
[INFO] [stdout]   17:     0x5823f43a2b42 - <std[617be2ca0a6fd877]::thread::lifecycle::spawn_unchecked<test[aada8e7e76ba119b]::run_test::{closure#1}, ()>::{closure#1} as core[a373ad73a504971]::ops::function::FnOnce<()>>::call_once::{shim:vtable#0}
[INFO] [stdout]   18:     0x5823f440a27f - <std[617be2ca0a6fd877]::sys::thread::unix::Thread>::new::thread_start
[INFO] [stdout]   19:     0x768f42a5ddfa - <unknown>
[INFO] [stdout]   20:     0x768f42af13d4 - clone
[INFO] [stdout]   21:                0x0 - <unknown>
[INFO] [stdout] 
[INFO] [stdout] ---- test_add_with_carry stdout ----
[INFO] [stdout] 
[INFO] [stdout] thread 'test_add_with_carry' (218) panicked at tests/integration_tests.rs:35:10:
[INFO] [stdout] Failed to run emulator: Os { code: 2, kind: NotFound, message: "No such file or directory" }
[INFO] [stdout] stack backtrace:
[INFO] [stdout]    0:     0x5823f440ac01 - <<std[617be2ca0a6fd877]::sys::backtrace::BacktraceLock>::print::DisplayBacktrace as core[a373ad73a504971]::fmt::Display>::fmt
[INFO] [stdout]    1:     0x5823f441eb5a - core[a373ad73a504971]::fmt::write
[INFO] [stdout]    2:     0x5823f440ee1c - <alloc[2e1b2a31b91974c5]::vec::Vec<u8> as core[a373ad73a504971]::io::write::Write>::write_fmt
[INFO] [stdout]    3:     0x5823f43e6c66 - std[617be2ca0a6fd877]::panicking::default_hook::{closure#0}
[INFO] [stdout]    4:     0x5823f4402f99 - std[617be2ca0a6fd877]::panicking::default_hook
[INFO] [stdout]    5:     0x5823f439f490 - test[aada8e7e76ba119b]::test_main_inner::{closure#0}
[INFO] [stdout]    6:     0x5823f4403152 - std[617be2ca0a6fd877]::panicking::panic_with_hook
[INFO] [stdout]    7:     0x5823f43e6d12 - std[617be2ca0a6fd877]::panicking::panic_handler::{closure#0}
[INFO] [stdout]    8:     0x5823f43df979 - std[617be2ca0a6fd877]::sys::backtrace::__rust_end_short_backtrace::<std[617be2ca0a6fd877]::panicking::panic_handler::{closure#0}, !>
[INFO] [stdout]    9:     0x5823f43e791d - __rustc[ea4f61d10b84890b]::rust_begin_unwind
[INFO] [stdout]   10:     0x5823f441f28c - core[a373ad73a504971]::panicking::panic_fmt
[INFO] [stdout]   11:     0x5823f441f062 - core[a373ad73a504971]::result::unwrap_failed
[INFO] [stdout]   12:     0x5823f43900fe - integration_tests[e52525341cafed17]::compile_and_run
[INFO] [stdout]   13:     0x5823f439169e - <integration_tests[e52525341cafed17]::test_add_with_carry::{closure#0} as core[a373ad73a504971]::ops::function::FnOnce<()>>::call_once
[INFO] [stdout]   14:     0x5823f43928db - test[aada8e7e76ba119b]::__rust_begin_short_backtrace::<core[a373ad73a504971]::result::Result<(), alloc[2e1b2a31b91974c5]::string::String>, fn() -> core[a373ad73a504971]::result::Result<(), alloc[2e1b2a31b91974c5]::string::String>>
[INFO] [stdout]   15:     0x5823f439fab5 - test[aada8e7e76ba119b]::run_test::{closure#0}
[INFO] [stdout]   16:     0x5823f43993a4 - std[617be2ca0a6fd877]::sys::backtrace::__rust_begin_short_backtrace::<test[aada8e7e76ba119b]::run_test::{closure#1}, ()>
[INFO] [stdout]   17:     0x5823f43a2b42 - <std[617be2ca0a6fd877]::thread::lifecycle::spawn_unchecked<test[aada8e7e76ba119b]::run_test::{closure#1}, ()>::{closure#1} as core[a373ad73a504971]::ops::function::FnOnce<()>>::call_once::{shim:vtable#0}
[INFO] [stdout]   18:     0x5823f440a27f - <std[617be2ca0a6fd877]::sys::thread::unix::Thread>::new::thread_start
[INFO] [stdout]   19:     0x768f42a5ddfa - <unknown>
[INFO] [stdout]   20:     0x768f42af13d4 - clone
[INFO] [stdout]   21:                0x0 - <unknown>
[INFO] [stdout] 
[INFO] [stdout] ---- test_gt_false stdout ----
[INFO] [stdout] 
[INFO] [stdout] thread 'test_gt_false' (227) panicked at tests/integration_tests.rs:35:10:
[INFO] [stdout] Failed to run emulator: Os { code: 2, kind: NotFound, message: "No such file or directory" }
[INFO] [stdout] stack backtrace:
[INFO] [stdout]    0:     0x5823f440ac01 - <<std[617be2ca0a6fd877]::sys::backtrace::BacktraceLock>::print::DisplayBacktrace as core[a373ad73a504971]::fmt::Display>::fmt
[INFO] [stdout]    1:     0x5823f441eb5a - core[a373ad73a504971]::fmt::write
[INFO] [stdout]    2:     0x5823f440ee1c - <alloc[2e1b2a31b91974c5]::vec::Vec<u8> as core[a373ad73a504971]::io::write::Write>::write_fmt
[INFO] [stdout]    3:     0x5823f43e6c66 - std[617be2ca0a6fd877]::panicking::default_hook::{closure#0}
[INFO] [stdout]    4:     0x5823f4402f99 - std[617be2ca0a6fd877]::panicking::default_hook
[INFO] [stdout]    5:     0x5823f439f490 - test[aada8e7e76ba119b]::test_main_inner::{closure#0}
[INFO] [stdout]    6:     0x5823f4403152 - std[617be2ca0a6fd877]::panicking::panic_with_hook
[INFO] [stdout]    7:     0x5823f43e6d12 - std[617be2ca0a6fd877]::panicking::panic_handler::{closure#0}
[INFO] [stdout]    8:     0x5823f43df979 - std[617be2ca0a6fd877]::sys::backtrace::__rust_end_short_backtrace::<std[617be2ca0a6fd877]::panicking::panic_handler::{closure#0}, !>
[INFO] [stdout]    9:     0x5823f43e791d - __rustc[ea4f61d10b84890b]::rust_begin_unwind
[INFO] [stdout]   10:     0x5823f441f28c - core[a373ad73a504971]::panicking::panic_fmt
[INFO] [stdout]   11:     0x5823f441f062 - core[a373ad73a504971]::result::unwrap_failed
[INFO] [stdout]   12:     0x5823f43900fe - integration_tests[e52525341cafed17]::compile_and_run
[INFO] [stdout]   13:     0x5823f439088e - <integration_tests[e52525341cafed17]::test_gt_false::{closure#0} as core[a373ad73a504971]::ops::function::FnOnce<()>>::call_once
[INFO] [stdout]   14:     0x5823f43928db - test[aada8e7e76ba119b]::__rust_begin_short_backtrace::<core[a373ad73a504971]::result::Result<(), alloc[2e1b2a31b91974c5]::string::String>, fn() -> core[a373ad73a504971]::result::Result<(), alloc[2e1b2a31b91974c5]::string::String>>
[INFO] [stdout]   15:     0x5823f439fab5 - test[aada8e7e76ba119b]::run_test::{closure#0}
[INFO] [stdout]   16:     0x5823f43993a4 - std[617be2ca0a6fd877]::sys::backtrace::__rust_begin_short_backtrace::<test[aada8e7e76ba119b]::run_test::{closure#1}, ()>
[INFO] [stdout]   17:     0x5823f43a2b42 - <std[617be2ca0a6fd877]::thread::lifecycle::spawn_unchecked<test[aada8e7e76ba119b]::run_test::{closure#1}, ()>::{closure#1} as core[a373ad73a504971]::ops::function::FnOnce<()>>::call_once::{shim:vtable#0}
[INFO] [stdout]   18:     0x5823f440a27f - <std[617be2ca0a6fd877]::sys::thread::unix::Thread>::new::thread_start
[INFO] [stdout]   19:     0x768f42a5ddfa - <unknown>
[INFO] [stdout]   20:     0x768f42af13d4 - clone
[INFO] [stdout]   21:                0x0 - <unknown>
[INFO] [stdout] 
[INFO] [stdout] ---- test_add_multi_carry stdout ----
[INFO] [stdout] 
[INFO] [stdout] thread 'test_add_multi_carry' (216) panicked at tests/integration_tests.rs:35:10:
[INFO] [stdout] Failed to run emulator: Os { code: 2, kind: NotFound, message: "No such file or directory" }
[INFO] [stdout] stack backtrace:
[INFO] [stdout]    0:     0x5823f440ac01 - <<std[617be2ca0a6fd877]::sys::backtrace::BacktraceLock>::print::DisplayBacktrace as core[a373ad73a504971]::fmt::Display>::fmt
[INFO] [stdout]    1:     0x5823f441eb5a - core[a373ad73a504971]::fmt::write
[INFO] [stdout]    2:     0x5823f440ee1c - <alloc[2e1b2a31b91974c5]::vec::Vec<u8> as core[a373ad73a504971]::io::write::Write>::write_fmt
[INFO] [stdout]    3:     0x5823f43e6c66 - std[617be2ca0a6fd877]::panicking::default_hook::{closure#0}
[INFO] [stdout]    4:     0x5823f4402f99 - std[617be2ca0a6fd877]::panicking::default_hook
[INFO] [stdout]    5:     0x5823f439f490 - test[aada8e7e76ba119b]::test_main_inner::{closure#0}
[INFO] [stdout]    6:     0x5823f4403152 - std[617be2ca0a6fd877]::panicking::panic_with_hook
[INFO] [stdout]    7:     0x5823f43e6d12 - std[617be2ca0a6fd877]::panicking::panic_handler::{closure#0}
[INFO] [stdout]    8:     0x5823f43df979 - std[617be2ca0a6fd877]::sys::backtrace::__rust_end_short_backtrace::<std[617be2ca0a6fd877]::panicking::panic_handler::{closure#0}, !>
[INFO] [stdout]    9:     0x5823f43e791d - __rustc[ea4f61d10b84890b]::rust_begin_unwind
[INFO] [stdout]   10:     0x5823f441f28c - core[a373ad73a504971]::panicking::panic_fmt
[INFO] [stdout]   11:     0x5823f441f062 - core[a373ad73a504971]::result::unwrap_failed
[INFO] [stdout]   12:     0x5823f43900fe - integration_tests[e52525341cafed17]::compile_and_run
[INFO] [stdout]   13:     0x5823f43917ee - <integration_tests[e52525341cafed17]::test_add_multi_carry::{closure#0} as core[a373ad73a504971]::ops::function::FnOnce<()>>::call_once
[INFO] [stdout]   14:     0x5823f43928db - test[aada8e7e76ba119b]::__rust_begin_short_backtrace::<core[a373ad73a504971]::result::Result<(), alloc[2e1b2a31b91974c5]::string::String>, fn() -> core[a373ad73a504971]::result::Result<(), alloc[2e1b2a31b91974c5]::string::String>>
[INFO] [stdout]   15:     0x5823f439fab5 - test[aada8e7e76ba119b]::run_test::{closure#0}
[INFO] [stdout]   16:     0x5823f43993a4 - std[617be2ca0a6fd877]::sys::backtrace::__rust_begin_short_backtrace::<test[aada8e7e76ba119b]::run_test::{closure#1}, ()>
[INFO] [stdout]   17:     0x5823f43a2b42 - <std[617be2ca0a6fd877]::thread::lifecycle::spawn_unchecked<test[aada8e7e76ba119b]::run_test::{closure#1}, ()>::{closure#1} as core[a373ad73a504971]::ops::function::FnOnce<()>>::call_once::{shim:vtable#0}
[INFO] [stdout]   18:     0x5823f440a27f - <std[617be2ca0a6fd877]::sys::thread::unix::Thread>::new::thread_start
[INFO] [stdout]   19:     0x768f42a5ddfa - <unknown>
[INFO] [stdout]   20:     0x768f42af13d4 - clone
[INFO] [stdout]   21:                0x0 - <unknown>
[INFO] [stdout] 
[INFO] [stdout] ---- test_mul_simple stdout ----
[INFO] [stdout] 
[INFO] [stdout] thread 'test_mul_simple' (293) panicked at tests/integration_tests.rs:35:10:
[INFO] [stdout] Failed to run emulator: Os { code: 2, kind: NotFound, message: "No such file or directory" }
[INFO] [stdout] stack backtrace:
[INFO] [stdout]    0:     0x5823f440ac01 - <<std[617be2ca0a6fd877]::sys::backtrace::BacktraceLock>::print::DisplayBacktrace as core[a373ad73a504971]::fmt::Display>::fmt
[INFO] [stdout]    1:     0x5823f441eb5a - core[a373ad73a504971]::fmt::write
[INFO] [stdout]    2:     0x5823f440ee1c - <alloc[2e1b2a31b91974c5]::vec::Vec<u8> as core[a373ad73a504971]::io::write::Write>::write_fmt
[INFO] [stdout]    3:     0x5823f43e6c66 - std[617be2ca0a6fd877]::panicking::default_hook::{closure#0}
[INFO] [stdout]    4:     0x5823f4402f99 - std[617be2ca0a6fd877]::panicking::default_hook
[INFO] [stdout]    5:     0x5823f439f490 - test[aada8e7e76ba119b]::test_main_inner::{closure#0}
[INFO] [stdout]    6:     0x5823f4403152 - std[617be2ca0a6fd877]::panicking::panic_with_hook
[INFO] [stdout]    7:     0x5823f43e6d12 - std[617be2ca0a6fd877]::panicking::panic_handler::{closure#0}
[INFO] [stdout]    8:     0x5823f43df979 - std[617be2ca0a6fd877]::sys::backtrace::__rust_end_short_backtrace::<std[617be2ca0a6fd877]::panicking::panic_handler::{closure#0}, !>
[INFO] [stdout]    9:     0x5823f43e791d - __rustc[ea4f61d10b84890b]::rust_begin_unwind
[INFO] [stdout]   10:     0x5823f441f28c - core[a373ad73a504971]::panicking::panic_fmt
[INFO] [stdout]   11:     0x5823f441f062 - core[a373ad73a504971]::result::unwrap_failed
[INFO] [stdout]   12:     0x5823f43900fe - integration_tests[e52525341cafed17]::compile_and_run
[INFO] [stdout]   13:     0x5823f439103e - <integration_tests[e52525341cafed17]::test_mul_simple::{closure#0} as core[a373ad73a504971]::ops::function::FnOnce<()>>::call_once
[INFO] [stdout]   14:     0x5823f43928db - test[aada8e7e76ba119b]::__rust_begin_short_backtrace::<core[a373ad73a504971]::result::Result<(), alloc[2e1b2a31b91974c5]::string::String>, fn() -> core[a373ad73a504971]::result::Result<(), alloc[2e1b2a31b91974c5]::string::String>>
[INFO] [stdout]   15:     0x5823f439fab5 - test[aada8e7e76ba119b]::run_test::{closure#0}
[INFO] [stdout]   16:     0x5823f43993a4 - std[617be2ca0a6fd877]::sys::backtrace::__rust_begin_short_backtrace::<test[aada8e7e76ba119b]::run_test::{closure#1}, ()>
[INFO] [stdout]   17:     0x5823f43a2b42 - <std[617be2ca0a6fd877]::thread::lifecycle::spawn_unchecked<test[aada8e7e76ba119b]::run_test::{closure#1}, ()>::{closure#1} as core[a373ad73a504971]::ops::function::FnOnce<()>>::call_once::{shim:vtable#0}
[INFO] [stdout]   18:     0x5823f440a27f - <std[617be2ca0a6fd877]::sys::thread::unix::Thread>::new::thread_start
[INFO] [stdout]   19:     0x768f42a5ddfa - <unknown>
[INFO] [stdout]   20:     0x768f42af13d4 - clone
[INFO] [stdout]   21:                0x0 - <unknown>
[INFO] [stdout] 
[INFO] [stdout] ---- test_string_with_spaces stdout ----
[INFO] [stdout] 
[INFO] [stdout] thread 'test_string_with_spaces' (298) panicked at tests/integration_tests.rs:35:10:
[INFO] [stdout] Failed to run emulator: Os { code: 2, kind: NotFound, message: "No such file or directory" }
[INFO] [stdout] stack backtrace:
[INFO] [stdout]    0:     0x5823f440ac01 - <<std[617be2ca0a6fd877]::sys::backtrace::BacktraceLock>::print::DisplayBacktrace as core[a373ad73a504971]::fmt::Display>::fmt
[INFO] [stdout]    1:     0x5823f441eb5a - core[a373ad73a504971]::fmt::write
[INFO] [stdout]    2:     0x5823f440ee1c - <alloc[2e1b2a31b91974c5]::vec::Vec<u8> as core[a373ad73a504971]::io::write::Write>::write_fmt
[INFO] [stdout]    3:     0x5823f43e6c66 - std[617be2ca0a6fd877]::panicking::default_hook::{closure#0}
[INFO] [stdout]    4:     0x5823f4402f99 - std[617be2ca0a6fd877]::panicking::default_hook
[INFO] [stdout]    5:     0x5823f439f490 - test[aada8e7e76ba119b]::test_main_inner::{closure#0}
[INFO] [stdout]    6:     0x5823f4403152 - std[617be2ca0a6fd877]::panicking::panic_with_hook
[INFO] [stdout]    7:     0x5823f43e6d12 - std[617be2ca0a6fd877]::panicking::panic_handler::{closure#0}
[INFO] [stdout]    8:     0x5823f43df979 - std[617be2ca0a6fd877]::sys::backtrace::__rust_end_short_backtrace::<std[617be2ca0a6fd877]::panicking::panic_handler::{closure#0}, !>
[INFO] [stdout]    9:     0x5823f43e791d - __rustc[ea4f61d10b84890b]::rust_begin_unwind
[INFO] [stdout]   10:     0x5823f441f28c - core[a373ad73a504971]::panicking::panic_fmt
[INFO] [stdout]   11:     0x5823f441f062 - core[a373ad73a504971]::result::unwrap_failed
[INFO] [stdout]   12:     0x5823f43900fe - integration_tests[e52525341cafed17]::compile_and_run
[INFO] [stdout]   13:     0x5823f4391b1e - <integration_tests[e52525341cafed17]::test_string_with_spaces::{closure#0} as core[a373ad73a504971]::ops::function::FnOnce<()>>::call_once
[INFO] [stdout]   14:     0x5823f43928db - test[aada8e7e76ba119b]::__rust_begin_short_backtrace::<core[a373ad73a504971]::result::Result<(), alloc[2e1b2a31b91974c5]::string::String>, fn() -> core[a373ad73a504971]::result::Result<(), alloc[2e1b2a31b91974c5]::string::String>>
[INFO] [stdout]   15:     0x5823f439fab5 - test[aada8e7e76ba119b]::run_test::{closure#0}
[INFO] [stdout]   16:     0x5823f43993a4 - std[617be2ca0a6fd877]::sys::backtrace::__rust_begin_short_backtrace::<test[aada8e7e76ba119b]::run_test::{closure#1}, ()>
[INFO] [stdout]   17:     0x5823f43a2b42 - <std[617be2ca0a6fd877]::thread::lifecycle::spawn_unchecked<test[aada8e7e76ba119b]::run_test::{closure#1}, ()>::{closure#1} as core[a373ad73a504971]::ops::function::FnOnce<()>>::call_once::{shim:vtable#0}
[INFO] [stdout]   18:     0x5823f440a27f - <std[617be2ca0a6fd877]::sys::thread::unix::Thread>::new::thread_start
[INFO] [stdout]   19:     0x768f42a5ddfa - <unknown>
[INFO] [stdout]   20:     0x768f42af13d4 - clone
[INFO] [stdout]   21:                0x0 - <unknown>
[INFO] [stdout] 
[INFO] [stdout] ---- test_sub_to_zero stdout ----
[INFO] [stdout] 
[INFO] [stdout] thread 'test_sub_to_zero' (307) panicked at tests/integration_tests.rs:35:10:
[INFO] [stdout] Failed to run emulator: Os { code: 2, kind: NotFound, message: "No such file or directory" }
[INFO] [stdout] stack backtrace:
[INFO] [stdout]    0:     0x5823f440ac01 - <<std[617be2ca0a6fd877]::sys::backtrace::BacktraceLock>::print::DisplayBacktrace as core[a373ad73a504971]::fmt::Display>::fmt
[INFO] [stdout]    1:     0x5823f441eb5a - core[a373ad73a504971]::fmt::write
[INFO] [stdout]    2:     0x5823f440ee1c - <alloc[2e1b2a31b91974c5]::vec::Vec<u8> as core[a373ad73a504971]::io::write::Write>::write_fmt
[INFO] [stdout]    3:     0x5823f43e6c66 - std[617be2ca0a6fd877]::panicking::default_hook::{closure#0}
[INFO] [stdout]    4:     0x5823f4402f99 - std[617be2ca0a6fd877]::panicking::default_hook
[INFO] [stdout]    5:     0x5823f439f490 - test[aada8e7e76ba119b]::test_main_inner::{closure#0}
[INFO] [stdout]    6:     0x5823f4403152 - std[617be2ca0a6fd877]::panicking::panic_with_hook
[INFO] [stdout]    7:     0x5823f43e6d12 - std[617be2ca0a6fd877]::panicking::panic_handler::{closure#0}
[INFO] [stdout]    8:     0x5823f43df979 - std[617be2ca0a6fd877]::sys::backtrace::__rust_end_short_backtrace::<std[617be2ca0a6fd877]::panicking::panic_handler::{closure#0}, !>
[INFO] [stdout]    9:     0x5823f43e791d - __rustc[ea4f61d10b84890b]::rust_begin_unwind
[INFO] [stdout]   10:     0x5823f441f28c - core[a373ad73a504971]::panicking::panic_fmt
[INFO] [stdout]   11:     0x5823f441f062 - core[a373ad73a504971]::result::unwrap_failed
[INFO] [stdout]   12:     0x5823f43900fe - integration_tests[e52525341cafed17]::compile_and_run
[INFO] [stdout]   13:     0x5823f439140e - <integration_tests[e52525341cafed17]::test_sub_to_zero::{closure#0} as core[a373ad73a504971]::ops::function::FnOnce<()>>::call_once
[INFO] [stdout]   14:     0x5823f43928db - test[aada8e7e76ba119b]::__rust_begin_short_backtrace::<core[a373ad73a504971]::result::Result<(), alloc[2e1b2a31b91974c5]::string::String>, fn() -> core[a373ad73a504971]::result::Result<(), alloc[2e1b2a31b91974c5]::string::String>>
[INFO] [stdout]   15:     0x5823f439fab5 - test[aada8e7e76ba119b]::run_test::{closure#0}
[INFO] [stdout]   16:     0x5823f43993a4 - std[617be2ca0a6fd877]::sys::backtrace::__rust_begin_short_backtrace::<test[aada8e7e76ba119b]::run_test::{closure#1}, ()>
[INFO] [stdout]   17:     0x5823f43a2b42 - <std[617be2ca0a6fd877]::thread::lifecycle::spawn_unchecked<test[aada8e7e76ba119b]::run_test::{closure#1}, ()>::{closure#1} as core[a373ad73a504971]::ops::function::FnOnce<()>>::call_once::{shim:vtable#0}
[INFO] [stdout]   18:     0x5823f440a27f - <std[617be2ca0a6fd877]::sys::thread::unix::Thread>::new::thread_start
[INFO] [stdout]   19:     0x768f42a5ddfa - <unknown>
[INFO] [stdout]   20:     0x768f42af13d4 - clone
[INFO] [stdout]   21:                0x0 - <unknown>
[INFO] [stdout] 
[INFO] [stdout] ---- test_sub_multi_borrow stdout ----
[INFO] [stdout] 
[INFO] [stdout] thread 'test_sub_multi_borrow' (301) panicked at tests/integration_tests.rs:35:10:
[INFO] [stdout] Failed to run emulator: Os { code: 2, kind: NotFound, message: "No such file or directory" }
[INFO] [stdout] stack backtrace:
[INFO] [stdout]    0:     0x5823f440ac01 - <<std[617be2ca0a6fd877]::sys::backtrace::BacktraceLock>::print::DisplayBacktrace as core[a373ad73a504971]::fmt::Display>::fmt
[INFO] [stdout]    1:     0x5823f441eb5a - core[a373ad73a504971]::fmt::write
[INFO] [stdout]    2:     0x5823f440ee1c - <alloc[2e1b2a31b91974c5]::vec::Vec<u8> as core[a373ad73a504971]::io::write::Write>::write_fmt
[INFO] [stdout]    3:     0x5823f43e6c66 - std[617be2ca0a6fd877]::panicking::default_hook::{closure#0}
[INFO] [stdout]    4:     0x5823f4402f99 - std[617be2ca0a6fd877]::panicking::default_hook
[INFO] [stdout]    5:     0x5823f439f490 - test[aada8e7e76ba119b]::test_main_inner::{closure#0}
[INFO] [stdout]    6:     0x5823f4403152 - std[617be2ca0a6fd877]::panicking::panic_with_hook
[INFO] [stdout]    7:     0x5823f43e6d12 - std[617be2ca0a6fd877]::panicking::panic_handler::{closure#0}
[INFO] [stdout]    8:     0x5823f43df979 - std[617be2ca0a6fd877]::sys::backtrace::__rust_end_short_backtrace::<std[617be2ca0a6fd877]::panicking::panic_handler::{closure#0}, !>
[INFO] [stdout]    9:     0x5823f43e791d - __rustc[ea4f61d10b84890b]::rust_begin_unwind
[INFO] [stdout]   10:     0x5823f441f28c - core[a373ad73a504971]::panicking::panic_fmt
[INFO] [stdout]   11:     0x5823f441f062 - core[a373ad73a504971]::result::unwrap_failed
[INFO] [stdout]   12:     0x5823f43900fe - integration_tests[e52525341cafed17]::compile_and_run
[INFO] [stdout]   13:     0x5823f439192e - <integration_tests[e52525341cafed17]::test_sub_multi_borrow::{closure#0} as core[a373ad73a504971]::ops::function::FnOnce<()>>::call_once
[INFO] [stdout]   14:     0x5823f43928db - test[aada8e7e76ba119b]::__rust_begin_short_backtrace::<core[a373ad73a504971]::result::Result<(), alloc[2e1b2a31b91974c5]::string::String>, fn() -> core[a373ad73a504971]::result::Result<(), alloc[2e1b2a31b91974c5]::string::String>>
[INFO] [stdout]   15:     0x5823f439fab5 - test[aada8e7e76ba119b]::run_test::{closure#0}
[INFO] [stdout]   16:     0x5823f43993a4 - std[617be2ca0a6fd877]::sys::backtrace::__rust_begin_short_backtrace::<test[aada8e7e76ba119b]::run_test::{closure#1}, ()>
[INFO] [stdout]   17:     0x5823f43a2b42 - <std[617be2ca0a6fd877]::thread::lifecycle::spawn_unchecked<test[aada8e7e76ba119b]::run_test::{closure#1}, ()>::{closure#1} as core[a373ad73a504971]::ops::function::FnOnce<()>>::call_once::{shim:vtable#0}
[INFO] [stdout]   18:     0x5823f440a27f - <std[617be2ca0a6fd877]::sys::thread::unix::Thread>::new::thread_start
[INFO] [stdout]   19:     0x768f42a5ddfa - <unknown>
[INFO] [stdout]   20:     0x768f42af13d4 - clone
[INFO] [stdout]   21:                0x0 - <unknown>
[INFO] [stdout] 
[INFO] [stdout] ---- test_add_zeros stdout ----
[INFO] [stdout] 
[INFO] [stdout] thread 'test_add_zeros' (219) panicked at tests/integration_tests.rs:35:10:
[INFO] [stdout] Failed to run emulator: Os { code: 2, kind: NotFound, message: "No such file or directory" }
[INFO] [stdout] stack backtrace:
[INFO] [stdout]    0:     0x5823f440ac01 - <<std[617be2ca0a6fd877]::sys::backtrace::BacktraceLock>::print::DisplayBacktrace as core[a373ad73a504971]::fmt::Display>::fmt
[INFO] [stdout]    1:     0x5823f441eb5a - core[a373ad73a504971]::fmt::write
[INFO] [stdout]    2:     0x5823f440ee1c - <alloc[2e1b2a31b91974c5]::vec::Vec<u8> as core[a373ad73a504971]::io::write::Write>::write_fmt
[INFO] [stdout]    3:     0x5823f43e6c66 - std[617be2ca0a6fd877]::panicking::default_hook::{closure#0}
[INFO] [stdout]    4:     0x5823f4402f99 - std[617be2ca0a6fd877]::panicking::default_hook
[INFO] [stdout]    5:     0x5823f439f490 - test[aada8e7e76ba119b]::test_main_inner::{closure#0}
[INFO] [stdout]    6:     0x5823f4403152 - std[617be2ca0a6fd877]::panicking::panic_with_hook
[INFO] [stdout]    7:     0x5823f43e6d12 - std[617be2ca0a6fd877]::panicking::panic_handler::{closure#0}
[INFO] [stdout]    8:     0x5823f43df979 - std[617be2ca0a6fd877]::sys::backtrace::__rust_end_short_backtrace::<std[617be2ca0a6fd877]::panicking::panic_handler::{closure#0}, !>
[INFO] [stdout]    9:     0x5823f43e791d - __rustc[ea4f61d10b84890b]::rust_begin_unwind
[INFO] [stdout]   10:     0x5823f441f28c - core[a373ad73a504971]::panicking::panic_fmt
[INFO] [stdout]   11:     0x5823f441f062 - core[a373ad73a504971]::result::unwrap_failed
[INFO] [stdout]   12:     0x5823f43900fe - integration_tests[e52525341cafed17]::compile_and_run
[INFO] [stdout]   13:     0x5823f4390c5e - <integration_tests[e52525341cafed17]::test_add_zeros::{closure#0} as core[a373ad73a504971]::ops::function::FnOnce<()>>::call_once
[INFO] [stdout]   14:     0x5823f43928db - test[aada8e7e76ba119b]::__rust_begin_short_backtrace::<core[a373ad73a504971]::result::Result<(), alloc[2e1b2a31b91974c5]::string::String>, fn() -> core[a373ad73a504971]::result::Result<(), alloc[2e1b2a31b91974c5]::string::String>>
[INFO] [stdout]   15:     0x5823f439fab5 - test[aada8e7e76ba119b]::run_test::{closure#0}
[INFO] [stdout]   16:     0x5823f43993a4 - std[617be2ca0a6fd877]::sys::backtrace::__rust_begin_short_backtrace::<test[aada8e7e76ba119b]::run_test::{closure#1}, ()>
[INFO] [stdout]   17:     0x5823f43a2b42 - <std[617be2ca0a6fd877]::thread::lifecycle::spawn_unchecked<test[aada8e7e76ba119b]::run_test::{closure#1}, ()>::{closure#1} as core[a373ad73a504971]::ops::function::FnOnce<()>>::call_once::{shim:vtable#0}
[INFO] [stdout]   18:     0x5823f440a27f - <std[617be2ca0a6fd877]::sys::thread::unix::Thread>::new::thread_start
[INFO] [stdout]   19:     0x768f42a5ddfa - <unknown>
[INFO] [stdout]   20:     0x768f42af13d4 - clone
[INFO] [stdout]   21:                0x0 - <unknown>
[INFO] [stdout] 
[INFO] [stdout] 
[INFO] [stdout] failures:
[INFO] [stdout]     test_add_large
[INFO] [stdout]     test_add_multi_carry
[INFO] [stdout]     test_add_simple
[INFO] [stdout]     test_add_with_carry
[INFO] [stdout]     test_add_zeros
[INFO] [stdout]     test_chained_add
[INFO] [stdout]     test_chained_sub
[INFO] [stdout]     test_eq_false
[INFO] [stdout]     test_eq_large_false
[INFO] [stdout]     test_eq_large_true
[INFO] [stdout]     test_eq_true
[INFO] [stdout]     test_gt_equal
[INFO] [stdout]     test_gt_false
[INFO] [stdout]     test_gt_large
[INFO] [stdout]     test_gt_true
[INFO] [stdout]     test_integer_five_digits
[INFO] [stdout]     test_integer_max
[INFO] [stdout]     test_integer_single_digit
[INFO] [stdout]     test_integer_three_digits
[INFO] [stdout]     test_integer_two_digits
[INFO] [stdout]     test_integer_zero
[INFO] [stdout]     test_lt_equal
[INFO] [stdout]     test_lt_false
[INFO] [stdout]     test_lt_large
[INFO] [stdout]     test_lt_true
[INFO] [stdout]     test_mixed_ops
[INFO] [stdout]     test_mul_by_one
[INFO] [stdout]     test_mul_by_zero
[INFO] [stdout]     test_mul_larger
[INFO] [stdout]     test_mul_max_multiplier
[INFO] [stdout]     test_mul_simple
[INFO] [stdout]     test_string_hello
[INFO] [stdout]     test_string_with_spaces
[INFO] [stdout]     test_sub_large
[INFO] [stdout]     test_sub_multi_borrow
[INFO] [stdout]     test_sub_simple
[INFO] [stdout]     test_sub_to_zero
[INFO] [stdout]     test_sub_with_borrow
[INFO] [stdout] 
[INFO] [stdout] test result: FAILED. 0 passed; 38 failed; 0 ignored; 0 measured; 0 filtered out; finished in 0.05s
[INFO] [stdout] 
[INFO] running `Command { std: "docker" "inspect" "b29bdd58b152def81c4304846578e2e85f9cb36169cd71099aa74c16834a8728", kill_on_drop: false }`
[INFO] running `Command { std: "docker" "rm" "-f" "b29bdd58b152def81c4304846578e2e85f9cb36169cd71099aa74c16834a8728", kill_on_drop: false }`
[INFO] [stdout] b29bdd58b152def81c4304846578e2e85f9cb36169cd71099aa74c16834a8728
