[INFO] fetching crate kvdb-persy 0.1.1...
[INFO] testing kvdb-persy-0.1.1 against 1.100.0-beta.1+cargoflags=--release for beta-release-1.100-2
[INFO] extracting crate kvdb-persy 0.1.1 into /workspace/builds/worker-3-tc2/source
[INFO] started tweaking crates.io crate kvdb-persy 0.1.1
[INFO] finished tweaking crates.io crate kvdb-persy 0.1.1
[INFO] tweaked toml for crates.io crate kvdb-persy 0.1.1 written to /workspace/builds/worker-3-tc2/source/Cargo.toml
[INFO] validating manifest of crates.io crate kvdb-persy 0.1.1 on toolchain 1.100.0-beta.1
[INFO] running `Command { std: CARGO_HOME="/workspace/cargo-home" RUSTUP_HOME="/workspace/rustup-home" "/workspace/cargo-home/bin/cargo" "+1.100.0-beta.1" "metadata" "--manifest-path" "Cargo.toml" "--no-deps", kill_on_drop: false }`
[INFO] running `Command { std: CARGO_HOME="/workspace/cargo-home" RUSTUP_HOME="/workspace/rustup-home" "/workspace/cargo-home/bin/cargo" "+1.100.0-beta.1" "generate-lockfile" "--manifest-path" "Cargo.toml", kill_on_drop: false }`
[INFO] [stderr]     Updating crates.io index
[INFO] [stderr]      Locking 99 packages to highest compatible versions
[INFO] running `Command { std: CARGO_HOME="/workspace/cargo-home" RUSTUP_HOME="/workspace/rustup-home" "/workspace/cargo-home/bin/cargo" "+1.100.0-beta.1" "fetch" "--manifest-path" "Cargo.toml", kill_on_drop: false }`
[INFO] running `Command { std: "docker" "create" "-v" "/var/lib/crater-agent-workspace/builds/worker-3-tc2/source:/opt/rustwide/workdir:ro,Z" "-v" "/var/lib/crater-agent-workspace/builds/worker-3-tc2/target:/opt/rustwide/target:rw,Z" "-v" "/var/lib/crater-agent-workspace/cargo-home:/opt/rustwide/cargo-home:ro,Z" "-v" "/var/lib/crater-agent-workspace/rustup-home:/opt/rustwide/rustup-home:ro,Z" "-m" "1610612736" "--network" "none" "ghcr.io/rust-lang/crates-build-env/linux@sha256:77db811e55d90add9212f6832c23229e3de5f1c1f9905e8cb07319ea15df73ac" "sleep" "infinity", kill_on_drop: false }`
[INFO] [stdout] e10cabeb237dbf55196c1e3a95db49ed18696820fcb755b24f3a6917029080d8
[INFO] running `Command { std: "docker" "start" "e10cabeb237dbf55196c1e3a95db49ed18696820fcb755b24f3a6917029080d8", kill_on_drop: false }`
[INFO] running `Command { std: "docker" "inspect" "e10cabeb237dbf55196c1e3a95db49ed18696820fcb755b24f3a6917029080d8", kill_on_drop: false }`
[INFO] running `Command { std: "docker" "exec" "-e" "SOURCE_DIR=/opt/rustwide/workdir" "-e" "CARGO_HOME=/opt/rustwide/cargo-home" "-e" "RUSTUP_HOME=/opt/rustwide/rustup-home" "-e" "CARGO_TARGET_DIR=/opt/rustwide/target" "-w" "/opt/rustwide/workdir" "--user" "0:0" "e10cabeb237dbf55196c1e3a95db49ed18696820fcb755b24f3a6917029080d8" "/opt/rustwide/cargo-home/bin/cargo" "+1.100.0-beta.1" "metadata" "--no-deps" "--format-version=1", kill_on_drop: false }`
[INFO] running `Command { std: "docker" "inspect" "e10cabeb237dbf55196c1e3a95db49ed18696820fcb755b24f3a6917029080d8", kill_on_drop: false }`
[INFO] running `Command { std: "docker" "exec" "-e" "SOURCE_DIR=/opt/rustwide/workdir" "-e" "CARGO_HOME=/opt/rustwide/cargo-home" "-e" "RUSTUP_HOME=/opt/rustwide/rustup-home" "-e" "CARGO_TARGET_DIR=/opt/rustwide/target" "-e" "CARGO_INCREMENTAL=0" "-e" "RUST_BACKTRACE=full" "-e" "RUSTFLAGS=--cap-lints=warn" "-e" "RUSTDOCFLAGS=--cap-lints=warn" "-w" "/opt/rustwide/workdir" "--user" "0:0" "e10cabeb237dbf55196c1e3a95db49ed18696820fcb755b24f3a6917029080d8" "/opt/rustwide/cargo-home/bin/cargo" "+1.100.0-beta.1" "build" "--frozen" "--message-format=json" "--release", kill_on_drop: false }`
[INFO] [stderr]    Compiling crunchy v0.2.4
[INFO] [stderr]    Compiling serde_core v1.0.229
[INFO] [stderr]    Compiling bytes v1.12.1
[INFO] [stderr]    Compiling serde v1.0.229
[INFO] [stderr]    Compiling getrandom v0.2.17
[INFO] [stderr]    Compiling chacha20 v0.10.2
[INFO] [stderr]    Compiling getrandom v0.4.3
[INFO] [stderr]    Compiling parity-util-mem v0.12.0
[INFO] [stderr]    Compiling syn v3.0.9
[INFO] [stderr]    Compiling syn v2.0.119
[INFO] [stderr]    Compiling zigzag v0.1.0
[INFO] [stderr]    Compiling fs2 v0.4.3
[INFO] [stderr]    Compiling linked-hash-map v0.5.6
[INFO] [stderr]    Compiling synstructure v0.12.6
[INFO] [stderr]    Compiling parking_lot v0.12.5
[INFO] [stderr]    Compiling unsigned-varint v0.8.0
[INFO] [stderr]    Compiling data-encoding v2.11.1
[INFO] [stderr]    Compiling kvdb v0.13.0
[INFO] [stderr]    Compiling uint v0.9.5
[INFO] [stderr]    Compiling tiny-keccak v2.0.2
[INFO] [stderr]    Compiling rand_core v0.6.4
[INFO] [stderr]    Compiling ahash v0.7.8
[INFO] [stderr]    Compiling rand v0.10.3
[INFO] [stderr]    Compiling hashbrown v0.12.3
[INFO] [stderr]    Compiling rand_chacha v0.3.1
[INFO] [stderr]    Compiling parity-util-mem-derive v0.1.0
[INFO] [stderr]    Compiling rand v0.8.8
[INFO] [stderr]    Compiling rlp v0.5.2
[INFO] [stderr]    Compiling impl-rlp v0.3.0
[INFO] [stderr]    Compiling lru v0.8.1
[INFO] [stderr]    Compiling fixed-hash v0.8.0
[INFO] [stderr]    Compiling thiserror-impl v2.0.21
[INFO] [stderr]    Compiling impl-serde v0.4.0
[INFO] [stderr]    Compiling ethbloom v0.13.0
[INFO] [stderr]    Compiling primitive-types v0.12.2
[INFO] [stderr]    Compiling thiserror v2.0.21
[INFO] [stderr]    Compiling persy v1.8.1
[INFO] [stderr]    Compiling ethereum-types v0.14.1
[INFO] [stderr]    Compiling impl-trait-for-tuples v0.2.3
[INFO] [stderr]    Compiling kvdb-persy v0.1.1 (/opt/rustwide/workdir)
[INFO] [stderr] warning: unused dependency `parity-util-mem`
[INFO] [stderr]  --> Cargo.toml:7:15
[INFO] [stderr]   |
[INFO] [stderr] 7 | [dependencies.parity-util-mem]
[INFO] [stderr]   |               ^^^^^^^^^^^^^^^^
[INFO] [stderr]   |
[INFO] [stderr]   = note: `cargo::unused_dependencies` is set to `warn` by default
[INFO] [stderr] help: consider removing the dependency on `parity-util-mem`
[INFO] [stderr] warning: `kvdb-persy` (manifest) generated 1 warning
[INFO] [stderr]     Finished `release` profile [optimized] target(s) in 20.24s
[INFO] [stderr] warning: the following packages contain code that will be rejected by a future version of Rust: ethereum-types v0.14.1, primitive-types v0.12.2
[INFO] [stderr] note: to see what the problems were, use the option `--future-incompat-report`, or run `cargo report future-incompatibilities --id 4`
[INFO] running `Command { std: "docker" "inspect" "e10cabeb237dbf55196c1e3a95db49ed18696820fcb755b24f3a6917029080d8", kill_on_drop: false }`
[INFO] running `Command { std: "docker" "exec" "-e" "SOURCE_DIR=/opt/rustwide/workdir" "-e" "CARGO_HOME=/opt/rustwide/cargo-home" "-e" "RUSTUP_HOME=/opt/rustwide/rustup-home" "-e" "CARGO_TARGET_DIR=/opt/rustwide/target" "-e" "CARGO_INCREMENTAL=0" "-e" "RUST_BACKTRACE=full" "-e" "RUSTFLAGS=--cap-lints=warn" "-e" "RUSTDOCFLAGS=--cap-lints=warn" "-w" "/opt/rustwide/workdir" "--user" "0:0" "e10cabeb237dbf55196c1e3a95db49ed18696820fcb755b24f3a6917029080d8" "/opt/rustwide/cargo-home/bin/cargo" "+1.100.0-beta.1" "test" "--frozen" "--no-run" "--message-format=json" "--release", kill_on_drop: false }`
[INFO] [stderr]    Compiling kvdb-shared-tests v0.11.0
[INFO] [stderr]    Compiling kvdb-persy v0.1.1 (/opt/rustwide/workdir)
[INFO] [stderr] warning: unused dependency `parity-util-mem`
[INFO] [stderr]  --> Cargo.toml:7:15
[INFO] [stderr]   |
[INFO] [stderr] 7 | [dependencies.parity-util-mem]
[INFO] [stderr]   |               ^^^^^^^^^^^^^^^^
[INFO] [stderr]   |
[INFO] [stderr]   = note: `cargo::unused_dependencies` is set to `warn` by default
[INFO] [stderr] help: consider removing the dependency on `parity-util-mem`
[INFO] [stderr] warning: `kvdb-persy` (manifest) generated 1 warning
[INFO] [stderr]     Finished `release` profile [optimized] target(s) in 5.99s
[INFO] [stderr] warning: the following packages contain code that will be rejected by a future version of Rust: ethereum-types v0.14.1, primitive-types v0.12.2
[INFO] [stderr] note: to see what the problems were, use the option `--future-incompat-report`, or run `cargo report future-incompatibilities --id 4`
[INFO] running `Command { std: "docker" "inspect" "e10cabeb237dbf55196c1e3a95db49ed18696820fcb755b24f3a6917029080d8", kill_on_drop: false }`
[INFO] running `Command { std: "docker" "exec" "-e" "SOURCE_DIR=/opt/rustwide/workdir" "-e" "CARGO_HOME=/opt/rustwide/cargo-home" "-e" "RUSTUP_HOME=/opt/rustwide/rustup-home" "-e" "CARGO_TARGET_DIR=/opt/rustwide/target" "-e" "CARGO_INCREMENTAL=0" "-e" "RUST_BACKTRACE=full" "-e" "RUSTFLAGS=--cap-lints=warn" "-e" "RUSTDOCFLAGS=--cap-lints=warn" "-w" "/opt/rustwide/workdir" "--user" "0:0" "e10cabeb237dbf55196c1e3a95db49ed18696820fcb755b24f3a6917029080d8" "/opt/rustwide/cargo-home/bin/cargo" "+1.100.0-beta.1" "test" "--frozen" "--release", kill_on_drop: false }`
[INFO] [stderr] warning: unused dependency `parity-util-mem`
[INFO] [stderr]  --> Cargo.toml:7:15
[INFO] [stderr]   |
[INFO] [stderr] 7 | [dependencies.parity-util-mem]
[INFO] [stderr]   |               ^^^^^^^^^^^^^^^^
[INFO] [stderr]   |
[INFO] [stderr]   = note: `cargo::unused_dependencies` is set to `warn` by default
[INFO] [stderr] help: consider removing the dependency on `parity-util-mem`
[INFO] [stderr] warning: `kvdb-persy` (manifest) generated 1 warning
[INFO] [stderr]     Finished `release` profile [optimized] target(s) in 0.10s
[INFO] [stderr] warning: the following packages contain code that will be rejected by a future version of Rust: ethereum-types v0.14.1, primitive-types v0.12.2
[INFO] [stderr] note: to see what the problems were, use the option `--future-incompat-report`, or run `cargo report future-incompatibilities --id 4`
[INFO] [stderr]      Running unittests src/lib.rs (/opt/rustwide/target/release/build/kvdb-persy/dbf79460ac5bc1e8/out/kvdb_persy-dbf79460ac5bc1e8)
[INFO] [stdout] 
[INFO] [stdout] running 9 tests
[INFO] [stdout] test tests::test_put_and_get ... FAILED
[INFO] [stdout] test tests::test_iter_with_prefix ... FAILED
[INFO] [stdout] test tests::test_delete_prefix ... FAILED
[INFO] [stdout] test tests::test_complex ... FAILED
[INFO] [stdout] test tests::test_write_clears_buffered_ops ... FAILED
[INFO] [stdout] test tests::test_put ... FAILED
[INFO] [stdout] test tests::test_iter ... FAILED
[INFO] [stdout] test tests::test_delete_and_get ... FAILED
[INFO] [stderr] error: test failed, to rerun pass `--lib`
[INFO] [stdout] test tests::test_get_fails_with_non_existing_column ... FAILED
[INFO] [stdout] 
[INFO] [stdout] failures:
[INFO] [stdout] 
[INFO] [stdout] ---- tests::test_put_and_get stdout ----
[INFO] [stdout] 
[INFO] [stdout] thread 'tests::test_put_and_get' (808) panicked at src/lib.rs:339:70:
[INFO] [stdout] called `Result::unwrap()` on an `Err` value: Custom { kind: Other, error: NotExists }
[INFO] [stdout] stack backtrace:
[INFO] [stdout]    0:     0x5fc2e3c05711 - <<std[617be2ca0a6fd877]::sys::backtrace::BacktraceLock>::print::DisplayBacktrace as core[a373ad73a504971]::fmt::Display>::fmt
[INFO] [stdout]    1:     0x5fc2e3c1999a - core[a373ad73a504971]::fmt::write
[INFO] [stdout]    2:     0x5fc2e3c0999c - <alloc[2e1b2a31b91974c5]::vec::Vec<u8> as core[a373ad73a504971]::io::write::Write>::write_fmt
[INFO] [stdout]    3:     0x5fc2e3be1486 - std[617be2ca0a6fd877]::panicking::default_hook::{closure#0}
[INFO] [stdout]    4:     0x5fc2e3bfdbe9 - std[617be2ca0a6fd877]::panicking::default_hook
[INFO] [stdout]    5:     0x5fc2e3b31e20 - test[aada8e7e76ba119b]::test_main_inner::{closure#0}
[INFO] [stdout]    6:     0x5fc2e3bfdda2 - std[617be2ca0a6fd877]::panicking::panic_with_hook
[INFO] [stdout]    7:     0x5fc2e3be1532 - std[617be2ca0a6fd877]::panicking::panic_handler::{closure#0}
[INFO] [stdout]    8:     0x5fc2e3bda199 - std[617be2ca0a6fd877]::sys::backtrace::__rust_end_short_backtrace::<std[617be2ca0a6fd877]::panicking::panic_handler::{closure#0}, !>
[INFO] [stdout]    9:     0x5fc2e3be213d - __rustc[ea4f61d10b84890b]::rust_begin_unwind
[INFO] [stdout]   10:     0x5fc2e3c1a0cc - core[a373ad73a504971]::panicking::panic_fmt
[INFO] [stdout]   11:     0x5fc2e3c19ea2 - core[a373ad73a504971]::result::unwrap_failed
[INFO] [stdout]   12:     0x5fc2e3b24578 - kvdb_persy[d9661a8bfa040b38]::tests::setup
[INFO] [stdout]   13:     0x5fc2e3b24677 - <kvdb_persy[d9661a8bfa040b38]::tests::test_put_and_get::{closure#0} as core[a373ad73a504971]::ops::function::FnOnce<()>>::call_once
[INFO] [stdout]   14:     0x5fc2e3b2526b - test[aada8e7e76ba119b]::__rust_begin_short_backtrace::<core[a373ad73a504971]::result::Result<(), alloc[2e1b2a31b91974c5]::string::String>, fn() -> core[a373ad73a504971]::result::Result<(), alloc[2e1b2a31b91974c5]::string::String>>
[INFO] [stdout]   15:     0x5fc2e3b32445 - test[aada8e7e76ba119b]::run_test::{closure#0}
[INFO] [stdout]   16:     0x5fc2e3b2bd34 - std[617be2ca0a6fd877]::sys::backtrace::__rust_begin_short_backtrace::<test[aada8e7e76ba119b]::run_test::{closure#1}, ()>
[INFO] [stdout]   17:     0x5fc2e3b354d2 - <std[617be2ca0a6fd877]::thread::lifecycle::spawn_unchecked<test[aada8e7e76ba119b]::run_test::{closure#1}, ()>::{closure#1} as core[a373ad73a504971]::ops::function::FnOnce<()>>::call_once::{shim:vtable#0}
[INFO] [stdout]   18:     0x5fc2e3c04e8f - <std[617be2ca0a6fd877]::sys::thread::unix::Thread>::new::thread_start
[INFO] [stdout]   19:     0x7bfe410d4dfa - <unknown>
[INFO] [stdout]   20:     0x7bfe411683d4 - clone
[INFO] [stdout]   21:                0x0 - <unknown>
[INFO] [stdout] 
[INFO] [stdout] ---- tests::test_iter_with_prefix stdout ----
[INFO] [stdout] 
[INFO] [stdout] thread 'tests::test_iter_with_prefix' (806) panicked at src/lib.rs:339:70:
[INFO] [stdout] called `Result::unwrap()` on an `Err` value: Custom { kind: Other, error: NotExists }
[INFO] [stdout] stack backtrace:
[INFO] [stdout]    0:     0x5fc2e3c05711 - <<std[617be2ca0a6fd877]::sys::backtrace::BacktraceLock>::print::DisplayBacktrace as core[a373ad73a504971]::fmt::Display>::fmt
[INFO] [stdout]    1:     0x5fc2e3c1999a - core[a373ad73a504971]::fmt::write
[INFO] [stdout]    2:     0x5fc2e3c0999c - <alloc[2e1b2a31b91974c5]::vec::Vec<u8> as core[a373ad73a504971]::io::write::Write>::write_fmt
[INFO] [stdout]    3:     0x5fc2e3be1486 - std[617be2ca0a6fd877]::panicking::default_hook::{closure#0}
[INFO] [stdout]    4:     0x5fc2e3bfdbe9 - std[617be2ca0a6fd877]::panicking::default_hook
[INFO] [stdout]    5:     0x5fc2e3b31e20 - test[aada8e7e76ba119b]::test_main_inner::{closure#0}
[INFO] [stdout]    6:     0x5fc2e3bfdda2 - std[617be2ca0a6fd877]::panicking::panic_with_hook
[INFO] [stdout]    7:     0x5fc2e3be1532 - std[617be2ca0a6fd877]::panicking::panic_handler::{closure#0}
[INFO] [stdout]    8:     0x5fc2e3bda199 - std[617be2ca0a6fd877]::sys::backtrace::__rust_end_short_backtrace::<std[617be2ca0a6fd877]::panicking::panic_handler::{closure#0}, !>
[INFO] [stdout]    9:     0x5fc2e3be213d - __rustc[ea4f61d10b84890b]::rust_begin_unwind
[INFO] [stdout]   10:     0x5fc2e3c1a0cc - core[a373ad73a504971]::panicking::panic_fmt
[INFO] [stdout]   11:     0x5fc2e3c19ea2 - core[a373ad73a504971]::result::unwrap_failed
[INFO] [stdout]   12:     0x5fc2e3b24578 - kvdb_persy[d9661a8bfa040b38]::tests::setup
[INFO] [stdout]   13:     0x5fc2e3b24887 - <kvdb_persy[d9661a8bfa040b38]::tests::test_iter_with_prefix::{closure#0} as core[a373ad73a504971]::ops::function::FnOnce<()>>::call_once
[INFO] [stdout]   14:     0x5fc2e3b2526b - test[aada8e7e76ba119b]::__rust_begin_short_backtrace::<core[a373ad73a504971]::result::Result<(), alloc[2e1b2a31b91974c5]::string::String>, fn() -> core[a373ad73a504971]::result::Result<(), alloc[2e1b2a31b91974c5]::string::String>>
[INFO] [stdout]   15:     0x5fc2e3b32445 - test[aada8e7e76ba119b]::run_test::{closure#0}
[INFO] [stdout]   16:     0x5fc2e3b2bd34 - std[617be2ca0a6fd877]::sys::backtrace::__rust_begin_short_backtrace::<test[aada8e7e76ba119b]::run_test::{closure#1}, ()>
[INFO] [stdout]   17:     0x5fc2e3b354d2 - <std[617be2ca0a6fd877]::thread::lifecycle::spawn_unchecked<test[aada8e7e76ba119b]::run_test::{closure#1}, ()>::{closure#1} as core[a373ad73a504971]::ops::function::FnOnce<()>>::call_once::{shim:vtable#0}
[INFO] [stdout]   18:     0x5fc2e3c04e8f - <std[617be2ca0a6fd877]::sys::thread::unix::Thread>::new::thread_start
[INFO] [stdout]   19:     0x7bfe410d4dfa - <unknown>
[INFO] [stdout]   20:     0x7bfe411683d4 - clone
[INFO] [stdout]   21:                0x0 - <unknown>
[INFO] [stdout] 
[INFO] [stdout] ---- tests::test_delete_prefix stdout ----
[INFO] [stdout] 
[INFO] [stdout] thread 'tests::test_delete_prefix' (803) panicked at src/lib.rs:339:70:
[INFO] [stdout] called `Result::unwrap()` on an `Err` value: Custom { kind: Other, error: NotExists }
[INFO] [stdout] stack backtrace:
[INFO] [stdout]    0:     0x5fc2e3c05711 - <<std[617be2ca0a6fd877]::sys::backtrace::BacktraceLock>::print::DisplayBacktrace as core[a373ad73a504971]::fmt::Display>::fmt
[INFO] [stdout]    1:     0x5fc2e3c1999a - core[a373ad73a504971]::fmt::write
[INFO] [stdout]    2:     0x5fc2e3c0999c - <alloc[2e1b2a31b91974c5]::vec::Vec<u8> as core[a373ad73a504971]::io::write::Write>::write_fmt
[INFO] [stdout]    3:     0x5fc2e3be1486 - std[617be2ca0a6fd877]::panicking::default_hook::{closure#0}
[INFO] [stdout]    4:     0x5fc2e3bfdbe9 - std[617be2ca0a6fd877]::panicking::default_hook
[INFO] [stdout]    5:     0x5fc2e3b31e20 - test[aada8e7e76ba119b]::test_main_inner::{closure#0}
[INFO] [stdout]    6:     0x5fc2e3bfdda2 - std[617be2ca0a6fd877]::panicking::panic_with_hook
[INFO] [stdout]    7:     0x5fc2e3be1532 - std[617be2ca0a6fd877]::panicking::panic_handler::{closure#0}
[INFO] [stdout]    8:     0x5fc2e3bda199 - std[617be2ca0a6fd877]::sys::backtrace::__rust_end_short_backtrace::<std[617be2ca0a6fd877]::panicking::panic_handler::{closure#0}, !>
[INFO] [stdout]    9:     0x5fc2e3be213d - __rustc[ea4f61d10b84890b]::rust_begin_unwind
[INFO] [stdout]   10:     0x5fc2e3c1a0cc - core[a373ad73a504971]::panicking::panic_fmt
[INFO] [stdout]   11:     0x5fc2e3c19ea2 - core[a373ad73a504971]::result::unwrap_failed
[INFO] [stdout]   12:     0x5fc2e3b24578 - kvdb_persy[d9661a8bfa040b38]::tests::setup
[INFO] [stdout]   13:     0x5fc2e3b24727 - <kvdb_persy[d9661a8bfa040b38]::tests::test_delete_prefix::{closure#0} as core[a373ad73a504971]::ops::function::FnOnce<()>>::call_once
[INFO] [stdout]   14:     0x5fc2e3b2526b - test[aada8e7e76ba119b]::__rust_begin_short_backtrace::<core[a373ad73a504971]::result::Result<(), alloc[2e1b2a31b91974c5]::string::String>, fn() -> core[a373ad73a504971]::result::Result<(), alloc[2e1b2a31b91974c5]::string::String>>
[INFO] [stdout]   15:     0x5fc2e3b32445 - test[aada8e7e76ba119b]::run_test::{closure#0}
[INFO] [stdout]   16:     0x5fc2e3b2bd34 - std[617be2ca0a6fd877]::sys::backtrace::__rust_begin_short_backtrace::<test[aada8e7e76ba119b]::run_test::{closure#1}, ()>
[INFO] [stdout]   17:     0x5fc2e3b354d2 - <std[617be2ca0a6fd877]::thread::lifecycle::spawn_unchecked<test[aada8e7e76ba119b]::run_test::{closure#1}, ()>::{closure#1} as core[a373ad73a504971]::ops::function::FnOnce<()>>::call_once::{shim:vtable#0}
[INFO] [stdout]   18:     0x5fc2e3c04e8f - <std[617be2ca0a6fd877]::sys::thread::unix::Thread>::new::thread_start
[INFO] [stdout]   19:     0x7bfe410d4dfa - <unknown>
[INFO] [stdout]   20:     0x7bfe411683d4 - clone
[INFO] [stdout]   21:                0x0 - <unknown>
[INFO] [stdout] 
[INFO] [stdout] ---- tests::test_complex stdout ----
[INFO] [stdout] 
[INFO] [stdout] thread 'tests::test_complex' (801) panicked at src/lib.rs:339:70:
[INFO] [stdout] called `Result::unwrap()` on an `Err` value: Custom { kind: Other, error: NotExists }
[INFO] [stdout] stack backtrace:
[INFO] [stdout]    0:     0x5fc2e3c05711 - <<std[617be2ca0a6fd877]::sys::backtrace::BacktraceLock>::print::DisplayBacktrace as core[a373ad73a504971]::fmt::Display>::fmt
[INFO] [stdout]    1:     0x5fc2e3c1999a - core[a373ad73a504971]::fmt::write
[INFO] [stdout]    2:     0x5fc2e3c0999c - <alloc[2e1b2a31b91974c5]::vec::Vec<u8> as core[a373ad73a504971]::io::write::Write>::write_fmt
[INFO] [stdout]    3:     0x5fc2e3be1486 - std[617be2ca0a6fd877]::panicking::default_hook::{closure#0}
[INFO] [stdout]    4:     0x5fc2e3bfdbe9 - std[617be2ca0a6fd877]::panicking::default_hook
[INFO] [stdout]    5:     0x5fc2e3b31e20 - test[aada8e7e76ba119b]::test_main_inner::{closure#0}
[INFO] [stdout]    6:     0x5fc2e3bfdda2 - std[617be2ca0a6fd877]::panicking::panic_with_hook
[INFO] [stdout]    7:     0x5fc2e3be1532 - std[617be2ca0a6fd877]::panicking::panic_handler::{closure#0}
[INFO] [stdout]    8:     0x5fc2e3bda199 - std[617be2ca0a6fd877]::sys::backtrace::__rust_end_short_backtrace::<std[617be2ca0a6fd877]::panicking::panic_handler::{closure#0}, !>
[INFO] [stdout]    9:     0x5fc2e3be213d - __rustc[ea4f61d10b84890b]::rust_begin_unwind
[INFO] [stdout]   10:     0x5fc2e3c1a0cc - core[a373ad73a504971]::panicking::panic_fmt
[INFO] [stdout]   11:     0x5fc2e3c19ea2 - core[a373ad73a504971]::result::unwrap_failed
[INFO] [stdout]   12:     0x5fc2e3b24578 - kvdb_persy[d9661a8bfa040b38]::tests::setup
[INFO] [stdout]   13:     0x5fc2e3b245c7 - <kvdb_persy[d9661a8bfa040b38]::tests::test_complex::{closure#0} as core[a373ad73a504971]::ops::function::FnOnce<()>>::call_once
[INFO] [stdout]   14:     0x5fc2e3b2526b - test[aada8e7e76ba119b]::__rust_begin_short_backtrace::<core[a373ad73a504971]::result::Result<(), alloc[2e1b2a31b91974c5]::string::String>, fn() -> core[a373ad73a504971]::result::Result<(), alloc[2e1b2a31b91974c5]::string::String>>
[INFO] [stdout]   15:     0x5fc2e3b32445 - test[aada8e7e76ba119b]::run_test::{closure#0}
[INFO] [stdout]   16:     0x5fc2e3b2bd34 - std[617be2ca0a6fd877]::sys::backtrace::__rust_begin_short_backtrace::<test[aada8e7e76ba119b]::run_test::{closure#1}, ()>
[INFO] [stdout]   17:     0x5fc2e3b354d2 - <std[617be2ca0a6fd877]::thread::lifecycle::spawn_unchecked<test[aada8e7e76ba119b]::run_test::{closure#1}, ()>::{closure#1} as core[a373ad73a504971]::ops::function::FnOnce<()>>::call_once::{shim:vtable#0}
[INFO] [stdout]   18:     0x5fc2e3c04e8f - <std[617be2ca0a6fd877]::sys::thread::unix::Thread>::new::thread_start
[INFO] [stdout]   19:     0x7bfe410d4dfa - <unknown>
[INFO] [stdout]   20:     0x7bfe411683d4 - clone
[INFO] [stdout]   21:                0x0 - <unknown>
[INFO] [stdout] 
[INFO] [stdout] ---- tests::test_write_clears_buffered_ops stdout ----
[INFO] [stdout] 
[INFO] [stdout] thread 'tests::test_write_clears_buffered_ops' (809) panicked at src/lib.rs:339:70:
[INFO] [stdout] called `Result::unwrap()` on an `Err` value: Custom { kind: Other, error: NotExists }
[INFO] [stdout] stack backtrace:
[INFO] [stdout]    0:     0x5fc2e3c05711 - <<std[617be2ca0a6fd877]::sys::backtrace::BacktraceLock>::print::DisplayBacktrace as core[a373ad73a504971]::fmt::Display>::fmt
[INFO] [stdout]    1:     0x5fc2e3c1999a - core[a373ad73a504971]::fmt::write
[INFO] [stdout]    2:     0x5fc2e3c0999c - <alloc[2e1b2a31b91974c5]::vec::Vec<u8> as core[a373ad73a504971]::io::write::Write>::write_fmt
[INFO] [stdout]    3:     0x5fc2e3be1486 - std[617be2ca0a6fd877]::panicking::default_hook::{closure#0}
[INFO] [stdout]    4:     0x5fc2e3bfdbe9 - std[617be2ca0a6fd877]::panicking::default_hook
[INFO] [stdout]    5:     0x5fc2e3b31e20 - test[aada8e7e76ba119b]::test_main_inner::{closure#0}
[INFO] [stdout]    6:     0x5fc2e3bfdda2 - std[617be2ca0a6fd877]::panicking::panic_with_hook
[INFO] [stdout]    7:     0x5fc2e3be1532 - std[617be2ca0a6fd877]::panicking::panic_handler::{closure#0}
[INFO] [stdout]    8:     0x5fc2e3bda199 - std[617be2ca0a6fd877]::sys::backtrace::__rust_end_short_backtrace::<std[617be2ca0a6fd877]::panicking::panic_handler::{closure#0}, !>
[INFO] [stdout]    9:     0x5fc2e3be213d - __rustc[ea4f61d10b84890b]::rust_begin_unwind
[INFO] [stdout]   10:     0x5fc2e3c1a0cc - core[a373ad73a504971]::panicking::panic_fmt
[INFO] [stdout]   11:     0x5fc2e3c19ea2 - core[a373ad73a504971]::result::unwrap_failed
[INFO] [stdout]   12:     0x5fc2e3b24578 - kvdb_persy[d9661a8bfa040b38]::tests::setup
[INFO] [stdout]   13:     0x5fc2e3b24937 - <kvdb_persy[d9661a8bfa040b38]::tests::test_write_clears_buffered_ops::{closure#0} as core[a373ad73a504971]::ops::function::FnOnce<()>>::call_once
[INFO] [stdout]   14:     0x5fc2e3b2526b - test[aada8e7e76ba119b]::__rust_begin_short_backtrace::<core[a373ad73a504971]::result::Result<(), alloc[2e1b2a31b91974c5]::string::String>, fn() -> core[a373ad73a504971]::result::Result<(), alloc[2e1b2a31b91974c5]::string::String>>
[INFO] [stdout]   15:     0x5fc2e3b32445 - test[aada8e7e76ba119b]::run_test::{closure#0}
[INFO] [stdout]   16:     0x5fc2e3b2bd34 - std[617be2ca0a6fd877]::sys::backtrace::__rust_begin_short_backtrace::<test[aada8e7e76ba119b]::run_test::{closure#1}, ()>
[INFO] [stdout]   17:     0x5fc2e3b354d2 - <std[617be2ca0a6fd877]::thread::lifecycle::spawn_unchecked<test[aada8e7e76ba119b]::run_test::{closure#1}, ()>::{closure#1} as core[a373ad73a504971]::ops::function::FnOnce<()>>::call_once::{shim:vtable#0}
[INFO] [stdout]   18:     0x5fc2e3c04e8f - <std[617be2ca0a6fd877]::sys::thread::unix::Thread>::new::thread_start
[INFO] [stdout]   19:     0x7bfe410d4dfa - <unknown>
[INFO] [stdout]   20:     0x7bfe411683d4 - clone
[INFO] [stdout]   21:                0x0 - <unknown>
[INFO] [stdout] 
[INFO] [stdout] ---- tests::test_put stdout ----
[INFO] [stdout] 
[INFO] [stdout] thread 'tests::test_put' (807) panicked at src/lib.rs:339:70:
[INFO] [stdout] called `Result::unwrap()` on an `Err` value: Custom { kind: Other, error: NotExists }
[INFO] [stdout] stack backtrace:
[INFO] [stdout]    0:     0x5fc2e3c05711 - <<std[617be2ca0a6fd877]::sys::backtrace::BacktraceLock>::print::DisplayBacktrace as core[a373ad73a504971]::fmt::Display>::fmt
[INFO] [stdout]    1:     0x5fc2e3c1999a - core[a373ad73a504971]::fmt::write
[INFO] [stdout]    2:     0x5fc2e3c0999c - <alloc[2e1b2a31b91974c5]::vec::Vec<u8> as core[a373ad73a504971]::io::write::Write>::write_fmt
[INFO] [stdout]    3:     0x5fc2e3be1486 - std[617be2ca0a6fd877]::panicking::default_hook::{closure#0}
[INFO] [stdout]    4:     0x5fc2e3bfdbe9 - std[617be2ca0a6fd877]::panicking::default_hook
[INFO] [stdout]    5:     0x5fc2e3b31e20 - test[aada8e7e76ba119b]::test_main_inner::{closure#0}
[INFO] [stdout]    6:     0x5fc2e3bfdda2 - std[617be2ca0a6fd877]::panicking::panic_with_hook
[INFO] [stdout]    7:     0x5fc2e3be1532 - std[617be2ca0a6fd877]::panicking::panic_handler::{closure#0}
[INFO] [stdout]    8:     0x5fc2e3bda199 - std[617be2ca0a6fd877]::sys::backtrace::__rust_end_short_backtrace::<std[617be2ca0a6fd877]::panicking::panic_handler::{closure#0}, !>
[INFO] [stdout]    9:     0x5fc2e3be213d - __rustc[ea4f61d10b84890b]::rust_begin_unwind
[INFO] [stdout]   10:     0x5fc2e3c1a0cc - core[a373ad73a504971]::panicking::panic_fmt
[INFO] [stdout]   11:     0x5fc2e3c19ea2 - core[a373ad73a504971]::result::unwrap_failed
[INFO] [stdout]   12:     0x5fc2e3b24578 - kvdb_persy[d9661a8bfa040b38]::tests::setup
[INFO] [stdout]   13:     0x5fc2e3b24aa2 - <kvdb_persy[d9661a8bfa040b38]::tests::test_put::{closure#0} as core[a373ad73a504971]::ops::function::FnOnce<()>>::call_once
[INFO] [stdout]   14:     0x5fc2e3b2526b - test[aada8e7e76ba119b]::__rust_begin_short_backtrace::<core[a373ad73a504971]::result::Result<(), alloc[2e1b2a31b91974c5]::string::String>, fn() -> core[a373ad73a504971]::result::Result<(), alloc[2e1b2a31b91974c5]::string::String>>
[INFO] [stdout]   15:     0x5fc2e3b32445 - test[aada8e7e76ba119b]::run_test::{closure#0}
[INFO] [stdout]   16:     0x5fc2e3b2bd34 - std[617be2ca0a6fd877]::sys::backtrace::__rust_begin_short_backtrace::<test[aada8e7e76ba119b]::run_test::{closure#1}, ()>
[INFO] [stdout]   17:     0x5fc2e3b354d2 - <std[617be2ca0a6fd877]::thread::lifecycle::spawn_unchecked<test[aada8e7e76ba119b]::run_test::{closure#1}, ()>::{closure#1} as core[a373ad73a504971]::ops::function::FnOnce<()>>::call_once::{shim:vtable#0}
[INFO] [stdout]   18:     0x5fc2e3c04e8f - <std[617be2ca0a6fd877]::sys::thread::unix::Thread>::new::thread_start
[INFO] [stdout]   19:     0x7bfe410d4dfa - <unknown>
[INFO] [stdout]   20:     0x7bfe411683d4 - clone
[INFO] [stdout]   21:                0x0 - <unknown>
[INFO] [stdout] 
[INFO] [stdout] ---- tests::test_iter stdout ----
[INFO] [stdout] 
[INFO] [stdout] thread 'tests::test_iter' (805) panicked at src/lib.rs:339:70:
[INFO] [stdout] called `Result::unwrap()` on an `Err` value: Custom { kind: Other, error: NotExists }
[INFO] [stdout] stack backtrace:
[INFO] [stdout]    0:     0x5fc2e3c05711 - <<std[617be2ca0a6fd877]::sys::backtrace::BacktraceLock>::print::DisplayBacktrace as core[a373ad73a504971]::fmt::Display>::fmt
[INFO] [stdout]    1:     0x5fc2e3c1999a - core[a373ad73a504971]::fmt::write
[INFO] [stdout]    2:     0x5fc2e3c0999c - <alloc[2e1b2a31b91974c5]::vec::Vec<u8> as core[a373ad73a504971]::io::write::Write>::write_fmt
[INFO] [stdout]    3:     0x5fc2e3be1486 - std[617be2ca0a6fd877]::panicking::default_hook::{closure#0}
[INFO] [stdout]    4:     0x5fc2e3bfdbe9 - std[617be2ca0a6fd877]::panicking::default_hook
[INFO] [stdout]    5:     0x5fc2e3b31e20 - test[aada8e7e76ba119b]::test_main_inner::{closure#0}
[INFO] [stdout]    6:     0x5fc2e3bfdda2 - std[617be2ca0a6fd877]::panicking::panic_with_hook
[INFO] [stdout]    7:     0x5fc2e3be1532 - std[617be2ca0a6fd877]::panicking::panic_handler::{closure#0}
[INFO] [stdout]    8:     0x5fc2e3bda199 - std[617be2ca0a6fd877]::sys::backtrace::__rust_end_short_backtrace::<std[617be2ca0a6fd877]::panicking::panic_handler::{closure#0}, !>
[INFO] [stdout]    9:     0x5fc2e3be213d - __rustc[ea4f61d10b84890b]::rust_begin_unwind
[INFO] [stdout]   10:     0x5fc2e3c1a0cc - core[a373ad73a504971]::panicking::panic_fmt
[INFO] [stdout]   11:     0x5fc2e3c19ea2 - core[a373ad73a504971]::result::unwrap_failed
[INFO] [stdout]   12:     0x5fc2e3b24578 - kvdb_persy[d9661a8bfa040b38]::tests::setup
[INFO] [stdout]   13:     0x5fc2e3b25157 - <kvdb_persy[d9661a8bfa040b38]::tests::test_iter::{closure#0} as core[a373ad73a504971]::ops::function::FnOnce<()>>::call_once
[INFO] [stdout]   14:     0x5fc2e3b2526b - test[aada8e7e76ba119b]::__rust_begin_short_backtrace::<core[a373ad73a504971]::result::Result<(), alloc[2e1b2a31b91974c5]::string::String>, fn() -> core[a373ad73a504971]::result::Result<(), alloc[2e1b2a31b91974c5]::string::String>>
[INFO] [stdout]   15:     0x5fc2e3b32445 - test[aada8e7e76ba119b]::run_test::{closure#0}
[INFO] [stdout]   16:     0x5fc2e3b2bd34 - std[617be2ca0a6fd877]::sys::backtrace::__rust_begin_short_backtrace::<test[aada8e7e76ba119b]::run_test::{closure#1}, ()>
[INFO] [stdout]   17:     0x5fc2e3b354d2 - <std[617be2ca0a6fd877]::thread::lifecycle::spawn_unchecked<test[aada8e7e76ba119b]::run_test::{closure#1}, ()>::{closure#1} as core[a373ad73a504971]::ops::function::FnOnce<()>>::call_once::{shim:vtable#0}
[INFO] [stdout]   18:     0x5fc2e3c04e8f - <std[617be2ca0a6fd877]::sys::thread::unix::Thread>::new::thread_start
[INFO] [stdout]   19:     0x7bfe410d4dfa - <unknown>
[INFO] [stdout]   20:     0x7bfe411683d4 - clone
[INFO] [stdout]   21:                0x0 - <unknown>
[INFO] [stdout] 
[INFO] [stdout] ---- tests::test_delete_and_get stdout ----
[INFO] [stdout] 
[INFO] [stdout] thread 'tests::test_delete_and_get' (802) panicked at src/lib.rs:339:70:
[INFO] [stdout] called `Result::unwrap()` on an `Err` value: Custom { kind: Other, error: NotExists }
[INFO] [stdout] stack backtrace:
[INFO] [stdout]    0:     0x5fc2e3c05711 - <<std[617be2ca0a6fd877]::sys::backtrace::BacktraceLock>::print::DisplayBacktrace as core[a373ad73a504971]::fmt::Display>::fmt
[INFO] [stdout]    1:     0x5fc2e3c1999a - core[a373ad73a504971]::fmt::write
[INFO] [stdout]    2:     0x5fc2e3c0999c - <alloc[2e1b2a31b91974c5]::vec::Vec<u8> as core[a373ad73a504971]::io::write::Write>::write_fmt
[INFO] [stdout]    3:     0x5fc2e3be1486 - std[617be2ca0a6fd877]::panicking::default_hook::{closure#0}
[INFO] [stdout]    4:     0x5fc2e3bfdbe9 - std[617be2ca0a6fd877]::panicking::default_hook
[INFO] [stdout]    5:     0x5fc2e3b31e20 - test[aada8e7e76ba119b]::test_main_inner::{closure#0}
[INFO] [stdout]    6:     0x5fc2e3bfdda2 - std[617be2ca0a6fd877]::panicking::panic_with_hook
[INFO] [stdout]    7:     0x5fc2e3be1532 - std[617be2ca0a6fd877]::panicking::panic_handler::{closure#0}
[INFO] [stdout]    8:     0x5fc2e3bda199 - std[617be2ca0a6fd877]::sys::backtrace::__rust_end_short_backtrace::<std[617be2ca0a6fd877]::panicking::panic_handler::{closure#0}, !>
[INFO] [stdout]    9:     0x5fc2e3be213d - __rustc[ea4f61d10b84890b]::rust_begin_unwind
[INFO] [stdout]   10:     0x5fc2e3c1a0cc - core[a373ad73a504971]::panicking::panic_fmt
[INFO] [stdout]   11:     0x5fc2e3c19ea2 - core[a373ad73a504971]::result::unwrap_failed
[INFO] [stdout]   12:     0x5fc2e3b24578 - kvdb_persy[d9661a8bfa040b38]::tests::setup
[INFO] [stdout]   13:     0x5fc2e3b247d7 - <kvdb_persy[d9661a8bfa040b38]::tests::test_delete_and_get::{closure#0} as core[a373ad73a504971]::ops::function::FnOnce<()>>::call_once
[INFO] [stdout]   14:     0x5fc2e3b2526b - test[aada8e7e76ba119b]::__rust_begin_short_backtrace::<core[a373ad73a504971]::result::Result<(), alloc[2e1b2a31b91974c5]::string::String>, fn() -> core[a373ad73a504971]::result::Result<(), alloc[2e1b2a31b91974c5]::string::String>>
[INFO] [stdout]   15:     0x5fc2e3b32445 - test[aada8e7e76ba119b]::run_test::{closure#0}
[INFO] [stdout]   16:     0x5fc2e3b2bd34 - std[617be2ca0a6fd877]::sys::backtrace::__rust_begin_short_backtrace::<test[aada8e7e76ba119b]::run_test::{closure#1}, ()>
[INFO] [stdout]   17:     0x5fc2e3b354d2 - <std[617be2ca0a6fd877]::thread::lifecycle::spawn_unchecked<test[aada8e7e76ba119b]::run_test::{closure#1}, ()>::{closure#1} as core[a373ad73a504971]::ops::function::FnOnce<()>>::call_once::{shim:vtable#0}
[INFO] [stdout]   18:     0x5fc2e3c04e8f - <std[617be2ca0a6fd877]::sys::thread::unix::Thread>::new::thread_start
[INFO] [stdout]   19:     0x7bfe410d4dfa - <unknown>
[INFO] [stdout]   20:     0x7bfe411683d4 - clone
[INFO] [stdout]   21:                0x0 - <unknown>
[INFO] [stdout] 
[INFO] [stdout] ---- tests::test_get_fails_with_non_existing_column stdout ----
[INFO] [stdout] 
[INFO] [stdout] thread 'tests::test_get_fails_with_non_existing_column' (804) panicked at src/lib.rs:339:70:
[INFO] [stdout] called `Result::unwrap()` on an `Err` value: Custom { kind: Other, error: NotExists }
[INFO] [stdout] stack backtrace:
[INFO] [stdout]    0:     0x5fc2e3c05711 - <<std[617be2ca0a6fd877]::sys::backtrace::BacktraceLock>::print::DisplayBacktrace as core[a373ad73a504971]::fmt::Display>::fmt
[INFO] [stdout]    1:     0x5fc2e3c1999a - core[a373ad73a504971]::fmt::write
[INFO] [stdout]    2:     0x5fc2e3c0999c - <alloc[2e1b2a31b91974c5]::vec::Vec<u8> as core[a373ad73a504971]::io::write::Write>::write_fmt
[INFO] [stdout]    3:     0x5fc2e3be1486 - std[617be2ca0a6fd877]::panicking::default_hook::{closure#0}
[INFO] [stdout]    4:     0x5fc2e3bfdbe9 - std[617be2ca0a6fd877]::panicking::default_hook
[INFO] [stdout]    5:     0x5fc2e3b31e20 - test[aada8e7e76ba119b]::test_main_inner::{closure#0}
[INFO] [stdout]    6:     0x5fc2e3bfdda2 - std[617be2ca0a6fd877]::panicking::panic_with_hook
[INFO] [stdout]    7:     0x5fc2e3be1532 - std[617be2ca0a6fd877]::panicking::panic_handler::{closure#0}
[INFO] [stdout]    8:     0x5fc2e3bda199 - std[617be2ca0a6fd877]::sys::backtrace::__rust_end_short_backtrace::<std[617be2ca0a6fd877]::panicking::panic_handler::{closure#0}, !>
[INFO] [stdout]    9:     0x5fc2e3be213d - __rustc[ea4f61d10b84890b]::rust_begin_unwind
[INFO] [stdout]   10:     0x5fc2e3c1a0cc - core[a373ad73a504971]::panicking::panic_fmt
[INFO] [stdout]   11:     0x5fc2e3c19ea2 - core[a373ad73a504971]::result::unwrap_failed
[INFO] [stdout]   12:     0x5fc2e3b24578 - kvdb_persy[d9661a8bfa040b38]::tests::setup
[INFO] [stdout]   13:     0x5fc2e3b249e7 - <kvdb_persy[d9661a8bfa040b38]::tests::test_get_fails_with_non_existing_column::{closure#0} as core[a373ad73a504971]::ops::function::FnOnce<()>>::call_once
[INFO] [stdout]   14:     0x5fc2e3b2526b - test[aada8e7e76ba119b]::__rust_begin_short_backtrace::<core[a373ad73a504971]::result::Result<(), alloc[2e1b2a31b91974c5]::string::String>, fn() -> core[a373ad73a504971]::result::Result<(), alloc[2e1b2a31b91974c5]::string::String>>
[INFO] [stdout]   15:     0x5fc2e3b32445 - test[aada8e7e76ba119b]::run_test::{closure#0}
[INFO] [stdout]   16:     0x5fc2e3b2bd34 - std[617be2ca0a6fd877]::sys::backtrace::__rust_begin_short_backtrace::<test[aada8e7e76ba119b]::run_test::{closure#1}, ()>
[INFO] [stdout]   17:     0x5fc2e3b354d2 - <std[617be2ca0a6fd877]::thread::lifecycle::spawn_unchecked<test[aada8e7e76ba119b]::run_test::{closure#1}, ()>::{closure#1} as core[a373ad73a504971]::ops::function::FnOnce<()>>::call_once::{shim:vtable#0}
[INFO] [stdout]   18:     0x5fc2e3c04e8f - <std[617be2ca0a6fd877]::sys::thread::unix::Thread>::new::thread_start
[INFO] [stdout]   19:     0x7bfe410d4dfa - <unknown>
[INFO] [stdout]   20:     0x7bfe411683d4 - clone
[INFO] [stdout]   21:                0x0 - <unknown>
[INFO] [stdout] 
[INFO] [stdout] 
[INFO] [stdout] failures:
[INFO] [stdout]     tests::test_complex
[INFO] [stdout]     tests::test_delete_and_get
[INFO] [stdout]     tests::test_delete_prefix
[INFO] [stdout]     tests::test_get_fails_with_non_existing_column
[INFO] [stdout]     tests::test_iter
[INFO] [stdout]     tests::test_iter_with_prefix
[INFO] [stdout]     tests::test_put
[INFO] [stdout]     tests::test_put_and_get
[INFO] [stdout]     tests::test_write_clears_buffered_ops
[INFO] [stdout] 
[INFO] [stdout] test result: FAILED. 0 passed; 9 failed; 0 ignored; 0 measured; 0 filtered out; finished in 0.01s
[INFO] [stdout] 
[INFO] running `Command { std: "docker" "inspect" "e10cabeb237dbf55196c1e3a95db49ed18696820fcb755b24f3a6917029080d8", kill_on_drop: false }`
[INFO] running `Command { std: "docker" "rm" "-f" "e10cabeb237dbf55196c1e3a95db49ed18696820fcb755b24f3a6917029080d8", kill_on_drop: false }`
[INFO] [stdout] e10cabeb237dbf55196c1e3a95db49ed18696820fcb755b24f3a6917029080d8
