[INFO] fetching crate kvapi-macros-internals 0.1.0...
[INFO] testing kvapi-macros-internals-0.1.0 against 1.100.0-beta.1+cargoflags=--release for beta-release-1.100-2
[INFO] extracting crate kvapi-macros-internals 0.1.0 into /workspace/builds/worker-7-tc2/source
[INFO] started tweaking crates.io crate kvapi-macros-internals 0.1.0
[INFO] finished tweaking crates.io crate kvapi-macros-internals 0.1.0
[INFO] tweaked toml for crates.io crate kvapi-macros-internals 0.1.0 written to /workspace/builds/worker-7-tc2/source/Cargo.toml
[INFO] validating manifest of crates.io crate kvapi-macros-internals 0.1.0 on toolchain 1.100.0-beta.1
[INFO] running `Command { std: CARGO_HOME="/workspace/cargo-home" RUSTUP_HOME="/workspace/rustup-home" "/workspace/cargo-home/bin/cargo" "+1.100.0-beta.1" "metadata" "--manifest-path" "Cargo.toml" "--no-deps", kill_on_drop: false }`
[INFO] running `Command { std: CARGO_HOME="/workspace/cargo-home" RUSTUP_HOME="/workspace/rustup-home" "/workspace/cargo-home/bin/cargo" "+1.100.0-beta.1" "generate-lockfile" "--manifest-path" "Cargo.toml", kill_on_drop: false }`
[INFO] [stderr]     Updating crates.io index
[INFO] [stderr]      Locking 6 packages to highest compatible versions
[INFO] [stderr]       Adding convert_case v0.6.0 (available: v0.12.0)
[INFO] [stderr]       Adding syn v2.0.119 (available: v3.0.9)
[INFO] running `Command { std: CARGO_HOME="/workspace/cargo-home" RUSTUP_HOME="/workspace/rustup-home" "/workspace/cargo-home/bin/cargo" "+1.100.0-beta.1" "fetch" "--manifest-path" "Cargo.toml", kill_on_drop: false }`
[INFO] running `Command { std: "docker" "create" "-v" "/var/lib/crater-agent-workspace/builds/worker-7-tc2/source:/opt/rustwide/workdir:ro,Z" "-v" "/var/lib/crater-agent-workspace/builds/worker-7-tc2/target:/opt/rustwide/target:rw,Z" "-v" "/var/lib/crater-agent-workspace/cargo-home:/opt/rustwide/cargo-home:ro,Z" "-v" "/var/lib/crater-agent-workspace/rustup-home:/opt/rustwide/rustup-home:ro,Z" "-m" "1610612736" "--network" "none" "ghcr.io/rust-lang/crates-build-env/linux@sha256:77db811e55d90add9212f6832c23229e3de5f1c1f9905e8cb07319ea15df73ac" "sleep" "infinity", kill_on_drop: false }`
[INFO] [stdout] 5ff235068ce0c723f10b4cdafd655d3a0dd0838c458462354e0307a5db6fad54
[INFO] running `Command { std: "docker" "start" "5ff235068ce0c723f10b4cdafd655d3a0dd0838c458462354e0307a5db6fad54", kill_on_drop: false }`
[INFO] running `Command { std: "docker" "inspect" "5ff235068ce0c723f10b4cdafd655d3a0dd0838c458462354e0307a5db6fad54", kill_on_drop: false }`
[INFO] running `Command { std: "docker" "exec" "-e" "SOURCE_DIR=/opt/rustwide/workdir" "-e" "CARGO_HOME=/opt/rustwide/cargo-home" "-e" "RUSTUP_HOME=/opt/rustwide/rustup-home" "-e" "CARGO_TARGET_DIR=/opt/rustwide/target" "-w" "/opt/rustwide/workdir" "--user" "0:0" "5ff235068ce0c723f10b4cdafd655d3a0dd0838c458462354e0307a5db6fad54" "/opt/rustwide/cargo-home/bin/cargo" "+1.100.0-beta.1" "metadata" "--no-deps" "--format-version=1", kill_on_drop: false }`
[INFO] running `Command { std: "docker" "inspect" "5ff235068ce0c723f10b4cdafd655d3a0dd0838c458462354e0307a5db6fad54", kill_on_drop: false }`
[INFO] running `Command { std: "docker" "exec" "-e" "SOURCE_DIR=/opt/rustwide/workdir" "-e" "CARGO_HOME=/opt/rustwide/cargo-home" "-e" "RUSTUP_HOME=/opt/rustwide/rustup-home" "-e" "CARGO_TARGET_DIR=/opt/rustwide/target" "-e" "CARGO_INCREMENTAL=0" "-e" "RUST_BACKTRACE=full" "-e" "RUSTFLAGS=--cap-lints=warn" "-e" "RUSTDOCFLAGS=--cap-lints=warn" "-w" "/opt/rustwide/workdir" "--user" "0:0" "5ff235068ce0c723f10b4cdafd655d3a0dd0838c458462354e0307a5db6fad54" "/opt/rustwide/cargo-home/bin/cargo" "+1.100.0-beta.1" "build" "--frozen" "--message-format=json" "--release", kill_on_drop: false }`
[INFO] [stderr]    Compiling proc-macro2 v1.0.107
[INFO] [stderr]    Compiling unicode-ident v1.0.27
[INFO] [stderr]    Compiling quote v1.0.47
[INFO] [stderr]    Compiling convert_case v0.6.0
[INFO] [stderr]    Compiling syn v2.0.119
[INFO] [stderr]    Compiling kvapi-macros-internals v0.1.0 (/opt/rustwide/workdir)
[INFO] [stderr]     Finished `release` profile [optimized] target(s) in 9.89s
[INFO] running `Command { std: "docker" "inspect" "5ff235068ce0c723f10b4cdafd655d3a0dd0838c458462354e0307a5db6fad54", kill_on_drop: false }`
[INFO] running `Command { std: "docker" "exec" "-e" "SOURCE_DIR=/opt/rustwide/workdir" "-e" "CARGO_HOME=/opt/rustwide/cargo-home" "-e" "RUSTUP_HOME=/opt/rustwide/rustup-home" "-e" "CARGO_TARGET_DIR=/opt/rustwide/target" "-e" "CARGO_INCREMENTAL=0" "-e" "RUST_BACKTRACE=full" "-e" "RUSTFLAGS=--cap-lints=warn" "-e" "RUSTDOCFLAGS=--cap-lints=warn" "-w" "/opt/rustwide/workdir" "--user" "0:0" "5ff235068ce0c723f10b4cdafd655d3a0dd0838c458462354e0307a5db6fad54" "/opt/rustwide/cargo-home/bin/cargo" "+1.100.0-beta.1" "test" "--frozen" "--no-run" "--message-format=json" "--release", kill_on_drop: false }`
[INFO] [stderr]    Compiling kvapi-macros-internals v0.1.0 (/opt/rustwide/workdir)
[INFO] [stderr]     Finished `release` profile [optimized] target(s) in 0.47s
[INFO] running `Command { std: "docker" "inspect" "5ff235068ce0c723f10b4cdafd655d3a0dd0838c458462354e0307a5db6fad54", kill_on_drop: false }`
[INFO] running `Command { std: "docker" "exec" "-e" "SOURCE_DIR=/opt/rustwide/workdir" "-e" "CARGO_HOME=/opt/rustwide/cargo-home" "-e" "RUSTUP_HOME=/opt/rustwide/rustup-home" "-e" "CARGO_TARGET_DIR=/opt/rustwide/target" "-e" "CARGO_INCREMENTAL=0" "-e" "RUST_BACKTRACE=full" "-e" "RUSTFLAGS=--cap-lints=warn" "-e" "RUSTDOCFLAGS=--cap-lints=warn" "-w" "/opt/rustwide/workdir" "--user" "0:0" "5ff235068ce0c723f10b4cdafd655d3a0dd0838c458462354e0307a5db6fad54" "/opt/rustwide/cargo-home/bin/cargo" "+1.100.0-beta.1" "test" "--frozen" "--release", kill_on_drop: false }`
[INFO] [stderr]     Finished `release` profile [optimized] target(s) in 0.04s
[INFO] [stderr]      Running unittests src/lib.rs (/opt/rustwide/target/release/build/kvapi-macros-internals/a86ca6d0773e8caf/out/kvapi_macros_internals-a86ca6d0773e8caf)
[INFO] [stderr]    Doc-tests kvapi_macros_internals
[INFO] [stdout] 
[INFO] [stdout] running 0 tests
[INFO] [stdout] 
[INFO] [stdout] test result: ok. 0 passed; 0 failed; 0 ignored; 0 measured; 0 filtered out; finished in 0.00s
[INFO] [stdout] 
[INFO] [stdout] 
[INFO] [stdout] running 6 tests
[INFO] [stdout] test src/api/builder.rs - api::builder::ApiBuilder (line 12) ... FAILED
[INFO] [stdout] test src/api/dict.rs - api::dict::Entry (line 103) ... FAILED
[INFO] [stdout] test src/api/dict.rs - api::dict::Attr (line 183) ... FAILED
[INFO] [stdout] test src/api/headers.rs - api::headers::Headers (line 12) ... FAILED
[INFO] [stdout] test src/api/dict.rs - api::dict::Dict (line 11) ... FAILED
[INFO] [stdout] test src/api/node.rs - api::node::Node (line 17) ... FAILED
[INFO] [stdout] 
[INFO] [stdout] failures:
[INFO] [stdout] 
[INFO] [stdout] ---- src/api/builder.rs - api::builder::ApiBuilder (line 12) stdout ----
[INFO] [stdout] error: expected one of `!` or `::`, found `:`
[INFO] [stdout]   --> src/api/builder.rs:13:5
[INFO] [stdout]    |
[INFO] [stdout] 13 | name:       PascalStructName
[INFO] [stdout]    |     ^ expected one of `!` or `::`
[INFO] [stdout] 
[INFO] [stdout] error: aborting due to 1 previous error
[INFO] [stdout] 
[INFO] [stdout] Couldn't compile the test.
[INFO] [stdout] ---- src/api/dict.rs - api::dict::Entry (line 103) stdout ----
[INFO] [stdout] error: expected one of `(`, `::`, `=`, `[`, `]`, or `{`, found `:`
[INFO] [stdout]    --> src/api/dict.rs:104:8
[INFO] [stdout]     |
[INFO] [stdout] 104 | #[query: "/append/this/string", rename: "rename_to_this"]
[INFO] [stdout]     |        ^ expected one of `(`, `::`, `=`, `[`, `]`, or `{`
[INFO] [stdout] 
[INFO] [stdout] error: aborting due to 1 previous error
[INFO] [stdout] 
[INFO] [stdout] Couldn't compile the test.
[INFO] [stdout] ---- src/api/dict.rs - api::dict::Attr (line 183) stdout ----
[INFO] [stdout] error: expected identifier, found `#`
[INFO] [stdout]    --> src/api/dict.rs:185:6
[INFO] [stdout]     |
[INFO] [stdout] 185 |    #[#fn_id -> #arg] // <-- Attr
[INFO] [stdout]     |      ^ expected identifier
[INFO] [stdout] 
[INFO] [stdout] error: malformed loop label
[INFO] [stdout]    --> src/api/dict.rs:184:1
[INFO] [stdout]     |
[INFO] [stdout] 184 | dict: {
[INFO] [stdout]     | ^^^^
[INFO] [stdout]     |
[INFO] [stdout] help: use the correct loop label format
[INFO] [stdout]     |
[INFO] [stdout] 184 | 'dict: {
[INFO] [stdout]     | +
[INFO] [stdout] 
[INFO] [stdout] error: aborting due to 2 previous errors
[INFO] [stdout] 
[INFO] [stdout] Couldn't compile the test.
[INFO] [stdout] ---- src/api/headers.rs - api::headers::Headers (line 12) stdout ----
[INFO] [stdout] error: expected one of `.`, `;`, `?`, `}`, or an operator, found `:`
[INFO] [stdout]   --> src/api/headers.rs:14:17
[INFO] [stdout]    |
[INFO] [stdout] 14 |    "Header Name": "Header Value"
[INFO] [stdout]    |                 ^ expected one of `.`, `;`, `?`, `}`, or an operator
[INFO] [stdout] 
[INFO] [stdout] error: aborting due to 1 previous error
[INFO] [stdout] 
[INFO] [stdout] Couldn't compile the test.
[INFO] [stdout] ---- src/api/dict.rs - api::dict::Dict (line 11) stdout ----
[INFO] [stdout] error: expected `]`, found `,`
[INFO] [stdout]   --> src/api/dict.rs:13:33
[INFO] [stdout]    |
[INFO] [stdout] 13 |   #[query("/append/this/string"), rename("rename_to_this")]
[INFO] [stdout]    |                                 ^ expected `]`
[INFO] [stdout] 
[INFO] [stdout] error: malformed loop label
[INFO] [stdout]   --> src/api/dict.rs:12:1
[INFO] [stdout]    |
[INFO] [stdout] 12 | dict: {
[INFO] [stdout]    | ^^^^
[INFO] [stdout]    |
[INFO] [stdout] help: use the correct loop label format
[INFO] [stdout]    |
[INFO] [stdout] 12 | 'dict: {
[INFO] [stdout]    | +
[INFO] [stdout] 
[INFO] [stdout] error: aborting due to 2 previous errors
[INFO] [stdout] 
[INFO] [stdout] Couldn't compile the test.
[INFO] [stdout] ---- src/api/node.rs - api::node::Node (line 17) stdout ----
[INFO] [stdout] error: unexpected token: `...`
[INFO] [stdout]   --> src/api/node.rs:19:56
[INFO] [stdout]    |
[INFO] [stdout] 19 |                     async fn get() -> Result<MyType> { ... }
[INFO] [stdout]    |                                                        ^^^
[INFO] [stdout]    |
[INFO] [stdout] help: use `..` for an exclusive range
[INFO] [stdout]    |
[INFO] [stdout] 19 -                     async fn get() -> Result<MyType> { ... }
[INFO] [stdout] 19 +                     async fn get() -> Result<MyType> { .. }
[INFO] [stdout]    |
[INFO] [stdout] help: or `..=` for an inclusive range
[INFO] [stdout]    |
[INFO] [stdout] 19 -                     async fn get() -> Result<MyType> { ... }
[INFO] [stdout] 19 +                     async fn get() -> Result<MyType> { ..= }
[INFO] [stdout]    |
[INFO] [stdout] 
[INFO] [stdout] error[E0586]: inclusive range with no end
[INFO] [stdout]   --> src/api/node.rs:19:56
[INFO] [stdout]    |
[INFO] [stdout] 19 |                     async fn get() -> Result<MyType> { ... }
[INFO] [stdout]    |                                                        ^^^
[INFO] [stdout]    |
[INFO] [stdout]    = note: inclusive ranges must be bounded at the end (`..=b` or `a..=b`)
[INFO] [stdout] help: use `..` instead
[INFO] [stdout]    |
[INFO] [stdout] 19 -                     async fn get() -> Result<MyType> { ... }
[INFO] [stdout] 19 +                     async fn get() -> Result<MyType> { .. }
[INFO] [stdout]    |
[INFO] [stdout] 
[INFO] [stdout] error[E0425]: cannot find type `Endpoint` in this scope
[INFO] [stdout]   --> src/api/node.rs:18:6
[INFO] [stdout]    |
[INFO] [stdout] 18 | impl Endpoint {
[INFO] [stdout]    |      ^^^^^^^^ not found in this scope
[INFO] [stdout] 
[INFO] [stdout] error[E0425]: cannot find type `MyType` in this scope
[INFO] [stdout]   --> src/api/node.rs:19:46
[INFO] [stdout]    |
[INFO] [stdout] 19 |                     async fn get() -> Result<MyType> { ... }
[INFO] [stdout]    |                                              ^^^^^^ not found in this scope
[INFO] [stdout]    |
[INFO] [stdout] help: you might be missing a type parameter
[INFO] [stdout]    |
[INFO] [stdout] 18 | impl<MyType> Endpoint {
[INFO] [stdout]    |     ++++++++
[INFO] [stdout] 
[INFO] [stdout] error[E0107]: enum takes 2 generic arguments but 1 generic argument was supplied
[INFO] [stdout]   --> src/api/node.rs:19:39
[INFO] [stdout]    |
[INFO] [stdout] 19 |                     async fn get() -> Result<MyType> { ... }
[INFO] [stdout]    |                                       ^^^^^^ ------ supplied 1 generic argument
[INFO] [stdout]    |                                       |
[INFO] [stdout]    |                                       expected 2 generic arguments
[INFO] [stdout]    |
[INFO] [stdout] help: add missing generic argument
[INFO] [stdout]    |
[INFO] [stdout] 19 |                     async fn get() -> Result<MyType, E> { ... }
[INFO] [stdout]    |                                                    +++
[INFO] [stdout] 
[INFO] [stdout] error: aborting due to 5 previous errors
[INFO] [stdout] 
[INFO] [stdout] Some errors have detailed explanations: E0107, E0425, E0586.
[INFO] [stdout] For more information about an error, try `rustc --explain E0107`.
[INFO] [stdout] Couldn't compile the test.
[INFO] [stdout] 
[INFO] [stdout] failures:
[INFO] [stdout]     src/api/builder.rs - api::builder::ApiBuilder (line 12)
[INFO] [stdout]     src/api/dict.rs - api::dict::Attr (line 183)
[INFO] [stdout]     src/api/dict.rs - api::dict::Dict (line 11)
[INFO] [stdout]     src/api/dict.rs - api::dict::Entry (line 103)
[INFO] [stdout]     src/api/headers.rs - api::headers::Headers (line 12)
[INFO] [stdout]     src/api/node.rs - api::node::Node (line 17)
[INFO] [stdout] 
[INFO] [stdout] test result: FAILED. 0 passed; 6 failed; 0 ignored; 0 measured; 0 filtered out; finished in 0.11s
[INFO] [stdout] 
[INFO] [stderr] error: doctest failed, to rerun pass `--doc`
[INFO] running `Command { std: "docker" "inspect" "5ff235068ce0c723f10b4cdafd655d3a0dd0838c458462354e0307a5db6fad54", kill_on_drop: false }`
[INFO] running `Command { std: "docker" "rm" "-f" "5ff235068ce0c723f10b4cdafd655d3a0dd0838c458462354e0307a5db6fad54", kill_on_drop: false }`
[INFO] [stdout] 5ff235068ce0c723f10b4cdafd655d3a0dd0838c458462354e0307a5db6fad54
