[INFO] fetching crate kv_cab 0.6.0...
[INFO] testing kv_cab-0.6.0 against 1.99.0-beta.8+cargoflags=--release for beta-release-1.100-2
[INFO] extracting crate kv_cab 0.6.0 into /workspace/builds/worker-1-tc1/source
[INFO] started tweaking crates.io crate kv_cab 0.6.0
[INFO] finished tweaking crates.io crate kv_cab 0.6.0
[INFO] tweaked toml for crates.io crate kv_cab 0.6.0 written to /workspace/builds/worker-1-tc1/source/Cargo.toml
[INFO] validating manifest of crates.io crate kv_cab 0.6.0 on toolchain 1.99.0-beta.8
[INFO] running `Command { std: CARGO_HOME="/workspace/cargo-home" RUSTUP_HOME="/workspace/rustup-home" "/workspace/cargo-home/bin/cargo" "+1.99.0-beta.8" "metadata" "--manifest-path" "Cargo.toml" "--no-deps", kill_on_drop: false }`
[INFO] running `Command { std: CARGO_HOME="/workspace/cargo-home" RUSTUP_HOME="/workspace/rustup-home" "/workspace/cargo-home/bin/cargo" "+1.99.0-beta.8" "generate-lockfile" "--manifest-path" "Cargo.toml", kill_on_drop: false }`
[INFO] [stderr]     Updating crates.io index
[INFO] [stderr]      Locking 19 packages to highest compatible versions
[INFO] [stderr]       Adding bincode v0.7.0 (available: v3.0.0)
[INFO] [stderr]       Adding log v0.3.9 (available: v0.4.34)
[INFO] [stderr]       Adding serde v0.9.15 (available: v1.0.229)
[INFO] [stderr]       Adding serde_derive v0.9.15 (available: v1.0.229)
[INFO] running `Command { std: CARGO_HOME="/workspace/cargo-home" RUSTUP_HOME="/workspace/rustup-home" "/workspace/cargo-home/bin/cargo" "+1.99.0-beta.8" "fetch" "--manifest-path" "Cargo.toml", kill_on_drop: false }`
[INFO] [stderr] warning: Cargo.toml: `package.edition` is unspecified, defaulting to `2015` while the latest is `2024`
[INFO] [stderr] warning: `kv_cab` (manifest) generated 1 warning
[INFO] [stderr]  Downloading crates ...
[INFO] [stderr]   Downloaded serde_codegen_internals v0.14.2
[INFO] [stderr]   Downloaded serde_derive v0.9.15
[INFO] [stderr]   Downloaded serde v0.9.15
[INFO] [stderr]   Downloaded bincode v0.7.0
[INFO] running `Command { std: "docker" "create" "-v" "/var/lib/crater-agent-workspace/builds/worker-1-tc1/source:/opt/rustwide/workdir:ro,Z" "-v" "/var/lib/crater-agent-workspace/builds/worker-1-tc1/target:/opt/rustwide/target:rw,Z" "-v" "/var/lib/crater-agent-workspace/cargo-home:/opt/rustwide/cargo-home:ro,Z" "-v" "/var/lib/crater-agent-workspace/rustup-home:/opt/rustwide/rustup-home:ro,Z" "-m" "1610612736" "--network" "none" "ghcr.io/rust-lang/crates-build-env/linux@sha256:77db811e55d90add9212f6832c23229e3de5f1c1f9905e8cb07319ea15df73ac" "sleep" "infinity", kill_on_drop: false }`
[INFO] [stdout] 4f98fa1a94a5edc48af966444bb8e8b0a6d9ae19885bdfd79f5d1caa674a4045
[INFO] running `Command { std: "docker" "start" "4f98fa1a94a5edc48af966444bb8e8b0a6d9ae19885bdfd79f5d1caa674a4045", kill_on_drop: false }`
[INFO] running `Command { std: "docker" "inspect" "4f98fa1a94a5edc48af966444bb8e8b0a6d9ae19885bdfd79f5d1caa674a4045", kill_on_drop: false }`
[INFO] running `Command { std: "docker" "exec" "-e" "SOURCE_DIR=/opt/rustwide/workdir" "-e" "CARGO_HOME=/opt/rustwide/cargo-home" "-e" "RUSTUP_HOME=/opt/rustwide/rustup-home" "-e" "CARGO_TARGET_DIR=/opt/rustwide/target" "-w" "/opt/rustwide/workdir" "--user" "0:0" "4f98fa1a94a5edc48af966444bb8e8b0a6d9ae19885bdfd79f5d1caa674a4045" "/opt/rustwide/cargo-home/bin/cargo" "+1.99.0-beta.8" "metadata" "--no-deps" "--format-version=1", kill_on_drop: false }`
[INFO] running `Command { std: "docker" "inspect" "4f98fa1a94a5edc48af966444bb8e8b0a6d9ae19885bdfd79f5d1caa674a4045", kill_on_drop: false }`
[INFO] running `Command { std: "docker" "exec" "-e" "SOURCE_DIR=/opt/rustwide/workdir" "-e" "CARGO_HOME=/opt/rustwide/cargo-home" "-e" "RUSTUP_HOME=/opt/rustwide/rustup-home" "-e" "CARGO_TARGET_DIR=/opt/rustwide/target" "-e" "CARGO_INCREMENTAL=0" "-e" "RUST_BACKTRACE=full" "-e" "RUSTFLAGS=--cap-lints=warn" "-e" "RUSTDOCFLAGS=--cap-lints=warn" "-w" "/opt/rustwide/workdir" "--user" "0:0" "4f98fa1a94a5edc48af966444bb8e8b0a6d9ae19885bdfd79f5d1caa674a4045" "/opt/rustwide/cargo-home/bin/cargo" "+1.99.0-beta.8" "build" "--frozen" "--message-format=json" "--release", kill_on_drop: false }`
[INFO] [stderr] warning: Cargo.toml: `package.edition` is unspecified, defaulting to `2015` while the latest is `2024`
[INFO] [stderr] warning: `kv_cab` (manifest) generated 1 warning
[INFO] [stderr]    Compiling num-traits v0.2.19
[INFO] [stderr]    Compiling unicode-xid v0.0.4
[INFO] [stderr]    Compiling quote v0.3.15
[INFO] [stderr]    Compiling serde v0.9.15
[INFO] [stderr]    Compiling fs2 v0.4.3
[INFO] [stderr]    Compiling synom v0.11.3
[INFO] [stderr]    Compiling syn v0.11.11
[INFO] [stderr]    Compiling serde_codegen_internals v0.14.2
[INFO] [stderr]    Compiling num-traits v0.1.43
[INFO] [stderr]    Compiling serde_derive v0.9.15
[INFO] [stderr]    Compiling bincode v0.7.0
[INFO] [stderr]    Compiling kv_cab v0.6.0 (/opt/rustwide/workdir)
[INFO] [stdout] warning: trailing semicolon in macro used in expression position
[INFO] [stdout]    --> src/lib.rs:165:22
[INFO] [stdout]     |
[INFO] [stdout] 165 |             Ok(f) => trace!("{}", f),
[INFO] [stdout]     |                      ^^^^^^^^^^^^^^^
[INFO] [stdout]     |
[INFO] [stdout]     = warning: this was previously accepted by the compiler but is being phased out; it will become a hard error in a future release!
[INFO] [stdout]     = note: for more information, see issue #79813 <https://github.com/rust-lang/rust/issues/79813>
[INFO] [stdout]     = note: `#[warn(semicolon_in_expressions_from_non_local_macros)]` (part of `#[warn(future_incompatible)]`) on by default
[INFO] [stdout]     = note: this warning originates in the macro `trace` (in Nightly builds, run with -Z macro-backtrace for more info)
[INFO] [stdout] 
[INFO] [stdout] 
[INFO] [stdout] warning: unnecessary trailing semicolon
[INFO] [stdout]    --> src/lib.rs:99:15
[INFO] [stdout]     |
[INFO] [stdout]  99 |             $b;
[INFO] [stdout]     |               ^
[INFO] [stdout] ...
[INFO] [stdout] 181 |                     last_retry!(i, return Err(KVError::CouldntOpen));
[INFO] [stdout]     |                     ------------------------------------------------ in this macro invocation
[INFO] [stdout]     |
[INFO] [stdout]     = note: `#[warn(redundant_semicolons)]` (part of `#[warn(unused)]`) on by default
[INFO] [stdout]     = note: this warning originates in the macro `last_retry` (in Nightly builds, run with -Z macro-backtrace for more info)
[INFO] [stdout] 
[INFO] [stdout] 
[INFO] [stdout] warning: unnecessary trailing semicolon
[INFO] [stdout]    --> src/lib.rs:99:15
[INFO] [stdout]     |
[INFO] [stdout]  99 |             $b;
[INFO] [stdout]     |               ^
[INFO] [stdout] ...
[INFO] [stdout] 254 |                 last_retry!(i, return Err(KVError::CouldntWriteLock));
[INFO] [stdout]     |                 ----------------------------------------------------- in this macro invocation
[INFO] [stdout]     |
[INFO] [stdout]     = note: this warning originates in the macro `last_retry` (in Nightly builds, run with -Z macro-backtrace for more info)
[INFO] [stdout] 
[INFO] [stdout] 
[INFO] [stdout] warning: unnecessary trailing semicolon
[INFO] [stdout]    --> src/lib.rs:99:15
[INFO] [stdout]     |
[INFO] [stdout]  99 |             $b;
[INFO] [stdout]     |               ^
[INFO] [stdout] ...
[INFO] [stdout] 270 |                 last_retry!(i, return Err(KVError::CouldntSeekToStart));
[INFO] [stdout]     |                 ------------------------------------------------------- in this macro invocation
[INFO] [stdout]     |
[INFO] [stdout]     = note: this warning originates in the macro `last_retry` (in Nightly builds, run with -Z macro-backtrace for more info)
[INFO] [stdout] 
[INFO] [stdout] 
[INFO] [stdout] warning: unnecessary trailing semicolon
[INFO] [stdout]    --> src/lib.rs:99:15
[INFO] [stdout]     |
[INFO] [stdout]  99 |             $b;
[INFO] [stdout]     |               ^
[INFO] [stdout] ...
[INFO] [stdout] 277 |                 last_retry!(i, return Err(KVError::CouldntWrite));
[INFO] [stdout]     |                 ------------------------------------------------- in this macro invocation
[INFO] [stdout]     |
[INFO] [stdout]     = note: this warning originates in the macro `last_retry` (in Nightly builds, run with -Z macro-backtrace for more info)
[INFO] [stdout] 
[INFO] [stdout] 
[INFO] [stdout] warning: unnecessary trailing semicolon
[INFO] [stdout]    --> src/lib.rs:99:15
[INFO] [stdout]     |
[INFO] [stdout]  99 |             $b;
[INFO] [stdout]     |               ^
[INFO] [stdout] ...
[INFO] [stdout] 284 |                 last_retry!(i, return Err(KVError::CouldntFlush));
[INFO] [stdout]     |                 ------------------------------------------------- in this macro invocation
[INFO] [stdout]     |
[INFO] [stdout]     = note: this warning originates in the macro `last_retry` (in Nightly builds, run with -Z macro-backtrace for more info)
[INFO] [stdout] 
[INFO] [stdout] 
[INFO] [stdout] warning: unnecessary trailing semicolon
[INFO] [stdout]    --> src/lib.rs:99:15
[INFO] [stdout]     |
[INFO] [stdout]  99 |             $b;
[INFO] [stdout]     |               ^
[INFO] [stdout] ...
[INFO] [stdout] 291 |                 last_retry!(i, return Err(KVError::CouldntUnlock));
[INFO] [stdout]     |                 -------------------------------------------------- in this macro invocation
[INFO] [stdout]     |
[INFO] [stdout]     = note: this warning originates in the macro `last_retry` (in Nightly builds, run with -Z macro-backtrace for more info)
[INFO] [stdout] 
[INFO] [stdout] 
[INFO] [stdout] warning: unnecessary trailing semicolon
[INFO] [stdout]    --> src/lib.rs:99:15
[INFO] [stdout]     |
[INFO] [stdout]  99 |             $b;
[INFO] [stdout]     |               ^
[INFO] [stdout] ...
[INFO] [stdout] 317 |                 last_retry!(i, return Err(KVError::CouldntSeekToStart));
[INFO] [stdout]     |                 ------------------------------------------------------- in this macro invocation
[INFO] [stdout]     |
[INFO] [stdout]     = note: this warning originates in the macro `last_retry` (in Nightly builds, run with -Z macro-backtrace for more info)
[INFO] [stdout] 
[INFO] [stdout] 
[INFO] [stdout] warning: unnecessary trailing semicolon
[INFO] [stdout]    --> src/lib.rs:99:15
[INFO] [stdout]     |
[INFO] [stdout]  99 |             $b;
[INFO] [stdout]     |               ^
[INFO] [stdout] ...
[INFO] [stdout] 329 |                                 last_retry!(i, return Err(KVError::CouldntUnlock));
[INFO] [stdout]     |                                 -------------------------------------------------- in this macro invocation
[INFO] [stdout]     |
[INFO] [stdout]     = note: this warning originates in the macro `last_retry` (in Nightly builds, run with -Z macro-backtrace for more info)
[INFO] [stdout] 
[INFO] [stdout] 
[INFO] [stdout] warning: unnecessary trailing semicolon
[INFO] [stdout]    --> src/lib.rs:99:15
[INFO] [stdout]     |
[INFO] [stdout]  99 |             $b;
[INFO] [stdout]     |               ^
[INFO] [stdout] ...
[INFO] [stdout] 349 |                             last_retry!(i, return Err(KVError::CouldntUnlock));
[INFO] [stdout]     |                             -------------------------------------------------- in this macro invocation
[INFO] [stdout]     |
[INFO] [stdout]     = note: this warning originates in the macro `last_retry` (in Nightly builds, run with -Z macro-backtrace for more info)
[INFO] [stdout] 
[INFO] [stdout] 
[INFO] [stdout] warning: unnecessary trailing semicolon
[INFO] [stdout]    --> src/lib.rs:99:15
[INFO] [stdout]     |
[INFO] [stdout]  99 |             $b;
[INFO] [stdout]     |               ^
[INFO] [stdout] ...
[INFO] [stdout] 356 |                     last_retry!(i, return Err(KVError::CouldntDecode));
[INFO] [stdout]     |                     -------------------------------------------------- in this macro invocation
[INFO] [stdout]     |
[INFO] [stdout]     = note: this warning originates in the macro `last_retry` (in Nightly builds, run with -Z macro-backtrace for more info)
[INFO] [stdout] 
[INFO] [stdout] 
[INFO] [stdout] warning: non-local `impl` definition, `impl` blocks should be written at the same level as their item
[INFO] [stdout]    --> src/lib.rs:105:17
[INFO] [stdout]     |
[INFO] [stdout] 105 | #[derive(Clone, Serialize, Deserialize, PartialEq, Debug)]
[INFO] [stdout]     |                 ^^^^^^^^^
[INFO] [stdout]     |                 |
[INFO] [stdout]     |                 `Value` is not local
[INFO] [stdout]     |                 `Serialize` is not local
[INFO] [stdout]     |                 move the `impl` block outside of this constant `_IMPL_SERIALIZE_FOR_Value`
[INFO] [stdout]     |
[INFO] [stdout]     = note: the derive macro `Serialize` defines the non-local `impl`, and may need to be changed
[INFO] [stdout]     = note: the derive macro `Serialize` may come from an old version of the `serde_derive` crate, try updating your dependency with `cargo update -p serde_derive`
[INFO] [stdout]     = note: an `impl` is never scoped, even when it is nested inside an item, as it may impact type checking outside of that item, which can be the case if neither the trait or the self type are at the same nesting level as the `impl`
[INFO] [stdout]     = note: items in an anonymous const item (`const _: () = { ... }`) are treated as in the same scope as the anonymous const's declaration for the purpose of this lint
[INFO] [stdout]     = note: `#[warn(non_local_definitions)]` on by default
[INFO] [stdout]     = note: this warning originates in the derive macro `Serialize` (in Nightly builds, run with -Z macro-backtrace for more info)
[INFO] [stdout] 
[INFO] [stdout] 
[INFO] [stdout] warning: non-local `impl` definition, `impl` blocks should be written at the same level as their item
[INFO] [stdout]    --> src/lib.rs:105:28
[INFO] [stdout]     |
[INFO] [stdout] 105 | #[derive(Clone, Serialize, Deserialize, PartialEq, Debug)]
[INFO] [stdout]     |                            ^^^^^^^^^^^
[INFO] [stdout]     |                            |
[INFO] [stdout]     |                            `Value` is not local
[INFO] [stdout]     |                            `Deserialize` is not local
[INFO] [stdout]     |                            move the `impl` block outside of this constant `_IMPL_DESERIALIZE_FOR_Value`
[INFO] [stdout]     |
[INFO] [stdout]     = note: the derive macro `Deserialize` defines the non-local `impl`, and may need to be changed
[INFO] [stdout]     = note: the derive macro `Deserialize` may come from an old version of the `serde_derive` crate, try updating your dependency with `cargo update -p serde_derive`
[INFO] [stdout]     = note: an `impl` is never scoped, even when it is nested inside an item, as it may impact type checking outside of that item, which can be the case if neither the trait or the self type are at the same nesting level as the `impl`
[INFO] [stdout]     = note: items in an anonymous const item (`const _: () = { ... }`) are treated as in the same scope as the anonymous const's declaration for the purpose of this lint
[INFO] [stdout]     = note: this warning originates in the derive macro `Deserialize` (in Nightly builds, run with -Z macro-backtrace for more info)
[INFO] [stdout] 
[INFO] [stdout] 
[INFO] [stderr]     Finished `release` profile [optimized] target(s) in 4.49s
[INFO] running `Command { std: "docker" "inspect" "4f98fa1a94a5edc48af966444bb8e8b0a6d9ae19885bdfd79f5d1caa674a4045", kill_on_drop: false }`
[INFO] running `Command { std: "docker" "exec" "-e" "SOURCE_DIR=/opt/rustwide/workdir" "-e" "CARGO_HOME=/opt/rustwide/cargo-home" "-e" "RUSTUP_HOME=/opt/rustwide/rustup-home" "-e" "CARGO_TARGET_DIR=/opt/rustwide/target" "-e" "CARGO_INCREMENTAL=0" "-e" "RUST_BACKTRACE=full" "-e" "RUSTFLAGS=--cap-lints=warn" "-e" "RUSTDOCFLAGS=--cap-lints=warn" "-w" "/opt/rustwide/workdir" "--user" "0:0" "4f98fa1a94a5edc48af966444bb8e8b0a6d9ae19885bdfd79f5d1caa674a4045" "/opt/rustwide/cargo-home/bin/cargo" "+1.99.0-beta.8" "test" "--frozen" "--no-run" "--message-format=json" "--release", kill_on_drop: false }`
[INFO] [stderr] warning: Cargo.toml: `package.edition` is unspecified, defaulting to `2015` while the latest is `2024`
[INFO] [stderr] warning: `kv_cab` (manifest) generated 1 warning
[INFO] [stderr]    Compiling kv_cab v0.6.0 (/opt/rustwide/workdir)
[INFO] [stdout] warning: trailing semicolon in macro used in expression position
[INFO] [stdout]    --> src/lib.rs:165:22
[INFO] [stdout]     |
[INFO] [stdout] 165 |             Ok(f) => trace!("{}", f),
[INFO] [stdout]     |                      ^^^^^^^^^^^^^^^
[INFO] [stdout]     |
[INFO] [stdout]     = warning: this was previously accepted by the compiler but is being phased out; it will become a hard error in a future release!
[INFO] [stdout]     = note: for more information, see issue #79813 <https://github.com/rust-lang/rust/issues/79813>
[INFO] [stdout]     = note: `#[warn(semicolon_in_expressions_from_non_local_macros)]` (part of `#[warn(future_incompatible)]`) on by default
[INFO] [stdout]     = note: this warning originates in the macro `trace` (in Nightly builds, run with -Z macro-backtrace for more info)
[INFO] [stdout] 
[INFO] [stdout] 
[INFO] [stdout] warning: unnecessary trailing semicolon
[INFO] [stdout]    --> src/lib.rs:99:15
[INFO] [stdout]     |
[INFO] [stdout]  99 |             $b;
[INFO] [stdout]     |               ^
[INFO] [stdout] ...
[INFO] [stdout] 181 |                     last_retry!(i, return Err(KVError::CouldntOpen));
[INFO] [stdout]     |                     ------------------------------------------------ in this macro invocation
[INFO] [stdout]     |
[INFO] [stdout]     = note: `#[warn(redundant_semicolons)]` (part of `#[warn(unused)]`) on by default
[INFO] [stdout]     = note: this warning originates in the macro `last_retry` (in Nightly builds, run with -Z macro-backtrace for more info)
[INFO] [stdout] 
[INFO] [stdout] 
[INFO] [stdout] warning: unnecessary trailing semicolon
[INFO] [stdout]    --> src/lib.rs:99:15
[INFO] [stdout]     |
[INFO] [stdout]  99 |             $b;
[INFO] [stdout]     |               ^
[INFO] [stdout] ...
[INFO] [stdout] 254 |                 last_retry!(i, return Err(KVError::CouldntWriteLock));
[INFO] [stdout]     |                 ----------------------------------------------------- in this macro invocation
[INFO] [stdout]     |
[INFO] [stdout]     = note: this warning originates in the macro `last_retry` (in Nightly builds, run with -Z macro-backtrace for more info)
[INFO] [stdout] 
[INFO] [stdout] 
[INFO] [stdout] warning: unnecessary trailing semicolon
[INFO] [stdout]    --> src/lib.rs:99:15
[INFO] [stdout]     |
[INFO] [stdout]  99 |             $b;
[INFO] [stdout]     |               ^
[INFO] [stdout] ...
[INFO] [stdout] 270 |                 last_retry!(i, return Err(KVError::CouldntSeekToStart));
[INFO] [stdout]     |                 ------------------------------------------------------- in this macro invocation
[INFO] [stdout]     |
[INFO] [stdout]     = note: this warning originates in the macro `last_retry` (in Nightly builds, run with -Z macro-backtrace for more info)
[INFO] [stdout] 
[INFO] [stdout] 
[INFO] [stdout] warning: unnecessary trailing semicolon
[INFO] [stdout]    --> src/lib.rs:99:15
[INFO] [stdout]     |
[INFO] [stdout]  99 |             $b;
[INFO] [stdout]     |               ^
[INFO] [stdout] ...
[INFO] [stdout] 277 |                 last_retry!(i, return Err(KVError::CouldntWrite));
[INFO] [stdout]     |                 ------------------------------------------------- in this macro invocation
[INFO] [stdout]     |
[INFO] [stdout]     = note: this warning originates in the macro `last_retry` (in Nightly builds, run with -Z macro-backtrace for more info)
[INFO] [stdout] 
[INFO] [stdout] 
[INFO] [stdout] warning: unnecessary trailing semicolon
[INFO] [stdout]    --> src/lib.rs:99:15
[INFO] [stdout]     |
[INFO] [stdout]  99 |             $b;
[INFO] [stdout]     |               ^
[INFO] [stdout] ...
[INFO] [stdout] 284 |                 last_retry!(i, return Err(KVError::CouldntFlush));
[INFO] [stdout]     |                 ------------------------------------------------- in this macro invocation
[INFO] [stdout]     |
[INFO] [stdout]     = note: this warning originates in the macro `last_retry` (in Nightly builds, run with -Z macro-backtrace for more info)
[INFO] [stdout] 
[INFO] [stdout] 
[INFO] [stdout] warning: unnecessary trailing semicolon
[INFO] [stdout]    --> src/lib.rs:99:15
[INFO] [stdout]     |
[INFO] [stdout]  99 |             $b;
[INFO] [stdout]     |               ^
[INFO] [stdout] ...
[INFO] [stdout] 291 |                 last_retry!(i, return Err(KVError::CouldntUnlock));
[INFO] [stdout]     |                 -------------------------------------------------- in this macro invocation
[INFO] [stdout]     |
[INFO] [stdout]     = note: this warning originates in the macro `last_retry` (in Nightly builds, run with -Z macro-backtrace for more info)
[INFO] [stdout] 
[INFO] [stdout] 
[INFO] [stdout] warning: unnecessary trailing semicolon
[INFO] [stdout]    --> src/lib.rs:99:15
[INFO] [stdout]     |
[INFO] [stdout]  99 |             $b;
[INFO] [stdout]     |               ^
[INFO] [stdout] ...
[INFO] [stdout] 317 |                 last_retry!(i, return Err(KVError::CouldntSeekToStart));
[INFO] [stdout]     |                 ------------------------------------------------------- in this macro invocation
[INFO] [stdout]     |
[INFO] [stdout]     = note: this warning originates in the macro `last_retry` (in Nightly builds, run with -Z macro-backtrace for more info)
[INFO] [stdout] 
[INFO] [stdout] 
[INFO] [stdout] warning: unnecessary trailing semicolon
[INFO] [stdout]    --> src/lib.rs:99:15
[INFO] [stdout]     |
[INFO] [stdout]  99 |             $b;
[INFO] [stdout]     |               ^
[INFO] [stdout] ...
[INFO] [stdout] 329 |                                 last_retry!(i, return Err(KVError::CouldntUnlock));
[INFO] [stdout]     |                                 -------------------------------------------------- in this macro invocation
[INFO] [stdout]     |
[INFO] [stdout]     = note: this warning originates in the macro `last_retry` (in Nightly builds, run with -Z macro-backtrace for more info)
[INFO] [stdout] 
[INFO] [stdout] 
[INFO] [stdout] warning: unnecessary trailing semicolon
[INFO] [stdout]    --> src/lib.rs:99:15
[INFO] [stdout]     |
[INFO] [stdout]  99 |             $b;
[INFO] [stdout]     |               ^
[INFO] [stdout] ...
[INFO] [stdout] 349 |                             last_retry!(i, return Err(KVError::CouldntUnlock));
[INFO] [stdout]     |                             -------------------------------------------------- in this macro invocation
[INFO] [stdout]     |
[INFO] [stdout]     = note: this warning originates in the macro `last_retry` (in Nightly builds, run with -Z macro-backtrace for more info)
[INFO] [stdout] 
[INFO] [stdout] 
[INFO] [stdout] warning: unnecessary trailing semicolon
[INFO] [stdout]    --> src/lib.rs:99:15
[INFO] [stdout]     |
[INFO] [stdout]  99 |             $b;
[INFO] [stdout]     |               ^
[INFO] [stdout] ...
[INFO] [stdout] 356 |                     last_retry!(i, return Err(KVError::CouldntDecode));
[INFO] [stdout]     |                     -------------------------------------------------- in this macro invocation
[INFO] [stdout]     |
[INFO] [stdout]     = note: this warning originates in the macro `last_retry` (in Nightly builds, run with -Z macro-backtrace for more info)
[INFO] [stdout] 
[INFO] [stdout] 
[INFO] [stdout] warning: non-local `impl` definition, `impl` blocks should be written at the same level as their item
[INFO] [stdout]    --> src/lib.rs:105:17
[INFO] [stdout]     |
[INFO] [stdout] 105 | #[derive(Clone, Serialize, Deserialize, PartialEq, Debug)]
[INFO] [stdout]     |                 ^^^^^^^^^
[INFO] [stdout]     |                 |
[INFO] [stdout]     |                 `Value` is not local
[INFO] [stdout]     |                 `Serialize` is not local
[INFO] [stdout]     |                 move the `impl` block outside of this constant `_IMPL_SERIALIZE_FOR_Value`
[INFO] [stdout]     |
[INFO] [stdout]     = note: the derive macro `Serialize` defines the non-local `impl`, and may need to be changed
[INFO] [stdout]     = note: the derive macro `Serialize` may come from an old version of the `serde_derive` crate, try updating your dependency with `cargo update -p serde_derive`
[INFO] [stdout]     = note: an `impl` is never scoped, even when it is nested inside an item, as it may impact type checking outside of that item, which can be the case if neither the trait or the self type are at the same nesting level as the `impl`
[INFO] [stdout]     = note: items in an anonymous const item (`const _: () = { ... }`) are treated as in the same scope as the anonymous const's declaration for the purpose of this lint
[INFO] [stdout]     = note: `#[warn(non_local_definitions)]` on by default
[INFO] [stdout]     = note: this warning originates in the derive macro `Serialize` (in Nightly builds, run with -Z macro-backtrace for more info)
[INFO] [stdout] 
[INFO] [stdout] 
[INFO] [stdout] warning: non-local `impl` definition, `impl` blocks should be written at the same level as their item
[INFO] [stdout]    --> src/lib.rs:105:28
[INFO] [stdout]     |
[INFO] [stdout] 105 | #[derive(Clone, Serialize, Deserialize, PartialEq, Debug)]
[INFO] [stdout]     |                            ^^^^^^^^^^^
[INFO] [stdout]     |                            |
[INFO] [stdout]     |                            `Value` is not local
[INFO] [stdout]     |                            `Deserialize` is not local
[INFO] [stdout]     |                            move the `impl` block outside of this constant `_IMPL_DESERIALIZE_FOR_Value`
[INFO] [stdout]     |
[INFO] [stdout]     = note: the derive macro `Deserialize` defines the non-local `impl`, and may need to be changed
[INFO] [stdout]     = note: the derive macro `Deserialize` may come from an old version of the `serde_derive` crate, try updating your dependency with `cargo update -p serde_derive`
[INFO] [stdout]     = note: an `impl` is never scoped, even when it is nested inside an item, as it may impact type checking outside of that item, which can be the case if neither the trait or the self type are at the same nesting level as the `impl`
[INFO] [stdout]     = note: items in an anonymous const item (`const _: () = { ... }`) are treated as in the same scope as the anonymous const's declaration for the purpose of this lint
[INFO] [stdout]     = note: this warning originates in the derive macro `Deserialize` (in Nightly builds, run with -Z macro-backtrace for more info)
[INFO] [stdout] 
[INFO] [stdout] 
[INFO] [stdout] warning: trailing semicolon in macro used in expression position
[INFO] [stdout]    --> src/lib.rs:165:22
[INFO] [stdout]     |
[INFO] [stdout] 165 |             Ok(f) => trace!("{}", f),
[INFO] [stdout]     |                      ^^^^^^^^^^^^^^^
[INFO] [stdout]     |
[INFO] [stdout]     = warning: this was previously accepted by the compiler but is being phased out; it will become a hard error in a future release!
[INFO] [stdout]     = note: for more information, see issue #79813 <https://github.com/rust-lang/rust/issues/79813>
[INFO] [stdout]     = note: `#[warn(semicolon_in_expressions_from_non_local_macros)]` (part of `#[warn(future_incompatible)]`) on by default
[INFO] [stdout]     = note: this warning originates in the macro `trace` (in Nightly builds, run with -Z macro-backtrace for more info)
[INFO] [stdout] 
[INFO] [stdout] 
[INFO] [stdout] warning: unnecessary trailing semicolon
[INFO] [stdout]    --> src/lib.rs:99:15
[INFO] [stdout]     |
[INFO] [stdout]  99 |             $b;
[INFO] [stdout]     |               ^
[INFO] [stdout] ...
[INFO] [stdout] 181 |                     last_retry!(i, return Err(KVError::CouldntOpen));
[INFO] [stdout]     |                     ------------------------------------------------ in this macro invocation
[INFO] [stdout]     |
[INFO] [stdout]     = note: `#[warn(redundant_semicolons)]` (part of `#[warn(unused)]`) on by default
[INFO] [stdout]     = note: this warning originates in the macro `last_retry` (in Nightly builds, run with -Z macro-backtrace for more info)
[INFO] [stdout] 
[INFO] [stdout] 
[INFO] [stdout] warning: unnecessary trailing semicolon
[INFO] [stdout]    --> src/lib.rs:99:15
[INFO] [stdout]     |
[INFO] [stdout]  99 |             $b;
[INFO] [stdout]     |               ^
[INFO] [stdout] ...
[INFO] [stdout] 254 |                 last_retry!(i, return Err(KVError::CouldntWriteLock));
[INFO] [stdout]     |                 ----------------------------------------------------- in this macro invocation
[INFO] [stdout]     |
[INFO] [stdout]     = note: this warning originates in the macro `last_retry` (in Nightly builds, run with -Z macro-backtrace for more info)
[INFO] [stdout] 
[INFO] [stdout] 
[INFO] [stdout] warning: unnecessary trailing semicolon
[INFO] [stdout]    --> src/lib.rs:99:15
[INFO] [stdout]     |
[INFO] [stdout]  99 |             $b;
[INFO] [stdout]     |               ^
[INFO] [stdout] ...
[INFO] [stdout] 270 |                 last_retry!(i, return Err(KVError::CouldntSeekToStart));
[INFO] [stdout]     |                 ------------------------------------------------------- in this macro invocation
[INFO] [stdout]     |
[INFO] [stdout]     = note: this warning originates in the macro `last_retry` (in Nightly builds, run with -Z macro-backtrace for more info)
[INFO] [stdout] 
[INFO] [stdout] 
[INFO] [stdout] warning: unnecessary trailing semicolon
[INFO] [stdout]    --> src/lib.rs:99:15
[INFO] [stdout]     |
[INFO] [stdout]  99 |             $b;
[INFO] [stdout]     |               ^
[INFO] [stdout] ...
[INFO] [stdout] 277 |                 last_retry!(i, return Err(KVError::CouldntWrite));
[INFO] [stdout]     |                 ------------------------------------------------- in this macro invocation
[INFO] [stdout]     |
[INFO] [stdout]     = note: this warning originates in the macro `last_retry` (in Nightly builds, run with -Z macro-backtrace for more info)
[INFO] [stdout] 
[INFO] [stdout] 
[INFO] [stdout] warning: unnecessary trailing semicolon
[INFO] [stdout]    --> src/lib.rs:99:15
[INFO] [stdout]     |
[INFO] [stdout]  99 |             $b;
[INFO] [stdout]     |               ^
[INFO] [stdout] ...
[INFO] [stdout] 284 |                 last_retry!(i, return Err(KVError::CouldntFlush));
[INFO] [stdout]     |                 ------------------------------------------------- in this macro invocation
[INFO] [stdout]     |
[INFO] [stdout]     = note: this warning originates in the macro `last_retry` (in Nightly builds, run with -Z macro-backtrace for more info)
[INFO] [stdout] 
[INFO] [stdout] 
[INFO] [stdout] warning: unnecessary trailing semicolon
[INFO] [stdout]    --> src/lib.rs:99:15
[INFO] [stdout]     |
[INFO] [stdout]  99 |             $b;
[INFO] [stdout]     |               ^
[INFO] [stdout] ...
[INFO] [stdout] 291 |                 last_retry!(i, return Err(KVError::CouldntUnlock));
[INFO] [stdout]     |                 -------------------------------------------------- in this macro invocation
[INFO] [stdout]     |
[INFO] [stdout]     = note: this warning originates in the macro `last_retry` (in Nightly builds, run with -Z macro-backtrace for more info)
[INFO] [stdout] 
[INFO] [stdout] 
[INFO] [stdout] warning: unnecessary trailing semicolon
[INFO] [stdout]    --> src/lib.rs:99:15
[INFO] [stdout]     |
[INFO] [stdout]  99 |             $b;
[INFO] [stdout]     |               ^
[INFO] [stdout] ...
[INFO] [stdout] 317 |                 last_retry!(i, return Err(KVError::CouldntSeekToStart));
[INFO] [stdout]     |                 ------------------------------------------------------- in this macro invocation
[INFO] [stdout]     |
[INFO] [stdout]     = note: this warning originates in the macro `last_retry` (in Nightly builds, run with -Z macro-backtrace for more info)
[INFO] [stdout] 
[INFO] [stdout] 
[INFO] [stdout] warning: unnecessary trailing semicolon
[INFO] [stdout]    --> src/lib.rs:99:15
[INFO] [stdout]     |
[INFO] [stdout]  99 |             $b;
[INFO] [stdout]     |               ^
[INFO] [stdout] ...
[INFO] [stdout] 329 |                                 last_retry!(i, return Err(KVError::CouldntUnlock));
[INFO] [stdout]     |                                 -------------------------------------------------- in this macro invocation
[INFO] [stdout]     |
[INFO] [stdout]     = note: this warning originates in the macro `last_retry` (in Nightly builds, run with -Z macro-backtrace for more info)
[INFO] [stdout] 
[INFO] [stdout] 
[INFO] [stdout] warning: unnecessary trailing semicolon
[INFO] [stdout]    --> src/lib.rs:99:15
[INFO] [stdout]     |
[INFO] [stdout]  99 |             $b;
[INFO] [stdout]     |               ^
[INFO] [stdout] ...
[INFO] [stdout] 349 |                             last_retry!(i, return Err(KVError::CouldntUnlock));
[INFO] [stdout]     |                             -------------------------------------------------- in this macro invocation
[INFO] [stdout]     |
[INFO] [stdout]     = note: this warning originates in the macro `last_retry` (in Nightly builds, run with -Z macro-backtrace for more info)
[INFO] [stdout] 
[INFO] [stdout] 
[INFO] [stdout] warning: unnecessary trailing semicolon
[INFO] [stdout]    --> src/lib.rs:99:15
[INFO] [stdout]     |
[INFO] [stdout]  99 |             $b;
[INFO] [stdout]     |               ^
[INFO] [stdout] ...
[INFO] [stdout] 356 |                     last_retry!(i, return Err(KVError::CouldntDecode));
[INFO] [stdout]     |                     -------------------------------------------------- in this macro invocation
[INFO] [stdout]     |
[INFO] [stdout]     = note: this warning originates in the macro `last_retry` (in Nightly builds, run with -Z macro-backtrace for more info)
[INFO] [stdout] 
[INFO] [stdout] 
[INFO] [stdout] warning: non-local `impl` definition, `impl` blocks should be written at the same level as their item
[INFO] [stdout]  --> examples/custom_types.rs:8:17
[INFO] [stdout]   |
[INFO] [stdout] 8 | #[derive(Clone, Serialize, Deserialize, PartialEq, Eq, Hash)]
[INFO] [stdout]   |                 ^^^^^^^^^
[INFO] [stdout]   |                 |
[INFO] [stdout]   |                 `MyKey` is not local
[INFO] [stdout]   |                 `Serialize` is not local
[INFO] [stdout]   |                 move the `impl` block outside of this constant `_IMPL_SERIALIZE_FOR_MyKey`
[INFO] [stdout]   |
[INFO] [stdout]   = note: the derive macro `Serialize` defines the non-local `impl`, and may need to be changed
[INFO] [stdout]   = note: the derive macro `Serialize` may come from an old version of the `serde_derive` crate, try updating your dependency with `cargo update -p serde_derive`
[INFO] [stdout]   = note: an `impl` is never scoped, even when it is nested inside an item, as it may impact type checking outside of that item, which can be the case if neither the trait or the self type are at the same nesting level as the `impl`
[INFO] [stdout]   = note: items in an anonymous const item (`const _: () = { ... }`) are treated as in the same scope as the anonymous const's declaration for the purpose of this lint
[INFO] [stdout]   = note: `#[warn(non_local_definitions)]` on by default
[INFO] [stdout]   = note: this warning originates in the derive macro `Serialize` (in Nightly builds, run with -Z macro-backtrace for more info)
[INFO] [stdout] 
[INFO] [stdout] 
[INFO] [stdout] warning: non-local `impl` definition, `impl` blocks should be written at the same level as their item
[INFO] [stdout]  --> examples/custom_types.rs:8:28
[INFO] [stdout]   |
[INFO] [stdout] 8 | #[derive(Clone, Serialize, Deserialize, PartialEq, Eq, Hash)]
[INFO] [stdout]   |                            ^^^^^^^^^^^
[INFO] [stdout]   |                            |
[INFO] [stdout]   |                            `MyKey` is not local
[INFO] [stdout]   |                            `Deserialize` is not local
[INFO] [stdout]   |                            move the `impl` block outside of this constant `_IMPL_DESERIALIZE_FOR_MyKey`
[INFO] [stdout]   |
[INFO] [stdout]   = note: the derive macro `Deserialize` defines the non-local `impl`, and may need to be changed
[INFO] [stdout]   = note: the derive macro `Deserialize` may come from an old version of the `serde_derive` crate, try updating your dependency with `cargo update -p serde_derive`
[INFO] [stdout]   = note: an `impl` is never scoped, even when it is nested inside an item, as it may impact type checking outside of that item, which can be the case if neither the trait or the self type are at the same nesting level as the `impl`
[INFO] [stdout]   = note: items in an anonymous const item (`const _: () = { ... }`) are treated as in the same scope as the anonymous const's declaration for the purpose of this lint
[INFO] [stdout]   = note: this warning originates in the derive macro `Deserialize` (in Nightly builds, run with -Z macro-backtrace for more info)
[INFO] [stdout] 
[INFO] [stdout] 
[INFO] [stdout] warning: non-local `impl` definition, `impl` blocks should be written at the same level as their item
[INFO] [stdout]   --> examples/custom_types.rs:14:17
[INFO] [stdout]    |
[INFO] [stdout] 14 | #[derive(Clone, Serialize, Deserialize, Debug)]
[INFO] [stdout]    |                 ^^^^^^^^^
[INFO] [stdout]    |                 |
[INFO] [stdout]    |                 `MyValue` is not local
[INFO] [stdout]    |                 `Serialize` is not local
[INFO] [stdout]    |                 move the `impl` block outside of this constant `_IMPL_SERIALIZE_FOR_MyValue`
[INFO] [stdout]    |
[INFO] [stdout]    = note: the derive macro `Serialize` defines the non-local `impl`, and may need to be changed
[INFO] [stdout]    = note: the derive macro `Serialize` may come from an old version of the `serde_derive` crate, try updating your dependency with `cargo update -p serde_derive`
[INFO] [stdout]    = note: an `impl` is never scoped, even when it is nested inside an item, as it may impact type checking outside of that item, which can be the case if neither the trait or the self type are at the same nesting level as the `impl`
[INFO] [stdout]    = note: items in an anonymous const item (`const _: () = { ... }`) are treated as in the same scope as the anonymous const's declaration for the purpose of this lint
[INFO] [stdout]    = note: this warning originates in the derive macro `Serialize` (in Nightly builds, run with -Z macro-backtrace for more info)
[INFO] [stdout] 
[INFO] [stdout] 
[INFO] [stdout] warning: non-local `impl` definition, `impl` blocks should be written at the same level as their item
[INFO] [stdout]   --> examples/custom_types.rs:14:28
[INFO] [stdout]    |
[INFO] [stdout] 14 | #[derive(Clone, Serialize, Deserialize, Debug)]
[INFO] [stdout]    |                            ^^^^^^^^^^^
[INFO] [stdout]    |                            |
[INFO] [stdout]    |                            `MyValue` is not local
[INFO] [stdout]    |                            `Deserialize` is not local
[INFO] [stdout]    |                            move the `impl` block outside of this constant `_IMPL_DESERIALIZE_FOR_MyValue`
[INFO] [stdout]    |
[INFO] [stdout]    = note: the derive macro `Deserialize` defines the non-local `impl`, and may need to be changed
[INFO] [stdout]    = note: the derive macro `Deserialize` may come from an old version of the `serde_derive` crate, try updating your dependency with `cargo update -p serde_derive`
[INFO] [stdout]    = note: an `impl` is never scoped, even when it is nested inside an item, as it may impact type checking outside of that item, which can be the case if neither the trait or the self type are at the same nesting level as the `impl`
[INFO] [stdout]    = note: items in an anonymous const item (`const _: () = { ... }`) are treated as in the same scope as the anonymous const's declaration for the purpose of this lint
[INFO] [stdout]    = note: this warning originates in the derive macro `Deserialize` (in Nightly builds, run with -Z macro-backtrace for more info)
[INFO] [stdout] 
[INFO] [stdout] 
[INFO] [stdout] warning: non-local `impl` definition, `impl` blocks should be written at the same level as their item
[INFO] [stdout]    --> src/lib.rs:105:17
[INFO] [stdout]     |
[INFO] [stdout] 105 | #[derive(Clone, Serialize, Deserialize, PartialEq, Debug)]
[INFO] [stdout]     |                 ^^^^^^^^^
[INFO] [stdout]     |                 |
[INFO] [stdout]     |                 `Value` is not local
[INFO] [stdout]     |                 `Serialize` is not local
[INFO] [stdout]     |                 move the `impl` block outside of this constant `_IMPL_SERIALIZE_FOR_Value`
[INFO] [stdout]     |
[INFO] [stdout]     = note: the derive macro `Serialize` defines the non-local `impl`, and may need to be changed
[INFO] [stdout]     = note: the derive macro `Serialize` may come from an old version of the `serde_derive` crate, try updating your dependency with `cargo update -p serde_derive`
[INFO] [stdout]     = note: an `impl` is never scoped, even when it is nested inside an item, as it may impact type checking outside of that item, which can be the case if neither the trait or the self type are at the same nesting level as the `impl`
[INFO] [stdout]     = note: items in an anonymous const item (`const _: () = { ... }`) are treated as in the same scope as the anonymous const's declaration for the purpose of this lint
[INFO] [stdout]     = note: `#[warn(non_local_definitions)]` on by default
[INFO] [stdout]     = note: this warning originates in the derive macro `Serialize` (in Nightly builds, run with -Z macro-backtrace for more info)
[INFO] [stdout] 
[INFO] [stdout] 
[INFO] [stdout] warning: non-local `impl` definition, `impl` blocks should be written at the same level as their item
[INFO] [stdout]    --> src/lib.rs:105:28
[INFO] [stdout]     |
[INFO] [stdout] 105 | #[derive(Clone, Serialize, Deserialize, PartialEq, Debug)]
[INFO] [stdout]     |                            ^^^^^^^^^^^
[INFO] [stdout]     |                            |
[INFO] [stdout]     |                            `Value` is not local
[INFO] [stdout]     |                            `Deserialize` is not local
[INFO] [stdout]     |                            move the `impl` block outside of this constant `_IMPL_DESERIALIZE_FOR_Value`
[INFO] [stdout]     |
[INFO] [stdout]     = note: the derive macro `Deserialize` defines the non-local `impl`, and may need to be changed
[INFO] [stdout]     = note: the derive macro `Deserialize` may come from an old version of the `serde_derive` crate, try updating your dependency with `cargo update -p serde_derive`
[INFO] [stdout]     = note: an `impl` is never scoped, even when it is nested inside an item, as it may impact type checking outside of that item, which can be the case if neither the trait or the self type are at the same nesting level as the `impl`
[INFO] [stdout]     = note: items in an anonymous const item (`const _: () = { ... }`) are treated as in the same scope as the anonymous const's declaration for the purpose of this lint
[INFO] [stdout]     = note: this warning originates in the derive macro `Deserialize` (in Nightly builds, run with -Z macro-backtrace for more info)
[INFO] [stdout] 
[INFO] [stdout] 
[INFO] [stderr]     Finished `release` profile [optimized] target(s) in 2.96s
[INFO] running `Command { std: "docker" "inspect" "4f98fa1a94a5edc48af966444bb8e8b0a6d9ae19885bdfd79f5d1caa674a4045", kill_on_drop: false }`
[INFO] running `Command { std: "docker" "exec" "-e" "SOURCE_DIR=/opt/rustwide/workdir" "-e" "CARGO_HOME=/opt/rustwide/cargo-home" "-e" "RUSTUP_HOME=/opt/rustwide/rustup-home" "-e" "CARGO_TARGET_DIR=/opt/rustwide/target" "-e" "CARGO_INCREMENTAL=0" "-e" "RUST_BACKTRACE=full" "-e" "RUSTFLAGS=--cap-lints=warn" "-e" "RUSTDOCFLAGS=--cap-lints=warn" "-w" "/opt/rustwide/workdir" "--user" "0:0" "4f98fa1a94a5edc48af966444bb8e8b0a6d9ae19885bdfd79f5d1caa674a4045" "/opt/rustwide/cargo-home/bin/cargo" "+1.99.0-beta.8" "test" "--frozen" "--release", kill_on_drop: false }`
[INFO] [stderr] warning: Cargo.toml: `package.edition` is unspecified, defaulting to `2015` while the latest is `2024`
[INFO] [stderr] warning: `kv_cab` (manifest) generated 1 warning
[INFO] [stderr] warning: trailing semicolon in macro used in expression position
[INFO] [stderr]    --> src/lib.rs:165:22
[INFO] [stderr]     |
[INFO] [stderr] 165 |             Ok(f) => trace!("{}", f),
[INFO] [stderr]     |                      ^^^^^^^^^^^^^^^
[INFO] [stderr]     |
[INFO] [stderr]     = warning: this was previously accepted by the compiler but is being phased out; it will become a hard error in a future release!
[INFO] [stderr]     = note: for more information, see issue #79813 <https://github.com/rust-lang/rust/issues/79813>
[INFO] [stderr]     = note: `#[warn(semicolon_in_expressions_from_non_local_macros)]` (part of `#[warn(future_incompatible)]`) on by default
[INFO] [stderr]     = note: this warning originates in the macro `trace` (in Nightly builds, run with -Z macro-backtrace for more info)
[INFO] [stderr] 
[INFO] [stderr] warning: unnecessary trailing semicolon
[INFO] [stderr]    --> src/lib.rs:99:15
[INFO] [stderr]     |
[INFO] [stderr]  99 |             $b;
[INFO] [stderr]     |               ^
[INFO] [stderr] ...
[INFO] [stderr] 181 |                     last_retry!(i, return Err(KVError::CouldntOpen));
[INFO] [stderr]     |                     ------------------------------------------------ in this macro invocation
[INFO] [stderr]     |
[INFO] [stderr]     = note: `#[warn(redundant_semicolons)]` (part of `#[warn(unused)]`) on by default
[INFO] [stderr]     = note: this warning originates in the macro `last_retry` (in Nightly builds, run with -Z macro-backtrace for more info)
[INFO] [stderr] 
[INFO] [stderr] warning: unnecessary trailing semicolon
[INFO] [stderr]    --> src/lib.rs:99:15
[INFO] [stderr]     |
[INFO] [stderr]  99 |             $b;
[INFO] [stderr]     |               ^
[INFO] [stderr] ...
[INFO] [stderr] 254 |                 last_retry!(i, return Err(KVError::CouldntWriteLock));
[INFO] [stderr]     |                 ----------------------------------------------------- in this macro invocation
[INFO] [stderr]     |
[INFO] [stderr]     = note: this warning originates in the macro `last_retry` (in Nightly builds, run with -Z macro-backtrace for more info)
[INFO] [stderr] 
[INFO] [stderr] warning: unnecessary trailing semicolon
[INFO] [stderr]    --> src/lib.rs:99:15
[INFO] [stderr]     |
[INFO] [stderr]  99 |             $b;
[INFO] [stderr]     |               ^
[INFO] [stderr] ...
[INFO] [stderr] 270 |                 last_retry!(i, return Err(KVError::CouldntSeekToStart));
[INFO] [stderr]     |                 ------------------------------------------------------- in this macro invocation
[INFO] [stderr]     |
[INFO] [stderr]     = note: this warning originates in the macro `last_retry` (in Nightly builds, run with -Z macro-backtrace for more info)
[INFO] [stderr] 
[INFO] [stderr] warning: unnecessary trailing semicolon
[INFO] [stderr]    --> src/lib.rs:99:15
[INFO] [stderr]     |
[INFO] [stderr]  99 |             $b;
[INFO] [stderr]     |               ^
[INFO] [stderr] ...
[INFO] [stderr] 277 |                 last_retry!(i, return Err(KVError::CouldntWrite));
[INFO] [stderr]     |                 ------------------------------------------------- in this macro invocation
[INFO] [stderr]     |
[INFO] [stderr]     = note: this warning originates in the macro `last_retry` (in Nightly builds, run with -Z macro-backtrace for more info)
[INFO] [stderr] 
[INFO] [stderr] warning: unnecessary trailing semicolon
[INFO] [stderr]    --> src/lib.rs:99:15
[INFO] [stderr]     |
[INFO] [stderr]  99 |             $b;
[INFO] [stderr]     |               ^
[INFO] [stderr] ...
[INFO] [stderr] 284 |                 last_retry!(i, return Err(KVError::CouldntFlush));
[INFO] [stderr]     |                 ------------------------------------------------- in this macro invocation
[INFO] [stderr]     |
[INFO] [stderr]     = note: this warning originates in the macro `last_retry` (in Nightly builds, run with -Z macro-backtrace for more info)
[INFO] [stderr] 
[INFO] [stderr] warning: unnecessary trailing semicolon
[INFO] [stderr]    --> src/lib.rs:99:15
[INFO] [stderr]     |
[INFO] [stderr]  99 |             $b;
[INFO] [stderr]     |               ^
[INFO] [stderr] ...
[INFO] [stderr] 291 |                 last_retry!(i, return Err(KVError::CouldntUnlock));
[INFO] [stderr]     |                 -------------------------------------------------- in this macro invocation
[INFO] [stderr]     |
[INFO] [stderr]     = note: this warning originates in the macro `last_retry` (in Nightly builds, run with -Z macro-backtrace for more info)
[INFO] [stderr] 
[INFO] [stderr] warning: unnecessary trailing semicolon
[INFO] [stderr]    --> src/lib.rs:99:15
[INFO] [stderr]     |
[INFO] [stderr]  99 |             $b;
[INFO] [stderr]     |               ^
[INFO] [stderr] ...
[INFO] [stderr] 317 |                 last_retry!(i, return Err(KVError::CouldntSeekToStart));
[INFO] [stderr]     |                 ------------------------------------------------------- in this macro invocation
[INFO] [stderr]     |
[INFO] [stderr]     = note: this warning originates in the macro `last_retry` (in Nightly builds, run with -Z macro-backtrace for more info)
[INFO] [stderr] 
[INFO] [stderr] warning: unnecessary trailing semicolon
[INFO] [stderr]    --> src/lib.rs:99:15
[INFO] [stderr]     |
[INFO] [stderr]  99 |             $b;
[INFO] [stderr]     |               ^
[INFO] [stderr] ...
[INFO] [stderr] 329 |                                 last_retry!(i, return Err(KVError::CouldntUnlock));
[INFO] [stderr]     |                                 -------------------------------------------------- in this macro invocation
[INFO] [stderr]     |
[INFO] [stderr]     = note: this warning originates in the macro `last_retry` (in Nightly builds, run with -Z macro-backtrace for more info)
[INFO] [stderr] 
[INFO] [stderr] warning: unnecessary trailing semicolon
[INFO] [stderr]    --> src/lib.rs:99:15
[INFO] [stderr]     |
[INFO] [stderr]  99 |             $b;
[INFO] [stderr]     |               ^
[INFO] [stderr] ...
[INFO] [stderr] 349 |                             last_retry!(i, return Err(KVError::CouldntUnlock));
[INFO] [stderr]     |                             -------------------------------------------------- in this macro invocation
[INFO] [stderr]     |
[INFO] [stderr]     = note: this warning originates in the macro `last_retry` (in Nightly builds, run with -Z macro-backtrace for more info)
[INFO] [stderr] 
[INFO] [stderr] warning: unnecessary trailing semicolon
[INFO] [stderr]    --> src/lib.rs:99:15
[INFO] [stderr]     |
[INFO] [stderr]  99 |             $b;
[INFO] [stderr]     |               ^
[INFO] [stderr] ...
[INFO] [stderr] 356 |                     last_retry!(i, return Err(KVError::CouldntDecode));
[INFO] [stderr]     |                     -------------------------------------------------- in this macro invocation
[INFO] [stderr]     |
[INFO] [stderr]     = note: this warning originates in the macro `last_retry` (in Nightly builds, run with -Z macro-backtrace for more info)
[INFO] [stderr] 
[INFO] [stderr] warning: non-local `impl` definition, `impl` blocks should be written at the same level as their item
[INFO] [stderr]    --> src/lib.rs:105:17
[INFO] [stderr]     |
[INFO] [stderr] 105 | #[derive(Clone, Serialize, Deserialize, PartialEq, Debug)]
[INFO] [stderr]     |                 ^^^^^^^^^
[INFO] [stderr]     |                 |
[INFO] [stderr]     |                 `Value` is not local
[INFO] [stderr]     |                 `Serialize` is not local
[INFO] [stderr]     |                 move the `impl` block outside of this constant `_IMPL_SERIALIZE_FOR_Value`
[INFO] [stderr]     |
[INFO] [stderr]     = note: the derive macro `Serialize` defines the non-local `impl`, and may need to be changed
[INFO] [stderr]     = note: the derive macro `Serialize` may come from an old version of the `serde_derive` crate, try updating your dependency with `cargo update -p serde_derive`
[INFO] [stderr]     = note: an `impl` is never scoped, even when it is nested inside an item, as it may impact type checking outside of that item, which can be the case if neither the trait or the self type are at the same nesting level as the `impl`
[INFO] [stderr]     = note: items in an anonymous const item (`const _: () = { ... }`) are treated as in the same scope as the anonymous const's declaration for the purpose of this lint
[INFO] [stderr]     = note: `#[warn(non_local_definitions)]` on by default
[INFO] [stderr]     = note: this warning originates in the derive macro `Serialize` (in Nightly builds, run with -Z macro-backtrace for more info)
[INFO] [stderr] 
[INFO] [stderr] warning: non-local `impl` definition, `impl` blocks should be written at the same level as their item
[INFO] [stderr]    --> src/lib.rs:105:28
[INFO] [stderr]     |
[INFO] [stderr] 105 | #[derive(Clone, Serialize, Deserialize, PartialEq, Debug)]
[INFO] [stderr]     |                            ^^^^^^^^^^^
[INFO] [stderr]     |                            |
[INFO] [stderr]     |                            `Value` is not local
[INFO] [stderr]     |                            `Deserialize` is not local
[INFO] [stderr]     |                            move the `impl` block outside of this constant `_IMPL_DESERIALIZE_FOR_Value`
[INFO] [stderr]     |
[INFO] [stderr]     = note: the derive macro `Deserialize` defines the non-local `impl`, and may need to be changed
[INFO] [stderr]     = note: the derive macro `Deserialize` may come from an old version of the `serde_derive` crate, try updating your dependency with `cargo update -p serde_derive`
[INFO] [stderr]     = note: an `impl` is never scoped, even when it is nested inside an item, as it may impact type checking outside of that item, which can be the case if neither the trait or the self type are at the same nesting level as the `impl`
[INFO] [stderr]     = note: items in an anonymous const item (`const _: () = { ... }`) are treated as in the same scope as the anonymous const's declaration for the purpose of this lint
[INFO] [stderr]     = note: this warning originates in the derive macro `Deserialize` (in Nightly builds, run with -Z macro-backtrace for more info)
[INFO] [stderr] 
[INFO] [stderr] warning: `kv_cab` (lib) generated 13 warnings
[INFO] [stderr] warning: non-local `impl` definition, `impl` blocks should be written at the same level as their item
[INFO] [stderr]  --> examples/custom_types.rs:8:17
[INFO] [stderr]   |
[INFO] [stderr] 8 | #[derive(Clone, Serialize, Deserialize, PartialEq, Eq, Hash)]
[INFO] [stderr]   |                 ^^^^^^^^^
[INFO] [stderr]   |                 |
[INFO] [stderr]   |                 `MyKey` is not local
[INFO] [stderr]   |                 `Serialize` is not local
[INFO] [stderr]   |                 move the `impl` block outside of this constant `_IMPL_SERIALIZE_FOR_MyKey`
[INFO] [stderr]   |
[INFO] [stderr]   = note: the derive macro `Serialize` defines the non-local `impl`, and may need to be changed
[INFO] [stderr]   = note: the derive macro `Serialize` may come from an old version of the `serde_derive` crate, try updating your dependency with `cargo update -p serde_derive`
[INFO] [stderr]   = note: an `impl` is never scoped, even when it is nested inside an item, as it may impact type checking outside of that item, which can be the case if neither the trait or the self type are at the same nesting level as the `impl`
[INFO] [stderr]   = note: items in an anonymous const item (`const _: () = { ... }`) are treated as in the same scope as the anonymous const's declaration for the purpose of this lint
[INFO] [stderr]   = note: `#[warn(non_local_definitions)]` on by default
[INFO] [stderr]   = note: this warning originates in the derive macro `Serialize` (in Nightly builds, run with -Z macro-backtrace for more info)
[INFO] [stderr] 
[INFO] [stderr] warning: non-local `impl` definition, `impl` blocks should be written at the same level as their item
[INFO] [stderr]  --> examples/custom_types.rs:8:28
[INFO] [stderr]   |
[INFO] [stderr] 8 | #[derive(Clone, Serialize, Deserialize, PartialEq, Eq, Hash)]
[INFO] [stderr]   |                            ^^^^^^^^^^^
[INFO] [stderr]   |                            |
[INFO] [stderr]   |                            `MyKey` is not local
[INFO] [stderr]   |                            `Deserialize` is not local
[INFO] [stderr]   |                            move the `impl` block outside of this constant `_IMPL_DESERIALIZE_FOR_MyKey`
[INFO] [stderr]   |
[INFO] [stderr]   = note: the derive macro `Deserialize` defines the non-local `impl`, and may need to be changed
[INFO] [stderr]   = note: the derive macro `Deserialize` may come from an old version of the `serde_derive` crate, try updating your dependency with `cargo update -p serde_derive`
[INFO] [stderr]   = note: an `impl` is never scoped, even when it is nested inside an item, as it may impact type checking outside of that item, which can be the case if neither the trait or the self type are at the same nesting level as the `impl`
[INFO] [stderr]   = note: items in an anonymous const item (`const _: () = { ... }`) are treated as in the same scope as the anonymous const's declaration for the purpose of this lint
[INFO] [stderr]   = note: this warning originates in the derive macro `Deserialize` (in Nightly builds, run with -Z macro-backtrace for more info)
[INFO] [stderr] 
[INFO] [stderr] warning: non-local `impl` definition, `impl` blocks should be written at the same level as their item
[INFO] [stderr]   --> examples/custom_types.rs:14:17
[INFO] [stderr]    |
[INFO] [stderr] 14 | #[derive(Clone, Serialize, Deserialize, Debug)]
[INFO] [stderr]    |                 ^^^^^^^^^
[INFO] [stderr]    |                 |
[INFO] [stderr]    |                 `MyValue` is not local
[INFO] [stderr]    |                 `Serialize` is not local
[INFO] [stderr]    |                 move the `impl` block outside of this constant `_IMPL_SERIALIZE_FOR_MyValue`
[INFO] [stderr]    |
[INFO] [stderr]    = note: the derive macro `Serialize` defines the non-local `impl`, and may need to be changed
[INFO] [stderr]    = note: the derive macro `Serialize` may come from an old version of the `serde_derive` crate, try updating your dependency with `cargo update -p serde_derive`
[INFO] [stderr]    = note: an `impl` is never scoped, even when it is nested inside an item, as it may impact type checking outside of that item, which can be the case if neither the trait or the self type are at the same nesting level as the `impl`
[INFO] [stderr]    = note: items in an anonymous const item (`const _: () = { ... }`) are treated as in the same scope as the anonymous const's declaration for the purpose of this lint
[INFO] [stderr]    = note: this warning originates in the derive macro `Serialize` (in Nightly builds, run with -Z macro-backtrace for more info)
[INFO] [stderr] 
[INFO] [stderr] warning: non-local `impl` definition, `impl` blocks should be written at the same level as their item
[INFO] [stderr]   --> examples/custom_types.rs:14:28
[INFO] [stderr]    |
[INFO] [stderr] 14 | #[derive(Clone, Serialize, Deserialize, Debug)]
[INFO] [stderr]    |                            ^^^^^^^^^^^
[INFO] [stderr]    |                            |
[INFO] [stderr]    |                            `MyValue` is not local
[INFO] [stderr]    |                            `Deserialize` is not local
[INFO] [stderr]    |                            move the `impl` block outside of this constant `_IMPL_DESERIALIZE_FOR_MyValue`
[INFO] [stderr]    |
[INFO] [stderr]    = note: the derive macro `Deserialize` defines the non-local `impl`, and may need to be changed
[INFO] [stderr]    = note: the derive macro `Deserialize` may come from an old version of the `serde_derive` crate, try updating your dependency with `cargo update -p serde_derive`
[INFO] [stderr]    = note: an `impl` is never scoped, even when it is nested inside an item, as it may impact type checking outside of that item, which can be the case if neither the trait or the self type are at the same nesting level as the `impl`
[INFO] [stderr]    = note: items in an anonymous const item (`const _: () = { ... }`) are treated as in the same scope as the anonymous const's declaration for the purpose of this lint
[INFO] [stderr]    = note: this warning originates in the derive macro `Deserialize` (in Nightly builds, run with -Z macro-backtrace for more info)
[INFO] [stderr] 
[INFO] [stderr] warning: `kv_cab` (example "custom_types") generated 4 warnings
[INFO] [stderr] warning: `kv_cab` (lib test) generated 13 warnings (13 duplicates)
[INFO] [stderr]     Finished `release` profile [optimized] target(s) in 0.06s
[INFO] [stderr]      Running unittests src/lib.rs (/opt/rustwide/target/release/deps/kv_cab-6a739dff03c7cbc3)
[INFO] [stdout] 
[INFO] [stderr]      Running tests/tests.rs (/opt/rustwide/target/release/deps/tests-c78287d313646c4b)
[INFO] [stdout] running 0 tests
[INFO] [stdout] 
[INFO] [stdout] test result: ok. 0 passed; 0 failed; 0 ignored; 0 measured; 0 filtered out; finished in 0.00s
[INFO] [stdout] 
[INFO] [stdout] 
[INFO] [stdout] running 18 tests
[INFO] [stdout] test test_get_string ... FAILED
[INFO] [stdout] test test_get_none ... FAILED
[INFO] [stdout] test test_create_wrong_type ... FAILED
[INFO] [stdout] test test_remove ... FAILED
[INFO] [stdout] test test_get_int ... FAILED
[INFO] [stdout] test test_multi_instance ... FAILED
[INFO] [stdout] test test_keys ... FAILED
[INFO] [stdout] test test_insert_string ... FAILED
[INFO] [stdout] test test_create ... FAILED
[INFO] [stdout] test test_insert_float ... FAILED
[INFO] [stdout] test test_kv_all ... FAILED
[INFO] [stdout] test test_multithread_many_instance_insert ... FAILED
[INFO] [stdout] test test_insert_int ... FAILED
[INFO] [stdout] test test_multithread_instance ... FAILED
[INFO] [stdout] test test_remove_none ... FAILED
[INFO] [stdout] test test_get_float ... FAILED
[INFO] [stdout] test test_multithread_instance_insert ... FAILED
[INFO] [stdout] test test_multithread_instance_read_between ... FAILED
[INFO] [stdout] 
[INFO] [stderr] error: test failed, to rerun pass `--test tests`
[INFO] [stdout] failures:
[INFO] [stdout] 
[INFO] [stdout] ---- test_get_string stdout ----
[INFO] [stdout] 
[INFO] [stdout] thread 'test_get_string' (421) panicked at src/lib.rs:161:49:
[INFO] [stdout] called `Result::unwrap()` on an `Err` value: CouldntOpen
[INFO] [stdout] stack backtrace:
[INFO] [stdout]    0:     0x60dc92ef59e1 - <<std[70759c8f55707aa4]::sys::backtrace::BacktraceLock>::print::DisplayBacktrace as core[df12db4294e9bfd3]::fmt::Display>::fmt
[INFO] [stdout]    1:     0x60dc92f0ab3a - core[df12db4294e9bfd3]::fmt::write
[INFO] [stdout]    2:     0x60dc92ef9fac - <alloc[2182bb758b4b3781]::vec::Vec<u8> as core[df12db4294e9bfd3]::io::write::Write>::write_fmt
[INFO] [stdout]    3:     0x60dc92ed1b16 - std[70759c8f55707aa4]::panicking::default_hook::{closure#0}
[INFO] [stdout]    4:     0x60dc92eedd69 - std[70759c8f55707aa4]::panicking::default_hook
[INFO] [stdout]    5:     0x60dc92e89760 - test[9d35eded1c95d3be]::test_main_inner::<test[9d35eded1c95d3be]::test_main_static::{closure#0}>::{closure#0}
[INFO] [stdout]    6:     0x60dc92eedf22 - std[70759c8f55707aa4]::panicking::panic_with_hook
[INFO] [stdout]    7:     0x60dc92ed1bc2 - std[70759c8f55707aa4]::panicking::panic_handler::{closure#0}
[INFO] [stdout]    8:     0x60dc92eca869 - std[70759c8f55707aa4]::sys::backtrace::__rust_end_short_backtrace::<std[70759c8f55707aa4]::panicking::panic_handler::{closure#0}, !>
[INFO] [stdout]    9:     0x60dc92ed27bd - __rustc[8fa7c3cbc660c2b3]::rust_begin_unwind
[INFO] [stdout]   10:     0x60dc92f0b26c - core[df12db4294e9bfd3]::panicking::panic_fmt
[INFO] [stdout]   11:     0x60dc92f0b042 - core[df12db4294e9bfd3]::result::unwrap_failed
[INFO] [stdout]   12:     0x60dc92e70d85 - <kv_cab[d81483394c605911]::KV<alloc[2182bb758b4b3781]::string::String, kv_cab[d81483394c605911]::Value>>::new
[INFO] [stdout]   13:     0x60dc92e7934b - <tests[c2fb118cdf65d6a7]::test_get_string::{closure#0} as core[df12db4294e9bfd3]::ops::function::FnOnce<()>>::call_once
[INFO] [stdout]   14:     0x60dc92e7ca4b - test[9d35eded1c95d3be]::__rust_begin_short_backtrace::<core[df12db4294e9bfd3]::result::Result<(), alloc[2182bb758b4b3781]::string::String>, fn() -> core[df12db4294e9bfd3]::result::Result<(), alloc[2182bb758b4b3781]::string::String>>
[INFO] [stdout]   15:     0x60dc92e8a0b5 - test[9d35eded1c95d3be]::run_test::{closure#0}
[INFO] [stdout]   16:     0x60dc92e83974 - std[70759c8f55707aa4]::sys::backtrace::__rust_begin_short_backtrace::<test[9d35eded1c95d3be]::run_test::{closure#1}, ()>
[INFO] [stdout]   17:     0x60dc92e8d212 - <std[70759c8f55707aa4]::thread::lifecycle::spawn_unchecked<test[9d35eded1c95d3be]::run_test::{closure#1}, ()>::{closure#1} as core[df12db4294e9bfd3]::ops::function::FnOnce<()>>::call_once::{shim:vtable#0}
[INFO] [stdout]   18:     0x60dc92ef5289 - <std[70759c8f55707aa4]::sys::thread::unix::Thread>::new::thread_start
[INFO] [stdout]   19:     0x7ea2585dedfa - <unknown>
[INFO] [stdout]   20:     0x7ea2586723d4 - clone
[INFO] [stdout]   21:                0x0 - <unknown>
[INFO] [stdout] 
[INFO] [stdout] ---- test_get_none stdout ----
[INFO] [stdout] 
[INFO] [stdout] thread 'test_get_none' (420) panicked at src/lib.rs:161:49:
[INFO] [stdout] called `Result::unwrap()` on an `Err` value: CouldntOpen
[INFO] [stdout] stack backtrace:
[INFO] [stdout]    0:     0x60dc92ef59e1 - <<std[70759c8f55707aa4]::sys::backtrace::BacktraceLock>::print::DisplayBacktrace as core[df12db4294e9bfd3]::fmt::Display>::fmt
[INFO] [stdout]    1:     0x60dc92f0ab3a - core[df12db4294e9bfd3]::fmt::write
[INFO] [stdout]    2:     0x60dc92ef9fac - <alloc[2182bb758b4b3781]::vec::Vec<u8> as core[df12db4294e9bfd3]::io::write::Write>::write_fmt
[INFO] [stdout]    3:     0x60dc92ed1b16 - std[70759c8f55707aa4]::panicking::default_hook::{closure#0}
[INFO] [stdout]    4:     0x60dc92eedd69 - std[70759c8f55707aa4]::panicking::default_hook
[INFO] [stdout]    5:     0x60dc92e89760 - test[9d35eded1c95d3be]::test_main_inner::<test[9d35eded1c95d3be]::test_main_static::{closure#0}>::{closure#0}
[INFO] [stdout]    6:     0x60dc92eedf22 - std[70759c8f55707aa4]::panicking::panic_with_hook
[INFO] [stdout]    7:     0x60dc92ed1bc2 - std[70759c8f55707aa4]::panicking::panic_handler::{closure#0}
[INFO] [stdout]    8:     0x60dc92eca869 - std[70759c8f55707aa4]::sys::backtrace::__rust_end_short_backtrace::<std[70759c8f55707aa4]::panicking::panic_handler::{closure#0}, !>
[INFO] [stdout]    9:     0x60dc92ed27bd - __rustc[8fa7c3cbc660c2b3]::rust_begin_unwind
[INFO] [stdout]   10:     0x60dc92f0b26c - core[df12db4294e9bfd3]::panicking::panic_fmt
[INFO] [stdout]   11:     0x60dc92f0b042 - core[df12db4294e9bfd3]::result::unwrap_failed
[INFO] [stdout]   12:     0x60dc92e70d85 - <kv_cab[d81483394c605911]::KV<alloc[2182bb758b4b3781]::string::String, kv_cab[d81483394c605911]::Value>>::new
[INFO] [stdout]   13:     0x60dc92e78bdb - <tests[c2fb118cdf65d6a7]::test_get_none::{closure#0} as core[df12db4294e9bfd3]::ops::function::FnOnce<()>>::call_once
[INFO] [stdout]   14:     0x60dc92e7ca4b - test[9d35eded1c95d3be]::__rust_begin_short_backtrace::<core[df12db4294e9bfd3]::result::Result<(), alloc[2182bb758b4b3781]::string::String>, fn() -> core[df12db4294e9bfd3]::result::Result<(), alloc[2182bb758b4b3781]::string::String>>
[INFO] [stdout]   15:     0x60dc92e8a0b5 - test[9d35eded1c95d3be]::run_test::{closure#0}
[INFO] [stdout]   16:     0x60dc92e83974 - std[70759c8f55707aa4]::sys::backtrace::__rust_begin_short_backtrace::<test[9d35eded1c95d3be]::run_test::{closure#1}, ()>
[INFO] [stdout]   17:     0x60dc92e8d212 - <std[70759c8f55707aa4]::thread::lifecycle::spawn_unchecked<test[9d35eded1c95d3be]::run_test::{closure#1}, ()>::{closure#1} as core[df12db4294e9bfd3]::ops::function::FnOnce<()>>::call_once::{shim:vtable#0}
[INFO] [stdout]   18:     0x60dc92ef5289 - <std[70759c8f55707aa4]::sys::thread::unix::Thread>::new::thread_start
[INFO] [stdout]   19:     0x7ea2585dedfa - <unknown>
[INFO] [stdout]   20:     0x7ea2586723d4 - clone
[INFO] [stdout]   21:                0x0 - <unknown>
[INFO] [stdout] 
[INFO] [stdout] ---- test_create_wrong_type stdout ----
[INFO] [stdout] 
[INFO] [stdout] thread 'test_create_wrong_type' (417) panicked at src/lib.rs:161:49:
[INFO] [stdout] called `Result::unwrap()` on an `Err` value: CouldntOpen
[INFO] [stdout] stack backtrace:
[INFO] [stdout]    0:     0x60dc92ef59e1 - <<std[70759c8f55707aa4]::sys::backtrace::BacktraceLock>::print::DisplayBacktrace as core[df12db4294e9bfd3]::fmt::Display>::fmt
[INFO] [stdout]    1:     0x60dc92f0ab3a - core[df12db4294e9bfd3]::fmt::write
[INFO] [stdout]    2:     0x60dc92ef9fac - <alloc[2182bb758b4b3781]::vec::Vec<u8> as core[df12db4294e9bfd3]::io::write::Write>::write_fmt
[INFO] [stdout]    3:     0x60dc92ed1b16 - std[70759c8f55707aa4]::panicking::default_hook::{closure#0}
[INFO] [stdout]    4:     0x60dc92eedd69 - std[70759c8f55707aa4]::panicking::default_hook
[INFO] [stdout]    5:     0x60dc92e89760 - test[9d35eded1c95d3be]::test_main_inner::<test[9d35eded1c95d3be]::test_main_static::{closure#0}>::{closure#0}
[INFO] [stdout]    6:     0x60dc92eedf22 - std[70759c8f55707aa4]::panicking::panic_with_hook
[INFO] [stdout]    7:     0x60dc92ed1bc2 - std[70759c8f55707aa4]::panicking::panic_handler::{closure#0}
[INFO] [stdout]    8:     0x60dc92eca869 - std[70759c8f55707aa4]::sys::backtrace::__rust_end_short_backtrace::<std[70759c8f55707aa4]::panicking::panic_handler::{closure#0}, !>
[INFO] [stdout]    9:     0x60dc92ed27bd - __rustc[8fa7c3cbc660c2b3]::rust_begin_unwind
[INFO] [stdout]   10:     0x60dc92f0b26c - core[df12db4294e9bfd3]::panicking::panic_fmt
[INFO] [stdout]   11:     0x60dc92f0b042 - core[df12db4294e9bfd3]::result::unwrap_failed
[INFO] [stdout]   12:     0x60dc92e70d85 - <kv_cab[d81483394c605911]::KV<alloc[2182bb758b4b3781]::string::String, kv_cab[d81483394c605911]::Value>>::new
[INFO] [stdout]   13:     0x60dc92e7ab9b - <tests[c2fb118cdf65d6a7]::test_create_wrong_type::{closure#0} as core[df12db4294e9bfd3]::ops::function::FnOnce<()>>::call_once
[INFO] [stdout]   14:     0x60dc92e7ca4b - test[9d35eded1c95d3be]::__rust_begin_short_backtrace::<core[df12db4294e9bfd3]::result::Result<(), alloc[2182bb758b4b3781]::string::String>, fn() -> core[df12db4294e9bfd3]::result::Result<(), alloc[2182bb758b4b3781]::string::String>>
[INFO] [stdout]   15:     0x60dc92e8a0b5 - test[9d35eded1c95d3be]::run_test::{closure#0}
[INFO] [stdout]   16:     0x60dc92e83974 - std[70759c8f55707aa4]::sys::backtrace::__rust_begin_short_backtrace::<test[9d35eded1c95d3be]::run_test::{closure#1}, ()>
[INFO] [stdout]   17:     0x60dc92e8d212 - <std[70759c8f55707aa4]::thread::lifecycle::spawn_unchecked<test[9d35eded1c95d3be]::run_test::{closure#1}, ()>::{closure#1} as core[df12db4294e9bfd3]::ops::function::FnOnce<()>>::call_once::{shim:vtable#0}
[INFO] [stdout]   18:     0x60dc92ef5289 - <std[70759c8f55707aa4]::sys::thread::unix::Thread>::new::thread_start
[INFO] [stdout]   19:     0x7ea2585dedfa - <unknown>
[INFO] [stdout]   20:     0x7ea2586723d4 - clone
[INFO] [stdout]   21:                0x0 - <unknown>
[INFO] [stdout] 
[INFO] [stdout] ---- test_remove stdout ----
[INFO] [stdout] 
[INFO] [stdout] thread 'test_remove' (434) panicked at src/lib.rs:161:49:
[INFO] [stdout] called `Result::unwrap()` on an `Err` value: CouldntOpen
[INFO] [stdout] stack backtrace:
[INFO] [stdout]    0:     0x60dc92ef59e1 - <<std[70759c8f55707aa4]::sys::backtrace::BacktraceLock>::print::DisplayBacktrace as core[df12db4294e9bfd3]::fmt::Display>::fmt
[INFO] [stdout]    1:     0x60dc92f0ab3a - core[df12db4294e9bfd3]::fmt::write
[INFO] [stdout]    2:     0x60dc92ef9fac - <alloc[2182bb758b4b3781]::vec::Vec<u8> as core[df12db4294e9bfd3]::io::write::Write>::write_fmt
[INFO] [stdout]    3:     0x60dc92ed1b16 - std[70759c8f55707aa4]::panicking::default_hook::{closure#0}
[INFO] [stdout]    4:     0x60dc92eedd69 - std[70759c8f55707aa4]::panicking::default_hook
[INFO] [stdout]    5:     0x60dc92e89760 - test[9d35eded1c95d3be]::test_main_inner::<test[9d35eded1c95d3be]::test_main_static::{closure#0}>::{closure#0}
[INFO] [stdout]    6:     0x60dc92eedf22 - std[70759c8f55707aa4]::panicking::panic_with_hook
[INFO] [stdout]    7:     0x60dc92ed1bc2 - std[70759c8f55707aa4]::panicking::panic_handler::{closure#0}
[INFO] [stdout]    8:     0x60dc92eca869 - std[70759c8f55707aa4]::sys::backtrace::__rust_end_short_backtrace::<std[70759c8f55707aa4]::panicking::panic_handler::{closure#0}, !>
[INFO] [stdout]    9:     0x60dc92ed27bd - __rustc[8fa7c3cbc660c2b3]::rust_begin_unwind
[INFO] [stdout]   10:     0x60dc92f0b26c - core[df12db4294e9bfd3]::panicking::panic_fmt
[INFO] [stdout]   11:     0x60dc92f0b042 - core[df12db4294e9bfd3]::result::unwrap_failed
[INFO] [stdout]   12:     0x60dc92e70d85 - <kv_cab[d81483394c605911]::KV<alloc[2182bb758b4b3781]::string::String, kv_cab[d81483394c605911]::Value>>::new
[INFO] [stdout]   13:     0x60dc92e783eb - <tests[c2fb118cdf65d6a7]::test_remove::{closure#0} as core[df12db4294e9bfd3]::ops::function::FnOnce<()>>::call_once
[INFO] [stdout]   14:     0x60dc92e7ca4b - test[9d35eded1c95d3be]::__rust_begin_short_backtrace::<core[df12db4294e9bfd3]::result::Result<(), alloc[2182bb758b4b3781]::string::String>, fn() -> core[df12db4294e9bfd3]::result::Result<(), alloc[2182bb758b4b3781]::string::String>>
[INFO] [stdout]   15:     0x60dc92e8a0b5 - test[9d35eded1c95d3be]::run_test::{closure#0}
[INFO] [stdout]   16:     0x60dc92e83974 - std[70759c8f55707aa4]::sys::backtrace::__rust_begin_short_backtrace::<test[9d35eded1c95d3be]::run_test::{closure#1}, ()>
[INFO] [stdout]   17:     0x60dc92e8d212 - <std[70759c8f55707aa4]::thread::lifecycle::spawn_unchecked<test[9d35eded1c95d3be]::run_test::{closure#1}, ()>::{closure#1} as core[df12db4294e9bfd3]::ops::function::FnOnce<()>>::call_once::{shim:vtable#0}
[INFO] [stdout]   18:     0x60dc92ef5289 - <std[70759c8f55707aa4]::sys::thread::unix::Thread>::new::thread_start
[INFO] [stdout]   19:     0x7ea2585dedfa - <unknown>
[INFO] [stdout]   20:     0x7ea2586723d4 - clone
[INFO] [stdout]   21:                0x0 - <unknown>
[INFO] [stdout] 
[INFO] [stdout] ---- test_get_int stdout ----
[INFO] [stdout] 
[INFO] [stdout] thread 'test_get_int' (419) panicked at src/lib.rs:161:49:
[INFO] [stdout] called `Result::unwrap()` on an `Err` value: CouldntOpen
[INFO] [stdout] stack backtrace:
[INFO] [stdout]    0:     0x60dc92ef59e1 - <<std[70759c8f55707aa4]::sys::backtrace::BacktraceLock>::print::DisplayBacktrace as core[df12db4294e9bfd3]::fmt::Display>::fmt
[INFO] [stdout]    1:     0x60dc92f0ab3a - core[df12db4294e9bfd3]::fmt::write
[INFO] [stdout]    2:     0x60dc92ef9fac - <alloc[2182bb758b4b3781]::vec::Vec<u8> as core[df12db4294e9bfd3]::io::write::Write>::write_fmt
[INFO] [stdout]    3:     0x60dc92ed1b16 - std[70759c8f55707aa4]::panicking::default_hook::{closure#0}
[INFO] [stdout]    4:     0x60dc92eedd69 - std[70759c8f55707aa4]::panicking::default_hook
[INFO] [stdout]    5:     0x60dc92e89760 - test[9d35eded1c95d3be]::test_main_inner::<test[9d35eded1c95d3be]::test_main_static::{closure#0}>::{closure#0}
[INFO] [stdout]    6:     0x60dc92eedf22 - std[70759c8f55707aa4]::panicking::panic_with_hook
[INFO] [stdout]    7:     0x60dc92ed1bc2 - std[70759c8f55707aa4]::panicking::panic_handler::{closure#0}
[INFO] [stdout]    8:     0x60dc92eca869 - std[70759c8f55707aa4]::sys::backtrace::__rust_end_short_backtrace::<std[70759c8f55707aa4]::panicking::panic_handler::{closure#0}, !>
[INFO] [stdout]    9:     0x60dc92ed27bd - __rustc[8fa7c3cbc660c2b3]::rust_begin_unwind
[INFO] [stdout]   10:     0x60dc92f0b26c - core[df12db4294e9bfd3]::panicking::panic_fmt
[INFO] [stdout]   11:     0x60dc92f0b042 - core[df12db4294e9bfd3]::result::unwrap_failed
[INFO] [stdout]   12:     0x60dc92e70d85 - <kv_cab[d81483394c605911]::KV<alloc[2182bb758b4b3781]::string::String, kv_cab[d81483394c605911]::Value>>::new
[INFO] [stdout]   13:     0x60dc92e787bb - <tests[c2fb118cdf65d6a7]::test_get_int::{closure#0} as core[df12db4294e9bfd3]::ops::function::FnOnce<()>>::call_once
[INFO] [stdout]   14:     0x60dc92e7ca4b - test[9d35eded1c95d3be]::__rust_begin_short_backtrace::<core[df12db4294e9bfd3]::result::Result<(), alloc[2182bb758b4b3781]::string::String>, fn() -> core[df12db4294e9bfd3]::result::Result<(), alloc[2182bb758b4b3781]::string::String>>
[INFO] [stdout]   15:     0x60dc92e8a0b5 - test[9d35eded1c95d3be]::run_test::{closure#0}
[INFO] [stdout]   16:     0x60dc92e83974 - std[70759c8f55707aa4]::sys::backtrace::__rust_begin_short_backtrace::<test[9d35eded1c95d3be]::run_test::{closure#1}, ()>
[INFO] [stdout]   17:     0x60dc92e8d212 - <std[70759c8f55707aa4]::thread::lifecycle::spawn_unchecked<test[9d35eded1c95d3be]::run_test::{closure#1}, ()>::{closure#1} as core[df12db4294e9bfd3]::ops::function::FnOnce<()>>::call_once::{shim:vtable#0}
[INFO] [stdout]   18:     0x60dc92ef5289 - <std[70759c8f55707aa4]::sys::thread::unix::Thread>::new::thread_start
[INFO] [stdout]   19:     0x7ea2585dedfa - <unknown>
[INFO] [stdout]   20:     0x7ea2586723d4 - clone
[INFO] [stdout]   21:                0x0 - <unknown>
[INFO] [stdout] 
[INFO] [stdout] ---- test_multi_instance stdout ----
[INFO] [stdout] 
[INFO] [stdout] thread 'test_multi_instance' (427) panicked at src/lib.rs:161:49:
[INFO] [stdout] called `Result::unwrap()` on an `Err` value: CouldntOpen
[INFO] [stdout] stack backtrace:
[INFO] [stdout]    0:     0x60dc92ef59e1 - <<std[70759c8f55707aa4]::sys::backtrace::BacktraceLock>::print::DisplayBacktrace as core[df12db4294e9bfd3]::fmt::Display>::fmt
[INFO] [stdout]    1:     0x60dc92f0ab3a - core[df12db4294e9bfd3]::fmt::write
[INFO] [stdout]    2:     0x60dc92ef9fac - <alloc[2182bb758b4b3781]::vec::Vec<u8> as core[df12db4294e9bfd3]::io::write::Write>::write_fmt
[INFO] [stdout]    3:     0x60dc92ed1b16 - std[70759c8f55707aa4]::panicking::default_hook::{closure#0}
[INFO] [stdout]    4:     0x60dc92eedd69 - std[70759c8f55707aa4]::panicking::default_hook
[INFO] [stdout]    5:     0x60dc92e89760 - test[9d35eded1c95d3be]::test_main_inner::<test[9d35eded1c95d3be]::test_main_static::{closure#0}>::{closure#0}
[INFO] [stdout]    6:     0x60dc92eedf22 - std[70759c8f55707aa4]::panicking::panic_with_hook
[INFO] [stdout]    7:     0x60dc92ed1bc2 - std[70759c8f55707aa4]::panicking::panic_handler::{closure#0}
[INFO] [stdout]    8:     0x60dc92eca869 - std[70759c8f55707aa4]::sys::backtrace::__rust_end_short_backtrace::<std[70759c8f55707aa4]::panicking::panic_handler::{closure#0}, !>
[INFO] [stdout]    9:     0x60dc92ed27bd - __rustc[8fa7c3cbc660c2b3]::rust_begin_unwind
[INFO] [stdout]   10:     0x60dc92f0b26c - core[df12db4294e9bfd3]::panicking::panic_fmt
[INFO] [stdout]   11:     0x60dc92f0b042 - core[df12db4294e9bfd3]::result::unwrap_failed
[INFO] [stdout]   12:     0x60dc92e70d85 - <kv_cab[d81483394c605911]::KV<alloc[2182bb758b4b3781]::string::String, kv_cab[d81483394c605911]::Value>>::new
[INFO] [stdout]   13:     0x60dc92e7a44b - <tests[c2fb118cdf65d6a7]::test_multi_instance::{closure#0} as core[df12db4294e9bfd3]::ops::function::FnOnce<()>>::call_once
[INFO] [stdout]   14:     0x60dc92e7ca4b - test[9d35eded1c95d3be]::__rust_begin_short_backtrace::<core[df12db4294e9bfd3]::result::Result<(), alloc[2182bb758b4b3781]::string::String>, fn() -> core[df12db4294e9bfd3]::result::Result<(), alloc[2182bb758b4b3781]::string::String>>
[INFO] [stdout]   15:     0x60dc92e8a0b5 - test[9d35eded1c95d3be]::run_test::{closure#0}
[INFO] [stdout]   16:     0x60dc92e83974 - std[70759c8f55707aa4]::sys::backtrace::__rust_begin_short_backtrace::<test[9d35eded1c95d3be]::run_test::{closure#1}, ()>
[INFO] [stdout]   17:     0x60dc92e8d212 - <std[70759c8f55707aa4]::thread::lifecycle::spawn_unchecked<test[9d35eded1c95d3be]::run_test::{closure#1}, ()>::{closure#1} as core[df12db4294e9bfd3]::ops::function::FnOnce<()>>::call_once::{shim:vtable#0}
[INFO] [stdout]   18:     0x60dc92ef5289 - <std[70759c8f55707aa4]::sys::thread::unix::Thread>::new::thread_start
[INFO] [stdout]   19:     0x7ea2585dedfa - <unknown>
[INFO] [stdout]   20:     0x7ea2586723d4 - clone
[INFO] [stdout]   21:                0x0 - <unknown>
[INFO] [stdout] 
[INFO] [stdout] ---- test_keys stdout ----
[INFO] [stdout] 
[INFO] [stdout] thread 'test_keys' (425) panicked at src/lib.rs:161:49:
[INFO] [stdout] called `Result::unwrap()` on an `Err` value: CouldntOpen
[INFO] [stdout] stack backtrace:
[INFO] [stdout]    0:     0x60dc92ef59e1 - <<std[70759c8f55707aa4]::sys::backtrace::BacktraceLock>::print::DisplayBacktrace as core[df12db4294e9bfd3]::fmt::Display>::fmt
[INFO] [stdout]    1:     0x60dc92f0ab3a - core[df12db4294e9bfd3]::fmt::write
[INFO] [stdout]    2:     0x60dc92ef9fac - <alloc[2182bb758b4b3781]::vec::Vec<u8> as core[df12db4294e9bfd3]::io::write::Write>::write_fmt
[INFO] [stdout]    3:     0x60dc92ed1b16 - std[70759c8f55707aa4]::panicking::default_hook::{closure#0}
[INFO] [stdout]    4:     0x60dc92eedd69 - std[70759c8f55707aa4]::panicking::default_hook
[INFO] [stdout]    5:     0x60dc92e89760 - test[9d35eded1c95d3be]::test_main_inner::<test[9d35eded1c95d3be]::test_main_static::{closure#0}>::{closure#0}
[INFO] [stdout]    6:     0x60dc92eedf22 - std[70759c8f55707aa4]::panicking::panic_with_hook
[INFO] [stdout]    7:     0x60dc92ed1bc2 - std[70759c8f55707aa4]::panicking::panic_handler::{closure#0}
[INFO] [stdout]    8:     0x60dc92eca869 - std[70759c8f55707aa4]::sys::backtrace::__rust_end_short_backtrace::<std[70759c8f55707aa4]::panicking::panic_handler::{closure#0}, !>
[INFO] [stdout]    9:     0x60dc92ed27bd - __rustc[8fa7c3cbc660c2b3]::rust_begin_unwind
[INFO] [stdout]   10:     0x60dc92f0b26c - core[df12db4294e9bfd3]::panicking::panic_fmt
[INFO] [stdout]   11:     0x60dc92f0b042 - core[df12db4294e9bfd3]::result::unwrap_failed
[INFO] [stdout]   12:     0x60dc92e70d85 - <kv_cab[d81483394c605911]::KV<alloc[2182bb758b4b3781]::string::String, kv_cab[d81483394c605911]::Value>>::new
[INFO] [stdout]   13:     0x60dc92e7c008 - <tests[c2fb118cdf65d6a7]::test_keys::{closure#0} as core[df12db4294e9bfd3]::ops::function::FnOnce<()>>::call_once
[INFO] [stdout]   14:     0x60dc92e7ca4b - test[9d35eded1c95d3be]::__rust_begin_short_backtrace::<core[df12db4294e9bfd3]::result::Result<(), alloc[2182bb758b4b3781]::string::String>, fn() -> core[df12db4294e9bfd3]::result::Result<(), alloc[2182bb758b4b3781]::string::String>>
[INFO] [stdout]   15:     0x60dc92e8a0b5 - test[9d35eded1c95d3be]::run_test::{closure#0}
[INFO] [stdout]   16:     0x60dc92e83974 - std[70759c8f55707aa4]::sys::backtrace::__rust_begin_short_backtrace::<test[9d35eded1c95d3be]::run_test::{closure#1}, ()>
[INFO] [stdout]   17:     0x60dc92e8d212 - <std[70759c8f55707aa4]::thread::lifecycle::spawn_unchecked<test[9d35eded1c95d3be]::run_test::{closure#1}, ()>::{closure#1} as core[df12db4294e9bfd3]::ops::function::FnOnce<()>>::call_once::{shim:vtable#0}
[INFO] [stdout]   18:     0x60dc92ef5289 - <std[70759c8f55707aa4]::sys::thread::unix::Thread>::new::thread_start
[INFO] [stdout]   19:     0x7ea2585dedfa - <unknown>
[INFO] [stdout]   20:     0x7ea2586723d4 - clone
[INFO] [stdout]   21:                0x0 - <unknown>
[INFO] [stdout] 
[INFO] [stdout] ---- test_insert_string stdout ----
[INFO] [stdout] 
[INFO] [stdout] thread 'test_insert_string' (424) panicked at src/lib.rs:161:49:
[INFO] [stdout] called `Result::unwrap()` on an `Err` value: CouldntOpen
[INFO] [stdout] stack backtrace:
[INFO] [stdout]    0:     0x60dc92ef59e1 - <<std[70759c8f55707aa4]::sys::backtrace::BacktraceLock>::print::DisplayBacktrace as core[df12db4294e9bfd3]::fmt::Display>::fmt
[INFO] [stdout]    1:     0x60dc92f0ab3a - core[df12db4294e9bfd3]::fmt::write
[INFO] [stdout]    2:     0x60dc92ef9fac - <alloc[2182bb758b4b3781]::vec::Vec<u8> as core[df12db4294e9bfd3]::io::write::Write>::write_fmt
[INFO] [stdout]    3:     0x60dc92ed1b16 - std[70759c8f55707aa4]::panicking::default_hook::{closure#0}
[INFO] [stdout]    4:     0x60dc92eedd69 - std[70759c8f55707aa4]::panicking::default_hook
[INFO] [stdout]    5:     0x60dc92e89760 - test[9d35eded1c95d3be]::test_main_inner::<test[9d35eded1c95d3be]::test_main_static::{closure#0}>::{closure#0}
[INFO] [stdout]    6:     0x60dc92eedf22 - std[70759c8f55707aa4]::panicking::panic_with_hook
[INFO] [stdout]    7:     0x60dc92ed1bc2 - std[70759c8f55707aa4]::panicking::panic_handler::{closure#0}
[INFO] [stdout]    8:     0x60dc92eca869 - std[70759c8f55707aa4]::sys::backtrace::__rust_end_short_backtrace::<std[70759c8f55707aa4]::panicking::panic_handler::{closure#0}, !>
[INFO] [stdout]    9:     0x60dc92ed27bd - __rustc[8fa7c3cbc660c2b3]::rust_begin_unwind
[INFO] [stdout]   10:     0x60dc92f0b26c - core[df12db4294e9bfd3]::panicking::panic_fmt
[INFO] [stdout]   11:     0x60dc92f0b042 - core[df12db4294e9bfd3]::result::unwrap_failed
[INFO] [stdout]   12:     0x60dc92e70d85 - <kv_cab[d81483394c605911]::KV<alloc[2182bb758b4b3781]::string::String, kv_cab[d81483394c605911]::Value>>::new
[INFO] [stdout]   13:     0x60dc92e7a0fb - <tests[c2fb118cdf65d6a7]::test_insert_string::{closure#0} as core[df12db4294e9bfd3]::ops::function::FnOnce<()>>::call_once
[INFO] [stdout]   14:     0x60dc92e7ca4b - test[9d35eded1c95d3be]::__rust_begin_short_backtrace::<core[df12db4294e9bfd3]::result::Result<(), alloc[2182bb758b4b3781]::string::String>, fn() -> core[df12db4294e9bfd3]::result::Result<(), alloc[2182bb758b4b3781]::string::String>>
[INFO] [stdout]   15:     0x60dc92e8a0b5 - test[9d35eded1c95d3be]::run_test::{closure#0}
[INFO] [stdout]   16:     0x60dc92e83974 - std[70759c8f55707aa4]::sys::backtrace::__rust_begin_short_backtrace::<test[9d35eded1c95d3be]::run_test::{closure#1}, ()>
[INFO] [stdout]   17:     0x60dc92e8d212 - <std[70759c8f55707aa4]::thread::lifecycle::spawn_unchecked<test[9d35eded1c95d3be]::run_test::{closure#1}, ()>::{closure#1} as core[df12db4294e9bfd3]::ops::function::FnOnce<()>>::call_once::{shim:vtable#0}
[INFO] [stdout]   18:     0x60dc92ef5289 - <std[70759c8f55707aa4]::sys::thread::unix::Thread>::new::thread_start
[INFO] [stdout]   19:     0x7ea2585dedfa - <unknown>
[INFO] [stdout]   20:     0x7ea2586723d4 - clone
[INFO] [stdout]   21:                0x0 - <unknown>
[INFO] [stdout] 
[INFO] [stdout] ---- test_create stdout ----
[INFO] [stdout] 
[INFO] [stdout] thread 'test_create' (416) panicked at src/lib.rs:161:49:
[INFO] [stdout] called `Result::unwrap()` on an `Err` value: CouldntOpen
[INFO] [stdout] stack backtrace:
[INFO] [stdout]    0:     0x60dc92ef59e1 - <<std[70759c8f55707aa4]::sys::backtrace::BacktraceLock>::print::DisplayBacktrace as core[df12db4294e9bfd3]::fmt::Display>::fmt
[INFO] [stdout]    1:     0x60dc92f0ab3a - core[df12db4294e9bfd3]::fmt::write
[INFO] [stdout]    2:     0x60dc92ef9fac - <alloc[2182bb758b4b3781]::vec::Vec<u8> as core[df12db4294e9bfd3]::io::write::Write>::write_fmt
[INFO] [stdout]    3:     0x60dc92ed1b16 - std[70759c8f55707aa4]::panicking::default_hook::{closure#0}
[INFO] [stdout]    4:     0x60dc92eedd69 - std[70759c8f55707aa4]::panicking::default_hook
[INFO] [stdout]    5:     0x60dc92e89760 - test[9d35eded1c95d3be]::test_main_inner::<test[9d35eded1c95d3be]::test_main_static::{closure#0}>::{closure#0}
[INFO] [stdout]    6:     0x60dc92eedf22 - std[70759c8f55707aa4]::panicking::panic_with_hook
[INFO] [stdout]    7:     0x60dc92ed1bc2 - std[70759c8f55707aa4]::panicking::panic_handler::{closure#0}
[INFO] [stdout]    8:     0x60dc92eca869 - std[70759c8f55707aa4]::sys::backtrace::__rust_end_short_backtrace::<std[70759c8f55707aa4]::panicking::panic_handler::{closure#0}, !>
[INFO] [stdout]    9:     0x60dc92ed27bd - __rustc[8fa7c3cbc660c2b3]::rust_begin_unwind
[INFO] [stdout]   10:     0x60dc92f0b26c - core[df12db4294e9bfd3]::panicking::panic_fmt
[INFO] [stdout]   11:     0x60dc92f0b042 - core[df12db4294e9bfd3]::result::unwrap_failed
[INFO] [stdout]   12:     0x60dc92e70d85 - <kv_cab[d81483394c605911]::KV<alloc[2182bb758b4b3781]::string::String, kv_cab[d81483394c605911]::Value>>::new
[INFO] [stdout]   13:     0x60dc92e77d55 - <tests[c2fb118cdf65d6a7]::test_create::{closure#0} as core[df12db4294e9bfd3]::ops::function::FnOnce<()>>::call_once
[INFO] [stdout]   14:     0x60dc92e7ca4b - test[9d35eded1c95d3be]::__rust_begin_short_backtrace::<core[df12db4294e9bfd3]::result::Result<(), alloc[2182bb758b4b3781]::string::String>, fn() -> core[df12db4294e9bfd3]::result::Result<(), alloc[2182bb758b4b3781]::string::String>>
[INFO] [stdout]   15:     0x60dc92e8a0b5 - test[9d35eded1c95d3be]::run_test::{closure#0}
[INFO] [stdout]   16:     0x60dc92e83974 - std[70759c8f55707aa4]::sys::backtrace::__rust_begin_short_backtrace::<test[9d35eded1c95d3be]::run_test::{closure#1}, ()>
[INFO] [stdout]   17:     0x60dc92e8d212 - <std[70759c8f55707aa4]::thread::lifecycle::spawn_unchecked<test[9d35eded1c95d3be]::run_test::{closure#1}, ()>::{closure#1} as core[df12db4294e9bfd3]::ops::function::FnOnce<()>>::call_once::{shim:vtable#0}
[INFO] [stdout]   18:     0x60dc92ef5289 - <std[70759c8f55707aa4]::sys::thread::unix::Thread>::new::thread_start
[INFO] [stdout]   19:     0x7ea2585dedfa - <unknown>
[INFO] [stdout]   20:     0x7ea2586723d4 - clone
[INFO] [stdout]   21:                0x0 - <unknown>
[INFO] [stdout] 
[INFO] [stdout] ---- test_insert_float stdout ----
[INFO] [stdout] 
[INFO] [stdout] thread 'test_insert_float' (422) panicked at src/lib.rs:161:49:
[INFO] [stdout] called `Result::unwrap()` on an `Err` value: CouldntOpen
[INFO] [stdout] stack backtrace:
[INFO] [stdout]    0:     0x60dc92ef59e1 - <<std[70759c8f55707aa4]::sys::backtrace::BacktraceLock>::print::DisplayBacktrace as core[df12db4294e9bfd3]::fmt::Display>::fmt
[INFO] [stdout]    1:     0x60dc92f0ab3a - core[df12db4294e9bfd3]::fmt::write
[INFO] [stdout]    2:     0x60dc92ef9fac - <alloc[2182bb758b4b3781]::vec::Vec<u8> as core[df12db4294e9bfd3]::io::write::Write>::write_fmt
[INFO] [stdout]    3:     0x60dc92ed1b16 - std[70759c8f55707aa4]::panicking::default_hook::{closure#0}
[INFO] [stdout]    4:     0x60dc92eedd69 - std[70759c8f55707aa4]::panicking::default_hook
[INFO] [stdout]    5:     0x60dc92e89760 - test[9d35eded1c95d3be]::test_main_inner::<test[9d35eded1c95d3be]::test_main_static::{closure#0}>::{closure#0}
[INFO] [stdout]    6:     0x60dc92eedf22 - std[70759c8f55707aa4]::panicking::panic_with_hook
[INFO] [stdout]    7:     0x60dc92ed1bc2 - std[70759c8f55707aa4]::panicking::panic_handler::{closure#0}
[INFO] [stdout]    8:     0x60dc92eca869 - std[70759c8f55707aa4]::sys::backtrace::__rust_end_short_backtrace::<std[70759c8f55707aa4]::panicking::panic_handler::{closure#0}, !>
[INFO] [stdout]    9:     0x60dc92ed27bd - __rustc[8fa7c3cbc660c2b3]::rust_begin_unwind
[INFO] [stdout]   10:     0x60dc92f0b26c - core[df12db4294e9bfd3]::panicking::panic_fmt
[INFO] [stdout]   11:     0x60dc92f0b042 - core[df12db4294e9bfd3]::result::unwrap_failed
[INFO] [stdout]   12:     0x60dc92e70d85 - <kv_cab[d81483394c605911]::KV<alloc[2182bb758b4b3781]::string::String, kv_cab[d81483394c605911]::Value>>::new
[INFO] [stdout]   13:     0x60dc92e79e1b - <tests[c2fb118cdf65d6a7]::test_insert_float::{closure#0} as core[df12db4294e9bfd3]::ops::function::FnOnce<()>>::call_once
[INFO] [stdout]   14:     0x60dc92e7ca4b - test[9d35eded1c95d3be]::__rust_begin_short_backtrace::<core[df12db4294e9bfd3]::result::Result<(), alloc[2182bb758b4b3781]::string::String>, fn() -> core[df12db4294e9bfd3]::result::Result<(), alloc[2182bb758b4b3781]::string::String>>
[INFO] [stdout]   15:     0x60dc92e8a0b5 - test[9d35eded1c95d3be]::run_test::{closure#0}
[INFO] [stdout]   16:     0x60dc92e83974 - std[70759c8f55707aa4]::sys::backtrace::__rust_begin_short_backtrace::<test[9d35eded1c95d3be]::run_test::{closure#1}, ()>
[INFO] [stdout]   17:     0x60dc92e8d212 - <std[70759c8f55707aa4]::thread::lifecycle::spawn_unchecked<test[9d35eded1c95d3be]::run_test::{closure#1}, ()>::{closure#1} as core[df12db4294e9bfd3]::ops::function::FnOnce<()>>::call_once::{shim:vtable#0}
[INFO] [stdout]   18:     0x60dc92ef5289 - <std[70759c8f55707aa4]::sys::thread::unix::Thread>::new::thread_start
[INFO] [stdout]   19:     0x7ea2585dedfa - <unknown>
[INFO] [stdout]   20:     0x7ea2586723d4 - clone
[INFO] [stdout]   21:                0x0 - <unknown>
[INFO] [stdout] 
[INFO] [stdout] ---- test_kv_all stdout ----
[INFO] [stdout] 
[INFO] [stdout] thread 'test_kv_all' (426) panicked at src/lib.rs:161:49:
[INFO] [stdout] called `Result::unwrap()` on an `Err` value: CouldntOpen
[INFO] [stdout] stack backtrace:
[INFO] [stdout]    0:     0x60dc92ef59e1 - <<std[70759c8f55707aa4]::sys::backtrace::BacktraceLock>::print::DisplayBacktrace as core[df12db4294e9bfd3]::fmt::Display>::fmt
[INFO] [stdout]    1:     0x60dc92f0ab3a - core[df12db4294e9bfd3]::fmt::write
[INFO] [stdout]    2:     0x60dc92ef9fac - <alloc[2182bb758b4b3781]::vec::Vec<u8> as core[df12db4294e9bfd3]::io::write::Write>::write_fmt
[INFO] [stdout]    3:     0x60dc92ed1b16 - std[70759c8f55707aa4]::panicking::default_hook::{closure#0}
[INFO] [stdout]    4:     0x60dc92eedd69 - std[70759c8f55707aa4]::panicking::default_hook
[INFO] [stdout]    5:     0x60dc92e89760 - test[9d35eded1c95d3be]::test_main_inner::<test[9d35eded1c95d3be]::test_main_static::{closure#0}>::{closure#0}
[INFO] [stdout]    6:     0x60dc92eedf22 - std[70759c8f55707aa4]::panicking::panic_with_hook
[INFO] [stdout]    7:     0x60dc92ed1bc2 - std[70759c8f55707aa4]::panicking::panic_handler::{closure#0}
[INFO] [stdout]    8:     0x60dc92eca869 - std[70759c8f55707aa4]::sys::backtrace::__rust_end_short_backtrace::<std[70759c8f55707aa4]::panicking::panic_handler::{closure#0}, !>
[INFO] [stdout]    9:     0x60dc92ed27bd - __rustc[8fa7c3cbc660c2b3]::rust_begin_unwind
[INFO] [stdout]   10:     0x60dc92f0b26c - core[df12db4294e9bfd3]::panicking::panic_fmt
[INFO] [stdout]   11:     0x60dc92f0b042 - core[df12db4294e9bfd3]::result::unwrap_failed
[INFO] [stdout]   12:     0x60dc92e70d85 - <kv_cab[d81483394c605911]::KV<alloc[2182bb758b4b3781]::string::String, kv_cab[d81483394c605911]::Value>>::new
[INFO] [stdout]   13:     0x60dc92e77f28 - <tests[c2fb118cdf65d6a7]::test_kv_all::{closure#0} as core[df12db4294e9bfd3]::ops::function::FnOnce<()>>::call_once
[INFO] [stdout]   14:     0x60dc92e7ca4b - test[9d35eded1c95d3be]::__rust_begin_short_backtrace::<core[df12db4294e9bfd3]::result::Result<(), alloc[2182bb758b4b3781]::string::String>, fn() -> core[df12db4294e9bfd3]::result::Result<(), alloc[2182bb758b4b3781]::string::String>>
[INFO] [stdout]   15:     0x60dc92e8a0b5 - test[9d35eded1c95d3be]::run_test::{closure#0}
[INFO] [stdout]   16:     0x60dc92e83974 - std[70759c8f55707aa4]::sys::backtrace::__rust_begin_short_backtrace::<test[9d35eded1c95d3be]::run_test::{closure#1}, ()>
[INFO] [stdout]   17:     0x60dc92e8d212 - <std[70759c8f55707aa4]::thread::lifecycle::spawn_unchecked<test[9d35eded1c95d3be]::run_test::{closure#1}, ()>::{closure#1} as core[df12db4294e9bfd3]::ops::function::FnOnce<()>>::call_once::{shim:vtable#0}
[INFO] [stdout]   18:     0x60dc92ef5289 - <std[70759c8f55707aa4]::sys::thread::unix::Thread>::new::thread_start
[INFO] [stdout]   19:     0x7ea2585dedfa - <unknown>
[INFO] [stdout]   20:     0x7ea2586723d4 - clone
[INFO] [stdout]   21:                0x0 - <unknown>
[INFO] [stdout] 
[INFO] [stdout] ---- test_multithread_many_instance_insert stdout ----
[INFO] [stdout] 
[INFO] [stdout] thread 'test_multithread_many_instance_insert' (431) panicked at src/lib.rs:161:49:
[INFO] [stdout] called `Result::unwrap()` on an `Err` value: CouldntOpen
[INFO] [stdout] stack backtrace:
[INFO] [stdout]    0:     0x60dc92ef59e1 - <<std[70759c8f55707aa4]::sys::backtrace::BacktraceLock>::print::DisplayBacktrace as core[df12db4294e9bfd3]::fmt::Display>::fmt
[INFO] [stdout]    1:     0x60dc92f0ab3a - core[df12db4294e9bfd3]::fmt::write
[INFO] [stdout]    2:     0x60dc92ef9fac - <alloc[2182bb758b4b3781]::vec::Vec<u8> as core[df12db4294e9bfd3]::io::write::Write>::write_fmt
[INFO] [stdout]    3:     0x60dc92ed1b16 - std[70759c8f55707aa4]::panicking::default_hook::{closure#0}
[INFO] [stdout]    4:     0x60dc92eedd69 - std[70759c8f55707aa4]::panicking::default_hook
[INFO] [stdout]    5:     0x60dc92e89760 - test[9d35eded1c95d3be]::test_main_inner::<test[9d35eded1c95d3be]::test_main_static::{closure#0}>::{closure#0}
[INFO] [stdout]    6:     0x60dc92eedf22 - std[70759c8f55707aa4]::panicking::panic_with_hook
[INFO] [stdout]    7:     0x60dc92ed1bc2 - std[70759c8f55707aa4]::panicking::panic_handler::{closure#0}
[INFO] [stdout]    8:     0x60dc92eca869 - std[70759c8f55707aa4]::sys::backtrace::__rust_end_short_backtrace::<std[70759c8f55707aa4]::panicking::panic_handler::{closure#0}, !>
[INFO] [stdout]    9:     0x60dc92ed27bd - __rustc[8fa7c3cbc660c2b3]::rust_begin_unwind
[INFO] [stdout]   10:     0x60dc92f0b26c - core[df12db4294e9bfd3]::panicking::panic_fmt
[INFO] [stdout]   11:     0x60dc92f0b042 - core[df12db4294e9bfd3]::result::unwrap_failed
[INFO] [stdout]   12:     0x60dc92e724fb - <kv_cab[d81483394c605911]::KV<i32, kv_cab[d81483394c605911]::Value>>::new
[INFO] [stdout]   13:     0x60dc92e7b3b8 - <tests[c2fb118cdf65d6a7]::test_multithread_many_instance_insert::{closure#0} as core[df12db4294e9bfd3]::ops::function::FnOnce<()>>::call_once
[INFO] [stdout]   14:     0x60dc92e7ca4b - test[9d35eded1c95d3be]::__rust_begin_short_backtrace::<core[df12db4294e9bfd3]::result::Result<(), alloc[2182bb758b4b3781]::string::String>, fn() -> core[df12db4294e9bfd3]::result::Result<(), alloc[2182bb758b4b3781]::string::String>>
[INFO] [stdout]   15:     0x60dc92e8a0b5 - test[9d35eded1c95d3be]::run_test::{closure#0}
[INFO] [stdout]   16:     0x60dc92e83974 - std[70759c8f55707aa4]::sys::backtrace::__rust_begin_short_backtrace::<test[9d35eded1c95d3be]::run_test::{closure#1}, ()>
[INFO] [stdout]   17:     0x60dc92e8d212 - <std[70759c8f55707aa4]::thread::lifecycle::spawn_unchecked<test[9d35eded1c95d3be]::run_test::{closure#1}, ()>::{closure#1} as core[df12db4294e9bfd3]::ops::function::FnOnce<()>>::call_once::{shim:vtable#0}
[INFO] [stdout]   18:     0x60dc92ef5289 - <std[70759c8f55707aa4]::sys::thread::unix::Thread>::new::thread_start
[INFO] [stdout]   19:     0x7ea2585dedfa - <unknown>
[INFO] [stdout]   20:     0x7ea2586723d4 - clone
[INFO] [stdout]   21:                0x0 - <unknown>
[INFO] [stdout] 
[INFO] [stdout] ---- test_insert_int stdout ----
[INFO] [stdout] 
[INFO] [stdout] thread 'test_insert_int' (423) panicked at src/lib.rs:161:49:
[INFO] [stdout] called `Result::unwrap()` on an `Err` value: CouldntOpen
[INFO] [stdout] stack backtrace:
[INFO] [stdout]    0:     0x60dc92ef59e1 - <<std[70759c8f55707aa4]::sys::backtrace::BacktraceLock>::print::DisplayBacktrace as core[df12db4294e9bfd3]::fmt::Display>::fmt
[INFO] [stdout]    1:     0x60dc92f0ab3a - core[df12db4294e9bfd3]::fmt::write
[INFO] [stdout]    2:     0x60dc92ef9fac - <alloc[2182bb758b4b3781]::vec::Vec<u8> as core[df12db4294e9bfd3]::io::write::Write>::write_fmt
[INFO] [stdout]    3:     0x60dc92ed1b16 - std[70759c8f55707aa4]::panicking::default_hook::{closure#0}
[INFO] [stdout]    4:     0x60dc92eedd69 - std[70759c8f55707aa4]::panicking::default_hook
[INFO] [stdout]    5:     0x60dc92e89760 - test[9d35eded1c95d3be]::test_main_inner::<test[9d35eded1c95d3be]::test_main_static::{closure#0}>::{closure#0}
[INFO] [stdout]    6:     0x60dc92eedf22 - std[70759c8f55707aa4]::panicking::panic_with_hook
[INFO] [stdout]    7:     0x60dc92ed1bc2 - std[70759c8f55707aa4]::panicking::panic_handler::{closure#0}
[INFO] [stdout]    8:     0x60dc92eca869 - std[70759c8f55707aa4]::sys::backtrace::__rust_end_short_backtrace::<std[70759c8f55707aa4]::panicking::panic_handler::{closure#0}, !>
[INFO] [stdout]    9:     0x60dc92ed27bd - __rustc[8fa7c3cbc660c2b3]::rust_begin_unwind
[INFO] [stdout]   10:     0x60dc92f0b26c - core[df12db4294e9bfd3]::panicking::panic_fmt
[INFO] [stdout]   11:     0x60dc92f0b042 - core[df12db4294e9bfd3]::result::unwrap_failed
[INFO] [stdout]   12:     0x60dc92e70d85 - <kv_cab[d81483394c605911]::KV<alloc[2182bb758b4b3781]::string::String, kv_cab[d81483394c605911]::Value>>::new
[INFO] [stdout]   13:     0x60dc92e7986b - <tests[c2fb118cdf65d6a7]::test_insert_int::{closure#0} as core[df12db4294e9bfd3]::ops::function::FnOnce<()>>::call_once
[INFO] [stdout]   14:     0x60dc92e7ca4b - test[9d35eded1c95d3be]::__rust_begin_short_backtrace::<core[df12db4294e9bfd3]::result::Result<(), alloc[2182bb758b4b3781]::string::String>, fn() -> core[df12db4294e9bfd3]::result::Result<(), alloc[2182bb758b4b3781]::string::String>>
[INFO] [stdout]   15:     0x60dc92e8a0b5 - test[9d35eded1c95d3be]::run_test::{closure#0}
[INFO] [stdout]   16:     0x60dc92e83974 - std[70759c8f55707aa4]::sys::backtrace::__rust_begin_short_backtrace::<test[9d35eded1c95d3be]::run_test::{closure#1}, ()>
[INFO] [stdout]   17:     0x60dc92e8d212 - <std[70759c8f55707aa4]::thread::lifecycle::spawn_unchecked<test[9d35eded1c95d3be]::run_test::{closure#1}, ()>::{closure#1} as core[df12db4294e9bfd3]::ops::function::FnOnce<()>>::call_once::{shim:vtable#0}
[INFO] [stdout]   18:     0x60dc92ef5289 - <std[70759c8f55707aa4]::sys::thread::unix::Thread>::new::thread_start
[INFO] [stdout]   19:     0x7ea2585dedfa - <unknown>
[INFO] [stdout]   20:     0x7ea2586723d4 - clone
[INFO] [stdout]   21:                0x0 - <unknown>
[INFO] [stdout] 
[INFO] [stdout] ---- test_multithread_instance stdout ----
[INFO] [stdout] 
[INFO] [stdout] thread '<unnamed>' (432) panicked at src/lib.rs:161:49:
[INFO] [stdout] called `Result::unwrap()` on an `Err` value: CouldntOpen
[INFO] [stdout] stack backtrace:
[INFO] [stdout]    0:     0x60dc92ef59e1 - <<std[70759c8f55707aa4]::sys::backtrace::BacktraceLock>::print::DisplayBacktrace as core[df12db4294e9bfd3]::fmt::Display>::fmt
[INFO] [stdout]    1:     0x60dc92f0ab3a - core[df12db4294e9bfd3]::fmt::write
[INFO] [stdout]    2:     0x60dc92ef9fac - <alloc[2182bb758b4b3781]::vec::Vec<u8> as core[df12db4294e9bfd3]::io::write::Write>::write_fmt
[INFO] [stdout]    3:     0x60dc92ed1b16 - std[70759c8f55707aa4]::panicking::default_hook::{closure#0}
[INFO] [stdout]    4:     0x60dc92eedd69 - std[70759c8f55707aa4]::panicking::default_hook
[INFO] [stdout]    5:     0x60dc92e89760 - test[9d35eded1c95d3be]::test_main_inner::<test[9d35eded1c95d3be]::test_main_static::{closure#0}>::{closure#0}
[INFO] [stdout]    6:     0x60dc92eedf22 - std[70759c8f55707aa4]::panicking::panic_with_hook
[INFO] [stdout]    7:     0x60dc92ed1bc2 - std[70759c8f55707aa4]::panicking::panic_handler::{closure#0}
[INFO] [stdout]    8:     0x60dc92eca869 - std[70759c8f55707aa4]::sys::backtrace::__rust_end_short_backtrace::<std[70759c8f55707aa4]::panicking::panic_handler::{closure#0}, !>
[INFO] [stdout]    9:     0x60dc92ed27bd - __rustc[8fa7c3cbc660c2b3]::rust_begin_unwind
[INFO] [stdout]   10:     0x60dc92f0b26c - core[df12db4294e9bfd3]::panicking::panic_fmt
[INFO] [stdout]   11:     0x60dc92f0b042 - core[df12db4294e9bfd3]::result::unwrap_failed
[INFO] [stdout]   12:     0x60dc92e70d85 - <kv_cab[d81483394c605911]::KV<alloc[2182bb758b4b3781]::string::String, kv_cab[d81483394c605911]::Value>>::new
[INFO] [stdout]   13:     0x60dc92e680e0 - std[70759c8f55707aa4]::sys::backtrace::__rust_begin_short_backtrace::<tests[c2fb118cdf65d6a7]::test_multithread_instance::{closure#0}, ()>
[INFO] [stdout]   14:     0x60dc92e6dab1 - <std[70759c8f55707aa4]::thread::lifecycle::spawn_unchecked<tests[c2fb118cdf65d6a7]::test_multithread_instance::{closure#0}, ()>::{closure#1} as core[df12db4294e9bfd3]::ops::function::FnOnce<()>>::call_once::{shim:vtable#0}
[INFO] [stdout]   15:     0x60dc92ef5289 - <std[70759c8f55707aa4]::sys::thread::unix::Thread>::new::thread_start
[INFO] [stdout]   16:     0x7ea2585dedfa - <unknown>
[INFO] [stdout]   17:     0x7ea2586723d4 - clone
[INFO] [stdout]   18:                0x0 - <unknown>
[INFO] [stdout] 
[INFO] [stdout] thread '<unnamed>' (433) panicked at src/lib.rs:161:49:
[INFO] [stdout] called `Result::unwrap()` on an `Err` value: CouldntOpen
[INFO] [stdout] stack backtrace:
[INFO] [stdout]    0:     0x60dc92ef59e1 - <<std[70759c8f55707aa4]::sys::backtrace::BacktraceLock>::print::DisplayBacktrace as core[df12db4294e9bfd3]::fmt::Display>::fmt
[INFO] [stdout]    1:     0x60dc92f0ab3a - core[df12db4294e9bfd3]::fmt::write
[INFO] [stdout]    2:     0x60dc92ef9fac - <alloc[2182bb758b4b3781]::vec::Vec<u8> as core[df12db4294e9bfd3]::io::write::Write>::write_fmt
[INFO] [stdout]    3:     0x60dc92ed1b16 - std[70759c8f55707aa4]::panicking::default_hook::{closure#0}
[INFO] [stdout]    4:     0x60dc92eedd69 - std[70759c8f55707aa4]::panicking::default_hook
[INFO] [stdout]    5:     0x60dc92e89760 - test[9d35eded1c95d3be]::test_main_inner::<test[9d35eded1c95d3be]::test_main_static::{closure#0}>::{closure#0}
[INFO] [stdout]    6:     0x60dc92eedf22 - std[70759c8f55707aa4]::panicking::panic_with_hook
[INFO] [stdout]    7:     0x60dc92ed1bc2 - std[70759c8f55707aa4]::panicking::panic_handler::{closure#0}
[INFO] [stdout]    8:     0x60dc92eca869 - std[70759c8f55707aa4]::sys::backtrace::__rust_end_short_backtrace::<std[70759c8f55707aa4]::panicking::panic_handler::{closure#0}, !>
[INFO] [stdout]    9:     0x60dc92ed27bd - __rustc[8fa7c3cbc660c2b3]::rust_begin_unwind
[INFO] [stdout]   10:     0x60dc92f0b26c - core[df12db4294e9bfd3]::panicking::panic_fmt
[INFO] [stdout]   11:     0x60dc92f0b042 - core[df12db4294e9bfd3]::result::unwrap_failed
[INFO] [stdout]   12:     0x60dc92e70d85 - <kv_cab[d81483394c605911]::KV<alloc[2182bb758b4b3781]::string::String, kv_cab[d81483394c605911]::Value>>::new
[INFO] [stdout]   13:     0x60dc92e682ac - std[70759c8f55707aa4]::sys::backtrace::__rust_begin_short_backtrace::<tests[c2fb118cdf65d6a7]::test_multithread_instance::{closure#1}, ()>
[INFO] [stdout]   14:     0x60dc92e6dbd1 - <std[70759c8f55707aa4]::thread::lifecycle::spawn_unchecked<tests[c2fb118cdf65d6a7]::test_multithread_instance::{closure#1}, ()>::{closure#1} as core[df12db4294e9bfd3]::ops::function::FnOnce<()>>::call_once::{shim:vtable#0}
[INFO] [stdout]   15:     0x60dc92ef5289 - <std[70759c8f55707aa4]::sys::thread::unix::Thread>::new::thread_start
[INFO] [stdout]   16:     0x7ea2585dedfa - <unknown>
[INFO] [stdout]   17:     0x7ea2586723d4 - clone
[INFO] [stdout]   18:                0x0 - <unknown>
[INFO] [stdout] 
[INFO] [stdout] thread 'test_multithread_instance' (428) panicked at tests/tests.rs:235:5:
[INFO] [stdout] assertion failed: t_2.join().is_ok()
[INFO] [stdout] stack backtrace:
[INFO] [stdout]    0:     0x60dc92ef59e1 - <<std[70759c8f55707aa4]::sys::backtrace::BacktraceLock>::print::DisplayBacktrace as core[df12db4294e9bfd3]::fmt::Display>::fmt
[INFO] [stdout]    1:     0x60dc92f0ab3a - core[df12db4294e9bfd3]::fmt::write
[INFO] [stdout]    2:     0x60dc92ef9fac - <alloc[2182bb758b4b3781]::vec::Vec<u8> as core[df12db4294e9bfd3]::io::write::Write>::write_fmt
[INFO] [stdout]    3:     0x60dc92ed1b16 - std[70759c8f55707aa4]::panicking::default_hook::{closure#0}
[INFO] [stdout]    4:     0x60dc92eedd69 - std[70759c8f55707aa4]::panicking::default_hook
[INFO] [stdout]    5:     0x60dc92e89760 - test[9d35eded1c95d3be]::test_main_inner::<test[9d35eded1c95d3be]::test_main_static::{closure#0}>::{closure#0}
[INFO] [stdout]    6:     0x60dc92eedf22 - std[70759c8f55707aa4]::panicking::panic_with_hook
[INFO] [stdout]    7:     0x60dc92ed1bf4 - std[70759c8f55707aa4]::panicking::panic_handler::{closure#0}
[INFO] [stdout]    8:     0x60dc92eca869 - std[70759c8f55707aa4]::sys::backtrace::__rust_end_short_backtrace::<std[70759c8f55707aa4]::panicking::panic_handler::{closure#0}, !>
[INFO] [stdout]    9:     0x60dc92ed27bd - __rustc[8fa7c3cbc660c2b3]::rust_begin_unwind
[INFO] [stdout]   10:     0x60dc92f0b26c - core[df12db4294e9bfd3]::panicking::panic_fmt
[INFO] [stdout]   11:     0x60dc92f0b232 - core[df12db4294e9bfd3]::panicking::panic
[INFO] [stdout]   12:     0x60dc92e7b0a7 - <tests[c2fb118cdf65d6a7]::test_multithread_instance::{closure#0} as core[df12db4294e9bfd3]::ops::function::FnOnce<()>>::call_once
[INFO] [stdout]   13:     0x60dc92e7ca4b - test[9d35eded1c95d3be]::__rust_begin_short_backtrace::<core[df12db4294e9bfd3]::result::Result<(), alloc[2182bb758b4b3781]::string::String>, fn() -> core[df12db4294e9bfd3]::result::Result<(), alloc[2182bb758b4b3781]::string::String>>
[INFO] [stdout]   14:     0x60dc92e8a0b5 - test[9d35eded1c95d3be]::run_test::{closure#0}
[INFO] [stdout]   15:     0x60dc92e83974 - std[70759c8f55707aa4]::sys::backtrace::__rust_begin_short_backtrace::<test[9d35eded1c95d3be]::run_test::{closure#1}, ()>
[INFO] [stdout]   16:     0x60dc92e8d212 - <std[70759c8f55707aa4]::thread::lifecycle::spawn_unchecked<test[9d35eded1c95d3be]::run_test::{closure#1}, ()>::{closure#1} as core[df12db4294e9bfd3]::ops::function::FnOnce<()>>::call_once::{shim:vtable#0}
[INFO] [stdout]   17:     0x60dc92ef5289 - <std[70759c8f55707aa4]::sys::thread::unix::Thread>::new::thread_start
[INFO] [stdout]   18:     0x7ea2585dedfa - <unknown>
[INFO] [stdout]   19:     0x7ea2586723d4 - clone
[INFO] [stdout]   20:                0x0 - <unknown>
[INFO] [stdout] 
[INFO] [stdout] ---- test_remove_none stdout ----
[INFO] [stdout] 
[INFO] [stdout] thread 'test_remove_none' (435) panicked at src/lib.rs:161:49:
[INFO] [stdout] called `Result::unwrap()` on an `Err` value: CouldntOpen
[INFO] [stdout] stack backtrace:
[INFO] [stdout]    0:     0x60dc92ef59e1 - <<std[70759c8f55707aa4]::sys::backtrace::BacktraceLock>::print::DisplayBacktrace as core[df12db4294e9bfd3]::fmt::Display>::fmt
[INFO] [stdout]    1:     0x60dc92f0ab3a - core[df12db4294e9bfd3]::fmt::write
[INFO] [stdout]    2:     0x60dc92ef9fac - <alloc[2182bb758b4b3781]::vec::Vec<u8> as core[df12db4294e9bfd3]::io::write::Write>::write_fmt
[INFO] [stdout]    3:     0x60dc92ed1b16 - std[70759c8f55707aa4]::panicking::default_hook::{closure#0}
[INFO] [stdout]    4:     0x60dc92eedd69 - std[70759c8f55707aa4]::panicking::default_hook
[INFO] [stdout]    5:     0x60dc92e89760 - test[9d35eded1c95d3be]::test_main_inner::<test[9d35eded1c95d3be]::test_main_static::{closure#0}>::{closure#0}
[INFO] [stdout]    6:     0x60dc92eedf22 - std[70759c8f55707aa4]::panicking::panic_with_hook
[INFO] [stdout]    7:     0x60dc92ed1bc2 - std[70759c8f55707aa4]::panicking::panic_handler::{closure#0}
[INFO] [stdout]    8:     0x60dc92eca869 - std[70759c8f55707aa4]::sys::backtrace::__rust_end_short_backtrace::<std[70759c8f55707aa4]::panicking::panic_handler::{closure#0}, !>
[INFO] [stdout]    9:     0x60dc92ed27bd - __rustc[8fa7c3cbc660c2b3]::rust_begin_unwind
[INFO] [stdout]   10:     0x60dc92f0b26c - core[df12db4294e9bfd3]::panicking::panic_fmt
[INFO] [stdout]   11:     0x60dc92f0b042 - core[df12db4294e9bfd3]::result::unwrap_failed
[INFO] [stdout]   12:     0x60dc92e70d85 - <kv_cab[d81483394c605911]::KV<alloc[2182bb758b4b3781]::string::String, kv_cab[d81483394c605911]::Value>>::new
[INFO] [stdout]   13:     0x60dc92e79b48 - <tests[c2fb118cdf65d6a7]::test_remove_none::{closure#0} as core[df12db4294e9bfd3]::ops::function::FnOnce<()>>::call_once
[INFO] [stdout]   14:     0x60dc92e7ca4b - test[9d35eded1c95d3be]::__rust_begin_short_backtrace::<core[df12db4294e9bfd3]::result::Result<(), alloc[2182bb758b4b3781]::string::String>, fn() -> core[df12db4294e9bfd3]::result::Result<(), alloc[2182bb758b4b3781]::string::String>>
[INFO] [stdout]   15:     0x60dc92e8a0b5 - test[9d35eded1c95d3be]::run_test::{closure#0}
[INFO] [stdout]   16:     0x60dc92e83974 - std[70759c8f55707aa4]::sys::backtrace::__rust_begin_short_backtrace::<test[9d35eded1c95d3be]::run_test::{closure#1}, ()>
[INFO] [stdout]   17:     0x60dc92e8d212 - <std[70759c8f55707aa4]::thread::lifecycle::spawn_unchecked<test[9d35eded1c95d3be]::run_test::{closure#1}, ()>::{closure#1} as core[df12db4294e9bfd3]::ops::function::FnOnce<()>>::call_once::{shim:vtable#0}
[INFO] [stdout]   18:     0x60dc92ef5289 - <std[70759c8f55707aa4]::sys::thread::unix::Thread>::new::thread_start
[INFO] [stdout]   19:     0x7ea2585dedfa - <unknown>
[INFO] [stdout]   20:     0x7ea2586723d4 - clone
[INFO] [stdout]   21:                0x0 - <unknown>
[INFO] [stdout] 
[INFO] [stdout] ---- test_get_float stdout ----
[INFO] [stdout] 
[INFO] [stdout] thread 'test_get_float' (418) panicked at src/lib.rs:161:49:
[INFO] [stdout] called `Result::unwrap()` on an `Err` value: CouldntOpen
[INFO] [stdout] stack backtrace:
[INFO] [stdout]    0:     0x60dc92ef59e1 - <<std[70759c8f55707aa4]::sys::backtrace::BacktraceLock>::print::DisplayBacktrace as core[df12db4294e9bfd3]::fmt::Display>::fmt
[INFO] [stdout]    1:     0x60dc92f0ab3a - core[df12db4294e9bfd3]::fmt::write
[INFO] [stdout]    2:     0x60dc92ef9fac - <alloc[2182bb758b4b3781]::vec::Vec<u8> as core[df12db4294e9bfd3]::io::write::Write>::write_fmt
[INFO] [stdout]    3:     0x60dc92ed1b16 - std[70759c8f55707aa4]::panicking::default_hook::{closure#0}
[INFO] [stdout]    4:     0x60dc92eedd69 - std[70759c8f55707aa4]::panicking::default_hook
[INFO] [stdout]    5:     0x60dc92e89760 - test[9d35eded1c95d3be]::test_main_inner::<test[9d35eded1c95d3be]::test_main_static::{closure#0}>::{closure#0}
[INFO] [stdout]    6:     0x60dc92eedf22 - std[70759c8f55707aa4]::panicking::panic_with_hook
[INFO] [stdout]    7:     0x60dc92ed1bc2 - std[70759c8f55707aa4]::panicking::panic_handler::{closure#0}
[INFO] [stdout]    8:     0x60dc92eca869 - std[70759c8f55707aa4]::sys::backtrace::__rust_end_short_backtrace::<std[70759c8f55707aa4]::panicking::panic_handler::{closure#0}, !>
[INFO] [stdout]    9:     0x60dc92ed27bd - __rustc[8fa7c3cbc660c2b3]::rust_begin_unwind
[INFO] [stdout]   10:     0x60dc92f0b26c - core[df12db4294e9bfd3]::panicking::panic_fmt
[INFO] [stdout]   11:     0x60dc92f0b042 - core[df12db4294e9bfd3]::result::unwrap_failed
[INFO] [stdout]   12:     0x60dc92e70d85 - <kv_cab[d81483394c605911]::KV<alloc[2182bb758b4b3781]::string::String, kv_cab[d81483394c605911]::Value>>::new
[INFO] [stdout]   13:     0x60dc92e78f2b - <tests[c2fb118cdf65d6a7]::test_get_float::{closure#0} as core[df12db4294e9bfd3]::ops::function::FnOnce<()>>::call_once
[INFO] [stdout]   14:     0x60dc92e7ca4b - test[9d35eded1c95d3be]::__rust_begin_short_backtrace::<core[df12db4294e9bfd3]::result::Result<(), alloc[2182bb758b4b3781]::string::String>, fn() -> core[df12db4294e9bfd3]::result::Result<(), alloc[2182bb758b4b3781]::string::String>>
[INFO] [stdout]   15:     0x60dc92e8a0b5 - test[9d35eded1c95d3be]::run_test::{closure#0}
[INFO] [stdout]   16:     0x60dc92e83974 - std[70759c8f55707aa4]::sys::backtrace::__rust_begin_short_backtrace::<test[9d35eded1c95d3be]::run_test::{closure#1}, ()>
[INFO] [stdout]   17:     0x60dc92e8d212 - <std[70759c8f55707aa4]::thread::lifecycle::spawn_unchecked<test[9d35eded1c95d3be]::run_test::{closure#1}, ()>::{closure#1} as core[df12db4294e9bfd3]::ops::function::FnOnce<()>>::call_once::{shim:vtable#0}
[INFO] [stdout]   18:     0x60dc92ef5289 - <std[70759c8f55707aa4]::sys::thread::unix::Thread>::new::thread_start
[INFO] [stdout]   19:     0x7ea2585dedfa - <unknown>
[INFO] [stdout]   20:     0x7ea2586723d4 - clone
[INFO] [stdout]   21:                0x0 - <unknown>
[INFO] [stdout] 
[INFO] [stdout] ---- test_multithread_instance_insert stdout ----
[INFO] [stdout] 
[INFO] [stdout] thread '<unnamed>' (437) panicked at src/lib.rs:161:49:
[INFO] [stdout] called `Result::unwrap()` on an `Err` value: CouldntOpen
[INFO] [stdout] stack backtrace:
[INFO] [stdout]    0:     0x60dc92ef59e1 - <<std[70759c8f55707aa4]::sys::backtrace::BacktraceLock>::print::DisplayBacktrace as core[df12db4294e9bfd3]::fmt::Display>::fmt
[INFO] [stdout]    1:     0x60dc92f0ab3a - core[df12db4294e9bfd3]::fmt::write
[INFO] [stdout]    2:     0x60dc92ef9fac - <alloc[2182bb758b4b3781]::vec::Vec<u8> as core[df12db4294e9bfd3]::io::write::Write>::write_fmt
[INFO] [stdout]    3:     0x60dc92ed1b16 - std[70759c8f55707aa4]::panicking::default_hook::{closure#0}
[INFO] [stdout]    4:     0x60dc92eedd69 - std[70759c8f55707aa4]::panicking::default_hook
[INFO] [stdout]    5:     0x60dc92e89760 - test[9d35eded1c95d3be]::test_main_inner::<test[9d35eded1c95d3be]::test_main_static::{closure#0}>::{closure#0}
[INFO] [stdout]    6:     0x60dc92eedf22 - std[70759c8f55707aa4]::panicking::panic_with_hook
[INFO] [stdout]    7:     0x60dc92ed1bc2 - std[70759c8f55707aa4]::panicking::panic_handler::{closure#0}
[INFO] [stdout]    8:     0x60dc92eca869 - std[70759c8f55707aa4]::sys::backtrace::__rust_end_short_backtrace::<std[70759c8f55707aa4]::panicking::panic_handler::{closure#0}, !>
[INFO] [stdout]    9:     0x60dc92ed27bd - __rustc[8fa7c3cbc660c2b3]::rust_begin_unwind
[INFO] [stdout]   10:     0x60dc92f0b26c - core[df12db4294e9bfd3]::panicking::panic_fmt
[INFO] [stdout]   11:     0x60dc92f0b042 - core[df12db4294e9bfd3]::result::unwrap_failed
[INFO] [stdout]   12:     0x60dc92e724fb - <kv_cab[d81483394c605911]::KV<i32, kv_cab[d81483394c605911]::Value>>::new
[INFO] [stdout]   13:     0x60dc92e686e4 - std[70759c8f55707aa4]::sys::backtrace::__rust_begin_short_backtrace::<tests[c2fb118cdf65d6a7]::test_multithread_instance_insert::{closure#1}, ()>
[INFO] [stdout]   14:     0x60dc92e6de11 - <std[70759c8f55707aa4]::thread::lifecycle::spawn_unchecked<tests[c2fb118cdf65d6a7]::test_multithread_instance_insert::{closure#1}, ()>::{closure#1} as core[df12db4294e9bfd3]::ops::function::FnOnce<()>>::call_once::{shim:vtable#0}
[INFO] [stdout]   15:     0x60dc92ef5289 - <std[70759c8f55707aa4]::sys::thread::unix::Thread>::new::thread_start
[INFO] [stdout]   16:     0x7ea2585dedfa - <unknown>
[INFO] [stdout]   17:     0x7ea2586723d4 - clone
[INFO] [stdout]   18:                0x0 - <unknown>
[INFO] [stdout] 
[INFO] [stdout] thread 'test_multithread_instance_insert' (429) panicked at tests/tests.rs:262:5:
[INFO] [stdout] assertion failed: t_2.join().is_ok()
[INFO] [stdout] stack backtrace:
[INFO] [stdout]    0:     0x60dc92ef59e1 - <<std[70759c8f55707aa4]::sys::backtrace::BacktraceLock>::print::DisplayBacktrace as core[df12db4294e9bfd3]::fmt::Display>::fmt
[INFO] [stdout]    1:     0x60dc92f0ab3a - core[df12db4294e9bfd3]::fmt::write
[INFO] [stdout]    2:     0x60dc92ef9fac - <alloc[2182bb758b4b3781]::vec::Vec<u8> as core[df12db4294e9bfd3]::io::write::Write>::write_fmt
[INFO] [stdout]    3:     0x60dc92ed1b16 - std[70759c8f55707aa4]::panicking::default_hook::{closure#0}
[INFO] [stdout]    4:     0x60dc92eedd69 - std[70759c8f55707aa4]::panicking::default_hook
[INFO] [stdout]    5:     0x60dc92e89760 - test[9d35eded1c95d3be]::test_main_inner::<test[9d35eded1c95d3be]::test_main_static::{closure#0}>::{closure#0}
[INFO] [stdout]    6:     0x60dc92eedf22 - std[70759c8f55707aa4]::panicking::panic_with_hook
[INFO] [stdout]    7:     0x60dc92ed1bf4 - std[70759c8f55707aa4]::panicking::panic_handler::{closure#0}
[INFO] [stdout]    8:     0x60dc92eca869 - std[70759c8f55707aa4]::sys::backtrace::__rust_end_short_backtrace::<std[70759c8f55707aa4]::panicking::panic_handler::{closure#0}, !>
[INFO] [stdout]    9:     0x60dc92ed27bd - __rustc[8fa7c3cbc660c2b3]::rust_begin_unwind
[INFO] [stdout]   10:     0x60dc92f0b26c - core[df12db4294e9bfd3]::panicking::panic_fmt
[INFO] [stdout]   11:     0x60dc92f0b232 - core[df12db4294e9bfd3]::panicking::panic
[INFO] [stdout]   12:     0x60dc92e7b2e7 - <tests[c2fb118cdf65d6a7]::test_multithread_instance_insert::{closure#0} as core[df12db4294e9bfd3]::ops::function::FnOnce<()>>::call_once
[INFO] [stdout]   13:     0x60dc92e7ca4b - test[9d35eded1c95d3be]::__rust_begin_short_backtrace::<core[df12db4294e9bfd3]::result::Result<(), alloc[2182bb758b4b3781]::string::String>, fn() -> core[df12db4294e9bfd3]::result::Result<(), alloc[2182bb758b4b3781]::string::String>>
[INFO] [stdout]   14:     0x60dc92e8a0b5 - test[9d35eded1c95d3be]::run_test::{closure#0}
[INFO] [stdout]   15:     0x60dc92e83974 - std[70759c8f55707aa4]::sys::backtrace::__rust_begin_short_backtrace::<test[9d35eded1c95d3be]::run_test::{closure#1}, ()>
[INFO] [stdout]   16:     0x60dc92e8d212 - <std[70759c8f55707aa4]::thread::lifecycle::spawn_unchecked<test[9d35eded1c95d3be]::run_test::{closure#1}, ()>::{closure#1} as core[df12db4294e9bfd3]::ops::function::FnOnce<()>>::call_once::{shim:vtable#0}
[INFO] [stdout]   17:     0x60dc92ef5289 - <std[70759c8f55707aa4]::sys::thread::unix::Thread>::new::thread_start
[INFO] [stdout]   18:     0x7ea2585dedfa - <unknown>
[INFO] [stdout]   19:     0x7ea2586723d4 - clone
[INFO] [stdout]   20:                0x0 - <unknown>
[INFO] [stdout] 
[INFO] [stdout] ---- test_multithread_instance_read_between stdout ----
[INFO] [stdout] 
[INFO] [stdout] thread '<unnamed>' (439) panicked at src/lib.rs:161:49:
[INFO] [stdout] called `Result::unwrap()` on an `Err` value: CouldntOpen
[INFO] [stdout] stack backtrace:
[INFO] [stdout]    0:     0x60dc92ef59e1 - <<std[70759c8f55707aa4]::sys::backtrace::BacktraceLock>::print::DisplayBacktrace as core[df12db4294e9bfd3]::fmt::Display>::fmt
[INFO] [stdout]    1:     0x60dc92f0ab3a - core[df12db4294e9bfd3]::fmt::write
[INFO] [stdout]    2:     0x60dc92ef9fac - <alloc[2182bb758b4b3781]::vec::Vec<u8> as core[df12db4294e9bfd3]::io::write::Write>::write_fmt
[INFO] [stdout]    3:     0x60dc92ed1b16 - std[70759c8f55707aa4]::panicking::default_hook::{closure#0}
[INFO] [stdout]    4:     0x60dc92eedd69 - std[70759c8f55707aa4]::panicking::default_hook
[INFO] [stdout]    5:     0x60dc92e89760 - test[9d35eded1c95d3be]::test_main_inner::<test[9d35eded1c95d3be]::test_main_static::{closure#0}>::{closure#0}
[INFO] [stdout]    6:     0x60dc92eedf22 - std[70759c8f55707aa4]::panicking::panic_with_hook
[INFO] [stdout]    7:     0x60dc92ed1bc2 - std[70759c8f55707aa4]::panicking::panic_handler::{closure#0}
[INFO] [stdout]    8:     0x60dc92eca869 - std[70759c8f55707aa4]::sys::backtrace::__rust_end_short_backtrace::<std[70759c8f55707aa4]::panicking::panic_handler::{closure#0}, !>
[INFO] [stdout]    9:     0x60dc92ed27bd - __rustc[8fa7c3cbc660c2b3]::rust_begin_unwind
[INFO] [stdout]   10:     0x60dc92f0b26c - core[df12db4294e9bfd3]::panicking::panic_fmt
[INFO] [stdout]   11:     0x60dc92f0b042 - core[df12db4294e9bfd3]::result::unwrap_failed
[INFO] [stdout]   12:     0x60dc92e70d85 - <kv_cab[d81483394c605911]::KV<alloc[2182bb758b4b3781]::string::String, kv_cab[d81483394c605911]::Value>>::new
[INFO] [stdout]   13:     0x60dc92e68f5c - std[70759c8f55707aa4]::sys::backtrace::__rust_begin_short_backtrace::<tests[c2fb118cdf65d6a7]::test_multithread_instance_read_between::{closure#1}, ()>
[INFO] [stdout]   14:     0x60dc92e6e4d1 - <std[70759c8f55707aa4]::thread::lifecycle::spawn_unchecked<tests[c2fb118cdf65d6a7]::test_multithread_instance_read_between::{closure#1}, ()>::{closure#1} as core[df12db4294e9bfd3]::ops::function::FnOnce<()>>::call_once::{shim:vtable#0}
[INFO] [stdout]   15:     0x60dc92ef5289 - <std[70759c8f55707aa4]::sys::thread::unix::Thread>::new::thread_start
[INFO] [stdout]   16:     0x7ea2585dedfa - <unknown>
[INFO] [stdout]   17:     0x7ea2586723d4 - clone
[INFO] [stdout]   18:                0x0 - <unknown>
[INFO] [stdout] 
[INFO] [stdout] thread '<unnamed>' (438) panicked at src/lib.rs:161:49:
[INFO] [stdout] called `Result::unwrap()` on an `Err` value: CouldntOpen
[INFO] [stdout] stack backtrace:
[INFO] [stdout]    0:     0x60dc92ef59e1 - <<std[70759c8f55707aa4]::sys::backtrace::BacktraceLock>::print::DisplayBacktrace as core[df12db4294e9bfd3]::fmt::Display>::fmt
[INFO] [stdout]    1:     0x60dc92f0ab3a - core[df12db4294e9bfd3]::fmt::write
[INFO] [stdout]    2:     0x60dc92ef9fac - <alloc[2182bb758b4b3781]::vec::Vec<u8> as core[df12db4294e9bfd3]::io::write::Write>::write_fmt
[INFO] [stdout]    3:     0x60dc92ed1b16 - std[70759c8f55707aa4]::panicking::default_hook::{closure#0}
[INFO] [stdout]    4:     0x60dc92eedd69 - std[70759c8f55707aa4]::panicking::default_hook
[INFO] [stdout]    5:     0x60dc92e89760 - test[9d35eded1c95d3be]::test_main_inner::<test[9d35eded1c95d3be]::test_main_static::{closure#0}>::{closure#0}
[INFO] [stdout]    6:     0x60dc92eedf22 - std[70759c8f55707aa4]::panicking::panic_with_hook
[INFO] [stdout]    7:     0x60dc92ed1bc2 - std[70759c8f55707aa4]::panicking::panic_handler::{closure#0}
[INFO] [stdout]    8:     0x60dc92eca869 - std[70759c8f55707aa4]::sys::backtrace::__rust_end_short_backtrace::<std[70759c8f55707aa4]::panicking::panic_handler::{closure#0}, !>
[INFO] [stdout]    9:     0x60dc92ed27bd - __rustc[8fa7c3cbc660c2b3]::rust_begin_unwind
[INFO] [stdout]   10:     0x60dc92f0b26c - core[df12db4294e9bfd3]::panicking::panic_fmt
[INFO] [stdout]   11:     0x60dc92f0b042 - core[df12db4294e9bfd3]::result::unwrap_failed
[INFO] [stdout]   12:     0x60dc92e70d85 - <kv_cab[d81483394c605911]::KV<alloc[2182bb758b4b3781]::string::String, kv_cab[d81483394c605911]::Value>>::new
[INFO] [stdout]   13:     0x60dc92e68d90 - std[70759c8f55707aa4]::sys::backtrace::__rust_begin_short_backtrace::<tests[c2fb118cdf65d6a7]::test_multithread_instance_read_between::{closure#0}, ()>
[INFO] [stdout]   14:     0x60dc92e6e3b1 - <std[70759c8f55707aa4]::thread::lifecycle::spawn_unchecked<tests[c2fb118cdf65d6a7]::test_multithread_instance_read_between::{closure#0}, ()>::{closure#1} as core[df12db4294e9bfd3]::ops::function::FnOnce<()>>::call_once::{shim:vtable#0}
[INFO] [stdout]   15:     0x60dc92ef5289 - <std[70759c8f55707aa4]::sys::thread::unix::Thread>::new::thread_start
[INFO] [stdout]   16:     0x7ea2585dedfa - <unknown>
[INFO] [stdout]   17:     0x7ea2586723d4 - clone
[INFO] [stdout]   18:                0x0 - <unknown>
[INFO] [stdout] 
[INFO] [stdout] thread 'test_multithread_instance_read_between' (430) panicked at tests/tests.rs:335:5:
[INFO] [stdout] assertion failed: t_2.join().is_ok()
[INFO] [stdout] stack backtrace:
[INFO] [stdout]    0:     0x60dc92ef59e1 - <<std[70759c8f55707aa4]::sys::backtrace::BacktraceLock>::print::DisplayBacktrace as core[df12db4294e9bfd3]::fmt::Display>::fmt
[INFO] [stdout]    1:     0x60dc92f0ab3a - core[df12db4294e9bfd3]::fmt::write
[INFO] [stdout]    2:     0x60dc92ef9fac - <alloc[2182bb758b4b3781]::vec::Vec<u8> as core[df12db4294e9bfd3]::io::write::Write>::write_fmt
[INFO] [stdout]    3:     0x60dc92ed1b16 - std[70759c8f55707aa4]::panicking::default_hook::{closure#0}
[INFO] [stdout]    4:     0x60dc92eedd69 - std[70759c8f55707aa4]::panicking::default_hook
[INFO] [stdout]    5:     0x60dc92e89760 - test[9d35eded1c95d3be]::test_main_inner::<test[9d35eded1c95d3be]::test_main_static::{closure#0}>::{closure#0}
[INFO] [stdout]    6:     0x60dc92eedf22 - std[70759c8f55707aa4]::panicking::panic_with_hook
[INFO] [stdout]    7:     0x60dc92ed1bf4 - std[70759c8f55707aa4]::panicking::panic_handler::{closure#0}
[INFO] [stdout]    8:     0x60dc92eca869 - std[70759c8f55707aa4]::sys::backtrace::__rust_end_short_backtrace::<std[70759c8f55707aa4]::panicking::panic_handler::{closure#0}, !>
[INFO] [stdout]    9:     0x60dc92ed27bd - __rustc[8fa7c3cbc660c2b3]::rust_begin_unwind
[INFO] [stdout]   10:     0x60dc92f0b26c - core[df12db4294e9bfd3]::panicking::panic_fmt
[INFO] [stdout]   11:     0x60dc92f0b232 - core[df12db4294e9bfd3]::panicking::panic
[INFO] [stdout]   12:     0x60dc92e7bf37 - <tests[c2fb118cdf65d6a7]::test_multithread_instance_read_between::{closure#0} as core[df12db4294e9bfd3]::ops::function::FnOnce<()>>::call_once
[INFO] [stdout]   13:     0x60dc92e7ca4b - test[9d35eded1c95d3be]::__rust_begin_short_backtrace::<core[df12db4294e9bfd3]::result::Result<(), alloc[2182bb758b4b3781]::string::String>, fn() -> core[df12db4294e9bfd3]::result::Result<(), alloc[2182bb758b4b3781]::string::String>>
[INFO] [stdout]   14:     0x60dc92e8a0b5 - test[9d35eded1c95d3be]::run_test::{closure#0}
[INFO] [stdout]   15:     0x60dc92e83974 - std[70759c8f55707aa4]::sys::backtrace::__rust_begin_short_backtrace::<test[9d35eded1c95d3be]::run_test::{closure#1}, ()>
[INFO] [stdout]   16:     0x60dc92e8d212 - <std[70759c8f55707aa4]::thread::lifecycle::spawn_unchecked<test[9d35eded1c95d3be]::run_test::{closure#1}, ()>::{closure#1} as core[df12db4294e9bfd3]::ops::function::FnOnce<()>>::call_once::{shim:vtable#0}
[INFO] [stdout]   17:     0x60dc92ef5289 - <std[70759c8f55707aa4]::sys::thread::unix::Thread>::new::thread_start
[INFO] [stdout]   18:     0x7ea2585dedfa - <unknown>
[INFO] [stdout]   19:     0x7ea2586723d4 - clone
[INFO] [stdout]   20:                0x0 - <unknown>
[INFO] [stdout] 
[INFO] [stdout] 
[INFO] [stdout] failures:
[INFO] [stdout]     test_create
[INFO] [stdout]     test_create_wrong_type
[INFO] [stdout]     test_get_float
[INFO] [stdout]     test_get_int
[INFO] [stdout]     test_get_none
[INFO] [stdout]     test_get_string
[INFO] [stdout]     test_insert_float
[INFO] [stdout]     test_insert_int
[INFO] [stdout]     test_insert_string
[INFO] [stdout]     test_keys
[INFO] [stdout]     test_kv_all
[INFO] [stdout]     test_multi_instance
[INFO] [stdout]     test_multithread_instance
[INFO] [stdout]     test_multithread_instance_insert
[INFO] [stdout]     test_multithread_instance_read_between
[INFO] [stdout]     test_multithread_many_instance_insert
[INFO] [stdout]     test_remove
[INFO] [stdout]     test_remove_none
[INFO] [stdout] 
[INFO] [stdout] test result: FAILED. 0 passed; 18 failed; 0 ignored; 0 measured; 0 filtered out; finished in 0.02s
[INFO] [stdout] 
[INFO] running `Command { std: "docker" "inspect" "4f98fa1a94a5edc48af966444bb8e8b0a6d9ae19885bdfd79f5d1caa674a4045", kill_on_drop: false }`
[INFO] running `Command { std: "docker" "rm" "-f" "4f98fa1a94a5edc48af966444bb8e8b0a6d9ae19885bdfd79f5d1caa674a4045", kill_on_drop: false }`
[INFO] [stdout] 4f98fa1a94a5edc48af966444bb8e8b0a6d9ae19885bdfd79f5d1caa674a4045
