[INFO] fetching crate kv 0.24.0...
[INFO] testing kv-0.24.0 against 1.99.0-beta.8+cargoflags=--release for beta-release-1.100-2
[INFO] extracting crate kv 0.24.0 into /workspace/builds/worker-0-tc1/source
[INFO] started tweaking crates.io crate kv 0.24.0
[INFO] finished tweaking crates.io crate kv 0.24.0
[INFO] tweaked toml for crates.io crate kv 0.24.0 written to /workspace/builds/worker-0-tc1/source/Cargo.toml
[INFO] validating manifest of crates.io crate kv 0.24.0 on toolchain 1.99.0-beta.8
[INFO] running `Command { std: CARGO_HOME="/workspace/cargo-home" RUSTUP_HOME="/workspace/rustup-home" "/workspace/cargo-home/bin/cargo" "+1.99.0-beta.8" "metadata" "--manifest-path" "Cargo.toml" "--no-deps", kill_on_drop: false }`
[INFO] running `Command { std: CARGO_HOME="/workspace/cargo-home" RUSTUP_HOME="/workspace/rustup-home" "/workspace/cargo-home/bin/cargo" "+1.99.0-beta.8" "generate-lockfile" "--manifest-path" "Cargo.toml", kill_on_drop: false }`
[INFO] [stderr]     Updating crates.io index
[INFO] [stderr]      Locking 55 packages to highest compatible versions
[INFO] [stderr]       Adding bincode v1.3.3 (available: v3.0.0)
[INFO] [stderr]       Adding thiserror v1.0.69 (available: v2.0.21)
[INFO] [stderr]       Adding toml v0.5.11 (available: v1.1.8+spec-1.1.0)
[INFO] [stderr]       Adding zstd-safe v4.1.3+zstd.1.5.1 (available: v4.1.6+zstd.1.5.2)
[INFO] [stderr]       Adding zstd-sys v1.6.2+zstd.1.5.1 (available: v1.6.3+zstd.1.5.2)
[INFO] running `Command { std: CARGO_HOME="/workspace/cargo-home" RUSTUP_HOME="/workspace/rustup-home" "/workspace/cargo-home/bin/cargo" "+1.99.0-beta.8" "fetch" "--manifest-path" "Cargo.toml", kill_on_drop: false }`
[INFO] [stderr]  Downloading crates ...
[INFO] [stderr]   Downloaded thiserror v1.0.69
[INFO] [stderr]   Downloaded thiserror-impl v1.0.69
[INFO] [stderr]   Downloaded toml v0.5.11
[INFO] [stderr]   Downloaded cfg-if v1.0.5
[INFO] [stderr]   Downloaded fxhash v0.2.1
[INFO] [stderr]   Downloaded fs2 v0.4.3
[INFO] [stderr]   Downloaded serde-lexpr v0.1.3
[INFO] [stderr]   Downloaded lexpr-macros v0.2.2
[INFO] [stderr]   Downloaded instant v0.1.13
[INFO] [stderr]   Downloaded autocfg v1.5.1
[INFO] [stderr]   Downloaded zstd-safe v4.1.3+zstd.1.5.1
[INFO] [stderr]   Downloaded zstd v0.9.2+zstd.1.5.1
[INFO] [stderr]   Downloaded jobserver v0.1.35
[INFO] [stderr]   Downloaded find-msvc-tools v0.1.14
[INFO] [stderr]   Downloaded parking_lot_core v0.8.6
[INFO] [stderr]   Downloaded rmp-serde v1.3.1
[INFO] [stderr]   Downloaded rmp v0.8.15
[INFO] [stderr]   Downloaded parking_lot v0.11.2
[INFO] [stderr]   Downloaded smallvec v1.16.3
[INFO] [stderr]   Downloaded crossbeam-epoch v0.9.21
[INFO] [stderr]   Downloaded getrandom v0.4.3
[INFO] [stderr]   Downloaded log v0.4.34
[INFO] [stderr]   Downloaded crossbeam-utils v0.8.23
[INFO] [stderr]   Downloaded ryu v1.0.23
[INFO] [stderr]   Downloaded crc32fast v1.5.2
[INFO] [stderr]   Downloaded lexpr v0.2.7
[INFO] [stderr]   Downloaded cc v1.8.0
[INFO] [stderr]   Downloaded syn v2.0.119
[INFO] [stderr]   Downloaded sled v0.34.7
[INFO] [stderr]   Downloaded zstd-sys v1.6.2+zstd.1.5.1
[INFO] [stderr]   Downloaded libc v0.2.191
[INFO] running `Command { std: "docker" "create" "-v" "/var/lib/crater-agent-workspace/builds/worker-0-tc1/source:/opt/rustwide/workdir:ro,Z" "-v" "/var/lib/crater-agent-workspace/builds/worker-0-tc1/target:/opt/rustwide/target:rw,Z" "-v" "/var/lib/crater-agent-workspace/cargo-home:/opt/rustwide/cargo-home:ro,Z" "-v" "/var/lib/crater-agent-workspace/rustup-home:/opt/rustwide/rustup-home:ro,Z" "-m" "1610612736" "--network" "none" "ghcr.io/rust-lang/crates-build-env/linux@sha256:77db811e55d90add9212f6832c23229e3de5f1c1f9905e8cb07319ea15df73ac" "sleep" "infinity", kill_on_drop: false }`
[INFO] [stdout] 37a78719d5057a730f2870dd38ff58b894643c77454958d37e2e2e26c96dce53
[INFO] running `Command { std: "docker" "start" "37a78719d5057a730f2870dd38ff58b894643c77454958d37e2e2e26c96dce53", kill_on_drop: false }`
[INFO] running `Command { std: "docker" "inspect" "37a78719d5057a730f2870dd38ff58b894643c77454958d37e2e2e26c96dce53", kill_on_drop: false }`
[INFO] running `Command { std: "docker" "exec" "-e" "SOURCE_DIR=/opt/rustwide/workdir" "-e" "CARGO_HOME=/opt/rustwide/cargo-home" "-e" "RUSTUP_HOME=/opt/rustwide/rustup-home" "-e" "CARGO_TARGET_DIR=/opt/rustwide/target" "-w" "/opt/rustwide/workdir" "--user" "0:0" "37a78719d5057a730f2870dd38ff58b894643c77454958d37e2e2e26c96dce53" "/opt/rustwide/cargo-home/bin/cargo" "+1.99.0-beta.8" "metadata" "--no-deps" "--format-version=1", kill_on_drop: false }`
[INFO] running `Command { std: "docker" "inspect" "37a78719d5057a730f2870dd38ff58b894643c77454958d37e2e2e26c96dce53", kill_on_drop: false }`
[INFO] running `Command { std: "docker" "exec" "-e" "SOURCE_DIR=/opt/rustwide/workdir" "-e" "CARGO_HOME=/opt/rustwide/cargo-home" "-e" "RUSTUP_HOME=/opt/rustwide/rustup-home" "-e" "CARGO_TARGET_DIR=/opt/rustwide/target" "-e" "CARGO_INCREMENTAL=0" "-e" "RUST_BACKTRACE=full" "-e" "RUSTFLAGS=--cap-lints=warn" "-e" "RUSTDOCFLAGS=--cap-lints=warn" "-w" "/opt/rustwide/workdir" "--user" "0:0" "37a78719d5057a730f2870dd38ff58b894643c77454958d37e2e2e26c96dce53" "/opt/rustwide/cargo-home/bin/cargo" "+1.99.0-beta.8" "build" "--frozen" "--message-format=json" "--release", kill_on_drop: false }`
[INFO] [stderr]    Compiling proc-macro2 v1.0.107
[INFO] [stderr]    Compiling unicode-ident v1.0.27
[INFO] [stderr]    Compiling quote v1.0.47
[INFO] [stderr]    Compiling libc v0.2.191
[INFO] [stderr]    Compiling cfg-if v1.0.5
[INFO] [stderr]    Compiling serde_core v1.0.229
[INFO] [stderr]    Compiling crossbeam-utils v0.8.23
[INFO] [stderr]    Compiling parking_lot_core v0.8.6
[INFO] [stderr]    Compiling instant v0.1.13
[INFO] [stderr]    Compiling crossbeam-epoch v0.9.21
[INFO] [stderr]    Compiling serde v1.0.229
[INFO] [stderr]    Compiling crc32fast v1.5.2
[INFO] [stderr]    Compiling smallvec v1.16.3
[INFO] [stderr]    Compiling thiserror v1.0.69
[INFO] [stderr]    Compiling byteorder v1.5.0
[INFO] [stderr]    Compiling log v0.4.34
[INFO] [stderr]    Compiling pin-project-lite v0.2.17
[INFO] [stderr]    Compiling fxhash v0.2.1
[INFO] [stderr]    Compiling syn v3.0.9
[INFO] [stderr]    Compiling syn v2.0.119
[INFO] [stderr]    Compiling fs2 v0.4.3
[INFO] [stderr]    Compiling parking_lot v0.11.2
[INFO] [stderr]    Compiling sled v0.34.7
[INFO] [stderr]    Compiling thiserror-impl v1.0.69
[INFO] [stderr]    Compiling serde_derive v1.0.229
[INFO] [stderr]    Compiling toml v0.5.11
[INFO] [stderr]    Compiling kv v0.24.0 (/opt/rustwide/workdir)
[INFO] [stdout] warning: unnecessary transmute
[INFO] [stdout]   --> src/key.rs:59:26
[INFO] [stdout]    |
[INFO] [stdout] 59 |         unsafe { Integer(mem::transmute(i.to_be())) }
[INFO] [stdout]    |                          ^^^^^^^^^^^^^^^^^^^^^^^^^
[INFO] [stdout]    |
[INFO] [stdout]    = help: there's also `to_le_bytes` and `to_be_bytes` if you expect a particular byte order
[INFO] [stdout]    = note: `#[warn(unnecessary_transmutes)]` on by default
[INFO] [stdout] help: replace this with
[INFO] [stdout]    |
[INFO] [stdout] 59 -         unsafe { Integer(mem::transmute(i.to_be())) }
[INFO] [stdout] 59 +         unsafe { Integer(u128::to_ne_bytes(i.to_be())) }
[INFO] [stdout]    |
[INFO] [stdout] 
[INFO] [stdout] 
[INFO] [stdout] warning: unnecessary transmute
[INFO] [stdout]   --> src/key.rs:99:32
[INFO] [stdout]    |
[INFO] [stdout] 99 |         u128::from_be(unsafe { mem::transmute(i.0) })
[INFO] [stdout]    |                                ^^^^^^^^^^^^^^^^^^^
[INFO] [stdout]    |
[INFO] [stdout]    = help: there's also `from_le_bytes` and `from_be_bytes` if you expect a particular byte order
[INFO] [stdout] help: replace this with
[INFO] [stdout]    |
[INFO] [stdout] 99 -         u128::from_be(unsafe { mem::transmute(i.0) })
[INFO] [stdout] 99 +         u128::from_be(unsafe { u128::from_ne_bytes(i.0) })
[INFO] [stdout]    |
[INFO] [stdout] 
[INFO] [stdout] 
[INFO] [stderr]     Finished `release` profile [optimized] target(s) in 37.57s
[INFO] running `Command { std: "docker" "inspect" "37a78719d5057a730f2870dd38ff58b894643c77454958d37e2e2e26c96dce53", kill_on_drop: false }`
[INFO] running `Command { std: "docker" "exec" "-e" "SOURCE_DIR=/opt/rustwide/workdir" "-e" "CARGO_HOME=/opt/rustwide/cargo-home" "-e" "RUSTUP_HOME=/opt/rustwide/rustup-home" "-e" "CARGO_TARGET_DIR=/opt/rustwide/target" "-e" "CARGO_INCREMENTAL=0" "-e" "RUST_BACKTRACE=full" "-e" "RUSTFLAGS=--cap-lints=warn" "-e" "RUSTDOCFLAGS=--cap-lints=warn" "-w" "/opt/rustwide/workdir" "--user" "0:0" "37a78719d5057a730f2870dd38ff58b894643c77454958d37e2e2e26c96dce53" "/opt/rustwide/cargo-home/bin/cargo" "+1.99.0-beta.8" "test" "--frozen" "--no-run" "--message-format=json" "--release", kill_on_drop: false }`
[INFO] [stdout] warning: unnecessary transmute
[INFO] [stdout]   --> src/key.rs:59:26
[INFO] [stdout]    |
[INFO] [stdout] 59 |         unsafe { Integer(mem::transmute(i.to_be())) }
[INFO] [stdout]    |                          ^^^^^^^^^^^^^^^^^^^^^^^^^
[INFO] [stdout]    |
[INFO] [stdout]    = help: there's also `to_le_bytes` and `to_be_bytes` if you expect a particular byte order
[INFO] [stdout]    = note: `#[warn(unnecessary_transmutes)]` on by default
[INFO] [stdout] help: replace this with
[INFO] [stdout]    |
[INFO] [stdout] 59 -         unsafe { Integer(mem::transmute(i.to_be())) }
[INFO] [stdout] 59 +         unsafe { Integer(u128::to_ne_bytes(i.to_be())) }
[INFO] [stdout]    |
[INFO] [stdout] 
[INFO] [stdout] 
[INFO] [stdout] warning: unnecessary transmute
[INFO] [stdout]   --> src/key.rs:99:32
[INFO] [stdout]    |
[INFO] [stdout] 99 |         u128::from_be(unsafe { mem::transmute(i.0) })
[INFO] [stdout]    |                                ^^^^^^^^^^^^^^^^^^^
[INFO] [stdout]    |
[INFO] [stdout]    = help: there's also `from_le_bytes` and `from_be_bytes` if you expect a particular byte order
[INFO] [stdout] help: replace this with
[INFO] [stdout]    |
[INFO] [stdout] 99 -         u128::from_be(unsafe { mem::transmute(i.0) })
[INFO] [stdout] 99 +         u128::from_be(unsafe { u128::from_ne_bytes(i.0) })
[INFO] [stdout]    |
[INFO] [stdout] 
[INFO] [stdout] 
[INFO] [stderr]    Compiling kv v0.24.0 (/opt/rustwide/workdir)
[INFO] [stdout] warning: unnecessary transmute
[INFO] [stdout]   --> src/key.rs:59:26
[INFO] [stdout]    |
[INFO] [stdout] 59 |         unsafe { Integer(mem::transmute(i.to_be())) }
[INFO] [stdout]    |                          ^^^^^^^^^^^^^^^^^^^^^^^^^
[INFO] [stdout]    |
[INFO] [stdout]    = help: there's also `to_le_bytes` and `to_be_bytes` if you expect a particular byte order
[INFO] [stdout]    = note: `#[warn(unnecessary_transmutes)]` on by default
[INFO] [stdout] help: replace this with
[INFO] [stdout]    |
[INFO] [stdout] 59 -         unsafe { Integer(mem::transmute(i.to_be())) }
[INFO] [stdout] 59 +         unsafe { Integer(u128::to_ne_bytes(i.to_be())) }
[INFO] [stdout]    |
[INFO] [stdout] 
[INFO] [stdout] 
[INFO] [stdout] warning: unnecessary transmute
[INFO] [stdout]   --> src/key.rs:99:32
[INFO] [stdout]    |
[INFO] [stdout] 99 |         u128::from_be(unsafe { mem::transmute(i.0) })
[INFO] [stdout]    |                                ^^^^^^^^^^^^^^^^^^^
[INFO] [stdout]    |
[INFO] [stdout]    = help: there's also `from_le_bytes` and `from_be_bytes` if you expect a particular byte order
[INFO] [stdout] help: replace this with
[INFO] [stdout]    |
[INFO] [stdout] 99 -         u128::from_be(unsafe { mem::transmute(i.0) })
[INFO] [stdout] 99 +         u128::from_be(unsafe { u128::from_ne_bytes(i.0) })
[INFO] [stdout]    |
[INFO] [stdout] 
[INFO] [stdout] 
[INFO] [stderr]     Finished `release` profile [optimized] target(s) in 2.77s
[INFO] running `Command { std: "docker" "inspect" "37a78719d5057a730f2870dd38ff58b894643c77454958d37e2e2e26c96dce53", kill_on_drop: false }`
[INFO] running `Command { std: "docker" "exec" "-e" "SOURCE_DIR=/opt/rustwide/workdir" "-e" "CARGO_HOME=/opt/rustwide/cargo-home" "-e" "RUSTUP_HOME=/opt/rustwide/rustup-home" "-e" "CARGO_TARGET_DIR=/opt/rustwide/target" "-e" "CARGO_INCREMENTAL=0" "-e" "RUST_BACKTRACE=full" "-e" "RUSTFLAGS=--cap-lints=warn" "-e" "RUSTDOCFLAGS=--cap-lints=warn" "-w" "/opt/rustwide/workdir" "--user" "0:0" "37a78719d5057a730f2870dd38ff58b894643c77454958d37e2e2e26c96dce53" "/opt/rustwide/cargo-home/bin/cargo" "+1.99.0-beta.8" "test" "--frozen" "--release", kill_on_drop: false }`
[INFO] [stderr] warning: unnecessary transmute
[INFO] [stderr]   --> src/key.rs:59:26
[INFO] [stderr]    |
[INFO] [stderr] 59 |         unsafe { Integer(mem::transmute(i.to_be())) }
[INFO] [stderr]    |                          ^^^^^^^^^^^^^^^^^^^^^^^^^
[INFO] [stderr]    |
[INFO] [stderr]    = help: there's also `to_le_bytes` and `to_be_bytes` if you expect a particular byte order
[INFO] [stderr]    = note: `#[warn(unnecessary_transmutes)]` on by default
[INFO] [stderr] help: replace this with
[INFO] [stderr]    |
[INFO] [stderr] 59 -         unsafe { Integer(mem::transmute(i.to_be())) }
[INFO] [stderr] 59 +         unsafe { Integer(u128::to_ne_bytes(i.to_be())) }
[INFO] [stderr]    |
[INFO] [stderr] 
[INFO] [stderr] warning: unnecessary transmute
[INFO] [stderr]   --> src/key.rs:99:32
[INFO] [stderr]    |
[INFO] [stderr] 99 |         u128::from_be(unsafe { mem::transmute(i.0) })
[INFO] [stderr]    |                                ^^^^^^^^^^^^^^^^^^^
[INFO] [stderr]    |
[INFO] [stderr]    = help: there's also `from_le_bytes` and `from_be_bytes` if you expect a particular byte order
[INFO] [stderr] help: replace this with
[INFO] [stderr]    |
[INFO] [stderr] 99 -         u128::from_be(unsafe { mem::transmute(i.0) })
[INFO] [stderr] 99 +         u128::from_be(unsafe { u128::from_ne_bytes(i.0) })
[INFO] [stderr]    |
[INFO] [stderr] 
[INFO] [stderr] warning: `kv` (lib) generated 2 warnings (run `cargo fix --lib -p kv` to apply 2 suggestions)
[INFO] [stderr] warning: `kv` (lib test) generated 2 warnings (2 duplicates)
[INFO] [stderr]     Finished `release` profile [optimized] target(s) in 0.09s
[INFO] [stderr]      Running unittests src/lib.rs (/opt/rustwide/target/release/deps/kv-0cb261c49ca57cc0)
[INFO] [stdout] 
[INFO] [stdout] running 5 tests
[INFO] [stdout] test tests::test_config_encoding ... FAILED
[INFO] [stdout] test tests::test_iter ... FAILED
[INFO] [stdout] test tests::test_watch ... FAILED
[INFO] [stdout] test tests::test_integer_keys ... FAILED
[INFO] [stdout] test tests::test_basic ... FAILED
[INFO] [stdout] 
[INFO] [stdout] failures:
[INFO] [stdout] 
[INFO] [stdout] ---- tests::test_config_encoding stdout ----
[INFO] [stdout] 
[INFO] [stdout] thread 'tests::test_config_encoding' (732) panicked at src/tests.rs:216:26:
[INFO] [stdout] called `Result::unwrap()` on an `Err` value: IO(Os { code: 30, kind: ReadOnlyFilesystem, message: "Read-only file system" })
[INFO] [stdout] stack backtrace:
[INFO] [stdout]    0:     0x5e70cd3ad4d1 - <<std[70759c8f55707aa4]::sys::backtrace::BacktraceLock>::print::DisplayBacktrace as core[df12db4294e9bfd3]::fmt::Display>::fmt
[INFO] [stderr] error: test failed, to rerun pass `--lib`
[INFO] [stdout]    1:     0x5e70cd3c3f3a - core[df12db4294e9bfd3]::fmt::write
[INFO] [stdout]    2:     0x5e70cd3b1e4c - <alloc[2182bb758b4b3781]::vec::Vec<u8> as core[df12db4294e9bfd3]::io::write::Write>::write_fmt
[INFO] [stdout]    3:     0x5e70cd387456 - std[70759c8f55707aa4]::panicking::default_hook::{closure#0}
[INFO] [stdout]    4:     0x5e70cd3a49f9 - std[70759c8f55707aa4]::panicking::default_hook
[INFO] [stdout]    5:     0x5e70cd2b1eb0 - test[9d35eded1c95d3be]::test_main_inner::<test[9d35eded1c95d3be]::test_main_static::{closure#0}>::{closure#0}
[INFO] [stdout]    6:     0x5e70cd3a4bb2 - std[70759c8f55707aa4]::panicking::panic_with_hook
[INFO] [stdout]    7:     0x5e70cd387502 - std[70759c8f55707aa4]::panicking::panic_handler::{closure#0}
[INFO] [stdout]    8:     0x5e70cd380039 - std[70759c8f55707aa4]::sys::backtrace::__rust_end_short_backtrace::<std[70759c8f55707aa4]::panicking::panic_handler::{closure#0}, !>
[INFO] [stdout]    9:     0x5e70cd3881ed - __rustc[8fa7c3cbc660c2b3]::rust_begin_unwind
[INFO] [stdout]   10:     0x5e70cd3c466c - core[df12db4294e9bfd3]::panicking::panic_fmt
[INFO] [stdout]   11:     0x5e70cd3c4442 - core[df12db4294e9bfd3]::result::unwrap_failed
[INFO] [stdout]   12:     0x5e70cd28e1e8 - kv[315fbed66b82de25]::tests::test_config_encoding
[INFO] [stdout]   13:     0x5e70cd296f39 - <kv[315fbed66b82de25]::tests::test_config_encoding::{closure#0} as core[df12db4294e9bfd3]::ops::function::FnOnce<()>>::call_once
[INFO] [stdout]   14:     0x5e70cd2a519b - test[9d35eded1c95d3be]::__rust_begin_short_backtrace::<core[df12db4294e9bfd3]::result::Result<(), alloc[2182bb758b4b3781]::string::String>, fn() -> core[df12db4294e9bfd3]::result::Result<(), alloc[2182bb758b4b3781]::string::String>>
[INFO] [stdout]   15:     0x5e70cd2b2805 - test[9d35eded1c95d3be]::run_test::{closure#0}
[INFO] [stdout]   16:     0x5e70cd2ac0c4 - std[70759c8f55707aa4]::sys::backtrace::__rust_begin_short_backtrace::<test[9d35eded1c95d3be]::run_test::{closure#1}, ()>
[INFO] [stdout]   17:     0x5e70cd2b5962 - <std[70759c8f55707aa4]::thread::lifecycle::spawn_unchecked<test[9d35eded1c95d3be]::run_test::{closure#1}, ()>::{closure#1} as core[df12db4294e9bfd3]::ops::function::FnOnce<()>>::call_once::{shim:vtable#0}
[INFO] [stdout]   18:     0x5e70cd3accc9 - <std[70759c8f55707aa4]::sys::thread::unix::Thread>::new::thread_start
[INFO] [stdout]   19:     0x7ddfd4841dfa - <unknown>
[INFO] [stdout]   20:     0x7ddfd48d53d4 - clone
[INFO] [stdout]   21:                0x0 - <unknown>
[INFO] [stdout] 
[INFO] [stdout] ---- tests::test_iter stdout ----
[INFO] [stdout] 
[INFO] [stdout] thread 'tests::test_iter' (734) panicked at src/tests.rs:46:33:
[INFO] [stdout] called `Result::unwrap()` on an `Err` value: Sled(Io(Os { code: 30, kind: ReadOnlyFilesystem, message: "Read-only file system" }))
[INFO] [stdout] stack backtrace:
[INFO] [stdout]    0:     0x5e70cd3ad4d1 - <<std[70759c8f55707aa4]::sys::backtrace::BacktraceLock>::print::DisplayBacktrace as core[df12db4294e9bfd3]::fmt::Display>::fmt
[INFO] [stdout]    1:     0x5e70cd3c3f3a - core[df12db4294e9bfd3]::fmt::write
[INFO] [stdout]    2:     0x5e70cd3b1e4c - <alloc[2182bb758b4b3781]::vec::Vec<u8> as core[df12db4294e9bfd3]::io::write::Write>::write_fmt
[INFO] [stdout]    3:     0x5e70cd387456 - std[70759c8f55707aa4]::panicking::default_hook::{closure#0}
[INFO] [stdout]    4:     0x5e70cd3a49f9 - std[70759c8f55707aa4]::panicking::default_hook
[INFO] [stdout]    5:     0x5e70cd2b1eb0 - test[9d35eded1c95d3be]::test_main_inner::<test[9d35eded1c95d3be]::test_main_static::{closure#0}>::{closure#0}
[INFO] [stdout]    6:     0x5e70cd3a4bb2 - std[70759c8f55707aa4]::panicking::panic_with_hook
[INFO] [stdout]    7:     0x5e70cd387502 - std[70759c8f55707aa4]::panicking::panic_handler::{closure#0}
[INFO] [stdout]    8:     0x5e70cd380039 - std[70759c8f55707aa4]::sys::backtrace::__rust_end_short_backtrace::<std[70759c8f55707aa4]::panicking::panic_handler::{closure#0}, !>
[INFO] [stdout]    9:     0x5e70cd3881ed - __rustc[8fa7c3cbc660c2b3]::rust_begin_unwind
[INFO] [stdout]   10:     0x5e70cd3c466c - core[df12db4294e9bfd3]::panicking::panic_fmt
[INFO] [stdout]   11:     0x5e70cd3c4442 - core[df12db4294e9bfd3]::result::unwrap_failed
[INFO] [stdout]   12:     0x5e70cd28ec2f - kv[315fbed66b82de25]::tests::test_iter
[INFO] [stdout]   13:     0x5e70cd296f59 - <kv[315fbed66b82de25]::tests::test_iter::{closure#0} as core[df12db4294e9bfd3]::ops::function::FnOnce<()>>::call_once
[INFO] [stdout]   14:     0x5e70cd2a519b - test[9d35eded1c95d3be]::__rust_begin_short_backtrace::<core[df12db4294e9bfd3]::result::Result<(), alloc[2182bb758b4b3781]::string::String>, fn() -> core[df12db4294e9bfd3]::result::Result<(), alloc[2182bb758b4b3781]::string::String>>
[INFO] [stdout]   15:     0x5e70cd2b2805 - test[9d35eded1c95d3be]::run_test::{closure#0}
[INFO] [stdout]   16:     0x5e70cd2ac0c4 - std[70759c8f55707aa4]::sys::backtrace::__rust_begin_short_backtrace::<test[9d35eded1c95d3be]::run_test::{closure#1}, ()>
[INFO] [stdout]   17:     0x5e70cd2b5962 - <std[70759c8f55707aa4]::thread::lifecycle::spawn_unchecked<test[9d35eded1c95d3be]::run_test::{closure#1}, ()>::{closure#1} as core[df12db4294e9bfd3]::ops::function::FnOnce<()>>::call_once::{shim:vtable#0}
[INFO] [stdout]   18:     0x5e70cd3accc9 - <std[70759c8f55707aa4]::sys::thread::unix::Thread>::new::thread_start
[INFO] [stdout]   19:     0x7ddfd4841dfa - <unknown>
[INFO] [stdout]   20:     0x7ddfd48d53d4 - clone
[INFO] [stdout]   21:                0x0 - <unknown>
[INFO] [stdout] 
[INFO] [stdout] ---- tests::test_watch stdout ----
[INFO] [stdout] 
[INFO] [stdout] thread 'tests::test_watch' (735) panicked at src/tests.rs:226:33:
[INFO] [stdout] called `Result::unwrap()` on an `Err` value: Sled(Io(Os { code: 30, kind: ReadOnlyFilesystem, message: "Read-only file system" }))
[INFO] [stdout] stack backtrace:
[INFO] [stdout]    0:     0x5e70cd3ad4d1 - <<std[70759c8f55707aa4]::sys::backtrace::BacktraceLock>::print::DisplayBacktrace as core[df12db4294e9bfd3]::fmt::Display>::fmt
[INFO] [stdout]    1:     0x5e70cd3c3f3a - core[df12db4294e9bfd3]::fmt::write
[INFO] [stdout]    2:     0x5e70cd3b1e4c - <alloc[2182bb758b4b3781]::vec::Vec<u8> as core[df12db4294e9bfd3]::io::write::Write>::write_fmt
[INFO] [stdout]    3:     0x5e70cd387456 - std[70759c8f55707aa4]::panicking::default_hook::{closure#0}
[INFO] [stdout]    4:     0x5e70cd3a49f9 - std[70759c8f55707aa4]::panicking::default_hook
[INFO] [stdout]    5:     0x5e70cd2b1eb0 - test[9d35eded1c95d3be]::test_main_inner::<test[9d35eded1c95d3be]::test_main_static::{closure#0}>::{closure#0}
[INFO] [stdout]    6:     0x5e70cd3a4bb2 - std[70759c8f55707aa4]::panicking::panic_with_hook
[INFO] [stdout]    7:     0x5e70cd387502 - std[70759c8f55707aa4]::panicking::panic_handler::{closure#0}
[INFO] [stdout]    8:     0x5e70cd380039 - std[70759c8f55707aa4]::sys::backtrace::__rust_end_short_backtrace::<std[70759c8f55707aa4]::panicking::panic_handler::{closure#0}, !>
[INFO] [stdout]    9:     0x5e70cd3881ed - __rustc[8fa7c3cbc660c2b3]::rust_begin_unwind
[INFO] [stdout]   10:     0x5e70cd3c466c - core[df12db4294e9bfd3]::panicking::panic_fmt
[INFO] [stdout]   11:     0x5e70cd3c4442 - core[df12db4294e9bfd3]::result::unwrap_failed
[INFO] [stdout]   12:     0x5e70cd28d06e - kv[315fbed66b82de25]::tests::test_watch
[INFO] [stdout]   13:     0x5e70cd296ef9 - <kv[315fbed66b82de25]::tests::test_watch::{closure#0} as core[df12db4294e9bfd3]::ops::function::FnOnce<()>>::call_once
[INFO] [stdout]   14:     0x5e70cd2a519b - test[9d35eded1c95d3be]::__rust_begin_short_backtrace::<core[df12db4294e9bfd3]::result::Result<(), alloc[2182bb758b4b3781]::string::String>, fn() -> core[df12db4294e9bfd3]::result::Result<(), alloc[2182bb758b4b3781]::string::String>>
[INFO] [stdout]   15:     0x5e70cd2b2805 - test[9d35eded1c95d3be]::run_test::{closure#0}
[INFO] [stdout]   16:     0x5e70cd2ac0c4 - std[70759c8f55707aa4]::sys::backtrace::__rust_begin_short_backtrace::<test[9d35eded1c95d3be]::run_test::{closure#1}, ()>
[INFO] [stdout]   17:     0x5e70cd2b5962 - <std[70759c8f55707aa4]::thread::lifecycle::spawn_unchecked<test[9d35eded1c95d3be]::run_test::{closure#1}, ()>::{closure#1} as core[df12db4294e9bfd3]::ops::function::FnOnce<()>>::call_once::{shim:vtable#0}
[INFO] [stdout]   18:     0x5e70cd3accc9 - <std[70759c8f55707aa4]::sys::thread::unix::Thread>::new::thread_start
[INFO] [stdout]   19:     0x7ddfd4841dfa - <unknown>
[INFO] [stdout]   20:     0x7ddfd48d53d4 - clone
[INFO] [stdout]   21:                0x0 - <unknown>
[INFO] [stdout] 
[INFO] [stdout] ---- tests::test_integer_keys stdout ----
[INFO] [stdout] 
[INFO] [stdout] thread 'tests::test_integer_keys' (733) panicked at src/tests.rs:32:33:
[INFO] [stdout] called `Result::unwrap()` on an `Err` value: Sled(Io(Os { code: 30, kind: ReadOnlyFilesystem, message: "Read-only file system" }))
[INFO] [stdout] stack backtrace:
[INFO] [stdout]    0:     0x5e70cd3ad4d1 - <<std[70759c8f55707aa4]::sys::backtrace::BacktraceLock>::print::DisplayBacktrace as core[df12db4294e9bfd3]::fmt::Display>::fmt
[INFO] [stdout]    1:     0x5e70cd3c3f3a - core[df12db4294e9bfd3]::fmt::write
[INFO] [stdout]    2:     0x5e70cd3b1e4c - <alloc[2182bb758b4b3781]::vec::Vec<u8> as core[df12db4294e9bfd3]::io::write::Write>::write_fmt
[INFO] [stdout]    3:     0x5e70cd387456 - std[70759c8f55707aa4]::panicking::default_hook::{closure#0}
[INFO] [stdout]    4:     0x5e70cd3a49f9 - std[70759c8f55707aa4]::panicking::default_hook
[INFO] [stdout]    5:     0x5e70cd2b1eb0 - test[9d35eded1c95d3be]::test_main_inner::<test[9d35eded1c95d3be]::test_main_static::{closure#0}>::{closure#0}
[INFO] [stdout]    6:     0x5e70cd3a4bb2 - std[70759c8f55707aa4]::panicking::panic_with_hook
[INFO] [stdout]    7:     0x5e70cd387502 - std[70759c8f55707aa4]::panicking::panic_handler::{closure#0}
[INFO] [stdout]    8:     0x5e70cd380039 - std[70759c8f55707aa4]::sys::backtrace::__rust_end_short_backtrace::<std[70759c8f55707aa4]::panicking::panic_handler::{closure#0}, !>
[INFO] [stdout]    9:     0x5e70cd3881ed - __rustc[8fa7c3cbc660c2b3]::rust_begin_unwind
[INFO] [stdout]   10:     0x5e70cd3c466c - core[df12db4294e9bfd3]::panicking::panic_fmt
[INFO] [stdout]   11:     0x5e70cd3c4442 - core[df12db4294e9bfd3]::result::unwrap_failed
[INFO] [stdout]   12:     0x5e70cd28da6a - kv[315fbed66b82de25]::tests::test_integer_keys
[INFO] [stdout]   13:     0x5e70cd296f19 - <kv[315fbed66b82de25]::tests::test_integer_keys::{closure#0} as core[df12db4294e9bfd3]::ops::function::FnOnce<()>>::call_once
[INFO] [stdout]   14:     0x5e70cd2a519b - test[9d35eded1c95d3be]::__rust_begin_short_backtrace::<core[df12db4294e9bfd3]::result::Result<(), alloc[2182bb758b4b3781]::string::String>, fn() -> core[df12db4294e9bfd3]::result::Result<(), alloc[2182bb758b4b3781]::string::String>>
[INFO] [stdout]   15:     0x5e70cd2b2805 - test[9d35eded1c95d3be]::run_test::{closure#0}
[INFO] [stdout]   16:     0x5e70cd2ac0c4 - std[70759c8f55707aa4]::sys::backtrace::__rust_begin_short_backtrace::<test[9d35eded1c95d3be]::run_test::{closure#1}, ()>
[INFO] [stdout]   17:     0x5e70cd2b5962 - <std[70759c8f55707aa4]::thread::lifecycle::spawn_unchecked<test[9d35eded1c95d3be]::run_test::{closure#1}, ()>::{closure#1} as core[df12db4294e9bfd3]::ops::function::FnOnce<()>>::call_once::{shim:vtable#0}
[INFO] [stdout]   18:     0x5e70cd3accc9 - <std[70759c8f55707aa4]::sys::thread::unix::Thread>::new::thread_start
[INFO] [stdout]   19:     0x7ddfd4841dfa - <unknown>
[INFO] [stdout]   20:     0x7ddfd48d53d4 - clone
[INFO] [stdout]   21:                0x0 - <unknown>
[INFO] [stdout] 
[INFO] [stdout] ---- tests::test_basic stdout ----
[INFO] [stdout] 
[INFO] [stdout] thread 'tests::test_basic' (731) panicked at src/tests.rs:17:33:
[INFO] [stdout] called `Result::unwrap()` on an `Err` value: Sled(Io(Os { code: 30, kind: ReadOnlyFilesystem, message: "Read-only file system" }))
[INFO] [stdout] stack backtrace:
[INFO] [stdout]    0:     0x5e70cd3ad4d1 - <<std[70759c8f55707aa4]::sys::backtrace::BacktraceLock>::print::DisplayBacktrace as core[df12db4294e9bfd3]::fmt::Display>::fmt
[INFO] [stdout]    1:     0x5e70cd3c3f3a - core[df12db4294e9bfd3]::fmt::write
[INFO] [stdout]    2:     0x5e70cd3b1e4c - <alloc[2182bb758b4b3781]::vec::Vec<u8> as core[df12db4294e9bfd3]::io::write::Write>::write_fmt
[INFO] [stdout]    3:     0x5e70cd387456 - std[70759c8f55707aa4]::panicking::default_hook::{closure#0}
[INFO] [stdout]    4:     0x5e70cd3a49f9 - std[70759c8f55707aa4]::panicking::default_hook
[INFO] [stdout]    5:     0x5e70cd2b1eb0 - test[9d35eded1c95d3be]::test_main_inner::<test[9d35eded1c95d3be]::test_main_static::{closure#0}>::{closure#0}
[INFO] [stdout]    6:     0x5e70cd3a4bb2 - std[70759c8f55707aa4]::panicking::panic_with_hook
[INFO] [stdout]    7:     0x5e70cd387502 - std[70759c8f55707aa4]::panicking::panic_handler::{closure#0}
[INFO] [stdout]    8:     0x5e70cd380039 - std[70759c8f55707aa4]::sys::backtrace::__rust_end_short_backtrace::<std[70759c8f55707aa4]::panicking::panic_handler::{closure#0}, !>
[INFO] [stdout]    9:     0x5e70cd3881ed - __rustc[8fa7c3cbc660c2b3]::rust_begin_unwind
[INFO] [stdout]   10:     0x5e70cd3c466c - core[df12db4294e9bfd3]::panicking::panic_fmt
[INFO] [stdout]   11:     0x5e70cd3c4442 - core[df12db4294e9bfd3]::result::unwrap_failed
[INFO] [stdout]   12:     0x5e70cd28c286 - kv[315fbed66b82de25]::tests::test_basic
[INFO] [stdout]   13:     0x5e70cd296ed9 - <kv[315fbed66b82de25]::tests::test_basic::{closure#0} as core[df12db4294e9bfd3]::ops::function::FnOnce<()>>::call_once
[INFO] [stdout]   14:     0x5e70cd2a519b - test[9d35eded1c95d3be]::__rust_begin_short_backtrace::<core[df12db4294e9bfd3]::result::Result<(), alloc[2182bb758b4b3781]::string::String>, fn() -> core[df12db4294e9bfd3]::result::Result<(), alloc[2182bb758b4b3781]::string::String>>
[INFO] [stdout]   15:     0x5e70cd2b2805 - test[9d35eded1c95d3be]::run_test::{closure#0}
[INFO] [stdout]   16:     0x5e70cd2ac0c4 - std[70759c8f55707aa4]::sys::backtrace::__rust_begin_short_backtrace::<test[9d35eded1c95d3be]::run_test::{closure#1}, ()>
[INFO] [stdout]   17:     0x5e70cd2b5962 - <std[70759c8f55707aa4]::thread::lifecycle::spawn_unchecked<test[9d35eded1c95d3be]::run_test::{closure#1}, ()>::{closure#1} as core[df12db4294e9bfd3]::ops::function::FnOnce<()>>::call_once::{shim:vtable#0}
[INFO] [stdout]   18:     0x5e70cd3accc9 - <std[70759c8f55707aa4]::sys::thread::unix::Thread>::new::thread_start
[INFO] [stdout]   19:     0x7ddfd4841dfa - <unknown>
[INFO] [stdout]   20:     0x7ddfd48d53d4 - clone
[INFO] [stdout]   21:                0x0 - <unknown>
[INFO] [stdout] 
[INFO] [stdout] 
[INFO] [stdout] failures:
[INFO] [stdout]     tests::test_basic
[INFO] [stdout]     tests::test_config_encoding
[INFO] [stdout]     tests::test_integer_keys
[INFO] [stdout]     tests::test_iter
[INFO] [stdout]     tests::test_watch
[INFO] [stdout] 
[INFO] [stdout] test result: FAILED. 0 passed; 5 failed; 0 ignored; 0 measured; 0 filtered out; finished in 0.00s
[INFO] [stdout] 
[INFO] running `Command { std: "docker" "inspect" "37a78719d5057a730f2870dd38ff58b894643c77454958d37e2e2e26c96dce53", kill_on_drop: false }`
[INFO] running `Command { std: "docker" "rm" "-f" "37a78719d5057a730f2870dd38ff58b894643c77454958d37e2e2e26c96dce53", kill_on_drop: false }`
[INFO] [stdout] 37a78719d5057a730f2870dd38ff58b894643c77454958d37e2e2e26c96dce53
