[INFO] fetching crate kv-redb 0.1.0...
[INFO] testing kv-redb-0.1.0 against 1.100.0-beta.1+cargoflags=--release for beta-release-1.100-2
[INFO] extracting crate kv-redb 0.1.0 into /workspace/builds/worker-5-tc2/source
[INFO] started tweaking crates.io crate kv-redb 0.1.0
[INFO] removed 0 missing examples
[INFO] finished tweaking crates.io crate kv-redb 0.1.0
[INFO] tweaked toml for crates.io crate kv-redb 0.1.0 written to /workspace/builds/worker-5-tc2/source/Cargo.toml
[INFO] validating manifest of crates.io crate kv-redb 0.1.0 on toolchain 1.100.0-beta.1
[INFO] running `Command { std: CARGO_HOME="/workspace/cargo-home" RUSTUP_HOME="/workspace/rustup-home" "/workspace/cargo-home/bin/cargo" "+1.100.0-beta.1" "metadata" "--manifest-path" "Cargo.toml" "--no-deps", kill_on_drop: false }`
[INFO] crate crates.io crate kv-redb 0.1.0 already has a lockfile, it will not be regenerated
[INFO] running `Command { std: CARGO_HOME="/workspace/cargo-home" RUSTUP_HOME="/workspace/rustup-home" "/workspace/cargo-home/bin/cargo" "+1.100.0-beta.1" "fetch" "--manifest-path" "Cargo.toml", kill_on_drop: false }`
[INFO] running `Command { std: "docker" "create" "-v" "/var/lib/crater-agent-workspace/builds/worker-5-tc2/source:/opt/rustwide/workdir:ro,Z" "-v" "/var/lib/crater-agent-workspace/builds/worker-5-tc2/target:/opt/rustwide/target:rw,Z" "-v" "/var/lib/crater-agent-workspace/cargo-home:/opt/rustwide/cargo-home:ro,Z" "-v" "/var/lib/crater-agent-workspace/rustup-home:/opt/rustwide/rustup-home:ro,Z" "-m" "1610612736" "--network" "none" "ghcr.io/rust-lang/crates-build-env/linux@sha256:77db811e55d90add9212f6832c23229e3de5f1c1f9905e8cb07319ea15df73ac" "sleep" "infinity", kill_on_drop: false }`
[INFO] [stdout] b20e0206c6e6a541cc90ee10f30e3faabe21c184aa8355d52cf554afd2f11b40
[INFO] running `Command { std: "docker" "start" "b20e0206c6e6a541cc90ee10f30e3faabe21c184aa8355d52cf554afd2f11b40", kill_on_drop: false }`
[INFO] running `Command { std: "docker" "inspect" "b20e0206c6e6a541cc90ee10f30e3faabe21c184aa8355d52cf554afd2f11b40", kill_on_drop: false }`
[INFO] running `Command { std: "docker" "exec" "-e" "SOURCE_DIR=/opt/rustwide/workdir" "-e" "CARGO_HOME=/opt/rustwide/cargo-home" "-e" "RUSTUP_HOME=/opt/rustwide/rustup-home" "-e" "CARGO_TARGET_DIR=/opt/rustwide/target" "-w" "/opt/rustwide/workdir" "--user" "0:0" "b20e0206c6e6a541cc90ee10f30e3faabe21c184aa8355d52cf554afd2f11b40" "/opt/rustwide/cargo-home/bin/cargo" "+1.100.0-beta.1" "metadata" "--no-deps" "--format-version=1", kill_on_drop: false }`
[INFO] running `Command { std: "docker" "inspect" "b20e0206c6e6a541cc90ee10f30e3faabe21c184aa8355d52cf554afd2f11b40", kill_on_drop: false }`
[INFO] running `Command { std: "docker" "exec" "-e" "SOURCE_DIR=/opt/rustwide/workdir" "-e" "CARGO_HOME=/opt/rustwide/cargo-home" "-e" "RUSTUP_HOME=/opt/rustwide/rustup-home" "-e" "CARGO_TARGET_DIR=/opt/rustwide/target" "-e" "CARGO_INCREMENTAL=0" "-e" "RUST_BACKTRACE=full" "-e" "RUSTFLAGS=--cap-lints=warn" "-e" "RUSTDOCFLAGS=--cap-lints=warn" "-w" "/opt/rustwide/workdir" "--user" "0:0" "b20e0206c6e6a541cc90ee10f30e3faabe21c184aa8355d52cf554afd2f11b40" "/opt/rustwide/cargo-home/bin/cargo" "+1.100.0-beta.1" "build" "--frozen" "--message-format=json" "--release", kill_on_drop: false }`
[INFO] [stderr]    Compiling proc-macro2 v1.0.105
[INFO] [stderr]    Compiling quote v1.0.43
[INFO] [stderr]    Compiling unicode-ident v1.0.22
[INFO] [stderr]    Compiling libc v0.2.180
[INFO] [stderr]    Compiling scopeguard v1.2.0
[INFO] [stderr]    Compiling semver v1.0.27
[INFO] [stderr]    Compiling serde_core v1.0.228
[INFO] [stderr]    Compiling parking_lot_core v0.9.12
[INFO] [stderr]    Compiling lock_api v0.4.14
[INFO] [stderr]    Compiling serde v1.0.228
[INFO] [stderr]    Compiling thiserror v2.0.17
[INFO] [stderr]    Compiling smallvec v1.15.1
[INFO] [stderr]    Compiling rustc_version v0.4.1
[INFO] [stderr]    Compiling byteorder v1.5.0
[INFO] [stderr]    Compiling cfg-if v1.0.4
[INFO] [stderr]    Compiling spin v0.9.8
[INFO] [stderr]    Compiling stable_deref_trait v1.2.1
[INFO] [stderr]    Compiling redb v3.1.0
[INFO] [stderr]    Compiling pin-project-lite v0.2.16
[INFO] [stderr]    Compiling bytes v1.11.0
[INFO] [stderr]    Compiling hash32 v0.2.1
[INFO] [stderr]    Compiling heapless v0.7.17
[INFO] [stderr]    Compiling syn v2.0.114
[INFO] [stderr]    Compiling errno v0.3.14
[INFO] [stderr]    Compiling socket2 v0.6.1
[INFO] [stderr]    Compiling mio v1.1.1
[INFO] [stderr]    Compiling signal-hook-registry v1.4.8
[INFO] [stderr]    Compiling parking_lot v0.12.5
[INFO] [stderr]    Compiling serde_derive v1.0.228
[INFO] [stderr]    Compiling thiserror-impl v2.0.17
[INFO] [stderr]    Compiling tokio-macros v2.6.0
[INFO] [stderr]    Compiling tokio v1.49.0
[INFO] [stderr]    Compiling cobs v0.3.0
[INFO] [stderr]    Compiling postcard v1.1.3
[INFO] [stderr]    Compiling kv-redb v0.1.0 (/opt/rustwide/workdir)
[INFO] [stderr]     Finished `release` profile [optimized] target(s) in 54.28s
[INFO] running `Command { std: "docker" "inspect" "b20e0206c6e6a541cc90ee10f30e3faabe21c184aa8355d52cf554afd2f11b40", kill_on_drop: false }`
[INFO] running `Command { std: "docker" "exec" "-e" "SOURCE_DIR=/opt/rustwide/workdir" "-e" "CARGO_HOME=/opt/rustwide/cargo-home" "-e" "RUSTUP_HOME=/opt/rustwide/rustup-home" "-e" "CARGO_TARGET_DIR=/opt/rustwide/target" "-e" "CARGO_INCREMENTAL=0" "-e" "RUST_BACKTRACE=full" "-e" "RUSTFLAGS=--cap-lints=warn" "-e" "RUSTDOCFLAGS=--cap-lints=warn" "-w" "/opt/rustwide/workdir" "--user" "0:0" "b20e0206c6e6a541cc90ee10f30e3faabe21c184aa8355d52cf554afd2f11b40" "/opt/rustwide/cargo-home/bin/cargo" "+1.100.0-beta.1" "test" "--frozen" "--no-run" "--message-format=json" "--release", kill_on_drop: false }`
[INFO] [stderr]    Compiling kv-redb v0.1.0 (/opt/rustwide/workdir)
[INFO] [stderr]     Finished `release` profile [optimized] target(s) in 6.45s
[INFO] running `Command { std: "docker" "inspect" "b20e0206c6e6a541cc90ee10f30e3faabe21c184aa8355d52cf554afd2f11b40", kill_on_drop: false }`
[INFO] running `Command { std: "docker" "exec" "-e" "SOURCE_DIR=/opt/rustwide/workdir" "-e" "CARGO_HOME=/opt/rustwide/cargo-home" "-e" "RUSTUP_HOME=/opt/rustwide/rustup-home" "-e" "CARGO_TARGET_DIR=/opt/rustwide/target" "-e" "CARGO_INCREMENTAL=0" "-e" "RUST_BACKTRACE=full" "-e" "RUSTFLAGS=--cap-lints=warn" "-e" "RUSTDOCFLAGS=--cap-lints=warn" "-w" "/opt/rustwide/workdir" "--user" "0:0" "b20e0206c6e6a541cc90ee10f30e3faabe21c184aa8355d52cf554afd2f11b40" "/opt/rustwide/cargo-home/bin/cargo" "+1.100.0-beta.1" "test" "--frozen" "--release", kill_on_drop: false }`
[INFO] [stderr]     Finished `release` profile [optimized] target(s) in 0.11s
[INFO] [stderr]      Running unittests src/lib.rs (/opt/rustwide/target/release/build/kv-redb/4187ebb97782f76d/out/kv_redb-4187ebb97782f76d)
[INFO] [stdout] 
[INFO] [stdout] running 5 tests
[INFO] [stdout] test store::tests::test_delete ... FAILED
[INFO] [stdout] test store::tests::test_set_and_get ... FAILED
[INFO] [stdout] test store::tests::test_overwrite ... FAILED
[INFO] [stdout] test store::tests::test_multiple_keys ... FAILED
[INFO] [stdout] test store::tests::test_get_nonexistent ... FAILED
[INFO] [stdout] 
[INFO] [stdout] failures:
[INFO] [stdout] 
[INFO] [stdout] ---- store::tests::test_delete stdout ----
[INFO] [stdout] 
[INFO] [stdout] thread 'store::tests::test_delete' (843) panicked at src/store.rs:126:55:
[INFO] [stdout] called `Result::unwrap()` on an `Err` value: DatabaseError(Storage(Io(Os { code: 30, kind: ReadOnlyFilesystem, message: "Read-only file system" })))
[INFO] [stdout] stack backtrace:
[INFO] [stdout]    0:     0x6121db6e7991 - <<std[617be2ca0a6fd877]::sys::backtrace::BacktraceLock>::print::DisplayBacktrace as core[a373ad73a504971]::fmt::Display>::fmt
[INFO] [stdout]    1:     0x6121db6fc58a - core[a373ad73a504971]::fmt::write
[INFO] [stdout]    2:     0x6121db6ebdbc - <alloc[2e1b2a31b91974c5]::vec::Vec<u8> as core[a373ad73a504971]::io::write::Write>::write_fmt
[INFO] [stdout]    3:     0x6121db6c2e26 - std[617be2ca0a6fd877]::panicking::default_hook::{closure#0}
[INFO] [stdout]    4:     0x6121db6df8a9 - std[617be2ca0a6fd877]::panicking::default_hook
[INFO] [stdout]    5:     0x6121db5e1d00 - test[aada8e7e76ba119b]::test_main_inner::{closure#0}
[INFO] [stdout]    6:     0x6121db6dfa62 - std[617be2ca0a6fd877]::panicking::panic_with_hook
[INFO] [stdout]    7:     0x6121db6c2ed2 - std[617be2ca0a6fd877]::panicking::panic_handler::{closure#0}
[INFO] [stdout]    8:     0x6121db6bbb39 - std[617be2ca0a6fd877]::sys::backtrace::__rust_end_short_backtrace::<std[617be2ca0a6fd877]::panicking::panic_handler::{closure#0}, !>
[INFO] [stdout]    9:     0x6121db6c3add - __rustc[ea4f61d10b84890b]::rust_begin_unwind
[INFO] [stdout]   10:     0x6121db6fccec - core[a373ad73a504971]::panicking::panic_fmt
[INFO] [stdout]   11:     0x6121db6fcac2 - core[a373ad73a504971]::result::unwrap_failed
[INFO] [stdout]   12:     0x6121db5c9b88 - kv_redb[4c7b2bf047d7d96f]::store::tests::test_delete::{closure#0}
[INFO] [stdout]   13:     0x6121db5c3b53 - <tokio[e27ea4d2886e0d7f]::runtime::scheduler::current_thread::Context>::enter::<core[a373ad73a504971]::task::poll::Poll<()>, <tokio[e27ea4d2886e0d7f]::runtime::scheduler::current_thread::CoreGuard>::block_on<core[a373ad73a504971]::pin::Pin<&mut core[a373ad73a504971]::pin::Pin<&mut dyn core[a373ad73a504971]::future::future::Future<Output = ()>>>>::{closure#0}::{closure#0}>
[INFO] [stdout]   14:     0x6121db5c2399 - <std[617be2ca0a6fd877]::thread::local::LocalKey<tokio[e27ea4d2886e0d7f]::runtime::context::Context>>::with::<tokio[e27ea4d2886e0d7f]::runtime::context::set_scheduler<(alloc[2e1b2a31b91974c5]::boxed::Box<tokio[e27ea4d2886e0d7f]::runtime::scheduler::current_thread::Core>, core[a373ad73a504971]::option::Option<()>), <tokio[e27ea4d2886e0d7f]::runtime::scheduler::current_thread::CoreGuard>::enter<<tokio[e27ea4d2886e0d7f]::runtime::scheduler::current_thread::CoreGuard>::block_on<core[a373ad73a504971]::pin::Pin<&mut core[a373ad73a504971]::pin::Pin<&mut dyn core[a373ad73a504971]::future::future::Future<Output = ()>>>>::{closure#0}, core[a373ad73a504971]::option::Option<()>>::{closure#0}>::{closure#0}, (alloc[2e1b2a31b91974c5]::boxed::Box<tokio[e27ea4d2886e0d7f]::runtime::scheduler::current_thread::Core>, core[a373ad73a504971]::option::Option<()>)>
[INFO] [stdout]   15:     0x6121db5c3e87 - <tokio[e27ea4d2886e0d7f]::runtime::scheduler::current_thread::CoreGuard>::block_on::<core[a373ad73a504971]::pin::Pin<&mut core[a373ad73a504971]::pin::Pin<&mut dyn core[a373ad73a504971]::future::future::Future<Output = ()>>>>
[INFO] [stdout]   16:     0x6121db5c73c7 - tokio[e27ea4d2886e0d7f]::runtime::context::runtime::enter_runtime::<<tokio[e27ea4d2886e0d7f]::runtime::scheduler::current_thread::CurrentThread>::block_on<core[a373ad73a504971]::pin::Pin<&mut dyn core[a373ad73a504971]::future::future::Future<Output = ()>>>::{closure#0}, ()>
[INFO] [stdout]   17:     0x6121db5c5fda - <tokio[e27ea4d2886e0d7f]::runtime::runtime::Runtime>::block_on::<core[a373ad73a504971]::pin::Pin<&mut dyn core[a373ad73a504971]::future::future::Future<Output = ()>>>
[INFO] [stdout]   18:     0x6121db5cbf1e - <kv_redb[4c7b2bf047d7d96f]::store::tests::test_delete::{closure#0} as core[a373ad73a504971]::ops::function::FnOnce<()>>::call_once
[INFO] [stdout]   19:     0x6121db5d514b - test[aada8e7e76ba119b]::__rust_begin_short_backtrace::<core[a373ad73a504971]::result::Result<(), alloc[2e1b2a31b91974c5]::string::String>, fn() -> core[a373ad73a504971]::result::Result<(), alloc[2e1b2a31b91974c5]::string::String>>
[INFO] [stdout]   20:     0x6121db5e2325 - test[aada8e7e76ba119b]::run_test::{closure#0}
[INFO] [stdout]   21:     0x6121db5dbc14 - std[617be2ca0a6fd877]::sys::backtrace::__rust_begin_short_backtrace::<test[aada8e7e76ba119b]::run_test::{closure#1}, ()>
[INFO] [stdout]   22:     0x6121db5e53b2 - <std[617be2ca0a6fd877]::thread::lifecycle::spawn_unchecked<test[aada8e7e76ba119b]::run_test::{closure#1}, ()>::{closure#1} as core[a373ad73a504971]::ops::function::FnOnce<()>>::call_once::{shim:vtable#0}
[INFO] [stdout]   23:     0x6121db6e710f - <std[617be2ca0a6fd877]::sys::thread::unix::Thread>::new::thread_start
[INFO] [stdout]   24:     0x76dd95c55dfa - <unknown>
[INFO] [stdout]   25:     0x76dd95ce93d4 - clone
[INFO] [stdout]   26:                0x0 - <unknown>
[INFO] [stdout] 
[INFO] [stdout] ---- store::tests::test_set_and_get stdout ----
[INFO] [stdout] 
[INFO] [stdout] thread 'store::tests::test_set_and_get' (847) panicked at src/store.rs:102:56:
[INFO] [stdout] called `Result::unwrap()` on an `Err` value: DatabaseError(Storage(Io(Os { code: 30, kind: ReadOnlyFilesystem, message: "Read-only file system" })))
[INFO] [stdout] stack backtrace:
[INFO] [stdout]    0:     0x6121db6e7991 - <<std[617be2ca0a6fd877]::sys::backtrace::BacktraceLock>::print::DisplayBacktrace as core[a373ad73a504971]::fmt::Display>::fmt
[INFO] [stdout]    1:     0x6121db6fc58a - core[a373ad73a504971]::fmt::write
[INFO] [stdout]    2:     0x6121db6ebdbc - <alloc[2e1b2a31b91974c5]::vec::Vec<u8> as core[a373ad73a504971]::io::write::Write>::write_fmt
[INFO] [stdout]    3:     0x6121db6c2e26 - std[617be2ca0a6fd877]::panicking::default_hook::{closure#0}
[INFO] [stdout]    4:     0x6121db6df8a9 - std[617be2ca0a6fd877]::panicking::default_hook
[INFO] [stdout]    5:     0x6121db5e1d00 - test[aada8e7e76ba119b]::test_main_inner::{closure#0}
[INFO] [stdout]    6:     0x6121db6dfa62 - std[617be2ca0a6fd877]::panicking::panic_with_hook
[INFO] [stdout]    7:     0x6121db6c2ed2 - std[617be2ca0a6fd877]::panicking::panic_handler::{closure#0}
[INFO] [stdout]    8:     0x6121db6bbb39 - std[617be2ca0a6fd877]::sys::backtrace::__rust_end_short_backtrace::<std[617be2ca0a6fd877]::panicking::panic_handler::{closure#0}, !>
[INFO] [stdout]    9:     0x6121db6c3add - __rustc[ea4f61d10b84890b]::rust_begin_unwind
[INFO] [stdout]   10:     0x6121db6fccec - core[a373ad73a504971]::panicking::panic_fmt
[INFO] [stdout]   11:     0x6121db6fcac2 - core[a373ad73a504971]::result::unwrap_failed
[INFO] [stdout]   12:     0x6121db5cab8c - kv_redb[4c7b2bf047d7d96f]::store::tests::test_set_and_get::{closure#0}
[INFO] [stdout]   13:     0x6121db5c3b53 - <tokio[e27ea4d2886e0d7f]::runtime::scheduler::current_thread::Context>::enter::<core[a373ad73a504971]::task::poll::Poll<()>, <tokio[e27ea4d2886e0d7f]::runtime::scheduler::current_thread::CoreGuard>::block_on<core[a373ad73a504971]::pin::Pin<&mut core[a373ad73a504971]::pin::Pin<&mut dyn core[a373ad73a504971]::future::future::Future<Output = ()>>>>::{closure#0}::{closure#0}>
[INFO] [stdout]   14:     0x6121db5c2399 - <std[617be2ca0a6fd877]::thread::local::LocalKey<tokio[e27ea4d2886e0d7f]::runtime::context::Context>>::with::<tokio[e27ea4d2886e0d7f]::runtime::context::set_scheduler<(alloc[2e1b2a31b91974c5]::boxed::Box<tokio[e27ea4d2886e0d7f]::runtime::scheduler::current_thread::Core>, core[a373ad73a504971]::option::Option<()>), <tokio[e27ea4d2886e0d7f]::runtime::scheduler::current_thread::CoreGuard>::enter<<tokio[e27ea4d2886e0d7f]::runtime::scheduler::current_thread::CoreGuard>::block_on<core[a373ad73a504971]::pin::Pin<&mut core[a373ad73a504971]::pin::Pin<&mut dyn core[a373ad73a504971]::future::future::Future<Output = ()>>>>::{closure#0}, core[a373ad73a504971]::option::Option<()>>::{closure#0}>::{closure#0}, (alloc[2e1b2a31b91974c5]::boxed::Box<tokio[e27ea4d2886e0d7f]::runtime::scheduler::current_thread::Core>, core[a373ad73a504971]::option::Option<()>)>
[INFO] [stdout]   15:     0x6121db5c3e87 - <tokio[e27ea4d2886e0d7f]::runtime::scheduler::current_thread::CoreGuard>::block_on::<core[a373ad73a504971]::pin::Pin<&mut core[a373ad73a504971]::pin::Pin<&mut dyn core[a373ad73a504971]::future::future::Future<Output = ()>>>>
[INFO] [stdout]   16:     0x6121db5c73c7 - tokio[e27ea4d2886e0d7f]::runtime::context::runtime::enter_runtime::<<tokio[e27ea4d2886e0d7f]::runtime::scheduler::current_thread::CurrentThread>::block_on<core[a373ad73a504971]::pin::Pin<&mut dyn core[a373ad73a504971]::future::future::Future<Output = ()>>>::{closure#0}, ()>
[INFO] [stdout]   17:     0x6121db5c5fda - <tokio[e27ea4d2886e0d7f]::runtime::runtime::Runtime>::block_on::<core[a373ad73a504971]::pin::Pin<&mut dyn core[a373ad73a504971]::future::future::Future<Output = ()>>>
[INFO] [stdout]   18:     0x6121db5cc1de - <kv_redb[4c7b2bf047d7d96f]::store::tests::test_set_and_get::{closure#0} as core[a373ad73a504971]::ops::function::FnOnce<()>>::call_once
[INFO] [stdout]   19:     0x6121db5d514b - test[aada8e7e76ba119b]::__rust_begin_short_backtrace::<core[a373ad73a504971]::result::Result<(), alloc[2e1b2a31b91974c5]::string::String>, fn() -> core[a373ad73a504971]::result::Result<(), alloc[2e1b2a31b91974c5]::string::String>>
[INFO] [stdout]   20:     0x6121db5e2325 - test[aada8e7e76ba119b]::run_test::{closure#0}
[INFO] [stdout]   21:     0x6121db5dbc14 - std[617be2ca0a6fd877]::sys::backtrace::__rust_begin_short_backtrace::<test[aada8e7e76ba119b]::run_test::{closure#1}, ()>
[INFO] [stdout]   22:     0x6121db5e53b2 - <std[617be2ca0a6fd877]::thread::lifecycle::spawn_unchecked<test[aada8e7e76ba119b]::run_test::{closure#1}, ()>::{closure#1} as core[a373ad73a504971]::ops::function::FnOnce<()>>::call_once::{shim:vtable#0}
[INFO] [stdout]   23:     0x6121db6e710f - <std[617be2ca0a6fd877]::sys::thread::unix::Thread>::new::thread_start
[INFO] [stdout]   24:     0x76dd95c55dfa - <unknown>
[INFO] [stdout]   25:     0x76dd95ce93d4 - clone
[INFO] [stdout]   26:                0x0 - <unknown>
[INFO] [stdout] 
[INFO] [stdout] ---- store::tests::test_overwrite stdout ----
[INFO] [stdout] 
[INFO] [stdout] thread 'store::tests::test_overwrite' (846) panicked at src/store.rs:142:58:
[INFO] [stdout] called `Result::unwrap()` on an `Err` value: DatabaseError(Storage(Io(Os { code: 30, kind: ReadOnlyFilesystem, message: "Read-only file system" })))
[INFO] [stdout] stack backtrace:
[INFO] [stdout]    0:     0x6121db6e7991 - <<std[617be2ca0a6fd877]::sys::backtrace::BacktraceLock>::print::DisplayBacktrace as core[a373ad73a504971]::fmt::Display>::fmt
[INFO] [stdout]    1:     0x6121db6fc58a - core[a373ad73a504971]::fmt::write
[INFO] [stdout]    2:     0x6121db6ebdbc - <alloc[2e1b2a31b91974c5]::vec::Vec<u8> as core[a373ad73a504971]::io::write::Write>::write_fmt
[INFO] [stdout]    3:     0x6121db6c2e26 - std[617be2ca0a6fd877]::panicking::default_hook::{closure#0}
[INFO] [stdout]    4:     0x6121db6df8a9 - std[617be2ca0a6fd877]::panicking::default_hook
[INFO] [stdout]    5:     0x6121db5e1d00 - test[aada8e7e76ba119b]::test_main_inner::{closure#0}
[INFO] [stdout]    6:     0x6121db6dfa62 - std[617be2ca0a6fd877]::panicking::panic_with_hook
[INFO] [stdout]    7:     0x6121db6c2ed2 - std[617be2ca0a6fd877]::panicking::panic_handler::{closure#0}
[INFO] [stdout]    8:     0x6121db6bbb39 - std[617be2ca0a6fd877]::sys::backtrace::__rust_end_short_backtrace::<std[617be2ca0a6fd877]::panicking::panic_handler::{closure#0}, !>
[INFO] [stdout]    9:     0x6121db6c3add - __rustc[ea4f61d10b84890b]::rust_begin_unwind
[INFO] [stdout]   10:     0x6121db6fccec - core[a373ad73a504971]::panicking::panic_fmt
[INFO] [stdout]   11:     0x6121db6fcac2 - core[a373ad73a504971]::result::unwrap_failed
[INFO] [stdout]   12:     0x6121db5ca464 - kv_redb[4c7b2bf047d7d96f]::store::tests::test_overwrite::{closure#0}
[INFO] [stdout]   13:     0x6121db5c3b53 - <tokio[e27ea4d2886e0d7f]::runtime::scheduler::current_thread::Context>::enter::<core[a373ad73a504971]::task::poll::Poll<()>, <tokio[e27ea4d2886e0d7f]::runtime::scheduler::current_thread::CoreGuard>::block_on<core[a373ad73a504971]::pin::Pin<&mut core[a373ad73a504971]::pin::Pin<&mut dyn core[a373ad73a504971]::future::future::Future<Output = ()>>>>::{closure#0}::{closure#0}>
[INFO] [stdout]   14:     0x6121db5c2399 - <std[617be2ca0a6fd877]::thread::local::LocalKey<tokio[e27ea4d2886e0d7f]::runtime::context::Context>>::with::<tokio[e27ea4d2886e0d7f]::runtime::context::set_scheduler<(alloc[2e1b2a31b91974c5]::boxed::Box<tokio[e27ea4d2886e0d7f]::runtime::scheduler::current_thread::Core>, core[a373ad73a504971]::option::Option<()>), <tokio[e27ea4d2886e0d7f]::runtime::scheduler::current_thread::CoreGuard>::enter<<tokio[e27ea4d2886e0d7f]::runtime::scheduler::current_thread::CoreGuard>::block_on<core[a373ad73a504971]::pin::Pin<&mut core[a373ad73a504971]::pin::Pin<&mut dyn core[a373ad73a504971]::future::future::Future<Output = ()>>>>::{closure#0}, core[a373ad73a504971]::option::Option<()>>::{closure#0}>::{closure#0}, (alloc[2e1b2a31b91974c5]::boxed::Box<tokio[e27ea4d2886e0d7f]::runtime::scheduler::current_thread::Core>, core[a373ad73a504971]::option::Option<()>)>
[INFO] [stdout]   15:     0x6121db5c3e87 - <tokio[e27ea4d2886e0d7f]::runtime::scheduler::current_thread::CoreGuard>::block_on::<core[a373ad73a504971]::pin::Pin<&mut core[a373ad73a504971]::pin::Pin<&mut dyn core[a373ad73a504971]::future::future::Future<Output = ()>>>>
[INFO] [stdout]   16:     0x6121db5c73c7 - tokio[e27ea4d2886e0d7f]::runtime::context::runtime::enter_runtime::<<tokio[e27ea4d2886e0d7f]::runtime::scheduler::current_thread::CurrentThread>::block_on<core[a373ad73a504971]::pin::Pin<&mut dyn core[a373ad73a504971]::future::future::Future<Output = ()>>>::{closure#0}, ()>
[INFO] [stdout]   17:     0x6121db5c5fda - <tokio[e27ea4d2886e0d7f]::runtime::runtime::Runtime>::block_on::<core[a373ad73a504971]::pin::Pin<&mut dyn core[a373ad73a504971]::future::future::Future<Output = ()>>>
[INFO] [stdout]   18:     0x6121db5cc07e - <kv_redb[4c7b2bf047d7d96f]::store::tests::test_overwrite::{closure#0} as core[a373ad73a504971]::ops::function::FnOnce<()>>::call_once
[INFO] [stdout]   19:     0x6121db5d514b - test[aada8e7e76ba119b]::__rust_begin_short_backtrace::<core[a373ad73a504971]::result::Result<(), alloc[2e1b2a31b91974c5]::string::String>, fn() -> core[a373ad73a504971]::result::Result<(), alloc[2e1b2a31b91974c5]::string::String>>
[INFO] [stdout]   20:     0x6121db5e2325 - test[aada8e7e76ba119b]::run_test::{closure#0}
[INFO] [stdout]   21:     0x6121db5dbc14 - std[617be2ca0a6fd877]::sys::backtrace::__rust_begin_short_backtrace::<test[aada8e7e76ba119b]::run_test::{closure#1}, ()>
[INFO] [stdout]   22:     0x6121db5e53b2 - <std[617be2ca0a6fd877]::thread::lifecycle::spawn_unchecked<test[aada8e7e76ba119b]::run_test::{closure#1}, ()>::{closure#1} as core[a373ad73a504971]::ops::function::FnOnce<()>>::call_once::{shim:vtable#0}
[INFO] [stdout]   23:     0x6121db6e710f - <std[617be2ca0a6fd877]::sys::thread::unix::Thread>::new::thread_start
[INFO] [stdout]   24:     0x76dd95c55dfa - <unknown>
[INFO] [stdout]   25:     0x76dd95ce93d4 - clone
[INFO] [stdout]   26:                0x0 - <unknown>
[INFO] [stdout] 
[INFO] [stdout] ---- store::tests::test_multiple_keys stdout ----
[INFO] [stdout] 
[INFO] [stdout] thread 'store::tests::test_multiple_keys' (845) panicked at src/store.rs:162:57:
[INFO] [stdout] called `Result::unwrap()` on an `Err` value: DatabaseError(Storage(Io(Os { code: 30, kind: ReadOnlyFilesystem, message: "Read-only file system" })))
[INFO] [stderr] error: test failed, to rerun pass `--lib`
[INFO] [stdout] stack backtrace:
[INFO] [stdout]    0:     0x6121db6e7991 - <<std[617be2ca0a6fd877]::sys::backtrace::BacktraceLock>::print::DisplayBacktrace as core[a373ad73a504971]::fmt::Display>::fmt
[INFO] [stdout]    1:     0x6121db6fc58a - core[a373ad73a504971]::fmt::write
[INFO] [stdout]    2:     0x6121db6ebdbc - <alloc[2e1b2a31b91974c5]::vec::Vec<u8> as core[a373ad73a504971]::io::write::Write>::write_fmt
[INFO] [stdout]    3:     0x6121db6c2e26 - std[617be2ca0a6fd877]::panicking::default_hook::{closure#0}
[INFO] [stdout]    4:     0x6121db6df8a9 - std[617be2ca0a6fd877]::panicking::default_hook
[INFO] [stdout]    5:     0x6121db5e1d00 - test[aada8e7e76ba119b]::test_main_inner::{closure#0}
[INFO] [stdout]    6:     0x6121db6dfa62 - std[617be2ca0a6fd877]::panicking::panic_with_hook
[INFO] [stdout]    7:     0x6121db6c2ed2 - std[617be2ca0a6fd877]::panicking::panic_handler::{closure#0}
[INFO] [stdout]    8:     0x6121db6bbb39 - std[617be2ca0a6fd877]::sys::backtrace::__rust_end_short_backtrace::<std[617be2ca0a6fd877]::panicking::panic_handler::{closure#0}, !>
[INFO] [stdout]    9:     0x6121db6c3add - __rustc[ea4f61d10b84890b]::rust_begin_unwind
[INFO] [stdout]   10:     0x6121db6fccec - core[a373ad73a504971]::panicking::panic_fmt
[INFO] [stdout]   11:     0x6121db6fcac2 - core[a373ad73a504971]::result::unwrap_failed
[INFO] [stdout]   12:     0x6121db5cb4f5 - kv_redb[4c7b2bf047d7d96f]::store::tests::test_multiple_keys::{closure#0}
[INFO] [stdout]   13:     0x6121db5c3b53 - <tokio[e27ea4d2886e0d7f]::runtime::scheduler::current_thread::Context>::enter::<core[a373ad73a504971]::task::poll::Poll<()>, <tokio[e27ea4d2886e0d7f]::runtime::scheduler::current_thread::CoreGuard>::block_on<core[a373ad73a504971]::pin::Pin<&mut core[a373ad73a504971]::pin::Pin<&mut dyn core[a373ad73a504971]::future::future::Future<Output = ()>>>>::{closure#0}::{closure#0}>
[INFO] [stdout]   14:     0x6121db5c2399 - <std[617be2ca0a6fd877]::thread::local::LocalKey<tokio[e27ea4d2886e0d7f]::runtime::context::Context>>::with::<tokio[e27ea4d2886e0d7f]::runtime::context::set_scheduler<(alloc[2e1b2a31b91974c5]::boxed::Box<tokio[e27ea4d2886e0d7f]::runtime::scheduler::current_thread::Core>, core[a373ad73a504971]::option::Option<()>), <tokio[e27ea4d2886e0d7f]::runtime::scheduler::current_thread::CoreGuard>::enter<<tokio[e27ea4d2886e0d7f]::runtime::scheduler::current_thread::CoreGuard>::block_on<core[a373ad73a504971]::pin::Pin<&mut core[a373ad73a504971]::pin::Pin<&mut dyn core[a373ad73a504971]::future::future::Future<Output = ()>>>>::{closure#0}, core[a373ad73a504971]::option::Option<()>>::{closure#0}>::{closure#0}, (alloc[2e1b2a31b91974c5]::boxed::Box<tokio[e27ea4d2886e0d7f]::runtime::scheduler::current_thread::Core>, core[a373ad73a504971]::option::Option<()>)>
[INFO] [stdout]   15:     0x6121db5c3e87 - <tokio[e27ea4d2886e0d7f]::runtime::scheduler::current_thread::CoreGuard>::block_on::<core[a373ad73a504971]::pin::Pin<&mut core[a373ad73a504971]::pin::Pin<&mut dyn core[a373ad73a504971]::future::future::Future<Output = ()>>>>
[INFO] [stdout]   16:     0x6121db5c73c7 - tokio[e27ea4d2886e0d7f]::runtime::context::runtime::enter_runtime::<<tokio[e27ea4d2886e0d7f]::runtime::scheduler::current_thread::CurrentThread>::block_on<core[a373ad73a504971]::pin::Pin<&mut dyn core[a373ad73a504971]::future::future::Future<Output = ()>>>::{closure#0}, ()>
[INFO] [stdout]   17:     0x6121db5c5fda - <tokio[e27ea4d2886e0d7f]::runtime::runtime::Runtime>::block_on::<core[a373ad73a504971]::pin::Pin<&mut dyn core[a373ad73a504971]::future::future::Future<Output = ()>>>
[INFO] [stdout]   18:     0x6121db5cc33e - <kv_redb[4c7b2bf047d7d96f]::store::tests::test_multiple_keys::{closure#0} as core[a373ad73a504971]::ops::function::FnOnce<()>>::call_once
[INFO] [stdout]   19:     0x6121db5d514b - test[aada8e7e76ba119b]::__rust_begin_short_backtrace::<core[a373ad73a504971]::result::Result<(), alloc[2e1b2a31b91974c5]::string::String>, fn() -> core[a373ad73a504971]::result::Result<(), alloc[2e1b2a31b91974c5]::string::String>>
[INFO] [stdout]   20:     0x6121db5e2325 - test[aada8e7e76ba119b]::run_test::{closure#0}
[INFO] [stdout]   21:     0x6121db5dbc14 - std[617be2ca0a6fd877]::sys::backtrace::__rust_begin_short_backtrace::<test[aada8e7e76ba119b]::run_test::{closure#1}, ()>
[INFO] [stdout]   22:     0x6121db5e53b2 - <std[617be2ca0a6fd877]::thread::lifecycle::spawn_unchecked<test[aada8e7e76ba119b]::run_test::{closure#1}, ()>::{closure#1} as core[a373ad73a504971]::ops::function::FnOnce<()>>::call_once::{shim:vtable#0}
[INFO] [stdout]   23:     0x6121db6e710f - <std[617be2ca0a6fd877]::sys::thread::unix::Thread>::new::thread_start
[INFO] [stdout]   24:     0x76dd95c55dfa - <unknown>
[INFO] [stdout]   25:     0x76dd95ce93d4 - clone
[INFO] [stdout]   26:                0x0 - <unknown>
[INFO] [stdout] 
[INFO] [stdout] ---- store::tests::test_get_nonexistent stdout ----
[INFO] [stdout] 
[INFO] [stdout] thread 'store::tests::test_get_nonexistent' (844) panicked at src/store.rs:117:60:
[INFO] [stdout] called `Result::unwrap()` on an `Err` value: DatabaseError(Storage(Io(Os { code: 30, kind: ReadOnlyFilesystem, message: "Read-only file system" })))
[INFO] [stdout] stack backtrace:
[INFO] [stdout]    0:     0x6121db6e7991 - <<std[617be2ca0a6fd877]::sys::backtrace::BacktraceLock>::print::DisplayBacktrace as core[a373ad73a504971]::fmt::Display>::fmt
[INFO] [stdout]    1:     0x6121db6fc58a - core[a373ad73a504971]::fmt::write
[INFO] [stdout]    2:     0x6121db6ebdbc - <alloc[2e1b2a31b91974c5]::vec::Vec<u8> as core[a373ad73a504971]::io::write::Write>::write_fmt
[INFO] [stdout]    3:     0x6121db6c2e26 - std[617be2ca0a6fd877]::panicking::default_hook::{closure#0}
[INFO] [stdout]    4:     0x6121db6df8a9 - std[617be2ca0a6fd877]::panicking::default_hook
[INFO] [stdout]    5:     0x6121db5e1d00 - test[aada8e7e76ba119b]::test_main_inner::{closure#0}
[INFO] [stdout]    6:     0x6121db6dfa62 - std[617be2ca0a6fd877]::panicking::panic_with_hook
[INFO] [stdout]    7:     0x6121db6c2ed2 - std[617be2ca0a6fd877]::panicking::panic_handler::{closure#0}
[INFO] [stdout]    8:     0x6121db6bbb39 - std[617be2ca0a6fd877]::sys::backtrace::__rust_end_short_backtrace::<std[617be2ca0a6fd877]::panicking::panic_handler::{closure#0}, !>
[INFO] [stdout]    9:     0x6121db6c3add - __rustc[ea4f61d10b84890b]::rust_begin_unwind
[INFO] [stdout]   10:     0x6121db6fccec - core[a373ad73a504971]::panicking::panic_fmt
[INFO] [stdout]   11:     0x6121db6fcac2 - core[a373ad73a504971]::result::unwrap_failed
[INFO] [stdout]   12:     0x6121db5cbb4c - kv_redb[4c7b2bf047d7d96f]::store::tests::test_get_nonexistent::{closure#0}
[INFO] [stdout]   13:     0x6121db5c3b53 - <tokio[e27ea4d2886e0d7f]::runtime::scheduler::current_thread::Context>::enter::<core[a373ad73a504971]::task::poll::Poll<()>, <tokio[e27ea4d2886e0d7f]::runtime::scheduler::current_thread::CoreGuard>::block_on<core[a373ad73a504971]::pin::Pin<&mut core[a373ad73a504971]::pin::Pin<&mut dyn core[a373ad73a504971]::future::future::Future<Output = ()>>>>::{closure#0}::{closure#0}>
[INFO] [stdout]   14:     0x6121db5c2399 - <std[617be2ca0a6fd877]::thread::local::LocalKey<tokio[e27ea4d2886e0d7f]::runtime::context::Context>>::with::<tokio[e27ea4d2886e0d7f]::runtime::context::set_scheduler<(alloc[2e1b2a31b91974c5]::boxed::Box<tokio[e27ea4d2886e0d7f]::runtime::scheduler::current_thread::Core>, core[a373ad73a504971]::option::Option<()>), <tokio[e27ea4d2886e0d7f]::runtime::scheduler::current_thread::CoreGuard>::enter<<tokio[e27ea4d2886e0d7f]::runtime::scheduler::current_thread::CoreGuard>::block_on<core[a373ad73a504971]::pin::Pin<&mut core[a373ad73a504971]::pin::Pin<&mut dyn core[a373ad73a504971]::future::future::Future<Output = ()>>>>::{closure#0}, core[a373ad73a504971]::option::Option<()>>::{closure#0}>::{closure#0}, (alloc[2e1b2a31b91974c5]::boxed::Box<tokio[e27ea4d2886e0d7f]::runtime::scheduler::current_thread::Core>, core[a373ad73a504971]::option::Option<()>)>
[INFO] [stdout]   15:     0x6121db5c3e87 - <tokio[e27ea4d2886e0d7f]::runtime::scheduler::current_thread::CoreGuard>::block_on::<core[a373ad73a504971]::pin::Pin<&mut core[a373ad73a504971]::pin::Pin<&mut dyn core[a373ad73a504971]::future::future::Future<Output = ()>>>>
[INFO] [stdout]   16:     0x6121db5c73c7 - tokio[e27ea4d2886e0d7f]::runtime::context::runtime::enter_runtime::<<tokio[e27ea4d2886e0d7f]::runtime::scheduler::current_thread::CurrentThread>::block_on<core[a373ad73a504971]::pin::Pin<&mut dyn core[a373ad73a504971]::future::future::Future<Output = ()>>>::{closure#0}, ()>
[INFO] [stdout]   17:     0x6121db5c5fda - <tokio[e27ea4d2886e0d7f]::runtime::runtime::Runtime>::block_on::<core[a373ad73a504971]::pin::Pin<&mut dyn core[a373ad73a504971]::future::future::Future<Output = ()>>>
[INFO] [stdout]   18:     0x6121db5cc4b2 - <kv_redb[4c7b2bf047d7d96f]::store::tests::test_get_nonexistent::{closure#0} as core[a373ad73a504971]::ops::function::FnOnce<()>>::call_once
[INFO] [stdout]   19:     0x6121db5d514b - test[aada8e7e76ba119b]::__rust_begin_short_backtrace::<core[a373ad73a504971]::result::Result<(), alloc[2e1b2a31b91974c5]::string::String>, fn() -> core[a373ad73a504971]::result::Result<(), alloc[2e1b2a31b91974c5]::string::String>>
[INFO] [stdout]   20:     0x6121db5e2325 - test[aada8e7e76ba119b]::run_test::{closure#0}
[INFO] [stdout]   21:     0x6121db5dbc14 - std[617be2ca0a6fd877]::sys::backtrace::__rust_begin_short_backtrace::<test[aada8e7e76ba119b]::run_test::{closure#1}, ()>
[INFO] [stdout]   22:     0x6121db5e53b2 - <std[617be2ca0a6fd877]::thread::lifecycle::spawn_unchecked<test[aada8e7e76ba119b]::run_test::{closure#1}, ()>::{closure#1} as core[a373ad73a504971]::ops::function::FnOnce<()>>::call_once::{shim:vtable#0}
[INFO] [stdout]   23:     0x6121db6e710f - <std[617be2ca0a6fd877]::sys::thread::unix::Thread>::new::thread_start
[INFO] [stdout]   24:     0x76dd95c55dfa - <unknown>
[INFO] [stdout]   25:     0x76dd95ce93d4 - clone
[INFO] [stdout]   26:                0x0 - <unknown>
[INFO] [stdout] 
[INFO] [stdout] 
[INFO] [stdout] failures:
[INFO] [stdout]     store::tests::test_delete
[INFO] [stdout]     store::tests::test_get_nonexistent
[INFO] [stdout]     store::tests::test_multiple_keys
[INFO] [stdout]     store::tests::test_overwrite
[INFO] [stdout]     store::tests::test_set_and_get
[INFO] [stdout] 
[INFO] [stdout] test result: FAILED. 0 passed; 5 failed; 0 ignored; 0 measured; 0 filtered out; finished in 0.02s
[INFO] [stdout] 
[INFO] running `Command { std: "docker" "inspect" "b20e0206c6e6a541cc90ee10f30e3faabe21c184aa8355d52cf554afd2f11b40", kill_on_drop: false }`
[INFO] running `Command { std: "docker" "rm" "-f" "b20e0206c6e6a541cc90ee10f30e3faabe21c184aa8355d52cf554afd2f11b40", kill_on_drop: false }`
[INFO] [stdout] b20e0206c6e6a541cc90ee10f30e3faabe21c184aa8355d52cf554afd2f11b40
