[INFO] fetching crate kulfi-utils 0.1.3...
[INFO] testing kulfi-utils-0.1.3 against 1.99.0-beta.8+cargoflags=--release for beta-release-1.100-2
[INFO] extracting crate kulfi-utils 0.1.3 into /workspace/builds/worker-3-tc1/source
[INFO] started tweaking crates.io crate kulfi-utils 0.1.3
[INFO] removed 0 missing tests
[INFO] finished tweaking crates.io crate kulfi-utils 0.1.3
[INFO] tweaked toml for crates.io crate kulfi-utils 0.1.3 written to /workspace/builds/worker-3-tc1/source/Cargo.toml
[INFO] validating manifest of crates.io crate kulfi-utils 0.1.3 on toolchain 1.99.0-beta.8
[INFO] running `Command { std: CARGO_HOME="/workspace/cargo-home" RUSTUP_HOME="/workspace/rustup-home" "/workspace/cargo-home/bin/cargo" "+1.99.0-beta.8" "metadata" "--manifest-path" "Cargo.toml" "--no-deps", kill_on_drop: false }`
[INFO] crate crates.io crate kulfi-utils 0.1.3 already has a lockfile, it will not be regenerated
[INFO] running `Command { std: CARGO_HOME="/workspace/cargo-home" RUSTUP_HOME="/workspace/rustup-home" "/workspace/cargo-home/bin/cargo" "+1.99.0-beta.8" "fetch" "--manifest-path" "Cargo.toml", kill_on_drop: false }`
[INFO] [stderr]     Updating crates.io index
[INFO] [stderr]  Downloading crates ...
[INFO] [stderr]   Downloaded kulfi-id52 v0.1.0
[INFO] [stderr]   Downloaded dbus-secret-service v4.0.3
[INFO] [stderr]   Downloaded linux-keyutils v0.2.4
[INFO] [stderr]   Downloaded cc v1.2.32
[INFO] [stderr]   Downloaded swarm-discovery v0.4.0
[INFO] [stderr]   Downloaded smol_str v0.1.24
[INFO] [stderr]   Downloaded acto v0.7.4
[INFO] [stderr]   Downloaded dbus v0.9.7
[INFO] [stderr]   Downloaded iroh v0.95.1
[INFO] [stderr]   Downloaded portmapper v0.12.0
[INFO] [stderr]   Downloaded netwatch v0.12.0
[INFO] [stderr]   Downloaded wmi v0.17.2
[INFO] [stderr]   Downloaded netlink-sys v0.8.7
[INFO] [stderr]   Downloaded netdev v0.38.2
[INFO] [stderr]   Downloaded n0-watcher v0.5.0
[INFO] [stderr]   Downloaded futures-buffered v0.2.12
[INFO] [stderr]   Downloaded libdbus-sys v0.2.5
[INFO] [stderr]   Downloaded netlink-packet-route v0.25.1
[INFO] [stderr]   Downloaded n0-error-macros v0.1.3
[INFO] [stderr]   Downloaded iroh-metrics v0.37.0
[INFO] [stderr]   Downloaded iroh-metrics-derive v0.4.1
[INFO] [stderr]   Downloaded igd-next v0.16.2
[INFO] [stderr]   Downloaded pkarr v5.0.2
[INFO] [stderr]   Downloaded ed25519-dalek v3.0.0-pre.1
[INFO] [stderr]   Downloaded sha2 v0.11.0-rc.2
[INFO] [stderr]   Downloaded n0-error v0.1.3
[INFO] [stderr]   Downloaded der v0.8.0-rc.12
[INFO] [stderr]   Downloaded litrs v0.4.2
[INFO] [stderr]   Downloaded iroh-relay v0.95.1
[INFO] [stderr]   Downloaded iroh-quinn v0.14.0
[INFO] [stderr]   Downloaded block-buffer v0.11.0
[INFO] [stderr]   Downloaded ed25519 v3.0.0-rc.4
[INFO] [stderr]   Downloaded tokio-websockets v0.12.0
[INFO] [stderr]   Downloaded sha1 v0.11.0-rc.2
[INFO] [stderr]   Downloaded iroh-base v0.95.1
[INFO] [stderr]   Downloaded digest v0.11.0-rc.3
[INFO] [stderr]   Downloaded crypto-common v0.2.0-rc.4
[INFO] [stderr]   Downloaded poly1305 v0.9.0-rc.2
[INFO] [stderr]   Downloaded bb8 v0.9.0
[INFO] [stderr]   Downloaded curve25519-dalek v5.0.0-pre.1
[INFO] [stderr]   Downloaded salsa20 v0.11.0-rc.1
[INFO] [stderr]   Downloaded universal-hash v0.6.0-rc.2
[INFO] [stderr]   Downloaded chacha20 v0.10.0-rc.2
[INFO] [stderr]   Downloaded backon v1.5.2
[INFO] [stderr]   Downloaded cipher v0.5.0-rc.1
[INFO] [stderr]   Downloaded crypto_secretbox v0.2.0-pre.0
[INFO] [stderr]   Downloaded aead v0.6.0-rc.2
[INFO] [stderr]   Downloaded crypto_box v0.10.0-pre.0
[INFO] running `Command { std: "docker" "create" "-v" "/var/lib/crater-agent-workspace/builds/worker-3-tc1/source:/opt/rustwide/workdir:ro,Z" "-v" "/var/lib/crater-agent-workspace/builds/worker-3-tc1/target:/opt/rustwide/target:rw,Z" "-v" "/var/lib/crater-agent-workspace/cargo-home:/opt/rustwide/cargo-home:ro,Z" "-v" "/var/lib/crater-agent-workspace/rustup-home:/opt/rustwide/rustup-home:ro,Z" "-m" "1610612736" "--network" "none" "ghcr.io/rust-lang/crates-build-env/linux@sha256:77db811e55d90add9212f6832c23229e3de5f1c1f9905e8cb07319ea15df73ac" "sleep" "infinity", kill_on_drop: false }`
[INFO] [stdout] 226642d980670944bade2a2ad8ae4d4ded6ecf9f3284f6ac2d0dd1c4a12a8d53
[INFO] running `Command { std: "docker" "start" "226642d980670944bade2a2ad8ae4d4ded6ecf9f3284f6ac2d0dd1c4a12a8d53", kill_on_drop: false }`
[INFO] running `Command { std: "docker" "inspect" "226642d980670944bade2a2ad8ae4d4ded6ecf9f3284f6ac2d0dd1c4a12a8d53", kill_on_drop: false }`
[INFO] running `Command { std: "docker" "exec" "-e" "SOURCE_DIR=/opt/rustwide/workdir" "-e" "CARGO_HOME=/opt/rustwide/cargo-home" "-e" "RUSTUP_HOME=/opt/rustwide/rustup-home" "-e" "CARGO_TARGET_DIR=/opt/rustwide/target" "-w" "/opt/rustwide/workdir" "--user" "0:0" "226642d980670944bade2a2ad8ae4d4ded6ecf9f3284f6ac2d0dd1c4a12a8d53" "/opt/rustwide/cargo-home/bin/cargo" "+1.99.0-beta.8" "metadata" "--no-deps" "--format-version=1", kill_on_drop: false }`
[INFO] running `Command { std: "docker" "inspect" "226642d980670944bade2a2ad8ae4d4ded6ecf9f3284f6ac2d0dd1c4a12a8d53", kill_on_drop: false }`
[INFO] running `Command { std: "docker" "exec" "-e" "SOURCE_DIR=/opt/rustwide/workdir" "-e" "CARGO_HOME=/opt/rustwide/cargo-home" "-e" "RUSTUP_HOME=/opt/rustwide/rustup-home" "-e" "CARGO_TARGET_DIR=/opt/rustwide/target" "-e" "CARGO_INCREMENTAL=0" "-e" "RUST_BACKTRACE=full" "-e" "RUSTFLAGS=--cap-lints=warn" "-e" "RUSTDOCFLAGS=--cap-lints=warn" "-w" "/opt/rustwide/workdir" "--user" "0:0" "226642d980670944bade2a2ad8ae4d4ded6ecf9f3284f6ac2d0dd1c4a12a8d53" "/opt/rustwide/cargo-home/bin/cargo" "+1.99.0-beta.8" "build" "--frozen" "--message-format=json" "--release", kill_on_drop: false }`
[INFO] [stderr]    Compiling proc-macro2 v1.0.97
[INFO] [stderr]    Compiling libc v0.2.175
[INFO] [stderr]    Compiling cfg-if v1.0.1
[INFO] [stderr]    Compiling parking_lot_core v0.9.11
[INFO] [stderr]    Compiling portable-atomic v1.11.1
[INFO] [stderr]    Compiling typenum v1.18.0
[INFO] [stderr]    Compiling getrandom v0.3.3
[INFO] [stderr]    Compiling futures-io v0.3.31
[INFO] [stderr]    Compiling lock_api v0.4.13
[INFO] [stderr]    Compiling memchr v2.7.5
[INFO] [stderr]    Compiling critical-section v1.2.0
[INFO] [stderr]    Compiling serde v1.0.219
[INFO] [stderr]    Compiling futures-channel v0.3.31
[INFO] [stderr]    Compiling semver v1.0.26
[INFO] [stderr]    Compiling cc v1.2.32
[INFO] [stderr]    Compiling thiserror v2.0.14
[INFO] [stderr]    Compiling rustls v0.23.36
[INFO] [stderr]    Compiling hashbrown v0.15.5
[INFO] [stderr]    Compiling bitflags v2.9.1
[INFO] [stderr]    Compiling http-body v1.0.1
[INFO] [stderr]    Compiling base64ct v1.8.0
[INFO] [stderr]    Compiling fastrand v2.3.0
[INFO] [stderr]    Compiling diatomic-waker v0.2.3
[INFO] [stderr]    Compiling spin v0.10.0
[INFO] [stderr]    Compiling cordyceps v0.3.4
[INFO] [stderr]    Compiling tinyvec v1.9.0
[INFO] [stderr]    Compiling iroh-quinn-udp v0.5.7
[INFO] [stderr]    Compiling pem-rfc7468 v1.0.0
[INFO] [stderr]    Compiling rustc_version v0.4.1
[INFO] [stderr]    Compiling n0-future v0.3.2
[INFO] [stderr]    Compiling quote v1.0.40
[INFO] [stderr]    Compiling futures-lite v2.6.1
[INFO] [stderr]    Compiling toml_datetime v0.6.11
[INFO] [stderr]    Compiling winnow v0.7.12
[INFO] [stderr]    Compiling curve25519-dalek v5.0.0-pre.1
[INFO] [stderr]    Compiling heapless v0.7.17
[INFO] [stderr]    Compiling futures-buffered v0.2.12
[INFO] [stderr]    Compiling syn v2.0.105
[INFO] [stderr]    Compiling indexmap v2.10.0
[INFO] [stderr]    Compiling data-encoding v2.9.0
[INFO] [stderr]    Compiling generic-array v0.14.7
[INFO] [stderr]    Compiling hash32 v0.2.1
[INFO] [stderr]    Compiling netlink-packet-core v0.8.1
[INFO] [stderr]    Compiling socket2 v0.6.0
[INFO] [stderr]    Compiling signal-hook-registry v1.4.6
[INFO] [stderr]    Compiling mio v1.0.4
[INFO] [stderr]    Compiling parking_lot v0.12.4
[INFO] [stderr]    Compiling once_cell v1.21.3
[INFO] [stderr]    Compiling getrandom v0.2.16
[INFO] [stderr]    Compiling ring v0.17.14
[INFO] [stderr]    Compiling rand_core v0.9.3
[INFO] [stderr]    Compiling tracing-core v0.1.34
[INFO] [stderr]    Compiling rand_core v0.6.4
[INFO] [stderr]    Compiling rand_chacha v0.9.0
[INFO] [stderr]    Compiling socket2 v0.5.10
[INFO] [stderr]    Compiling rand_chacha v0.3.1
[INFO] [stderr]    Compiling rand v0.9.2
[INFO] [stderr]    Compiling spin v0.9.8
[INFO] [stderr]    Compiling http-body-util v0.1.3
[INFO] [stderr]    Compiling signature v3.0.0-rc.10
[INFO] [stderr]    Compiling block-buffer v0.10.4
[INFO] [stderr]    Compiling crypto-common v0.1.6
[INFO] [stderr]    Compiling moka v0.12.10
[INFO] [stderr]    Compiling iri-string v0.7.8
[INFO] [stderr]    Compiling litrs v0.4.2
[INFO] [stderr]    Compiling digest v0.10.7
[INFO] [stderr]    Compiling rand v0.8.5
[INFO] [stderr]    Compiling crossbeam-epoch v0.9.18
[INFO] [stderr]    Compiling crossbeam-channel v0.5.15
[INFO] [stderr]    Compiling uuid v1.18.0
[INFO] [stderr]    Compiling blake3 v1.8.2
[INFO] [stderr]    Compiling document-features v0.2.11
[INFO] [stderr]    Compiling netlink-packet-route v0.25.1
[INFO] [stderr]    Compiling acto v0.7.4
[INFO] [stderr]    Compiling curve25519-dalek v4.1.3
[INFO] [stderr]    Compiling iroh-quinn v0.14.0
[INFO] [stderr]    Compiling pkarr v5.0.2
[INFO] [stderr]    Compiling netwatch v0.12.0
[INFO] [stderr]    Compiling base32 v0.5.1
[INFO] [stderr]    Compiling xml-rs v0.8.27
[INFO] [stderr]    Compiling tagptr v0.2.0
[INFO] [stderr]    Compiling simple-dns v0.9.3
[INFO] [stderr]    Compiling iroh-relay v0.95.1
[INFO] [stderr]    Compiling base16ct v1.0.0
[INFO] [stderr]    Compiling smol_str v0.1.24
[INFO] [stderr]    Compiling simdutf8 v0.1.5
[INFO] [stderr]    Compiling signature v2.2.0
[INFO] [stderr]    Compiling constant_time_eq v0.3.1
[INFO] [stderr]    Compiling self_cell v1.2.0
[INFO] [stderr]    Compiling resolv-conf v0.7.4
[INFO] [stderr]    Compiling arrayvec v0.7.6
[INFO] [stderr]    Compiling toml_edit v0.22.27
[INFO] [stderr]    Compiling ed25519 v2.2.3
[INFO] [stderr]    Compiling sha2 v0.10.9
[INFO] [stderr]    Compiling iroh v0.95.1
[INFO] [stderr]    Compiling eyre v0.6.12
[INFO] [stderr]    Compiling z32 v1.3.0
[INFO] [stderr]    Compiling serde_json v1.0.142
[INFO] [stderr]    Compiling linux-keyutils v0.2.4
[INFO] [stderr]    Compiling file-guard v0.2.0
[INFO] [stderr]    Compiling colored v3.0.0
[INFO] [stderr]    Compiling keyring v3.6.3
[INFO] [stderr]    Compiling xmltree v0.10.3
[INFO] [stderr]    Compiling proc-macro-crate v3.3.0
[INFO] [stderr]    Compiling synstructure v0.13.2
[INFO] [stderr]    Compiling zeroize_derive v1.4.3
[INFO] [stderr]    Compiling tokio-macros v2.5.0
[INFO] [stderr]    Compiling futures-macro v0.3.31
[INFO] [stderr]    Compiling serde_derive v1.0.219
[INFO] [stderr]    Compiling zerofrom-derive v0.1.6
[INFO] [stderr]    Compiling yoke-derive v0.8.0
[INFO] [stderr]    Compiling zerovec-derive v0.11.1
[INFO] [stderr]    Compiling displaydoc v0.2.5
[INFO] [stderr]    Compiling tracing-attributes v0.1.30
[INFO] [stderr]    Compiling thiserror-impl v2.0.14
[INFO] [stderr]    Compiling curve25519-dalek-derive v0.1.1
[INFO] [stderr]    Compiling spez v0.1.2
[INFO] [stderr]    Compiling n0-error-macros v0.1.3
[INFO] [stderr]    Compiling derive_more-impl v2.0.1
[INFO] [stderr]    Compiling zeroize v1.8.2
[INFO] [stderr]    Compiling async-trait v0.1.88
[INFO] [stderr]    Compiling hybrid-array v0.4.7
[INFO] [stderr]    Compiling rustls-pki-types v1.12.0
[INFO] [stderr]    Compiling tokio v1.47.1
[INFO] [stderr]    Compiling der v0.8.0-rc.12
[INFO] [stderr]    Compiling n0-error v0.1.3
[INFO] [stderr]    Compiling futures-util v0.3.31
[INFO] [stderr]    Compiling pin-project-internal v1.1.10
[INFO] [stderr]    Compiling cobs v0.3.0
[INFO] [stderr]    Compiling tracing v0.1.41
[INFO] [stderr]    Compiling zerofrom v0.1.6
[INFO] [stderr]    Compiling crypto-common v0.2.0-rc.4
[INFO] [stderr]    Compiling yoke v0.8.0
[INFO] [stderr]    Compiling block-buffer v0.11.0
[INFO] [stderr]    Compiling inout v0.2.2
[INFO] [stderr]    Compiling webpki-roots v1.0.6
[INFO] [stderr]    Compiling thiserror-impl v1.0.69
[INFO] [stderr]    Compiling enum-as-inner v0.6.1
[INFO] [stderr]    Compiling postcard-derive v0.2.2
[INFO] [stderr]    Compiling zerovec v0.11.4
[INFO] [stderr]    Compiling zerotrie v0.2.2
[INFO] [stderr]    Compiling num_enum_derive v0.7.4
[INFO] [stderr]    Compiling iroh-metrics-derive v0.4.1
[INFO] [stderr]    Compiling strum_macros v0.27.2
[INFO] [stderr]    Compiling rustls-native-certs v0.8.3
[INFO] [stderr]    Compiling pin-project v1.1.10
[INFO] [stderr]    Compiling thiserror v1.0.69
[INFO] [stderr]    Compiling digest v0.11.0-rc.3
[INFO] [stderr]    Compiling cipher v0.5.0-rc.1
[INFO] [stderr]    Compiling universal-hash v0.6.0-rc.2
[INFO] [stderr]    Compiling spki v0.8.0-rc.4
[INFO] [stderr]    Compiling sha2 v0.11.0-rc.2
[INFO] [stderr]    Compiling poly1305 v0.9.0-rc.2
[INFO] [stderr]    Compiling tinystr v0.8.1
[INFO] [stderr]    Compiling potential_utf v0.1.2
[INFO] [stderr]    Compiling pkcs8 v0.11.0-rc.11
[INFO] [stderr]    Compiling num_enum v0.7.4
[INFO] [stderr]    Compiling chacha20 v0.10.0-rc.2
[INFO] [stderr]    Compiling salsa20 v0.11.0-rc.1
[INFO] [stderr]    Compiling icu_collections v2.0.0
[INFO] [stderr]    Compiling icu_locale_core v2.0.0
[INFO] [stderr]    Compiling aead v0.6.0-rc.2
[INFO] [stderr]    Compiling sha1 v0.11.0-rc.2
[INFO] [stderr]    Compiling derive_more v2.0.1
[INFO] [stderr]    Compiling crypto_secretbox v0.2.0-pre.0
[INFO] [stderr]    Compiling ed25519-dalek v2.2.0
[INFO] [stderr]    Compiling icu_provider v2.0.0
[INFO] [stderr]    Compiling futures-executor v0.3.31
[INFO] [stderr]    Compiling strum v0.27.2
[INFO] [stderr]    Compiling futures v0.3.31
[INFO] [stderr]    Compiling icu_properties v2.0.1
[INFO] [stderr]    Compiling icu_normalizer v2.0.0
[INFO] [stderr]    Compiling idna_adapter v1.2.1
[INFO] [stderr]    Compiling idna v1.0.3
[INFO] [stderr]    Compiling url v2.5.4
[INFO] [stderr]    Compiling ed25519 v3.0.0-rc.4
[INFO] [stderr]    Compiling serde_urlencoded v0.7.1
[INFO] [stderr]    Compiling ntimestamp v1.0.0
[INFO] [stderr]    Compiling serdect v0.4.2
[INFO] [stderr]    Compiling serde_bytes v0.11.17
[INFO] [stderr]    Compiling kulfi-id52 v0.1.0
[INFO] [stderr]    Compiling tokio-util v0.7.16
[INFO] [stderr]    Compiling tower v0.5.2
[INFO] [stderr]    Compiling netlink-sys v0.8.7
[INFO] [stderr]    Compiling async-compat v0.2.4
[INFO] [stderr]    Compiling backon v1.5.2
[INFO] [stderr]    Compiling bb8 v0.9.0
[INFO] [stderr]    Compiling rustls-webpki v0.103.9
[INFO] [stderr]    Compiling postcard v1.1.3
[INFO] [stderr]    Compiling netlink-proto v0.12.0
[INFO] [stderr]    Compiling netdev v0.38.2
[INFO] [stderr]    Compiling attohttpc v0.30.1
[INFO] [stderr]    Compiling h2 v0.4.12
[INFO] [stderr]    Compiling tower-http v0.6.6
[INFO] [stderr]    Compiling n0-watcher v0.5.0
[INFO] [stderr]    Compiling iroh-metrics v0.37.0
[INFO] [stderr]    Compiling tokio-stream v0.1.17
[INFO] [stderr]    Compiling ed25519-dalek v3.0.0-pre.1
[INFO] [stderr]    Compiling crypto_box v0.10.0-pre.0
[INFO] [stderr]    Compiling iroh-base v0.95.1
[INFO] [stderr]    Compiling hyper v1.6.0
[INFO] [stderr]    Compiling tokio-rustls v0.26.2
[INFO] [stderr]    Compiling iroh-quinn-proto v0.13.0
[INFO] [stderr]    Compiling hickory-proto v0.25.2
[INFO] [stderr]    Compiling tokio-websockets v0.12.0
[INFO] [stderr]    Compiling hyper-util v0.1.16
[INFO] [stderr]    Compiling rustls-platform-verifier v0.5.3
[INFO] [stderr]    Compiling hyper-rustls v0.27.7
[INFO] [stderr]    Compiling igd-next v0.16.2
[INFO] [stderr]    Compiling reqwest v0.12.23
[INFO] [stderr]    Compiling hickory-resolver v0.25.2
[INFO] [stderr]    Compiling swarm-discovery v0.4.0
[INFO] [stderr]    Compiling portmapper v0.12.0
[INFO] [stderr]    Compiling kulfi-utils v0.1.3 (/opt/rustwide/workdir)
[INFO] [stderr]     Finished `release` profile [optimized] target(s) in 4m 04s
[INFO] running `Command { std: "docker" "inspect" "226642d980670944bade2a2ad8ae4d4ded6ecf9f3284f6ac2d0dd1c4a12a8d53", kill_on_drop: false }`
[INFO] running `Command { std: "docker" "exec" "-e" "SOURCE_DIR=/opt/rustwide/workdir" "-e" "CARGO_HOME=/opt/rustwide/cargo-home" "-e" "RUSTUP_HOME=/opt/rustwide/rustup-home" "-e" "CARGO_TARGET_DIR=/opt/rustwide/target" "-e" "CARGO_INCREMENTAL=0" "-e" "RUST_BACKTRACE=full" "-e" "RUSTFLAGS=--cap-lints=warn" "-e" "RUSTDOCFLAGS=--cap-lints=warn" "-w" "/opt/rustwide/workdir" "--user" "0:0" "226642d980670944bade2a2ad8ae4d4ded6ecf9f3284f6ac2d0dd1c4a12a8d53" "/opt/rustwide/cargo-home/bin/cargo" "+1.99.0-beta.8" "test" "--frozen" "--no-run" "--message-format=json" "--release", kill_on_drop: false }`
[INFO] [stderr]    Compiling kulfi-utils v0.1.3 (/opt/rustwide/workdir)
[INFO] [stderr]     Finished `release` profile [optimized] target(s) in 14.30s
[INFO] running `Command { std: "docker" "inspect" "226642d980670944bade2a2ad8ae4d4ded6ecf9f3284f6ac2d0dd1c4a12a8d53", kill_on_drop: false }`
[INFO] running `Command { std: "docker" "exec" "-e" "SOURCE_DIR=/opt/rustwide/workdir" "-e" "CARGO_HOME=/opt/rustwide/cargo-home" "-e" "RUSTUP_HOME=/opt/rustwide/rustup-home" "-e" "CARGO_TARGET_DIR=/opt/rustwide/target" "-e" "CARGO_INCREMENTAL=0" "-e" "RUST_BACKTRACE=full" "-e" "RUSTFLAGS=--cap-lints=warn" "-e" "RUSTDOCFLAGS=--cap-lints=warn" "-w" "/opt/rustwide/workdir" "--user" "0:0" "226642d980670944bade2a2ad8ae4d4ded6ecf9f3284f6ac2d0dd1c4a12a8d53" "/opt/rustwide/cargo-home/bin/cargo" "+1.99.0-beta.8" "test" "--frozen" "--release", kill_on_drop: false }`
[INFO] [stderr]     Finished `release` profile [optimized] target(s) in 0.40s
[INFO] [stderr]      Running unittests src/lib.rs (/opt/rustwide/target/release/deps/kulfi_utils-b012ba463f3373f9)
[INFO] [stderr]      Running tests/baseline_compat.rs (/opt/rustwide/target/release/deps/baseline_compat-669d88fde8e3bd24)
[INFO] [stdout] 
[INFO] [stdout] running 0 tests
[INFO] [stdout] 
[INFO] [stdout] test result: ok. 0 passed; 0 failed; 0 ignored; 0 measured; 0 filtered out; finished in 0.00s
[INFO] [stdout] 
[INFO] [stdout] 
[INFO] [stdout] running 4 tests
[INFO] [stdout] test test_signature_with_baseline_key ... FAILED
[INFO] [stdout] test test_bytes_encoding ... FAILED
[INFO] [stdout] test test_public_key_derivation ... FAILED
[INFO] [stdout] test test_baseline_keys_load_correctly ... FAILED
[INFO] [stdout] 
[INFO] [stdout] failures:
[INFO] [stdout] 
[INFO] [stdout] ---- test_signature_with_baseline_key stdout ----
[INFO] [stdout] 
[INFO] [stdout] thread 'test_signature_with_baseline_key' (4628) panicked at tests/baseline_compat.rs:72:10:
[INFO] [stdout] Failed to read baseline key: Os { code: 2, kind: NotFound, message: "No such file or directory" }
[INFO] [stdout] stack backtrace:
[INFO] [stdout]    0:     0x56b3d68beb61 - <<std[70759c8f55707aa4]::sys::backtrace::BacktraceLock>::print::DisplayBacktrace as core[df12db4294e9bfd3]::fmt::Display>::fmt
[INFO] [stdout]    1:     0x56b3d68d2f8a - core[df12db4294e9bfd3]::fmt::write
[INFO] [stdout]    2:     0x56b3d68c2ffc - <alloc[2182bb758b4b3781]::vec::Vec<u8> as core[df12db4294e9bfd3]::io::write::Write>::write_fmt
[INFO] [stdout]    3:     0x56b3d689ade6 - std[70759c8f55707aa4]::panicking::default_hook::{closure#0}
[INFO] [stdout]    4:     0x56b3d68b6f59 - std[70759c8f55707aa4]::panicking::default_hook
[INFO] [stdout]    5:     0x56b3d6852e90 - test[9d35eded1c95d3be]::test_main_inner::<test[9d35eded1c95d3be]::test_main_static::{closure#0}>::{closure#0}
[INFO] [stdout]    6:     0x56b3d68b7112 - std[70759c8f55707aa4]::panicking::panic_with_hook
[INFO] [stdout]    7:     0x56b3d689ae92 - std[70759c8f55707aa4]::panicking::panic_handler::{closure#0}
[INFO] [stdout]    8:     0x56b3d6893a89 - std[70759c8f55707aa4]::sys::backtrace::__rust_end_short_backtrace::<std[70759c8f55707aa4]::panicking::panic_handler::{closure#0}, !>
[INFO] [stdout]    9:     0x56b3d689ba8d - __rustc[8fa7c3cbc660c2b3]::rust_begin_unwind
[INFO] [stdout]   10:     0x56b3d68d36bc - core[df12db4294e9bfd3]::panicking::panic_fmt
[INFO] [stdout]   11:     0x56b3d68d3492 - core[df12db4294e9bfd3]::result::unwrap_failed
[INFO] [stdout]   12:     0x56b3d6822082 - <baseline_compat[42ab097c41f27355]::test_signature_with_baseline_key::{closure#0} as core[df12db4294e9bfd3]::ops::function::FnOnce<()>>::call_once
[INFO] [stdout]   13:     0x56b3d684617b - test[9d35eded1c95d3be]::__rust_begin_short_backtrace::<core[df12db4294e9bfd3]::result::Result<(), alloc[2182bb758b4b3781]::string::String>, fn() -> core[df12db4294e9bfd3]::result::Result<(), alloc[2182bb758b4b3781]::string::String>>
[INFO] [stdout]   14:     0x56b3d68537e5 - test[9d35eded1c95d3be]::run_test::{closure#0}
[INFO] [stdout]   15:     0x56b3d684d0a4 - std[70759c8f55707aa4]::sys::backtrace::__rust_begin_short_backtrace::<test[9d35eded1c95d3be]::run_test::{closure#1}, ()>
[INFO] [stdout]   16:     0x56b3d6856942 - <std[70759c8f55707aa4]::thread::lifecycle::spawn_unchecked<test[9d35eded1c95d3be]::run_test::{closure#1}, ()>::{closure#1} as core[df12db4294e9bfd3]::ops::function::FnOnce<()>>::call_once::{shim:vtable#0}
[INFO] [stdout]   17:     0x56b3d68be0c9 - <std[70759c8f55707aa4]::sys::thread::unix::Thread>::new::thread_start
[INFO] [stdout]   18:     0x72f92ebbfdfa - <unknown>
[INFO] [stdout]   19:     0x72f92ec533d4 - clone
[INFO] [stdout]   20:                0x0 - <unknown>
[INFO] [stdout] 
[INFO] [stdout] ---- test_bytes_encoding stdout ----
[INFO] [stdout] 
[INFO] [stdout] thread 'test_bytes_encoding' (4626) panicked at tests/baseline_compat.rs:131:10:
[INFO] [stdout] Failed to read baseline key: Os { code: 2, kind: NotFound, message: "No such file or directory" }
[INFO] [stdout] stack backtrace:
[INFO] [stdout]    0:     0x56b3d68beb61 - <<std[70759c8f55707aa4]::sys::backtrace::BacktraceLock>::print::DisplayBacktrace as core[df12db4294e9bfd3]::fmt::Display>::fmt
[INFO] [stdout]    1:     0x56b3d68d2f8a - core[df12db4294e9bfd3]::fmt::write
[INFO] [stdout]    2:     0x56b3d68c2ffc - <alloc[2182bb758b4b3781]::vec::Vec<u8> as core[df12db4294e9bfd3]::io::write::Write>::write_fmt
[INFO] [stdout]    3:     0x56b3d689ade6 - std[70759c8f55707aa4]::panicking::default_hook::{closure#0}
[INFO] [stdout]    4:     0x56b3d68b6f59 - std[70759c8f55707aa4]::panicking::default_hook
[INFO] [stdout]    5:     0x56b3d6852e90 - test[9d35eded1c95d3be]::test_main_inner::<test[9d35eded1c95d3be]::test_main_static::{closure#0}>::{closure#0}
[INFO] [stdout]    6:     0x56b3d68b7112 - std[70759c8f55707aa4]::panicking::panic_with_hook
[INFO] [stdout]    7:     0x56b3d689ae92 - std[70759c8f55707aa4]::panicking::panic_handler::{closure#0}
[INFO] [stdout]    8:     0x56b3d6893a89 - std[70759c8f55707aa4]::sys::backtrace::__rust_end_short_backtrace::<std[70759c8f55707aa4]::panicking::panic_handler::{closure#0}, !>
[INFO] [stdout]    9:     0x56b3d689ba8d - __rustc[8fa7c3cbc660c2b3]::rust_begin_unwind
[INFO] [stdout]   10:     0x56b3d68d36bc - core[df12db4294e9bfd3]::panicking::panic_fmt
[INFO] [stdout]   11:     0x56b3d68d3492 - core[df12db4294e9bfd3]::result::unwrap_failed
[INFO] [stdout]   12:     0x56b3d68213e4 - <baseline_compat[42ab097c41f27355]::test_bytes_encoding::{closure#0} as core[df12db4294e9bfd3]::ops::function::FnOnce<()>>::call_once
[INFO] [stdout]   13:     0x56b3d684617b - test[9d35eded1c95d3be]::__rust_begin_short_backtrace::<core[df12db4294e9bfd3]::result::Result<(), alloc[2182bb758b4b3781]::string::String>, fn() -> core[df12db4294e9bfd3]::result::Result<(), alloc[2182bb758b4b3781]::string::String>>
[INFO] [stdout]   14:     0x56b3d68537e5 - test[9d35eded1c95d3be]::run_test::{closure#0}
[INFO] [stdout]   15:     0x56b3d684d0a4 - std[70759c8f55707aa4]::sys::backtrace::__rust_begin_short_backtrace::<test[9d35eded1c95d3be]::run_test::{closure#1}, ()>
[INFO] [stdout]   16:     0x56b3d6856942 - <std[70759c8f55707aa4]::thread::lifecycle::spawn_unchecked<test[9d35eded1c95d3be]::run_test::{closure#1}, ()>::{closure#1} as core[df12db4294e9bfd3]::ops::function::FnOnce<()>>::call_once::{shim:vtable#0}
[INFO] [stdout]   17:     0x56b3d68be0c9 - <std[70759c8f55707aa4]::sys::thread::unix::Thread>::new::thread_start
[INFO] [stdout]   18:     0x72f92ebbfdfa - <unknown>
[INFO] [stdout]   19:     0x72f92ec533d4 - clone
[INFO] [stdout]   20:                0x0 - <unknown>
[INFO] [stdout] 
[INFO] [stdout] ---- test_public_key_derivation stdout ----
[INFO] [stdout] 
[INFO] [stdout] thread 'test_public_key_derivation' (4627) panicked at tests/baseline_compat.rs:103:10:
[INFO] [stdout] Failed to read baseline key: Os { code: 2, kind: NotFound, message: "No such file or directory" }
[INFO] [stdout] stack backtrace:
[INFO] [stdout]    0:     0x56b3d68beb61 - <<std[70759c8f55707aa4]::sys::backtrace::BacktraceLock>::print::DisplayBacktrace as core[df12db4294e9bfd3]::fmt::Display>::fmt
[INFO] [stdout]    1:     0x56b3d68d2f8a - core[df12db4294e9bfd3]::fmt::write
[INFO] [stdout]    2:     0x56b3d68c2ffc - <alloc[2182bb758b4b3781]::vec::Vec<u8> as core[df12db4294e9bfd3]::io::write::Write>::write_fmt
[INFO] [stdout]    3:     0x56b3d689ade6 - std[70759c8f55707aa4]::panicking::default_hook::{closure#0}
[INFO] [stdout]    4:     0x56b3d68b6f59 - std[70759c8f55707aa4]::panicking::default_hook
[INFO] [stdout]    5:     0x56b3d6852e90 - test[9d35eded1c95d3be]::test_main_inner::<test[9d35eded1c95d3be]::test_main_static::{closure#0}>::{closure#0}
[INFO] [stdout]    6:     0x56b3d68b7112 - std[70759c8f55707aa4]::panicking::panic_with_hook
[INFO] [stdout]    7:     0x56b3d689ae92 - std[70759c8f55707aa4]::panicking::panic_handler::{closure#0}
[INFO] [stdout]    8:     0x56b3d6893a89 - std[70759c8f55707aa4]::sys::backtrace::__rust_end_short_backtrace::<std[70759c8f55707aa4]::panicking::panic_handler::{closure#0}, !>
[INFO] [stdout]    9:     0x56b3d689ba8d - __rustc[8fa7c3cbc660c2b3]::rust_begin_unwind
[INFO] [stdout]   10:     0x56b3d68d36bc - core[df12db4294e9bfd3]::panicking::panic_fmt
[INFO] [stdout]   11:     0x56b3d68d3492 - core[df12db4294e9bfd3]::result::unwrap_failed
[INFO] [stdout]   12:     0x56b3d6821ade - <baseline_compat[42ab097c41f27355]::test_public_key_derivation::{closure#0} as core[df12db4294e9bfd3]::ops::function::FnOnce<()>>::call_once
[INFO] [stdout]   13:     0x56b3d684617b - test[9d35eded1c95d3be]::__rust_begin_short_backtrace::<core[df12db4294e9bfd3]::result::Result<(), alloc[2182bb758b4b3781]::string::String>, fn() -> core[df12db4294e9bfd3]::result::Result<(), alloc[2182bb758b4b3781]::string::String>>
[INFO] [stdout]   14:     0x56b3d68537e5 - test[9d35eded1c95d3be]::run_test::{closure#0}
[INFO] [stdout]   15:     0x56b3d684d0a4 - std[70759c8f55707aa4]::sys::backtrace::__rust_begin_short_backtrace::<test[9d35eded1c95d3be]::run_test::{closure#1}, ()>
[INFO] [stdout]   16:     0x56b3d6856942 - <std[70759c8f55707aa4]::thread::lifecycle::spawn_unchecked<test[9d35eded1c95d3be]::run_test::{closure#1}, ()>::{closure#1} as core[df12db4294e9bfd3]::ops::function::FnOnce<()>>::call_once::{shim:vtable#0}
[INFO] [stdout]   17:     0x56b3d68be0c9 - <std[70759c8f55707aa4]::sys::thread::unix::Thread>::new::thread_start
[INFO] [stdout]   18:     0x72f92ebbfdfa - <unknown>
[INFO] [stdout]   19:     0x72f92ec533d4 - clone
[INFO] [stdout]   20:                0x0 - <unknown>
[INFO] [stdout] 
[INFO] [stdout] ---- test_baseline_keys_load_correctly stdout ----
[INFO] [stdout] Testing ../test-keys/key-1.txt
[INFO] [stdout] 
[INFO] [stdout] thread 'test_baseline_keys_load_correctly' (4625) panicked at tests/baseline_compat.rs:35:33:
[INFO] [stdout] Failed to read ../test-keys/key-1.txt
[INFO] [stdout] stack backtrace:
[INFO] [stdout]    0:     0x56b3d68beb61 - <<std[70759c8f55707aa4]::sys::backtrace::BacktraceLock>::print::DisplayBacktrace as core[df12db4294e9bfd3]::fmt::Display>::fmt
[INFO] [stdout]    1:     0x56b3d68d2f8a - core[df12db4294e9bfd3]::fmt::write
[INFO] [stdout]    2:     0x56b3d68c2ffc - <alloc[2182bb758b4b3781]::vec::Vec<u8> as core[df12db4294e9bfd3]::io::write::Write>::write_fmt
[INFO] [stdout]    3:     0x56b3d689ade6 - std[70759c8f55707aa4]::panicking::default_hook::{closure#0}
[INFO] [stdout]    4:     0x56b3d68b6f59 - std[70759c8f55707aa4]::panicking::default_hook
[INFO] [stdout]    5:     0x56b3d6852e90 - test[9d35eded1c95d3be]::test_main_inner::<test[9d35eded1c95d3be]::test_main_static::{closure#0}>::{closure#0}
[INFO] [stdout]    6:     0x56b3d68b7112 - std[70759c8f55707aa4]::panicking::panic_with_hook
[INFO] [stdout]    7:     0x56b3d689ae92 - std[70759c8f55707aa4]::panicking::panic_handler::{closure#0}
[INFO] [stdout]    8:     0x56b3d6893a89 - std[70759c8f55707aa4]::sys::backtrace::__rust_end_short_backtrace::<std[70759c8f55707aa4]::panicking::panic_handler::{closure#0}, !>
[INFO] [stdout]    9:     0x56b3d689ba8d - __rustc[8fa7c3cbc660c2b3]::rust_begin_unwind
[INFO] [stdout]   10:     0x56b3d68d36bc - core[df12db4294e9bfd3]::panicking::panic_fmt
[INFO] [stdout]   11:     0x56b3d6820c6f - baseline_compat[42ab097c41f27355]::test_baseline_keys_load_correctly::{closure#0}
[INFO] [stdout]   12:     0x56b3d68226ba - <baseline_compat[42ab097c41f27355]::test_baseline_keys_load_correctly::{closure#0} as core[df12db4294e9bfd3]::ops::function::FnOnce<()>>::call_once
[INFO] [stdout]   13:     0x56b3d684617b - test[9d35eded1c95d3be]::__rust_begin_short_backtrace::<core[df12db4294e9bfd3]::result::Result<(), alloc[2182bb758b4b3781]::string::String>, fn() -> core[df12db4294e9bfd3]::result::Result<(), alloc[2182bb758b4b3781]::string::String>>
[INFO] [stdout]   14:     0x56b3d68537e5 - test[9d35eded1c95d3be]::run_test::{closure#0}
[INFO] [stdout]   15:     0x56b3d684d0a4 - std[70759c8f55707aa4]::sys::backtrace::__rust_begin_short_backtrace::<test[9d35eded1c95d3be]::run_test::{closure#1}, ()>
[INFO] [stdout]   16:     0x56b3d6856942 - <std[70759c8f55707aa4]::thread::lifecycle::spawn_unchecked<test[9d35eded1c95d3be]::run_test::{closure#1}, ()>::{closure#1} as core[df12db4294e9bfd3]::ops::function::FnOnce<()>>::call_once::{shim:vtable#0}
[INFO] [stdout]   17:     0x56b3d68be0c9 - <std[70759c8f55707aa4]::sys::thread::unix::Thread>::new::thread_start
[INFO] [stdout]   18:     0x72f92ebbfdfa - <unknown>
[INFO] [stdout]   19:     0x72f92ec533d4 - clone
[INFO] [stdout]   20:                0x0 - <unknown>
[INFO] [stdout] 
[INFO] [stdout] 
[INFO] [stdout] failures:
[INFO] [stdout]     test_baseline_keys_load_correctly
[INFO] [stdout]     test_bytes_encoding
[INFO] [stdout]     test_public_key_derivation
[INFO] [stdout]     test_signature_with_baseline_key
[INFO] [stdout] 
[INFO] [stdout] test result: FAILED. 0 passed; 4 failed; 0 ignored; 0 measured; 0 filtered out; finished in 0.00s
[INFO] [stdout] 
[INFO] [stderr] error: test failed, to rerun pass `--test baseline_compat`
[INFO] running `Command { std: "docker" "inspect" "226642d980670944bade2a2ad8ae4d4ded6ecf9f3284f6ac2d0dd1c4a12a8d53", kill_on_drop: false }`
[INFO] running `Command { std: "docker" "rm" "-f" "226642d980670944bade2a2ad8ae4d4ded6ecf9f3284f6ac2d0dd1c4a12a8d53", kill_on_drop: false }`
[INFO] [stdout] 226642d980670944bade2a2ad8ae4d4ded6ecf9f3284f6ac2d0dd1c4a12a8d53
