[INFO] fetching crate kuchiyose-katashiro 0.1.2...
[INFO] testing kuchiyose-katashiro-0.1.2 against 1.99.0-beta.8+cargoflags=--release for beta-release-1.100-2
[INFO] extracting crate kuchiyose-katashiro 0.1.2 into /workspace/builds/worker-2-tc1/source
[INFO] started tweaking crates.io crate kuchiyose-katashiro 0.1.2
[INFO] removed 0 missing examples
[INFO] removed 0 missing tests
[INFO] finished tweaking crates.io crate kuchiyose-katashiro 0.1.2
[INFO] tweaked toml for crates.io crate kuchiyose-katashiro 0.1.2 written to /workspace/builds/worker-2-tc1/source/Cargo.toml
[INFO] validating manifest of crates.io crate kuchiyose-katashiro 0.1.2 on toolchain 1.99.0-beta.8
[INFO] running `Command { std: CARGO_HOME="/workspace/cargo-home" RUSTUP_HOME="/workspace/rustup-home" "/workspace/cargo-home/bin/cargo" "+1.99.0-beta.8" "metadata" "--manifest-path" "Cargo.toml" "--no-deps", kill_on_drop: false }`
[INFO] crate crates.io crate kuchiyose-katashiro 0.1.2 already has a lockfile, it will not be regenerated
[INFO] running `Command { std: CARGO_HOME="/workspace/cargo-home" RUSTUP_HOME="/workspace/rustup-home" "/workspace/cargo-home/bin/cargo" "+1.99.0-beta.8" "fetch" "--manifest-path" "Cargo.toml", kill_on_drop: false }`
[INFO] [stderr]     Updating crates.io index
[INFO] [stderr]  Downloading crates ...
[INFO] [stderr]   Downloaded kuchiyose-doc v0.1.2
[INFO] running `Command { std: "docker" "create" "-v" "/var/lib/crater-agent-workspace/builds/worker-2-tc1/source:/opt/rustwide/workdir:ro,Z" "-v" "/var/lib/crater-agent-workspace/builds/worker-2-tc1/target:/opt/rustwide/target:rw,Z" "-v" "/var/lib/crater-agent-workspace/cargo-home:/opt/rustwide/cargo-home:ro,Z" "-v" "/var/lib/crater-agent-workspace/rustup-home:/opt/rustwide/rustup-home:ro,Z" "-m" "1610612736" "--network" "none" "ghcr.io/rust-lang/crates-build-env/linux@sha256:77db811e55d90add9212f6832c23229e3de5f1c1f9905e8cb07319ea15df73ac" "sleep" "infinity", kill_on_drop: false }`
[INFO] [stdout] 6f4affaa0d70689182a5eb86245f31c18c4ca8fb54c8e8dd25118a6cfb5120ee
[INFO] running `Command { std: "docker" "start" "6f4affaa0d70689182a5eb86245f31c18c4ca8fb54c8e8dd25118a6cfb5120ee", kill_on_drop: false }`
[INFO] running `Command { std: "docker" "inspect" "6f4affaa0d70689182a5eb86245f31c18c4ca8fb54c8e8dd25118a6cfb5120ee", kill_on_drop: false }`
[INFO] running `Command { std: "docker" "exec" "-e" "SOURCE_DIR=/opt/rustwide/workdir" "-e" "CARGO_HOME=/opt/rustwide/cargo-home" "-e" "RUSTUP_HOME=/opt/rustwide/rustup-home" "-e" "CARGO_TARGET_DIR=/opt/rustwide/target" "-w" "/opt/rustwide/workdir" "--user" "0:0" "6f4affaa0d70689182a5eb86245f31c18c4ca8fb54c8e8dd25118a6cfb5120ee" "/opt/rustwide/cargo-home/bin/cargo" "+1.99.0-beta.8" "metadata" "--no-deps" "--format-version=1", kill_on_drop: false }`
[INFO] running `Command { std: "docker" "inspect" "6f4affaa0d70689182a5eb86245f31c18c4ca8fb54c8e8dd25118a6cfb5120ee", kill_on_drop: false }`
[INFO] running `Command { std: "docker" "exec" "-e" "SOURCE_DIR=/opt/rustwide/workdir" "-e" "CARGO_HOME=/opt/rustwide/cargo-home" "-e" "RUSTUP_HOME=/opt/rustwide/rustup-home" "-e" "CARGO_TARGET_DIR=/opt/rustwide/target" "-e" "CARGO_INCREMENTAL=0" "-e" "RUST_BACKTRACE=full" "-e" "RUSTFLAGS=--cap-lints=warn" "-e" "RUSTDOCFLAGS=--cap-lints=warn" "-w" "/opt/rustwide/workdir" "--user" "0:0" "6f4affaa0d70689182a5eb86245f31c18c4ca8fb54c8e8dd25118a6cfb5120ee" "/opt/rustwide/cargo-home/bin/cargo" "+1.99.0-beta.8" "build" "--frozen" "--message-format=json" "--release", kill_on_drop: false }`
[INFO] [stderr]    Compiling simd-adler32 v0.3.10
[INFO] [stderr]    Compiling kuchiyose-doc v0.1.2
[INFO] [stderr]    Compiling miniz_oxide v0.8.9
[INFO] [stderr]    Compiling flate2 v1.1.9
[INFO] [stderr]    Compiling kuchiyose-katashiro v0.1.2 (/opt/rustwide/workdir)
[INFO] [stderr]     Finished `release` profile [optimized] target(s) in 11.76s
[INFO] running `Command { std: "docker" "inspect" "6f4affaa0d70689182a5eb86245f31c18c4ca8fb54c8e8dd25118a6cfb5120ee", kill_on_drop: false }`
[INFO] running `Command { std: "docker" "exec" "-e" "SOURCE_DIR=/opt/rustwide/workdir" "-e" "CARGO_HOME=/opt/rustwide/cargo-home" "-e" "RUSTUP_HOME=/opt/rustwide/rustup-home" "-e" "CARGO_TARGET_DIR=/opt/rustwide/target" "-e" "CARGO_INCREMENTAL=0" "-e" "RUST_BACKTRACE=full" "-e" "RUSTFLAGS=--cap-lints=warn" "-e" "RUSTDOCFLAGS=--cap-lints=warn" "-w" "/opt/rustwide/workdir" "--user" "0:0" "6f4affaa0d70689182a5eb86245f31c18c4ca8fb54c8e8dd25118a6cfb5120ee" "/opt/rustwide/cargo-home/bin/cargo" "+1.99.0-beta.8" "test" "--frozen" "--no-run" "--message-format=json" "--release", kill_on_drop: false }`
[INFO] [stderr]    Compiling kuchiyose-katashiro v0.1.2 (/opt/rustwide/workdir)
[INFO] [stderr]     Finished `release` profile [optimized] target(s) in 14.21s
[INFO] running `Command { std: "docker" "inspect" "6f4affaa0d70689182a5eb86245f31c18c4ca8fb54c8e8dd25118a6cfb5120ee", kill_on_drop: false }`
[INFO] running `Command { std: "docker" "exec" "-e" "SOURCE_DIR=/opt/rustwide/workdir" "-e" "CARGO_HOME=/opt/rustwide/cargo-home" "-e" "RUSTUP_HOME=/opt/rustwide/rustup-home" "-e" "CARGO_TARGET_DIR=/opt/rustwide/target" "-e" "CARGO_INCREMENTAL=0" "-e" "RUST_BACKTRACE=full" "-e" "RUSTFLAGS=--cap-lints=warn" "-e" "RUSTDOCFLAGS=--cap-lints=warn" "-w" "/opt/rustwide/workdir" "--user" "0:0" "6f4affaa0d70689182a5eb86245f31c18c4ca8fb54c8e8dd25118a6cfb5120ee" "/opt/rustwide/cargo-home/bin/cargo" "+1.99.0-beta.8" "test" "--frozen" "--release", kill_on_drop: false }`
[INFO] [stderr]     Finished `release` profile [optimized] target(s) in 0.03s
[INFO] [stderr]      Running unittests src/lib.rs (/opt/rustwide/target/release/deps/kuchiyose_katashiro-e119094c30c39ac2)
[INFO] [stdout] 
[INFO] [stdout] running 116 tests
[INFO] [stdout] test fingerprint::tests::係り受け解析器を使うと決めたら指紋が変わる ... ok
[INFO] [stdout] test fingerprint::tests::使わない道具と未設定を分ける ... ok
[INFO] [stdout] test fingerprint::tests::区切り文字を含む値で別の材料と同じ文字列にならない ... ok
[INFO] [stdout] test fingerprint::tests::どの測り方の設定が変わったかを言う ... ok
[INFO] [stdout] test fingerprint::tests::同じ材料からは同じ指紋が出る ... ok
[INFO] [stdout] test fingerprint::tests::形態素解析器の辞書と版を変えれば指紋が変わる ... ok
[INFO] [stdout] test fingerprint::tests::指標の定義を変えれば指紋が変わる ... ok
[INFO] [stdout] test fingerprint::tests::指紋は_sha256_を名乗る ... ok
[INFO] [stdout] test fingerprint::tests::数える単位の定義を変えれば指紋が変わる ... ok
[INFO] [stdout] test json::tests::同じ鍵が_2_度現れたら読まない ... ok
[INFO] [stdout] test fingerprint::tests::圧縮器と設定を変えれば指紋が変わる ... ok
[INFO] [stdout] test fingerprint::tests::何が変わったかを言う ... ok
[INFO] [stdout] test fingerprint::tests::外部の表の版を変えれば指紋が変わる ... ok
[INFO] [stdout] test json::tests::小数は最短の桁で書く ... ok
[INFO] [stdout] test json::tests::整数は整数として書く ... ok
[INFO] [stdout] test json::tests::書き出しは決定的である ... ok
[INFO] [stdout] test json::tests::日本語をそのまま出す ... ok
[INFO] [stdout] test fingerprint::tests::取り込み元と変換を変えれば指紋が変わる ... ok
[INFO] [stdout] test fingerprint::tests::窓と下限と言い回しの設定を変えれば指紋が変わる ... ok
[INFO] [stdout] test fingerprint::tests::中身と取り込み元の違いは道具の違いとして数えない ... ok
[INFO] [stdout] test fingerprint::tests::統計値の中身を変えれば指紋が変わる ... ok
[INFO] [stdout] test json::tests::空白を飛ばす ... ok
[INFO] [stdout] test json::tests::鍵の昇順で書き出す ... ok
[INFO] [stdout] test json::tests::読めない理由に位置が出る ... ok
[INFO] [stdout] test json::tests::読んで書いて読むと同じになる ... ok
[INFO] [stdout] test json::tests::逃がしを読む ... ok
[INFO] [stdout] test json::tests::空の配列と対象を読む ... ok
[INFO] [stdout] test json::tests::壊れたものは読めない ... ok
[INFO] [stdout] test json::tests::小数は桁を落とさない ... ok
[INFO] [stdout] test save::tests::書いている最中は片づけない ... ok
[INFO] [stdout] test save::tests::残った一時ファイルを片づける ... ok
[INFO] [stdout] test save::tests::素の相対パスでも隣を探せる ... ok
[INFO] [stdout] test save::tests::素の相対パスでも親ディレクトリを同期する ... ok
[INFO] [stdout] test save::tests::断ったときも元の形代は無傷である ... ok
[INFO] [stdout] test save::tests::錠が取れなければ断る ... ok
[INFO] [stdout] test save::tests::一時ファイルを残さない ... ok
[INFO] [stdout] test save::tests::人が置いたファイルは片づけない ... ok
[INFO] [stdout] test sha256::tests::ブロックを跨ぐ入力は既知の値と合う ... ok
[INFO] [stdout] test sha256::tests::分けて足しても_1_度に渡しても同じ値になる ... ok
[INFO] [stdout] test save::tests::落ちた跡は次に書くときに片づく ... ok
[INFO] [stdout] test sha256::tests::短い入力は既知の値と合う ... ok
[INFO] [stdout] test sha256::tests::空の入力は既知の値と合う ... ok
[INFO] [stdout] test store::tests::manifest_に同じ鍵が_2_度あれば断る ... ok
[INFO] [stdout] test save::tests::落ちた跡の目印は書き込みを止めない ... ok
[INFO] [stdout] test store::tests::utf8_でないペルソナは断る ... ok
[INFO] [stdout] test store::tests::ペルソナと素材のフォルダは中身のハッシュにも指紋にも入らない ... ok
[INFO] [stdout] test store::tests::原本を読むときも版と調整を検める ... ok
[INFO] [stdout] test store::tests::ペルソナと素材のフォルダは書いて読むと同じものが出る ... ok
[INFO] [stdout] test save::tests::既に在るところへは作らない ... ok
[INFO] [stdout] test store::tests::古い版は作り直しを案内し新しい版は更新を案内する ... ok
[INFO] [stdout] test store::tests::ペルソナを持たなければ_entry_を置かない ... ok
[INFO] [stdout] test store::tests::場面の名前を変えても中身のハッシュと指紋は変わらない ... ok
[INFO] [stdout] test store::tests::中身のハッシュが統計値と合わなければ断る ... ok
[INFO] [stdout] test store::tests::場面を名乗らない形代は読めない ... ok
[INFO] [stdout] test store::tests::壊れた_json_は読めない ... ok
[INFO] [stdout] test store::tests::必ずある_entry_が欠けていたら断る ... ok
[INFO] [stdout] test store::tests::指紋が材料と合わなければ断る ... ok
[INFO] [stdout] test store::tests::文体の申告に知らない値があれば断る ... ok
[INFO] [stdout] test store::tests::書いて読むと同じものが出る ... ok
[INFO] [stdout] test store::tests::指紋の材料が欠けていたら断る ... ok
[INFO] [stdout] test store::tests::版_5_は無いものを無いとして読む ... ok
[INFO] [stdout] test save::tests::書けば世代が_1_つ進む ... ok
[INFO] [stdout] test store::tests::空のペルソナの_entry_は壊れているとして断る ... ok
[INFO] [stdout] test store::tests::版_5_を読んで書けば版_6_になる ... ok
[INFO] [stdout] test store::tests::版が整数でなければ読まない ... ok
[INFO] [stdout] test store::tests::書き出しは決定的である ... ok
[INFO] [stdout] test store::tests::版_6_は素材のフォルダの欄を要る ... ok
[INFO] [stdout] test store::tests::統計値の_entry_が壊れていても原本は読める ... ok
[INFO] [stdout] test store::tests::知らない版は壊れているとは別の理由で断る ... ok
[INFO] [stdout] test store::tests::調整の欄が欠けていたら空で埋めずに断る ... ok
[INFO] [stdout] test store::tests::統計値を失っても原本は読める ... ok
[INFO] [stdout] test store::tests::統計値を失ってもペルソナは原本として読める ... ok
[INFO] [stdout] test store::tests::調整だけを変えても中身のハッシュと指紋は変わらない ... ok
[INFO] [stdout] test tests::中身のハッシュは既知の値に固定されている ... ok
[INFO] [stdout] test save::tests::錠は書き終えたら外れる ... ok
[INFO] [stdout] test tests::中身のハッシュは統計値だけから決まる ... ok
[INFO] [stdout] test save::tests::読んだあとに書かれていたら断る ... ok
[INFO] [stdout] test tests::場面の名前は空を断る ... ok
[INFO] [stdout] test tests::境目を動かしただけでは同じハッシュにならない ... ok
[INFO] [stdout] test tuning::tests::書いて読むと同じものが出る ... ok
[INFO] [stdout] test tuning::tests::欄が欠けていたら断る ... ok
[INFO] [stdout] test tuning::tests::無効にして戻すと元に戻り変わったかを返す ... ok
[INFO] [stdout] test tuning::tests::無効にする種類の欄が欠けていたら断る ... ok
[INFO] [stdout] test tuning::tests::登録簿に無い指標の名前だけを捨てる ... ok
[INFO] [stdout] test tuning::tests::知らない文体の綴りは捨てずに断る ... ok
[INFO] [stdout] test tuning::tests::知らない種類は断る ... ok
[INFO] [stdout] test tuning::tests::種類ごと戻しても_1_つずつ無効にしたものは戻らない ... ok
[INFO] [stdout] test tuning::tests::調整していなければ全部の欄を空で書く ... ok
[INFO] [stdout] test zip::tests::crc32_は既知の値と合う ... ok
[INFO] [stdout] test zip::tests::中の_1_つだけを読める ... ok
[INFO] [stdout] test tuning::tests::種類ごと無効にしたものは_1_つずつ無効にしたものとは別に効く ... ok
[INFO] [stdout] test zip::tests::名乗った大きさが_1_つの上限を超える_entry_は伸ばす前に断る ... ok
[INFO] [stdout] test zip::tests::名乗った大きさが上限を超えれば無圧縮の_entry_も断る ... ok
[INFO] [stdout] test zip::tests::伸ばした大きさが名乗りと違えば断る ... ok
[INFO] [stdout] test zip::tests::名前が_utf8_であると名乗る ... ok
[INFO] [stdout] test zip::tests::名指したものだけを伸ばすので_ほかが壊れていても読める ... ok
[INFO] [stdout] test store::tests::統計値の行に同じ鍵が_2_度あれば断る ... ok
[INFO] [stdout] test zip::tests::形代全体の大きさにも上限がある ... ok
[INFO] [stdout] test zip::tests::同じ名前の_entry_を_2_つ持つものは断る ... ok
[INFO] [stdout] test zip::tests::日本語の名前も往復する ... ok
[INFO] [stdout] test zip::tests::時刻を入れないので決定的である ... ok
[INFO] [stdout] test zip::tests::書いて読むと同じものが出る ... ok
[INFO] [stdout] test zip::tests::検査値が合わなければ断る ... ok
[INFO] [stdout] test zip::tests::無圧縮の_entry_は_2_つの大きさが食い違えば写す前に断る ... ok
[INFO] [stdout] test zip::tests::知らない方式は断る ... ok
[INFO] [stdout] test zip::tests::派生物を差し替えられる ... ok
[INFO] [stdout] test zip::tests::無圧縮の_entry_は縮めた大きさにも上限を掛ける ... ok
[INFO] [stdout] test zip::tests::空の中身も往復する ... ok
[INFO] [stdout] test zip::tests::索引に無いものは読めない ... ok
[INFO] [stdout] test zip::tests::縮まない中身は無圧縮のまま書いて読める ... ok
[INFO] [stdout] test zip::tests::縮めた中身が壊れていれば断る ... ok
[INFO] [stdout] test zip::tests::縮めても決定的である ... ok
[INFO] [stdout] test zip::tests::短すぎるものは断る ... ok
[INFO] [stdout] test zip::tests::索引だけを読める ... ok
[INFO] [stdout] test zip::tests::縮む中身は_deflate_で縮めて書く ... ok
[INFO] [stdout] test zip::tests::entry_の数が上限を超えるものは索引を舐める前に断る ... ok
[INFO] [stdout] 
[INFO] [stdout] test result: ok. 116 passed; 0 failed; 0 ignored; 0 measured; 0 filtered out; finished in 0.14s
[INFO] [stdout] 
[INFO] [stderr]      Running tests/knows_no_shape.rs (/opt/rustwide/target/release/deps/knows_no_shape-85dd79267ea831c2)
[INFO] [stdout] 
[INFO] [stdout] running 2 tests
[INFO] [stderr] error: test failed, to rerun pass `--test knows_no_shape`
[INFO] [stdout] test 依存の一覧が意図どおりである ... FAILED
[INFO] [stdout] test 指標にも目盛りにも依存しない ... ok
[INFO] [stdout] 
[INFO] [stdout] failures:
[INFO] [stdout] 
[INFO] [stdout] ---- 依存の一覧が意図どおりである stdout ----
[INFO] [stdout] 
[INFO] [stdout] thread '依存の一覧が意図どおりである' (401) panicked at tests/knows_no_shape.rs:57:5:
[INFO] [stdout] assertion `left == right` failed: 依存が増えている。境界を跨ぐ漏れが無いかを確かめてから足す
[INFO] [stdout]   left: []
[INFO] [stdout]  right: ["kuchiyose-doc", "flate2"]
[INFO] [stdout] stack backtrace:
[INFO] [stdout]    0:     0x56501887ba61 - <<std[70759c8f55707aa4]::sys::backtrace::BacktraceLock>::print::DisplayBacktrace as core[df12db4294e9bfd3]::fmt::Display>::fmt
[INFO] [stdout]    1:     0x56501888fcaa - core[df12db4294e9bfd3]::fmt::write
[INFO] [stdout]    2:     0x56501887fefc - <alloc[2182bb758b4b3781]::vec::Vec<u8> as core[df12db4294e9bfd3]::io::write::Write>::write_fmt
[INFO] [stdout]    3:     0x565018857b56 - std[70759c8f55707aa4]::panicking::default_hook::{closure#0}
[INFO] [stdout]    4:     0x565018873e59 - std[70759c8f55707aa4]::panicking::default_hook
[INFO] [stdout]    5:     0x56501880fc00 - test[9d35eded1c95d3be]::test_main_inner::<test[9d35eded1c95d3be]::test_main_static::{closure#0}>::{closure#0}
[INFO] [stdout]    6:     0x565018874012 - std[70759c8f55707aa4]::panicking::panic_with_hook
[INFO] [stdout]    7:     0x565018857c02 - std[70759c8f55707aa4]::panicking::panic_handler::{closure#0}
[INFO] [stdout]    8:     0x5650188507f9 - std[70759c8f55707aa4]::sys::backtrace::__rust_end_short_backtrace::<std[70759c8f55707aa4]::panicking::panic_handler::{closure#0}, !>
[INFO] [stdout]    9:     0x5650188587fd - __rustc[8fa7c3cbc660c2b3]::rust_begin_unwind
[INFO] [stdout]   10:     0x5650188903dc - core[df12db4294e9bfd3]::panicking::panic_fmt
[INFO] [stdout]   11:     0x565018890353 - core[df12db4294e9bfd3]::panicking::assert_failed_inner
[INFO] [stdout]   12:     0x565018800d55 - core[df12db4294e9bfd3]::panicking::assert_failed::<alloc[2182bb758b4b3781]::vec::Vec<alloc[2182bb758b4b3781]::string::String>, alloc[2182bb758b4b3781]::vec::Vec<alloc[2182bb758b4b3781]::string::String>>
[INFO] [stdout]   13:     0x565018802003 - <knows_no_shape[186fb590d2106c27]::依存の一覧が意図どおりである::{closure#0} as core[df12db4294e9bfd3]::ops::function::FnOnce<()>>::call_once
[INFO] [stdout]   14:     0x565018802eeb - test[9d35eded1c95d3be]::__rust_begin_short_backtrace::<core[df12db4294e9bfd3]::result::Result<(), alloc[2182bb758b4b3781]::string::String>, fn() -> core[df12db4294e9bfd3]::result::Result<(), alloc[2182bb758b4b3781]::string::String>>
[INFO] [stdout]   15:     0x565018810555 - test[9d35eded1c95d3be]::run_test::{closure#0}
[INFO] [stdout]   16:     0x565018809e14 - std[70759c8f55707aa4]::sys::backtrace::__rust_begin_short_backtrace::<test[9d35eded1c95d3be]::run_test::{closure#1}, ()>
[INFO] [stdout]   17:     0x5650188136b2 - <std[70759c8f55707aa4]::thread::lifecycle::spawn_unchecked<test[9d35eded1c95d3be]::run_test::{closure#1}, ()>::{closure#1} as core[df12db4294e9bfd3]::ops::function::FnOnce<()>>::call_once::{shim:vtable#0}
[INFO] [stdout]   18:     0x56501887afc9 - <std[70759c8f55707aa4]::sys::thread::unix::Thread>::new::thread_start
[INFO] [stdout]   19:     0x7d6d33d73dfa - <unknown>
[INFO] [stdout]   20:     0x7d6d33e073d4 - clone
[INFO] [stdout]   21:                0x0 - <unknown>
[INFO] [stdout] 
[INFO] [stdout] 
[INFO] [stdout] failures:
[INFO] [stdout]     依存の一覧が意図どおりである
[INFO] [stdout] 
[INFO] [stdout] test result: FAILED. 1 passed; 1 failed; 0 ignored; 0 measured; 0 filtered out; finished in 0.01s
[INFO] [stdout] 
[INFO] running `Command { std: "docker" "inspect" "6f4affaa0d70689182a5eb86245f31c18c4ca8fb54c8e8dd25118a6cfb5120ee", kill_on_drop: false }`
[INFO] running `Command { std: "docker" "rm" "-f" "6f4affaa0d70689182a5eb86245f31c18c4ca8fb54c8e8dd25118a6cfb5120ee", kill_on_drop: false }`
[INFO] [stdout] 6f4affaa0d70689182a5eb86245f31c18c4ca8fb54c8e8dd25118a6cfb5120ee
