[INFO] fetching crate kubepassgen 0.2.1...
[INFO] testing kubepassgen-0.2.1 against 1.100.0-beta.1+cargoflags=--release for beta-release-1.100-2
[INFO] extracting crate kubepassgen 0.2.1 into /workspace/builds/worker-3-tc2/source
[INFO] started tweaking crates.io crate kubepassgen 0.2.1
[INFO] finished tweaking crates.io crate kubepassgen 0.2.1
[INFO] tweaked toml for crates.io crate kubepassgen 0.2.1 written to /workspace/builds/worker-3-tc2/source/Cargo.toml
[INFO] validating manifest of crates.io crate kubepassgen 0.2.1 on toolchain 1.100.0-beta.1
[INFO] running `Command { std: CARGO_HOME="/workspace/cargo-home" RUSTUP_HOME="/workspace/rustup-home" "/workspace/cargo-home/bin/cargo" "+1.100.0-beta.1" "metadata" "--manifest-path" "Cargo.toml" "--no-deps", kill_on_drop: false }`
[INFO] crate crates.io crate kubepassgen 0.2.1 already has a lockfile, it will not be regenerated
[INFO] running `Command { std: CARGO_HOME="/workspace/cargo-home" RUSTUP_HOME="/workspace/rustup-home" "/workspace/cargo-home/bin/cargo" "+1.100.0-beta.1" "fetch" "--manifest-path" "Cargo.toml", kill_on_drop: false }`
[INFO] running `Command { std: "docker" "create" "-v" "/var/lib/crater-agent-workspace/builds/worker-3-tc2/source:/opt/rustwide/workdir:ro,Z" "-v" "/var/lib/crater-agent-workspace/builds/worker-3-tc2/target:/opt/rustwide/target:rw,Z" "-v" "/var/lib/crater-agent-workspace/cargo-home:/opt/rustwide/cargo-home:ro,Z" "-v" "/var/lib/crater-agent-workspace/rustup-home:/opt/rustwide/rustup-home:ro,Z" "-m" "1610612736" "--network" "none" "ghcr.io/rust-lang/crates-build-env/linux@sha256:77db811e55d90add9212f6832c23229e3de5f1c1f9905e8cb07319ea15df73ac" "sleep" "infinity", kill_on_drop: false }`
[INFO] [stdout] 5caaf5df5c4a70151a1f67017cf471f838f43a11192714c93ce17bf3d8ee2809
[INFO] running `Command { std: "docker" "start" "5caaf5df5c4a70151a1f67017cf471f838f43a11192714c93ce17bf3d8ee2809", kill_on_drop: false }`
[INFO] running `Command { std: "docker" "inspect" "5caaf5df5c4a70151a1f67017cf471f838f43a11192714c93ce17bf3d8ee2809", kill_on_drop: false }`
[INFO] running `Command { std: "docker" "exec" "-e" "SOURCE_DIR=/opt/rustwide/workdir" "-e" "CARGO_HOME=/opt/rustwide/cargo-home" "-e" "RUSTUP_HOME=/opt/rustwide/rustup-home" "-e" "CARGO_TARGET_DIR=/opt/rustwide/target" "-w" "/opt/rustwide/workdir" "--user" "0:0" "5caaf5df5c4a70151a1f67017cf471f838f43a11192714c93ce17bf3d8ee2809" "/opt/rustwide/cargo-home/bin/cargo" "+1.100.0-beta.1" "metadata" "--no-deps" "--format-version=1", kill_on_drop: false }`
[INFO] running `Command { std: "docker" "inspect" "5caaf5df5c4a70151a1f67017cf471f838f43a11192714c93ce17bf3d8ee2809", kill_on_drop: false }`
[INFO] running `Command { std: "docker" "exec" "-e" "SOURCE_DIR=/opt/rustwide/workdir" "-e" "CARGO_HOME=/opt/rustwide/cargo-home" "-e" "RUSTUP_HOME=/opt/rustwide/rustup-home" "-e" "CARGO_TARGET_DIR=/opt/rustwide/target" "-e" "CARGO_INCREMENTAL=0" "-e" "RUST_BACKTRACE=full" "-e" "RUSTFLAGS=--cap-lints=warn" "-e" "RUSTDOCFLAGS=--cap-lints=warn" "-w" "/opt/rustwide/workdir" "--user" "0:0" "5caaf5df5c4a70151a1f67017cf471f838f43a11192714c93ce17bf3d8ee2809" "/opt/rustwide/cargo-home/bin/cargo" "+1.100.0-beta.1" "build" "--frozen" "--message-format=json" "--release", kill_on_drop: false }`
[INFO] [stderr]    Compiling proc-macro2 v1.0.38
[INFO] [stderr]    Compiling unicode-xid v0.2.3
[INFO] [stderr]    Compiling syn v1.0.94
[INFO] [stderr]    Compiling libc v0.2.125
[INFO] [stderr]    Compiling serde_derive v1.0.137
[INFO] [stderr]    Compiling memchr v2.5.0
[INFO] [stderr]    Compiling serde v1.0.137
[INFO] [stderr]    Compiling either v1.6.1
[INFO] [stderr]    Compiling hashbrown v0.11.2
[INFO] [stderr]    Compiling predicates-core v1.0.3
[INFO] [stderr]    Compiling log v0.4.17
[INFO] [stderr]    Compiling num-traits v0.2.15
[INFO] [stderr]    Compiling num-integer v0.1.45
[INFO] [stderr]    Compiling indexmap v1.8.1
[INFO] [stderr]    Compiling os_str_bytes v6.0.1
[INFO] [stderr]    Compiling termtree v0.2.4
[INFO] [stderr]    Compiling itertools v0.10.3
[INFO] [stderr]    Compiling anyhow v1.0.57
[INFO] [stderr]    Compiling regex-automata v0.1.10
[INFO] [stderr]    Compiling linked-hash-map v0.5.4
[INFO] [stderr]    Compiling clap_lex v0.2.0
[INFO] [stderr]    Compiling predicates-tree v1.0.5
[INFO] [stderr]    Compiling thread_local v1.0.1
[INFO] [stderr]    Compiling fastrand v1.7.0
[INFO] [stderr]    Compiling ryu v1.0.9
[INFO] [stderr]    Compiling remove_dir_all v0.5.3
[INFO] [stderr]    Compiling pathdiff v0.2.1
[INFO] [stderr]    Compiling yaml-rust v0.4.5
[INFO] [stderr]    Compiling quote v1.0.18
[INFO] [stderr]    Compiling proc-macro-error-attr v1.0.4
[INFO] [stderr]    Compiling bstr v0.2.17
[INFO] [stderr]    Compiling time v0.1.44
[INFO] [stderr]    Compiling atty v0.2.14
[INFO] [stderr]    Compiling wait-timeout v0.2.0
[INFO] [stderr]    Compiling tempfile v3.3.0
[INFO] [stderr]    Compiling chrono v0.4.19
[INFO] [stderr]    Compiling predicates v2.1.1
[INFO] [stderr]    Compiling assert_cmd v2.0.4
[INFO] [stderr]    Compiling stderrlog v0.5.1
[INFO] [stderr]    Compiling proc-macro-error v1.0.4
[INFO] [stderr]    Compiling thiserror-impl v1.0.31
[INFO] [stderr]    Compiling clap_derive v3.1.18
[INFO] [stderr]    Compiling thiserror v1.0.31
[INFO] [stderr]    Compiling clap v3.1.18
[INFO] [stderr]    Compiling serde_yaml v0.8.24
[INFO] [stderr]    Compiling toml v0.5.9
[INFO] [stderr]    Compiling kubepassgen v0.2.1 (/opt/rustwide/workdir)
[INFO] [stderr] warning: unused dependency `assert_cmd`
[INFO] [stderr]  --> Cargo.toml:4:15
[INFO] [stderr]   |
[INFO] [stderr] 4 | [dependencies.assert_cmd]
[INFO] [stderr]   |               ^^^^^^^^^^^
[INFO] [stderr]   |
[INFO] [stderr]   = note: `cargo::unused_dependencies` is set to `warn` by default
[INFO] [stderr] help: consider removing the dependency on `assert_cmd`
[INFO] [stderr] warning: `kubepassgen` (manifest) generated 1 warning
[INFO] [stderr]     Finished `release` profile [optimized] target(s) in 28.57s
[INFO] running `Command { std: "docker" "inspect" "5caaf5df5c4a70151a1f67017cf471f838f43a11192714c93ce17bf3d8ee2809", kill_on_drop: false }`
[INFO] running `Command { std: "docker" "exec" "-e" "SOURCE_DIR=/opt/rustwide/workdir" "-e" "CARGO_HOME=/opt/rustwide/cargo-home" "-e" "RUSTUP_HOME=/opt/rustwide/rustup-home" "-e" "CARGO_TARGET_DIR=/opt/rustwide/target" "-e" "CARGO_INCREMENTAL=0" "-e" "RUST_BACKTRACE=full" "-e" "RUSTFLAGS=--cap-lints=warn" "-e" "RUSTDOCFLAGS=--cap-lints=warn" "-w" "/opt/rustwide/workdir" "--user" "0:0" "5caaf5df5c4a70151a1f67017cf471f838f43a11192714c93ce17bf3d8ee2809" "/opt/rustwide/cargo-home/bin/cargo" "+1.100.0-beta.1" "test" "--frozen" "--no-run" "--message-format=json" "--release", kill_on_drop: false }`
[INFO] [stderr]    Compiling kubepassgen v0.2.1 (/opt/rustwide/workdir)
[INFO] [stderr]     Finished `release` profile [optimized] target(s) in 1.35s
[INFO] running `Command { std: "docker" "inspect" "5caaf5df5c4a70151a1f67017cf471f838f43a11192714c93ce17bf3d8ee2809", kill_on_drop: false }`
[INFO] running `Command { std: "docker" "exec" "-e" "SOURCE_DIR=/opt/rustwide/workdir" "-e" "CARGO_HOME=/opt/rustwide/cargo-home" "-e" "RUSTUP_HOME=/opt/rustwide/rustup-home" "-e" "CARGO_TARGET_DIR=/opt/rustwide/target" "-e" "CARGO_INCREMENTAL=0" "-e" "RUST_BACKTRACE=full" "-e" "RUSTFLAGS=--cap-lints=warn" "-e" "RUSTDOCFLAGS=--cap-lints=warn" "-w" "/opt/rustwide/workdir" "--user" "0:0" "5caaf5df5c4a70151a1f67017cf471f838f43a11192714c93ce17bf3d8ee2809" "/opt/rustwide/cargo-home/bin/cargo" "+1.100.0-beta.1" "test" "--frozen" "--release", kill_on_drop: false }`
[INFO] [stderr]     Finished `release` profile [optimized] target(s) in 0.07s
[INFO] [stdout] 
[INFO] [stderr]      Running unittests src/main.rs (/opt/rustwide/target/release/build/kubepassgen/4faf3e69859b6086/out/kubepassgen-4faf3e69859b6086)
[INFO] [stdout] running 0 tests
[INFO] [stderr]      Running tests/opaque.rs (/opt/rustwide/target/release/build/kubepassgen/863ef6096c5919e8/out/opaque-863ef6096c5919e8)
[INFO] [stdout] 
[INFO] [stdout] test result: ok. 0 passed; 0 failed; 0 ignored; 0 measured; 0 filtered out; finished in 0.00s
[INFO] [stdout] 
[INFO] [stdout] 
[INFO] [stdout] running 1 test
[INFO] [stdout] test opaque ... FAILED
[INFO] [stdout] 
[INFO] [stdout] failures:
[INFO] [stdout] 
[INFO] [stdout] ---- opaque stdout ----
[INFO] [stdout] 
[INFO] [stdout] thread 'opaque' (1373) panicked at /rustc/e3feeb59cd1bdd011a2bfcc0747b55125d9b8527/library/core/src/ops/function.rs:250:5:
[INFO] [stdout] Unexpected failure.
[INFO] [stdout] code-2
[INFO] [stdout] stderr=```"gpg: WARNING: unsafe permissions on homedir \'/tmp/.tmptiOAF8\'\ngpg: keybox \'/tmp/.tmptiOAF8/pubring.kbx\' created\ngpg: key generation failed: Unknown elliptic curve\n"```
[INFO] [stdout] command=`GNUPGHOME="/tmp/.tmptiOAF8" "gpg" "--batch" "--generate-key"`
[INFO] [stdout] stdin=`"\n    %no-protection\n    %transient-key\n    Key-Type: default\n    Subkey-Type: default\n    Name-Real: Joe Tester\n    Name-Comment: with stupid passphrase\n    Name-Email: joe@foo.bar\n    Expire-Date: 0\n"`
[INFO] [stdout] code=2
[INFO] [stdout] stdout=""
[INFO] [stdout] stderr="gpg: WARNING: unsafe permissions on homedir \'/tmp/.tmptiOAF8\'\ngpg: keybox \'/tmp/.tmptiOAF8/pubring.kbx\' created\ngpg: key generation failed: Unknown elliptic curve\n"
[INFO] [stdout] 
[INFO] [stdout] stack backtrace:
[INFO] [stdout]    0:     0x62b27e9bdca1 - <<std[617be2ca0a6fd877]::sys::backtrace::BacktraceLock>::print::DisplayBacktrace as core[a373ad73a504971]::fmt::Display>::fmt
[INFO] [stdout]    1:     0x62b27e9d390a - core[a373ad73a504971]::fmt::write
[INFO] [stdout]    2:     0x62b27e9c352c - <alloc[2e1b2a31b91974c5]::vec::Vec<u8> as core[a373ad73a504971]::io::write::Write>::write_fmt
[INFO] [stdout]    3:     0x62b27e998536 - std[617be2ca0a6fd877]::panicking::default_hook::{closure#0}
[INFO] [stdout]    4:     0x62b27e9b5b19 - std[617be2ca0a6fd877]::panicking::default_hook
[INFO] [stdout]    5:     0x62b27e93a900 - test[aada8e7e76ba119b]::test_main_inner::{closure#0}
[INFO] [stdout]    6:     0x62b27e9b5cd2 - std[617be2ca0a6fd877]::panicking::panic_with_hook
[INFO] [stdout]    7:     0x62b27e9985e2 - std[617be2ca0a6fd877]::panicking::panic_handler::{closure#0}
[INFO] [stdout]    8:     0x62b27e9911d9 - std[617be2ca0a6fd877]::sys::backtrace::__rust_end_short_backtrace::<std[617be2ca0a6fd877]::panicking::panic_handler::{closure#0}, !>
[INFO] [stdout]    9:     0x62b27e9991ed - __rustc[ea4f61d10b84890b]::rust_begin_unwind
[INFO] [stdout]   10:     0x62b27e9d403c - core[a373ad73a504971]::panicking::panic_fmt
[INFO] [stdout]   11:     0x62b27e96f924 - <assert_cmd[61e57d47d5371598]::assert::AssertError>::panic::<assert_cmd[61e57d47d5371598]::assert::Assert>
[INFO] [stdout]   12:     0x62b27e9701e6 - <assert_cmd[61e57d47d5371598]::assert::Assert>::success
[INFO] [stdout]   13:     0x62b27e92cc88 - <opaque[6f4da5878e46aee7]::opaque::{closure#0} as core[a373ad73a504971]::ops::function::FnOnce<()>>::call_once
[INFO] [stdout]   14:     0x62b27e92dd4b - test[aada8e7e76ba119b]::__rust_begin_short_backtrace::<core[a373ad73a504971]::result::Result<(), alloc[2e1b2a31b91974c5]::string::String>, fn() -> core[a373ad73a504971]::result::Result<(), alloc[2e1b2a31b91974c5]::string::String>>
[INFO] [stdout]   15:     0x62b27e93af25 - test[aada8e7e76ba119b]::run_test::{closure#0}
[INFO] [stdout]   16:     0x62b27e934814 - std[617be2ca0a6fd877]::sys::backtrace::__rust_begin_short_backtrace::<test[aada8e7e76ba119b]::run_test::{closure#1}, ()>
[INFO] [stdout]   17:     0x62b27e93dfb2 - <std[617be2ca0a6fd877]::thread::lifecycle::spawn_unchecked<test[aada8e7e76ba119b]::run_test::{closure#1}, ()>::{closure#1} as core[a373ad73a504971]::ops::function::FnOnce<()>>::call_once::{shim:vtable#0}
[INFO] [stdout]   18:     0x62b27e9bd47f - <std[617be2ca0a6fd877]::sys::thread::unix::Thread>::new::thread_start
[INFO] [stdout]   19:     0x75abaf66adfa - <unknown>
[INFO] [stdout]   20:     0x75abaf6fe3d4 - clone
[INFO] [stdout]   21:                0x0 - <unknown>
[INFO] [stdout] 
[INFO] [stdout] 
[INFO] [stdout] failures:
[INFO] [stdout]     opaque
[INFO] [stdout] 
[INFO] [stdout] test result: FAILED. 0 passed; 1 failed; 0 ignored; 0 measured; 0 filtered out; finished in 0.03s
[INFO] [stdout] 
[INFO] [stderr] error: test failed, to rerun pass `--test opaque`
[INFO] running `Command { std: "docker" "inspect" "5caaf5df5c4a70151a1f67017cf471f838f43a11192714c93ce17bf3d8ee2809", kill_on_drop: false }`
[INFO] running `Command { std: "docker" "rm" "-f" "5caaf5df5c4a70151a1f67017cf471f838f43a11192714c93ce17bf3d8ee2809", kill_on_drop: false }`
[INFO] [stdout] 5caaf5df5c4a70151a1f67017cf471f838f43a11192714c93ce17bf3d8ee2809
