[INFO] fetching crate ktrs-ast 0.5.1...
[INFO] testing ktrs-ast-0.5.1 against 1.99.0-beta.8+cargoflags=--release for beta-release-1.100-2
[INFO] extracting crate ktrs-ast 0.5.1 into /workspace/builds/worker-3-tc1/source
[INFO] started tweaking crates.io crate ktrs-ast 0.5.1
[INFO] removed 0 missing examples
[INFO] removed 0 missing tests
[INFO] finished tweaking crates.io crate ktrs-ast 0.5.1
[INFO] tweaked toml for crates.io crate ktrs-ast 0.5.1 written to /workspace/builds/worker-3-tc1/source/Cargo.toml
[INFO] validating manifest of crates.io crate ktrs-ast 0.5.1 on toolchain 1.99.0-beta.8
[INFO] running `Command { std: CARGO_HOME="/workspace/cargo-home" RUSTUP_HOME="/workspace/rustup-home" "/workspace/cargo-home/bin/cargo" "+1.99.0-beta.8" "metadata" "--manifest-path" "Cargo.toml" "--no-deps", kill_on_drop: false }`
[INFO] crate crates.io crate ktrs-ast 0.5.1 already has a lockfile, it will not be regenerated
[INFO] running `Command { std: CARGO_HOME="/workspace/cargo-home" RUSTUP_HOME="/workspace/rustup-home" "/workspace/cargo-home/bin/cargo" "+1.99.0-beta.8" "fetch" "--manifest-path" "Cargo.toml", kill_on_drop: false }`
[INFO] [stderr]     Updating crates.io index
[INFO] [stderr]  Downloading crates ...
[INFO] [stderr]   Downloaded ktrs-lexer v0.5.1
[INFO] [stderr]   Downloaded ktrs-parser v0.5.1
[INFO] [stderr]   Downloaded ktrs-syntax v0.5.1
[INFO] [stderr]   Downloaded ktrs-psi v0.5.1
[INFO] running `Command { std: "docker" "create" "-v" "/var/lib/crater-agent-workspace/builds/worker-3-tc1/source:/opt/rustwide/workdir:ro,Z" "-v" "/var/lib/crater-agent-workspace/builds/worker-3-tc1/target:/opt/rustwide/target:rw,Z" "-v" "/var/lib/crater-agent-workspace/cargo-home:/opt/rustwide/cargo-home:ro,Z" "-v" "/var/lib/crater-agent-workspace/rustup-home:/opt/rustwide/rustup-home:ro,Z" "-m" "1610612736" "--network" "none" "ghcr.io/rust-lang/crates-build-env/linux@sha256:77db811e55d90add9212f6832c23229e3de5f1c1f9905e8cb07319ea15df73ac" "sleep" "infinity", kill_on_drop: false }`
[INFO] [stdout] b1affb5ee8a043b5e777e0be4d4d84312367036771692b3b279ad2cd40ddb89a
[INFO] running `Command { std: "docker" "start" "b1affb5ee8a043b5e777e0be4d4d84312367036771692b3b279ad2cd40ddb89a", kill_on_drop: false }`
[INFO] running `Command { std: "docker" "inspect" "b1affb5ee8a043b5e777e0be4d4d84312367036771692b3b279ad2cd40ddb89a", kill_on_drop: false }`
[INFO] running `Command { std: "docker" "exec" "-e" "SOURCE_DIR=/opt/rustwide/workdir" "-e" "CARGO_HOME=/opt/rustwide/cargo-home" "-e" "RUSTUP_HOME=/opt/rustwide/rustup-home" "-e" "CARGO_TARGET_DIR=/opt/rustwide/target" "-w" "/opt/rustwide/workdir" "--user" "0:0" "b1affb5ee8a043b5e777e0be4d4d84312367036771692b3b279ad2cd40ddb89a" "/opt/rustwide/cargo-home/bin/cargo" "+1.99.0-beta.8" "metadata" "--no-deps" "--format-version=1", kill_on_drop: false }`
[INFO] running `Command { std: "docker" "inspect" "b1affb5ee8a043b5e777e0be4d4d84312367036771692b3b279ad2cd40ddb89a", kill_on_drop: false }`
[INFO] running `Command { std: "docker" "exec" "-e" "SOURCE_DIR=/opt/rustwide/workdir" "-e" "CARGO_HOME=/opt/rustwide/cargo-home" "-e" "RUSTUP_HOME=/opt/rustwide/rustup-home" "-e" "CARGO_TARGET_DIR=/opt/rustwide/target" "-e" "CARGO_INCREMENTAL=0" "-e" "RUST_BACKTRACE=full" "-e" "RUSTFLAGS=--cap-lints=warn" "-e" "RUSTDOCFLAGS=--cap-lints=warn" "-w" "/opt/rustwide/workdir" "--user" "0:0" "b1affb5ee8a043b5e777e0be4d4d84312367036771692b3b279ad2cd40ddb89a" "/opt/rustwide/cargo-home/bin/cargo" "+1.99.0-beta.8" "build" "--frozen" "--message-format=json" "--release", kill_on_drop: false }`
[INFO] [stderr]    Compiling text-size v1.1.1
[INFO] [stderr]    Compiling ktrs-syntax v0.5.1
[INFO] [stderr]    Compiling ktrs-lexer v0.5.1
[INFO] [stderr]    Compiling ktrs-parser v0.5.1
[INFO] [stderr]    Compiling ktrs-psi v0.5.1
[INFO] [stderr]    Compiling ktrs-ast v0.5.1 (/opt/rustwide/workdir)
[INFO] [stderr]     Finished `release` profile [optimized] target(s) in 8.91s
[INFO] running `Command { std: "docker" "inspect" "b1affb5ee8a043b5e777e0be4d4d84312367036771692b3b279ad2cd40ddb89a", kill_on_drop: false }`
[INFO] running `Command { std: "docker" "exec" "-e" "SOURCE_DIR=/opt/rustwide/workdir" "-e" "CARGO_HOME=/opt/rustwide/cargo-home" "-e" "RUSTUP_HOME=/opt/rustwide/rustup-home" "-e" "CARGO_TARGET_DIR=/opt/rustwide/target" "-e" "CARGO_INCREMENTAL=0" "-e" "RUST_BACKTRACE=full" "-e" "RUSTFLAGS=--cap-lints=warn" "-e" "RUSTDOCFLAGS=--cap-lints=warn" "-w" "/opt/rustwide/workdir" "--user" "0:0" "b1affb5ee8a043b5e777e0be4d4d84312367036771692b3b279ad2cd40ddb89a" "/opt/rustwide/cargo-home/bin/cargo" "+1.99.0-beta.8" "test" "--frozen" "--no-run" "--message-format=json" "--release", kill_on_drop: false }`
[INFO] [stderr]    Compiling libmimalloc-sys v0.1.49
[INFO] [stderr]    Compiling mimalloc v0.1.52
[INFO] [stderr]    Compiling ktrs-ast v0.5.1 (/opt/rustwide/workdir)
[INFO] [stderr]     Finished `release` profile [optimized] target(s) in 9.04s
[INFO] running `Command { std: "docker" "inspect" "b1affb5ee8a043b5e777e0be4d4d84312367036771692b3b279ad2cd40ddb89a", kill_on_drop: false }`
[INFO] running `Command { std: "docker" "exec" "-e" "SOURCE_DIR=/opt/rustwide/workdir" "-e" "CARGO_HOME=/opt/rustwide/cargo-home" "-e" "RUSTUP_HOME=/opt/rustwide/rustup-home" "-e" "CARGO_TARGET_DIR=/opt/rustwide/target" "-e" "CARGO_INCREMENTAL=0" "-e" "RUST_BACKTRACE=full" "-e" "RUSTFLAGS=--cap-lints=warn" "-e" "RUSTDOCFLAGS=--cap-lints=warn" "-w" "/opt/rustwide/workdir" "--user" "0:0" "b1affb5ee8a043b5e777e0be4d4d84312367036771692b3b279ad2cd40ddb89a" "/opt/rustwide/cargo-home/bin/cargo" "+1.99.0-beta.8" "test" "--frozen" "--release", kill_on_drop: false }`
[INFO] [stderr]     Finished `release` profile [optimized] target(s) in 0.03s
[INFO] [stderr]      Running unittests src/lib.rs (/opt/rustwide/target/release/deps/ktrs_ast-2acdca3e1e0e93db)
[INFO] [stdout] 
[INFO] [stdout] running 0 tests
[INFO] [stdout] 
[INFO] [stdout] test result: ok. 0 passed; 0 failed; 0 ignored; 0 measured; 0 filtered out; finished in 0.00s
[INFO] [stdout] 
[INFO] [stderr]      Running tests/code_edit.rs (/opt/rustwide/target/release/deps/code_edit-ae57eb7dd007ef6d)
[INFO] [stdout] 
[INFO] [stdout] running 10 tests
[INFO] [stdout] test get_keyword_after_a_removed_space_gets_a_line_break ... ok
[INFO] [stdout] test trailing_whitespace_of_a_removed_last_child_goes_too ... ok
[INFO] [stdout] test deleting_an_import_leaves_the_newline_after_it ... ok
[INFO] [stdout] test whitespaces_either_side_merge_into_a_new_one ... ok
[INFO] [stdout] test leaf_delete_between_tokens_that_may_touch_leaves_no_whitespace ... ok
[INFO] [stdout] test delete_takes_a_following_semicolon_and_its_whitespace ... ok
[INFO] [stdout] test deleting_the_last_modifier_deletes_the_modifier_list ... ok
[INFO] [stdout] test more_blank_lines_on_the_right_replace_both_with_a_copy_of_the_right ... ok
[INFO] [stdout] test removing_the_space_between_two_keywords_inserts_a_new_one ... ok
[INFO] [stdout] test whitespace_after_a_removed_node_is_recreated ... ok
[INFO] [stdout] 
[INFO] [stdout] test result: ok. 10 passed; 0 failed; 0 ignored; 0 measured; 0 filtered out; finished in 0.01s
[INFO] [stdout] 
[INFO] [stderr]      Running tests/edit_oracle.rs (/opt/rustwide/target/release/deps/edit_oracle-27f83c28793cfa1a)
[INFO] [stdout] 
[INFO] [stdout] running 1 test
[INFO] [stdout] test edits_match_the_jvm ... ok
[INFO] [stdout] 
[INFO] [stdout] test result: ok. 1 passed; 0 failed; 0 ignored; 0 measured; 0 filtered out; finished in 0.00s
[INFO] [stdout] 
[INFO] [stderr]      Running tests/primitives.rs (/opt/rustwide/target/release/deps/primitives-6be8cca8a1b6932c)
[INFO] [stdout] 
[INFO] [stdout] running 16 tests
[INFO] [stdout] test psi_util_parents_and_siblings ... ok
[INFO] [stdout] test remove_child_parks_the_child_in_a_dummy_holder_and_keeps_both_whitespaces ... ok
[INFO] [stdout] test raw_insert_before_me_moves_the_whole_following_chain ... ok
[INFO] [stdout] test clone_is_deep_and_detached ... ok
[INFO] [stdout] test add_child_moves_an_attached_node_alone ... ok
[INFO] [stdout] test remove_range_and_add_children ... ok
[INFO] [stdout] test raw_remove_leaves_no_parent ... ok
[INFO] [stdout] test add_leaf_parks_the_leaf_in_a_holder_then_moves_it ... ok
[INFO] [stdout] test raw_replace_with_text_swaps_in_a_new_node_and_orphans_the_old_one ... ok
[INFO] [stdout] test tree_util_prev_leaf_records_the_branch_start ... ok
[INFO] [stdout] test replace_child_then_fill_the_new_composite ... ok
[INFO] [stdout] test tree_util_leaf_walks_skip_empty_composites ... ok
[INFO] [stdout] test utf16_lengths_count_code_units ... ok
[INFO] [stdout] test get_children_with_a_filter_keeps_order ... ok
[INFO] [stdout] test create_ast_node_from_text_returns_the_script_initializer ... ok
[INFO] [stdout] test add_child_to_a_detached_composite_throws - should panic ... ok
[INFO] [stdout] 
[INFO] [stdout] test result: ok. 16 passed; 0 failed; 0 ignored; 0 measured; 0 filtered out; finished in 0.00s
[INFO] [stdout] 
[INFO] [stderr]      Running tests/psi.rs (/opt/rustwide/target/release/deps/psi-6df7530d4820d30f)
[INFO] [stdout] 
[INFO] [stdout] running 8 tests
[INFO] [stdout] test when_entry_and_expression ... ok
[INFO] [stdout] test package_directive_qualified_name ... ok
[INFO] [stdout] test named_function_accessors ... ok
[INFO] [stdout] test import_path_renders_like_import_path_to_string ... ok
[INFO] [stdout] test class_checks_and_casts ... ok
[INFO] [stdout] test is_kt_annotated_by_element_type ... ok
[INFO] [stderr]      Running tests/psi_accessors.rs (/opt/rustwide/target/release/deps/psi_accessors-f0613243c264d068)
[INFO] [stdout] test super_type_list_entries_and_dot_qualified_selector ... ok
[INFO] [stdout] test virtual_file_path_is_the_light_virtual_file_path ... ok
[INFO] [stdout] 
[INFO] [stdout] test result: ok. 8 passed; 0 failed; 0 ignored; 0 measured; 0 filtered out; finished in 0.02s
[INFO] [stdout] 
[INFO] [stdout] 
[INFO] [stdout] running 10 tests
[INFO] [stdout] test class_accessors_and_get_children ... ok
[INFO] [stdout] test expressions ... ok
[INFO] [stdout] test is_public_excludes_local_declarations ... ok
[INFO] [stdout] test names ... ok
[INFO] [stdout] test calls_and_arguments ... ok
[INFO] [stdout] test factory_create_parameter_and_set_name ... ok
[INFO] [stdout] test quote_if_needed_differs_on_latin1_letters ... ok
[INFO] [stdout] test callable_and_body_accessors ... ok
[INFO] [stdout] test annotation_entries_and_modifiers ... ok
[INFO] [stdout] test types ... ok
[INFO] [stdout] 
[INFO] [stdout] test result: ok. 10 passed; 0 failed; 0 ignored; 0 measured; 0 filtered out; finished in 0.00s
[INFO] [stdout] 
[INFO] [stderr]      Running tests/seed.rs (/opt/rustwide/target/release/deps/seed-e3141ab17f1eb395)
[INFO] [stdout] 
[INFO] [stdout] running 1 test
[INFO] [stdout] test seeded_dump_equals_psi_dump_on_parser_fixtures ... FAILED
[INFO] [stdout] 
[INFO] [stdout] failures:
[INFO] [stdout] 
[INFO] [stdout] ---- seeded_dump_equals_psi_dump_on_parser_fixtures stdout ----
[INFO] [stdout] 
[INFO] [stdout] thread 'seeded_dump_equals_psi_dump_on_parser_fixtures' (583) panicked at tests/seed.rs:61:36:
[INFO] [stdout] called `Result::unwrap()` on an `Err` value: Os { code: 2, kind: NotFound, message: "No such file or directory" }
[INFO] [stdout] stack backtrace:
[INFO] [stdout]    0:     0x6300b59fbb81 - <<std[70759c8f55707aa4]::sys::backtrace::BacktraceLock>::print::DisplayBacktrace as core[df12db4294e9bfd3]::fmt::Display>::fmt
[INFO] [stdout]    1:     0x6300b5a100ba - core[df12db4294e9bfd3]::fmt::write
[INFO] [stdout]    2:     0x6300b5a0030c - <alloc[2182bb758b4b3781]::vec::Vec<u8> as core[df12db4294e9bfd3]::io::write::Write>::write_fmt
[INFO] [stdout]    3:     0x6300b59d77e6 - std[70759c8f55707aa4]::panicking::default_hook::{closure#0}
[INFO] [stdout]    4:     0x6300b59f3d69 - std[70759c8f55707aa4]::panicking::default_hook
[INFO] [stdout]    5:     0x6300b5964bb0 - test[9d35eded1c95d3be]::test_main_inner::<test[9d35eded1c95d3be]::test_main_static::{closure#0}>::{closure#0}
[INFO] [stdout]    6:     0x6300b59f3f22 - std[70759c8f55707aa4]::panicking::panic_with_hook
[INFO] [stdout]    7:     0x6300b59d7892 - std[70759c8f55707aa4]::panicking::panic_handler::{closure#0}
[INFO] [stdout]    8:     0x6300b59d03e9 - std[70759c8f55707aa4]::sys::backtrace::__rust_end_short_backtrace::<std[70759c8f55707aa4]::panicking::panic_handler::{closure#0}, !>
[INFO] [stdout]    9:     0x6300b59d848d - __rustc[8fa7c3cbc660c2b3]::rust_begin_unwind
[INFO] [stdout]   10:     0x6300b5a107ec - core[df12db4294e9bfd3]::panicking::panic_fmt
[INFO] [stdout]   11:     0x6300b5a105c2 - core[df12db4294e9bfd3]::result::unwrap_failed
[INFO] [stdout]   12:     0x6300b5956880 - seed[c4a1fcc32b4410e2]::collect
[INFO] [stdout]   13:     0x6300b59569f7 - <seed[c4a1fcc32b4410e2]::seeded_dump_equals_psi_dump_on_parser_fixtures::{closure#0} as core[df12db4294e9bfd3]::ops::function::FnOnce<()>>::call_once
[INFO] [stdout]   14:     0x6300b5957e9b - test[9d35eded1c95d3be]::__rust_begin_short_backtrace::<core[df12db4294e9bfd3]::result::Result<(), alloc[2182bb758b4b3781]::string::String>, fn() -> core[df12db4294e9bfd3]::result::Result<(), alloc[2182bb758b4b3781]::string::String>>
[INFO] [stdout]   15:     0x6300b5965505 - test[9d35eded1c95d3be]::run_test::{closure#0}
[INFO] [stdout]   16:     0x6300b595edc4 - std[70759c8f55707aa4]::sys::backtrace::__rust_begin_short_backtrace::<test[9d35eded1c95d3be]::run_test::{closure#1}, ()>
[INFO] [stdout]   17:     0x6300b5968662 - <std[70759c8f55707aa4]::thread::lifecycle::spawn_unchecked<test[9d35eded1c95d3be]::run_test::{closure#1}, ()>::{closure#1} as core[df12db4294e9bfd3]::ops::function::FnOnce<()>>::call_once::{shim:vtable#0}
[INFO] [stdout]   18:     0x6300b59fb0e9 - <std[70759c8f55707aa4]::sys::thread::unix::Thread>::new::thread_start
[INFO] [stdout]   19:     0x77ebb9c7cdfa - <unknown>
[INFO] [stdout]   20:     0x77ebb9d103d4 - clone
[INFO] [stdout]   21:                0x0 - <unknown>
[INFO] [stdout] 
[INFO] [stdout] 
[INFO] [stdout] failures:
[INFO] [stdout]     seeded_dump_equals_psi_dump_on_parser_fixtures
[INFO] [stdout] 
[INFO] [stdout] test result: FAILED. 0 passed; 1 failed; 0 ignored; 0 measured; 0 filtered out; finished in 0.00s
[INFO] [stdout] 
[INFO] [stderr] error: test failed, to rerun pass `--test seed`
[INFO] running `Command { std: "docker" "inspect" "b1affb5ee8a043b5e777e0be4d4d84312367036771692b3b279ad2cd40ddb89a", kill_on_drop: false }`
[INFO] running `Command { std: "docker" "rm" "-f" "b1affb5ee8a043b5e777e0be4d4d84312367036771692b3b279ad2cd40ddb89a", kill_on_drop: false }`
[INFO] [stdout] b1affb5ee8a043b5e777e0be4d4d84312367036771692b3b279ad2cd40ddb89a
