[INFO] fetching crate ktfmt-rs 0.3.0...
[INFO] testing ktfmt-rs-0.3.0 against 1.100.0-beta.1+cargoflags=--release for beta-release-1.100-2
[INFO] extracting crate ktfmt-rs 0.3.0 into /workspace/builds/worker-5-tc2/source
[INFO] started tweaking crates.io crate ktfmt-rs 0.3.0
[INFO] removed 0 missing tests
[INFO] finished tweaking crates.io crate ktfmt-rs 0.3.0
[INFO] tweaked toml for crates.io crate ktfmt-rs 0.3.0 written to /workspace/builds/worker-5-tc2/source/Cargo.toml
[INFO] validating manifest of crates.io crate ktfmt-rs 0.3.0 on toolchain 1.100.0-beta.1
[INFO] running `Command { std: CARGO_HOME="/workspace/cargo-home" RUSTUP_HOME="/workspace/rustup-home" "/workspace/cargo-home/bin/cargo" "+1.100.0-beta.1" "metadata" "--manifest-path" "Cargo.toml" "--no-deps", kill_on_drop: false }`
[INFO] crate crates.io crate ktfmt-rs 0.3.0 already has a lockfile, it will not be regenerated
[INFO] running `Command { std: CARGO_HOME="/workspace/cargo-home" RUSTUP_HOME="/workspace/rustup-home" "/workspace/cargo-home/bin/cargo" "+1.100.0-beta.1" "fetch" "--manifest-path" "Cargo.toml", kill_on_drop: false }`
[INFO] running `Command { std: "docker" "create" "-v" "/var/lib/crater-agent-workspace/builds/worker-5-tc2/source:/opt/rustwide/workdir:ro,Z" "-v" "/var/lib/crater-agent-workspace/builds/worker-5-tc2/target:/opt/rustwide/target:rw,Z" "-v" "/var/lib/crater-agent-workspace/cargo-home:/opt/rustwide/cargo-home:ro,Z" "-v" "/var/lib/crater-agent-workspace/rustup-home:/opt/rustwide/rustup-home:ro,Z" "-m" "1610612736" "--network" "none" "ghcr.io/rust-lang/crates-build-env/linux@sha256:77db811e55d90add9212f6832c23229e3de5f1c1f9905e8cb07319ea15df73ac" "sleep" "infinity", kill_on_drop: false }`
[INFO] [stdout] d2be9be7343e5a91b1c0f14a3198943ff37991f18389edfb153aea0ae2a5e9fd
[INFO] running `Command { std: "docker" "start" "d2be9be7343e5a91b1c0f14a3198943ff37991f18389edfb153aea0ae2a5e9fd", kill_on_drop: false }`
[INFO] running `Command { std: "docker" "inspect" "d2be9be7343e5a91b1c0f14a3198943ff37991f18389edfb153aea0ae2a5e9fd", kill_on_drop: false }`
[INFO] running `Command { std: "docker" "exec" "-e" "SOURCE_DIR=/opt/rustwide/workdir" "-e" "CARGO_HOME=/opt/rustwide/cargo-home" "-e" "RUSTUP_HOME=/opt/rustwide/rustup-home" "-e" "CARGO_TARGET_DIR=/opt/rustwide/target" "-w" "/opt/rustwide/workdir" "--user" "0:0" "d2be9be7343e5a91b1c0f14a3198943ff37991f18389edfb153aea0ae2a5e9fd" "/opt/rustwide/cargo-home/bin/cargo" "+1.100.0-beta.1" "metadata" "--no-deps" "--format-version=1", kill_on_drop: false }`
[INFO] running `Command { std: "docker" "inspect" "d2be9be7343e5a91b1c0f14a3198943ff37991f18389edfb153aea0ae2a5e9fd", kill_on_drop: false }`
[INFO] running `Command { std: "docker" "exec" "-e" "SOURCE_DIR=/opt/rustwide/workdir" "-e" "CARGO_HOME=/opt/rustwide/cargo-home" "-e" "RUSTUP_HOME=/opt/rustwide/rustup-home" "-e" "CARGO_TARGET_DIR=/opt/rustwide/target" "-e" "CARGO_INCREMENTAL=0" "-e" "RUST_BACKTRACE=full" "-e" "RUSTFLAGS=--cap-lints=warn" "-e" "RUSTDOCFLAGS=--cap-lints=warn" "-w" "/opt/rustwide/workdir" "--user" "0:0" "d2be9be7343e5a91b1c0f14a3198943ff37991f18389edfb153aea0ae2a5e9fd" "/opt/rustwide/cargo-home/bin/cargo" "+1.100.0-beta.1" "build" "--frozen" "--message-format=json" "--release", kill_on_drop: false }`
[INFO] [stderr]    Compiling quote v1.0.44
[INFO] [stderr]    Compiling libc v0.2.182
[INFO] [stderr]    Compiling aho-corasick v1.1.4
[INFO] [stderr]    Compiling miniz_oxide v0.8.9
[INFO] [stderr]    Compiling object v0.37.3
[INFO] [stderr]    Compiling anstyle-parse v0.2.7
[INFO] [stderr]    Compiling regex-syntax v0.8.10
[INFO] [stderr]    Compiling colorchoice v1.0.4
[INFO] [stderr]    Compiling rustc-demangle v0.1.27
[INFO] [stderr]    Compiling owo-colors v4.3.0
[INFO] [stderr]    Compiling anstream v0.6.21
[INFO] [stderr]    Compiling syn v2.0.117
[INFO] [stderr]    Compiling bstr v1.12.1
[INFO] [stderr]    Compiling is_ci v1.2.0
[INFO] [stderr]    Compiling unicode-linebreak v0.1.5
[INFO] [stderr]    Compiling clap_builder v4.5.60
[INFO] [stderr]    Compiling textwrap v0.16.2
[INFO] [stderr]    Compiling supports-color v3.0.2
[INFO] [stderr]    Compiling supports-unicode v3.0.0
[INFO] [stderr]    Compiling supports-hyperlinks v3.2.0
[INFO] [stderr]    Compiling regex-automata v0.4.14
[INFO] [stderr]    Compiling ec4rs v1.2.0
[INFO] [stderr]    Compiling thiserror-impl v2.0.18
[INFO] [stderr]    Compiling clap_derive v4.5.55
[INFO] [stderr]    Compiling backtrace v0.3.76
[INFO] [stderr]    Compiling globset v0.4.18
[INFO] [stderr]    Compiling miette-derive v7.6.0
[INFO] [stderr]    Compiling backtrace-ext v0.2.1
[INFO] [stderr]    Compiling thiserror v2.0.18
[INFO] [stderr]    Compiling ignore v0.4.25
[INFO] [stderr]    Compiling miette v7.6.0
[INFO] [stderr]    Compiling clap v4.5.60
[INFO] [stderr]    Compiling ktfmt-rs v0.3.0 (/opt/rustwide/workdir)
[INFO] [stderr] warning: unused dependency `miette`
[INFO] [stderr]   --> Cargo.toml:20:15
[INFO] [stderr]    |
[INFO] [stderr] 20 | [dependencies.miette]
[INFO] [stderr]    |               ^^^^^^^
[INFO] [stderr]    |
[INFO] [stderr]    = note: `cargo::unused_dependencies` is set to `warn` by default
[INFO] [stderr] help: consider removing the dependency on `miette`
[INFO] [stderr] warning: unused dependency `thiserror`
[INFO] [stderr]   --> Cargo.toml:27:15
[INFO] [stderr]    |
[INFO] [stderr] 27 | [dependencies.thiserror]
[INFO] [stderr]    |               ^^^^^^^^^^
[INFO] [stderr]    |
[INFO] [stderr] help: consider removing the dependency on `thiserror`
[INFO] [stderr] warning: `ktfmt-rs` (manifest) generated 2 warnings
[INFO] [stderr]     Finished `release` profile [optimized] target(s) in 1m 34s
[INFO] running `Command { std: "docker" "inspect" "d2be9be7343e5a91b1c0f14a3198943ff37991f18389edfb153aea0ae2a5e9fd", kill_on_drop: false }`
[INFO] running `Command { std: "docker" "exec" "-e" "SOURCE_DIR=/opt/rustwide/workdir" "-e" "CARGO_HOME=/opt/rustwide/cargo-home" "-e" "RUSTUP_HOME=/opt/rustwide/rustup-home" "-e" "CARGO_TARGET_DIR=/opt/rustwide/target" "-e" "CARGO_INCREMENTAL=0" "-e" "RUST_BACKTRACE=full" "-e" "RUSTFLAGS=--cap-lints=warn" "-e" "RUSTDOCFLAGS=--cap-lints=warn" "-w" "/opt/rustwide/workdir" "--user" "0:0" "d2be9be7343e5a91b1c0f14a3198943ff37991f18389edfb153aea0ae2a5e9fd" "/opt/rustwide/cargo-home/bin/cargo" "+1.100.0-beta.1" "test" "--frozen" "--no-run" "--message-format=json" "--release", kill_on_drop: false }`
[INFO] [stderr]    Compiling libc v0.2.182
[INFO] [stderr]    Compiling rustix v1.1.4
[INFO] [stderr]    Compiling zerocopy v0.8.40
[INFO] [stderr]    Compiling zerocopy-derive v0.8.40
[INFO] [stderr]    Compiling num-traits v0.2.19
[INFO] [stderr]    Compiling serde_derive v1.0.228
[INFO] [stderr]    Compiling getrandom v0.4.1
[INFO] [stderr]    Compiling serde_json v1.0.149
[INFO] [stderr]    Compiling itertools v0.10.5
[INFO] [stderr]    Compiling regex v1.12.3
[INFO] [stderr]    Compiling plotters v0.3.7
[INFO] [stderr]    Compiling backtrace v0.3.76
[INFO] [stderr]    Compiling criterion-plot v0.5.0
[INFO] [stderr]    Compiling backtrace-ext v0.2.1
[INFO] [stderr]    Compiling console v0.15.11
[INFO] [stderr]    Compiling terminal_size v0.4.3
[INFO] [stderr]    Compiling miette v7.6.0
[INFO] [stderr]    Compiling tempfile v3.26.0
[INFO] [stderr]    Compiling is-terminal v0.4.17
[INFO] [stderr]    Compiling similar v2.7.0
[INFO] [stderr]    Compiling diff v0.1.13
[INFO] [stderr]    Compiling serde v1.0.228
[INFO] [stderr]    Compiling yansi v1.0.1
[INFO] [stderr]    Compiling ktfmt-rs v0.3.0 (/opt/rustwide/workdir)
[INFO] [stderr]    Compiling tinytemplate v1.2.1
[INFO] [stderr]    Compiling pretty_assertions v1.4.1
[INFO] [stderr]    Compiling insta v1.46.3
[INFO] [stderr]    Compiling half v2.7.1
[INFO] [stderr]    Compiling ciborium-ll v0.2.2
[INFO] [stderr]    Compiling ciborium v0.2.2
[INFO] [stderr]    Compiling criterion v0.5.1
[INFO] [stderr] warning: unused dependency `miette`
[INFO] [stderr]   --> Cargo.toml:20:15
[INFO] [stderr]    |
[INFO] [stderr] 20 | [dependencies.miette]
[INFO] [stderr]    |               ^^^^^^^
[INFO] [stderr]    |
[INFO] [stderr]    = note: `cargo::unused_dependencies` is set to `warn` by default
[INFO] [stderr] help: consider removing the dependency on `miette`
[INFO] [stderr] warning: unused dependency `thiserror`
[INFO] [stderr]   --> Cargo.toml:27:15
[INFO] [stderr]    |
[INFO] [stderr] 27 | [dependencies.thiserror]
[INFO] [stderr]    |               ^^^^^^^^^^
[INFO] [stderr]    |
[INFO] [stderr] help: consider removing the dependency on `thiserror`
[INFO] [stderr] warning: `ktfmt-rs` (manifest) generated 2 warnings
[INFO] [stderr]     Finished `release` profile [optimized] target(s) in 1m 45s
[INFO] running `Command { std: "docker" "inspect" "d2be9be7343e5a91b1c0f14a3198943ff37991f18389edfb153aea0ae2a5e9fd", kill_on_drop: false }`
[INFO] running `Command { std: "docker" "exec" "-e" "SOURCE_DIR=/opt/rustwide/workdir" "-e" "CARGO_HOME=/opt/rustwide/cargo-home" "-e" "RUSTUP_HOME=/opt/rustwide/rustup-home" "-e" "CARGO_TARGET_DIR=/opt/rustwide/target" "-e" "CARGO_INCREMENTAL=0" "-e" "RUST_BACKTRACE=full" "-e" "RUSTFLAGS=--cap-lints=warn" "-e" "RUSTDOCFLAGS=--cap-lints=warn" "-w" "/opt/rustwide/workdir" "--user" "0:0" "d2be9be7343e5a91b1c0f14a3198943ff37991f18389edfb153aea0ae2a5e9fd" "/opt/rustwide/cargo-home/bin/cargo" "+1.100.0-beta.1" "test" "--frozen" "--release", kill_on_drop: false }`
[INFO] [stderr] warning: unused dependency `miette`
[INFO] [stderr]   --> Cargo.toml:20:15
[INFO] [stderr]    |
[INFO] [stderr] 20 | [dependencies.miette]
[INFO] [stderr]    |               ^^^^^^^
[INFO] [stderr]    |
[INFO] [stderr]    = note: `cargo::unused_dependencies` is set to `warn` by default
[INFO] [stderr] help: consider removing the dependency on `miette`
[INFO] [stderr] warning: unused dependency `thiserror`
[INFO] [stderr]   --> Cargo.toml:27:15
[INFO] [stderr]    |
[INFO] [stderr] 27 | [dependencies.thiserror]
[INFO] [stderr]    |               ^^^^^^^^^^
[INFO] [stderr]    |
[INFO] [stderr] help: consider removing the dependency on `thiserror`
[INFO] [stderr] warning: `ktfmt-rs` (manifest) generated 2 warnings
[INFO] [stderr]     Finished `release` profile [optimized] target(s) in 0.24s
[INFO] [stderr]      Running unittests src/lib.rs (/opt/rustwide/target/release/build/ktfmt-rs/fa3282eda734318a/out/ktfmt-fa3282eda734318a)
[INFO] [stdout] 
[INFO] [stdout] running 31 tests
[INFO] [stdout] test lexer::token::tests::test_keyword_lookup ... ok
[INFO] [stdout] test rules::blank_lines::tests::class_body_no_blank_first_line_unchanged ... ok
[INFO] [stdout] test lexer::token::tests::test_span ... ok
[INFO] [stdout] test rules::blank_lines::tests::consecutive_blank_lines_collapse_to_one ... ok
[INFO] [stdout] test lexer::token::tests::test_trivia_check ... ok
[INFO] [stdout] test rules::blank_lines::tests::four_newlines_collapse_to_two ... ok
[INFO] [stdout] test rules::blank_lines::tests::blank_line_before_rbrace_removed ... ok
[INFO] [stdout] test rules::blank_lines::tests::class_body_blank_first_line_removed ... ok
[INFO] [stdout] test rules::blank_lines::tests::single_blank_line_preserved ... ok
[INFO] [stdout] test rules::strings::string_template::tests::test_already_simple ... ok
[INFO] [stdout] test rules::blank_lines::tests::node_with_trailing_newline_before_rbrace ... ok
[INFO] [stdout] test rules::blank_lines::tests::method_block_blank_first_line_removed ... ok
[INFO] [stdout] test rules::blank_lines::tests::method_block_no_blank_first_line_unchanged ... ok
[INFO] [stdout] test rules::blank_lines::tests::no_blank_line_before_rbrace_keeps_single_newline ... ok
[INFO] [stdout] test rules::blank_lines::tests::node_ending_with_newline_plus_extra_newlines ... ok
[INFO] [stdout] test rules::blank_lines::tests::non_fun_block_not_affected_by_method_rule ... ok
[INFO] [stdout] test rules::strings::string_template::tests::test_underscore_ident ... ok
[INFO] [stdout] test rules::strings::string_template::tests::test_escaped_dollar ... ok
[INFO] [stdout] test rules::strings::string_template::tests::test_no_simplify_method_call ... ok
[INFO] [stdout] test rules::strings::string_template::tests::test_no_simplify_expression ... ok
[INFO] [stdout] test rules::strings::string_template::tests::test_simplify_multiple ... ok
[INFO] [stdout] test rules::strings::string_template::tests::test_simplify_simple_ident ... ok
[INFO] [stdout] test rules::wrapping::tests::arg_list_single_arg_no_wrap ... ok
[INFO] [stdout] test rules::wrapping::tests::chain_wrapping_long_chain_wraps ... ok
[INFO] [stdout] test rules::wrapping::tests::chain_wrapping_safe_dot_wraps ... ok
[INFO] [stdout] test rules::wrapping::tests::arg_list_long_wraps ... ok
[INFO] [stdout] test rules::wrapping::tests::arg_list_short_no_wrap ... ok
[INFO] [stdout] test rules::wrapping::tests::chain_wrapping_short_chain_no_edit ... ok
[INFO] [stdout] test rules::wrapping::tests::max_line_length_long_line_emits_edit ... ok
[INFO] [stdout] test rules::wrapping::tests::max_line_length_only_long_lines_reported ... ok
[INFO] [stdout] test rules::wrapping::tests::max_line_length_short_line_no_edits ... ok
[INFO] [stderr]      Running unittests src/main.rs (/opt/rustwide/target/release/build/ktfmt-rs/34997a9d27030e41/out/ktfmt_rs-34997a9d27030e41)
[INFO] [stdout] 
[INFO] [stdout] test result: ok. 31 passed; 0 failed; 0 ignored; 0 measured; 0 filtered out; finished in 0.05s
[INFO] [stdout] 
[INFO] [stdout] 
[INFO] [stderr]      Running tests/blank_line_tests.rs (/opt/rustwide/target/release/build/ktfmt-rs/eefd82b2ceadcb69/out/blank_line_tests-eefd82b2ceadcb69)
[INFO] [stdout] running 0 tests
[INFO] [stdout] 
[INFO] [stdout] test result: ok. 0 passed; 0 failed; 0 ignored; 0 measured; 0 filtered out; finished in 0.00s
[INFO] [stdout] 
[INFO] [stdout] 
[INFO] [stdout] running 11 tests
[INFO] [stdout] test many_blank_lines_collapsed_via_parser ... ok
[INFO] [stderr]      Running tests/bracing_tests.rs (/opt/rustwide/target/release/build/ktfmt-rs/71111df2b254ff6b/out/bracing_tests-71111df2b254ff6b)
[INFO] [stdout] test consecutive_blank_lines_collapsed_via_parser ... ok
[INFO] [stdout] test method_block_blank_first_line_removed_via_parser ... ok
[INFO] [stdout] test class_body_no_blank_first_line_preserved_via_parser ... ok
[INFO] [stdout] test blank_line_before_rbrace_removed_via_parser ... ok
[INFO] [stdout] test consecutive_blank_lines_check_reports_diagnostics ... ok
[INFO] [stdout] test method_block_no_blank_first_line_preserved_via_parser ... ok
[INFO] [stdout] test no_blank_line_before_rbrace_preserved_via_parser ... ok
[INFO] [stdout] test single_blank_line_preserved_via_parser ... ok
[INFO] [stdout] test blank_line_rules_are_idempotent ... ok
[INFO] [stdout] test class_body_blank_first_line_removed_via_parser ... ok
[INFO] [stdout] 
[INFO] [stdout] test result: ok. 11 passed; 0 failed; 0 ignored; 0 measured; 0 filtered out; finished in 0.00s
[INFO] [stdout] 
[INFO] [stdout] 
[INFO] [stdout] running 12 tests
[INFO] [stdout] test test_modifier_order_override_suspend ... ok
[INFO] [stdout] test test_no_break_after_else_already_correct ... ok
[INFO] [stdout] test test_no_break_after_else_before_if ... ok
[INFO] [stdout] test test_modifier_order_single_no_change ... ok
[INFO] [stdout] test test_modifier_order_swap_two ... ok
[INFO] [stdout] test test_modifier_order_correct ... ok
[INFO] [stdout] test test_modifier_order_on_property ... ok
[INFO] [stdout] test test_modifier_order_three ... ok
[INFO] [stdout] test test_no_break_before_eq_in_property ... ok
[INFO] [stdout] test test_no_break_before_eq_with_indent ... ok
[INFO] [stdout] test test_no_break_after_else_with_newline_before_brace ... ok
[INFO] [stderr]      Running tests/cst_tests.rs (/opt/rustwide/target/release/build/ktfmt-rs/ef31dd8aba8770d3/out/cst_tests-ef31dd8aba8770d3)
[INFO] [stdout] test test_no_break_before_eq_already_correct ... ok
[INFO] [stdout] 
[INFO] [stdout] test result: ok. 12 passed; 0 failed; 0 ignored; 0 measured; 0 filtered out; finished in 0.04s
[INFO] [stdout] 
[INFO] [stdout] 
[INFO] [stdout] running 6 tests
[INFO] [stdout] test test_text_len ... ok
[INFO] [stdout] test test_green_node_text ... ok
[INFO] [stdout] test test_nested_nodes ... ok
[INFO] [stdout] test test_node_or_token_kind ... ok
[INFO] [stdout] test test_walk_nodes ... ok
[INFO] [stdout] test test_walk_tokens ... ok
[INFO] [stdout] 
[INFO] [stdout] test result: ok. 6 passed; 0 failed; 0 ignored; 0 measured; 0 filtered out; finished in 0.01s
[INFO] [stdout] 
[INFO] [stderr]      Running tests/debug_spacing.rs (/opt/rustwide/target/release/build/ktfmt-rs/46dcb7f1becc7d05/out/debug_spacing-46dcb7f1becc7d05)
[INFO] [stdout] 
[INFO] [stdout] running 1 test
[INFO] [stdout] test debug_spacing_rules ... ok
[INFO] [stdout] 
[INFO] [stdout] test result: ok. 1 passed; 0 failed; 0 ignored; 0 measured; 0 filtered out; finished in 0.00s
[INFO] [stdout] 
[INFO] [stderr]      Running tests/formatting_tests.rs (/opt/rustwide/target/release/build/ktfmt-rs/df629f3194924884/out/formatting_tests-df629f3194924884)
[INFO] [stdout] 
[INFO] [stdout] running 3 tests
[INFO] [stdout] test test_check_returns_empty_for_valid_code ... ok
[INFO] [stderr]      Running tests/indentation_tests.rs (/opt/rustwide/target/release/build/ktfmt-rs/f18cc4b967b23196/out/indentation_tests-f18cc4b967b23196)
[INFO] [stdout] test test_format_roundtrip ... ok
[INFO] [stdout] test test_format_preserves_valid_code ... ok
[INFO] [stdout] 
[INFO] [stdout] test result: ok. 3 passed; 0 failed; 0 ignored; 0 measured; 0 filtered out; finished in 0.01s
[INFO] [stdout] 
[INFO] [stdout] 
[INFO] [stdout] running 23 tests
[INFO] [stdout] test all_rules_compose_correctly ... ok
[INFO] [stdout] test final_newline_inserts_when_missing ... ok
[INFO] [stdout] test final_newline_removes_double_newline ... ok
[INFO] [stdout] test final_newline_removes_extra_newlines ... ok
[INFO] [stdout] test formatting_is_idempotent ... ok
[INFO] [stdout] test multi_spaces_handles_nested_node ... ok
[INFO] [stdout] test semicolons_no_change_when_none ... ok
[INFO] [stdout] test multi_spaces_preserves_indentation ... ok
[INFO] [stdout] test multi_spaces_single_space_unchanged ... ok
[INFO] [stdout] test multi_spaces_preserves_indentation_at_start ... ok
[INFO] [stdout] test final_newline_no_change_when_present ... ok
[INFO] [stdout] test semicolons_removed_simple ... ok
[INFO] [stdout] test trailing_ws_preserves_space_not_before_newline ... ok
[INFO] [stdout] test final_newline_inserts_when_no_eof_token ... ok
[INFO] [stdout] test semicolons_preserved_in_for_expr ... ok
[INFO] [stdout] test trailing_ws_removes_spaces_before_newline ... ok
[INFO] [stdout] test semicolons_removed_inside_block_but_not_for ... ok
[INFO] [stdout] test semicolons_removed_multiple ... ok
[INFO] [stdout] test multi_spaces_collapses_to_single ... ok
[INFO] [stdout] test trailing_ws_removes_tab_before_newline ... ok
[INFO] [stdout] test trailing_ws_handles_multiple_lines ... ok
[INFO] [stdout] test trailing_ws_removes_whitespace_before_eof ... ok
[INFO] [stderr]      Running tests/integration.rs (/opt/rustwide/target/release/build/ktfmt-rs/3f1fea0d0d283e91/out/integration-3f1fea0d0d283e91)
[INFO] [stdout] test trailing_ws_no_change_when_clean ... ok
[INFO] [stdout] 
[INFO] [stdout] test result: ok. 23 passed; 0 failed; 0 ignored; 0 measured; 0 filtered out; finished in 0.01s
[INFO] [stdout] 
[INFO] [stdout] 
[INFO] [stdout] running 7 tests
[INFO] [stdout] test test_simple_class ... FAILED
[INFO] [stdout] test test_lambdas ... FAILED
[INFO] [stdout] test test_imports ... FAILED
[INFO] [stdout] test test_when_expression ... FAILED
[INFO] [stdout] test test_string_templates ... FAILED
[INFO] [stderr] error: test failed, to rerun pass `--test integration`
[INFO] [stdout] test test_data_class ... FAILED
[INFO] [stdout] test test_enum_class ... FAILED
[INFO] [stdout] 
[INFO] [stdout] failures:
[INFO] [stdout] 
[INFO] [stdout] ---- test_simple_class stdout ----
[INFO] [stdout] 
[INFO] [stdout] thread 'test_simple_class' (2025) panicked at tests/integration.rs:6:89:
[INFO] [stdout] called `Result::unwrap()` on an `Err` value: Os { code: 2, kind: NotFound, message: "No such file or directory" }
[INFO] [stdout] stack backtrace:
[INFO] [stdout]    0:     0x55d7597ce221 - <<std[617be2ca0a6fd877]::sys::backtrace::BacktraceLock>::print::DisplayBacktrace as core[a373ad73a504971]::fmt::Display>::fmt
[INFO] [stdout]    1:     0x55d7597e218a - core[a373ad73a504971]::fmt::write
[INFO] [stdout]    2:     0x55d7597d243c - <alloc[2e1b2a31b91974c5]::vec::Vec<u8> as core[a373ad73a504971]::io::write::Write>::write_fmt
[INFO] [stdout]    3:     0x55d7597aa326 - std[617be2ca0a6fd877]::panicking::default_hook::{closure#0}
[INFO] [stdout]    4:     0x55d7597c6559 - std[617be2ca0a6fd877]::panicking::default_hook
[INFO] [stdout]    5:     0x55d7597326b0 - test[aada8e7e76ba119b]::test_main_inner::{closure#0}
[INFO] [stdout]    6:     0x55d7597c6712 - std[617be2ca0a6fd877]::panicking::panic_with_hook
[INFO] [stdout]    7:     0x55d7597aa3d2 - std[617be2ca0a6fd877]::panicking::panic_handler::{closure#0}
[INFO] [stdout]    8:     0x55d7597a2f59 - std[617be2ca0a6fd877]::sys::backtrace::__rust_end_short_backtrace::<std[617be2ca0a6fd877]::panicking::panic_handler::{closure#0}, !>
[INFO] [stdout]    9:     0x55d7597aafdd - __rustc[ea4f61d10b84890b]::rust_begin_unwind
[INFO] [stdout]   10:     0x55d7597e28bc - core[a373ad73a504971]::panicking::panic_fmt
[INFO] [stdout]   11:     0x55d7597e2692 - core[a373ad73a504971]::result::unwrap_failed
[INFO] [stdout]   12:     0x55d759724bb3 - integration[3c62a0e942daed1d]::test_fixture
[INFO] [stdout]   13:     0x55d759725a05 - <integration[3c62a0e942daed1d]::test_simple_class::{closure#0} as core[a373ad73a504971]::ops::function::FnOnce<()>>::call_once
[INFO] [stdout]   14:     0x55d759725afb - test[aada8e7e76ba119b]::__rust_begin_short_backtrace::<core[a373ad73a504971]::result::Result<(), alloc[2e1b2a31b91974c5]::string::String>, fn() -> core[a373ad73a504971]::result::Result<(), alloc[2e1b2a31b91974c5]::string::String>>
[INFO] [stdout]   15:     0x55d759732cd5 - test[aada8e7e76ba119b]::run_test::{closure#0}
[INFO] [stdout]   16:     0x55d75972c5c4 - std[617be2ca0a6fd877]::sys::backtrace::__rust_begin_short_backtrace::<test[aada8e7e76ba119b]::run_test::{closure#1}, ()>
[INFO] [stdout]   17:     0x55d759735d62 - <std[617be2ca0a6fd877]::thread::lifecycle::spawn_unchecked<test[aada8e7e76ba119b]::run_test::{closure#1}, ()>::{closure#1} as core[a373ad73a504971]::ops::function::FnOnce<()>>::call_once::{shim:vtable#0}
[INFO] [stdout]   18:     0x55d7597cd71f - <std[617be2ca0a6fd877]::sys::thread::unix::Thread>::new::thread_start
[INFO] [stdout]   19:     0x7a1c42a64dfa - <unknown>
[INFO] [stdout]   20:     0x7a1c42af83d4 - clone
[INFO] [stdout]   21:                0x0 - <unknown>
[INFO] [stdout] 
[INFO] [stdout] ---- test_lambdas stdout ----
[INFO] [stdout] 
[INFO] [stdout] thread 'test_lambdas' (2024) panicked at tests/integration.rs:6:89:
[INFO] [stdout] called `Result::unwrap()` on an `Err` value: Os { code: 2, kind: NotFound, message: "No such file or directory" }
[INFO] [stdout] stack backtrace:
[INFO] [stdout]    0:     0x55d7597ce221 - <<std[617be2ca0a6fd877]::sys::backtrace::BacktraceLock>::print::DisplayBacktrace as core[a373ad73a504971]::fmt::Display>::fmt
[INFO] [stdout]    1:     0x55d7597e218a - core[a373ad73a504971]::fmt::write
[INFO] [stdout]    2:     0x55d7597d243c - <alloc[2e1b2a31b91974c5]::vec::Vec<u8> as core[a373ad73a504971]::io::write::Write>::write_fmt
[INFO] [stdout]    3:     0x55d7597aa326 - std[617be2ca0a6fd877]::panicking::default_hook::{closure#0}
[INFO] [stdout]    4:     0x55d7597c6559 - std[617be2ca0a6fd877]::panicking::default_hook
[INFO] [stdout]    5:     0x55d7597326b0 - test[aada8e7e76ba119b]::test_main_inner::{closure#0}
[INFO] [stdout]    6:     0x55d7597c6712 - std[617be2ca0a6fd877]::panicking::panic_with_hook
[INFO] [stdout]    7:     0x55d7597aa3d2 - std[617be2ca0a6fd877]::panicking::panic_handler::{closure#0}
[INFO] [stdout]    8:     0x55d7597a2f59 - std[617be2ca0a6fd877]::sys::backtrace::__rust_end_short_backtrace::<std[617be2ca0a6fd877]::panicking::panic_handler::{closure#0}, !>
[INFO] [stdout]    9:     0x55d7597aafdd - __rustc[ea4f61d10b84890b]::rust_begin_unwind
[INFO] [stdout]   10:     0x55d7597e28bc - core[a373ad73a504971]::panicking::panic_fmt
[INFO] [stdout]   11:     0x55d7597e2692 - core[a373ad73a504971]::result::unwrap_failed
[INFO] [stdout]   12:     0x55d759724bb3 - integration[3c62a0e942daed1d]::test_fixture
[INFO] [stdout]   13:     0x55d759725975 - <integration[3c62a0e942daed1d]::test_lambdas::{closure#0} as core[a373ad73a504971]::ops::function::FnOnce<()>>::call_once
[INFO] [stdout]   14:     0x55d759725afb - test[aada8e7e76ba119b]::__rust_begin_short_backtrace::<core[a373ad73a504971]::result::Result<(), alloc[2e1b2a31b91974c5]::string::String>, fn() -> core[a373ad73a504971]::result::Result<(), alloc[2e1b2a31b91974c5]::string::String>>
[INFO] [stdout]   15:     0x55d759732cd5 - test[aada8e7e76ba119b]::run_test::{closure#0}
[INFO] [stdout]   16:     0x55d75972c5c4 - std[617be2ca0a6fd877]::sys::backtrace::__rust_begin_short_backtrace::<test[aada8e7e76ba119b]::run_test::{closure#1}, ()>
[INFO] [stdout]   17:     0x55d759735d62 - <std[617be2ca0a6fd877]::thread::lifecycle::spawn_unchecked<test[aada8e7e76ba119b]::run_test::{closure#1}, ()>::{closure#1} as core[a373ad73a504971]::ops::function::FnOnce<()>>::call_once::{shim:vtable#0}
[INFO] [stdout]   18:     0x55d7597cd71f - <std[617be2ca0a6fd877]::sys::thread::unix::Thread>::new::thread_start
[INFO] [stdout]   19:     0x7a1c42a64dfa - <unknown>
[INFO] [stdout]   20:     0x7a1c42af83d4 - clone
[INFO] [stdout]   21:                0x0 - <unknown>
[INFO] [stdout] 
[INFO] [stdout] ---- test_imports stdout ----
[INFO] [stdout] 
[INFO] [stdout] thread 'test_imports' (2023) panicked at tests/integration.rs:6:89:
[INFO] [stdout] called `Result::unwrap()` on an `Err` value: Os { code: 2, kind: NotFound, message: "No such file or directory" }
[INFO] [stdout] stack backtrace:
[INFO] [stdout]    0:     0x55d7597ce221 - <<std[617be2ca0a6fd877]::sys::backtrace::BacktraceLock>::print::DisplayBacktrace as core[a373ad73a504971]::fmt::Display>::fmt
[INFO] [stdout]    1:     0x55d7597e218a - core[a373ad73a504971]::fmt::write
[INFO] [stdout]    2:     0x55d7597d243c - <alloc[2e1b2a31b91974c5]::vec::Vec<u8> as core[a373ad73a504971]::io::write::Write>::write_fmt
[INFO] [stdout]    3:     0x55d7597aa326 - std[617be2ca0a6fd877]::panicking::default_hook::{closure#0}
[INFO] [stdout]    4:     0x55d7597c6559 - std[617be2ca0a6fd877]::panicking::default_hook
[INFO] [stdout]    5:     0x55d7597326b0 - test[aada8e7e76ba119b]::test_main_inner::{closure#0}
[INFO] [stdout]    6:     0x55d7597c6712 - std[617be2ca0a6fd877]::panicking::panic_with_hook
[INFO] [stdout]    7:     0x55d7597aa3d2 - std[617be2ca0a6fd877]::panicking::panic_handler::{closure#0}
[INFO] [stdout]    8:     0x55d7597a2f59 - std[617be2ca0a6fd877]::sys::backtrace::__rust_end_short_backtrace::<std[617be2ca0a6fd877]::panicking::panic_handler::{closure#0}, !>
[INFO] [stdout]    9:     0x55d7597aafdd - __rustc[ea4f61d10b84890b]::rust_begin_unwind
[INFO] [stdout]   10:     0x55d7597e28bc - core[a373ad73a504971]::panicking::panic_fmt
[INFO] [stdout]   11:     0x55d7597e2692 - core[a373ad73a504971]::result::unwrap_failed
[INFO] [stdout]   12:     0x55d759724bb3 - integration[3c62a0e942daed1d]::test_fixture
[INFO] [stdout]   13:     0x55d759725945 - <integration[3c62a0e942daed1d]::test_imports::{closure#0} as core[a373ad73a504971]::ops::function::FnOnce<()>>::call_once
[INFO] [stdout]   14:     0x55d759725afb - test[aada8e7e76ba119b]::__rust_begin_short_backtrace::<core[a373ad73a504971]::result::Result<(), alloc[2e1b2a31b91974c5]::string::String>, fn() -> core[a373ad73a504971]::result::Result<(), alloc[2e1b2a31b91974c5]::string::String>>
[INFO] [stdout]   15:     0x55d759732cd5 - test[aada8e7e76ba119b]::run_test::{closure#0}
[INFO] [stdout]   16:     0x55d75972c5c4 - std[617be2ca0a6fd877]::sys::backtrace::__rust_begin_short_backtrace::<test[aada8e7e76ba119b]::run_test::{closure#1}, ()>
[INFO] [stdout]   17:     0x55d759735d62 - <std[617be2ca0a6fd877]::thread::lifecycle::spawn_unchecked<test[aada8e7e76ba119b]::run_test::{closure#1}, ()>::{closure#1} as core[a373ad73a504971]::ops::function::FnOnce<()>>::call_once::{shim:vtable#0}
[INFO] [stdout]   18:     0x55d7597cd71f - <std[617be2ca0a6fd877]::sys::thread::unix::Thread>::new::thread_start
[INFO] [stdout]   19:     0x7a1c42a64dfa - <unknown>
[INFO] [stdout]   20:     0x7a1c42af83d4 - clone
[INFO] [stdout]   21:                0x0 - <unknown>
[INFO] [stdout] 
[INFO] [stdout] ---- test_when_expression stdout ----
[INFO] [stdout] 
[INFO] [stdout] thread 'test_when_expression' (2027) panicked at tests/integration.rs:6:89:
[INFO] [stdout] called `Result::unwrap()` on an `Err` value: Os { code: 2, kind: NotFound, message: "No such file or directory" }
[INFO] [stdout] stack backtrace:
[INFO] [stdout]    0:     0x55d7597ce221 - <<std[617be2ca0a6fd877]::sys::backtrace::BacktraceLock>::print::DisplayBacktrace as core[a373ad73a504971]::fmt::Display>::fmt
[INFO] [stdout]    1:     0x55d7597e218a - core[a373ad73a504971]::fmt::write
[INFO] [stdout]    2:     0x55d7597d243c - <alloc[2e1b2a31b91974c5]::vec::Vec<u8> as core[a373ad73a504971]::io::write::Write>::write_fmt
[INFO] [stdout]    3:     0x55d7597aa326 - std[617be2ca0a6fd877]::panicking::default_hook::{closure#0}
[INFO] [stdout]    4:     0x55d7597c6559 - std[617be2ca0a6fd877]::panicking::default_hook
[INFO] [stdout]    5:     0x55d7597326b0 - test[aada8e7e76ba119b]::test_main_inner::{closure#0}
[INFO] [stdout]    6:     0x55d7597c6712 - std[617be2ca0a6fd877]::panicking::panic_with_hook
[INFO] [stdout]    7:     0x55d7597aa3d2 - std[617be2ca0a6fd877]::panicking::panic_handler::{closure#0}
[INFO] [stdout]    8:     0x55d7597a2f59 - std[617be2ca0a6fd877]::sys::backtrace::__rust_end_short_backtrace::<std[617be2ca0a6fd877]::panicking::panic_handler::{closure#0}, !>
[INFO] [stdout]    9:     0x55d7597aafdd - __rustc[ea4f61d10b84890b]::rust_begin_unwind
[INFO] [stdout]   10:     0x55d7597e28bc - core[a373ad73a504971]::panicking::panic_fmt
[INFO] [stdout]   11:     0x55d7597e2692 - core[a373ad73a504971]::result::unwrap_failed
[INFO] [stdout]   12:     0x55d759724bb3 - integration[3c62a0e942daed1d]::test_fixture
[INFO] [stdout]   13:     0x55d759725a35 - <integration[3c62a0e942daed1d]::test_when_expression::{closure#0} as core[a373ad73a504971]::ops::function::FnOnce<()>>::call_once
[INFO] [stdout]   14:     0x55d759725afb - test[aada8e7e76ba119b]::__rust_begin_short_backtrace::<core[a373ad73a504971]::result::Result<(), alloc[2e1b2a31b91974c5]::string::String>, fn() -> core[a373ad73a504971]::result::Result<(), alloc[2e1b2a31b91974c5]::string::String>>
[INFO] [stdout]   15:     0x55d759732cd5 - test[aada8e7e76ba119b]::run_test::{closure#0}
[INFO] [stdout]   16:     0x55d75972c5c4 - std[617be2ca0a6fd877]::sys::backtrace::__rust_begin_short_backtrace::<test[aada8e7e76ba119b]::run_test::{closure#1}, ()>
[INFO] [stdout]   17:     0x55d759735d62 - <std[617be2ca0a6fd877]::thread::lifecycle::spawn_unchecked<test[aada8e7e76ba119b]::run_test::{closure#1}, ()>::{closure#1} as core[a373ad73a504971]::ops::function::FnOnce<()>>::call_once::{shim:vtable#0}
[INFO] [stdout]   18:     0x55d7597cd71f - <std[617be2ca0a6fd877]::sys::thread::unix::Thread>::new::thread_start
[INFO] [stdout]   19:     0x7a1c42a64dfa - <unknown>
[INFO] [stdout]   20:     0x7a1c42af83d4 - clone
[INFO] [stdout]   21:                0x0 - <unknown>
[INFO] [stdout] 
[INFO] [stdout] ---- test_string_templates stdout ----
[INFO] [stdout] 
[INFO] [stdout] thread 'test_string_templates' (2026) panicked at tests/integration.rs:6:89:
[INFO] [stdout] called `Result::unwrap()` on an `Err` value: Os { code: 2, kind: NotFound, message: "No such file or directory" }
[INFO] [stdout] stack backtrace:
[INFO] [stdout]    0:     0x55d7597ce221 - <<std[617be2ca0a6fd877]::sys::backtrace::BacktraceLock>::print::DisplayBacktrace as core[a373ad73a504971]::fmt::Display>::fmt
[INFO] [stdout]    1:     0x55d7597e218a - core[a373ad73a504971]::fmt::write
[INFO] [stdout]    2:     0x55d7597d243c - <alloc[2e1b2a31b91974c5]::vec::Vec<u8> as core[a373ad73a504971]::io::write::Write>::write_fmt
[INFO] [stdout]    3:     0x55d7597aa326 - std[617be2ca0a6fd877]::panicking::default_hook::{closure#0}
[INFO] [stdout]    4:     0x55d7597c6559 - std[617be2ca0a6fd877]::panicking::default_hook
[INFO] [stdout]    5:     0x55d7597326b0 - test[aada8e7e76ba119b]::test_main_inner::{closure#0}
[INFO] [stdout]    6:     0x55d7597c6712 - std[617be2ca0a6fd877]::panicking::panic_with_hook
[INFO] [stdout]    7:     0x55d7597aa3d2 - std[617be2ca0a6fd877]::panicking::panic_handler::{closure#0}
[INFO] [stdout]    8:     0x55d7597a2f59 - std[617be2ca0a6fd877]::sys::backtrace::__rust_end_short_backtrace::<std[617be2ca0a6fd877]::panicking::panic_handler::{closure#0}, !>
[INFO] [stdout]    9:     0x55d7597aafdd - __rustc[ea4f61d10b84890b]::rust_begin_unwind
[INFO] [stdout]   10:     0x55d7597e28bc - core[a373ad73a504971]::panicking::panic_fmt
[INFO] [stdout]   11:     0x55d7597e2692 - core[a373ad73a504971]::result::unwrap_failed
[INFO] [stdout]   12:     0x55d759724bb3 - integration[3c62a0e942daed1d]::test_fixture
[INFO] [stdout]   13:     0x55d759725a65 - <integration[3c62a0e942daed1d]::test_string_templates::{closure#0} as core[a373ad73a504971]::ops::function::FnOnce<()>>::call_once
[INFO] [stdout]   14:     0x55d759725afb - test[aada8e7e76ba119b]::__rust_begin_short_backtrace::<core[a373ad73a504971]::result::Result<(), alloc[2e1b2a31b91974c5]::string::String>, fn() -> core[a373ad73a504971]::result::Result<(), alloc[2e1b2a31b91974c5]::string::String>>
[INFO] [stdout]   15:     0x55d759732cd5 - test[aada8e7e76ba119b]::run_test::{closure#0}
[INFO] [stdout]   16:     0x55d75972c5c4 - std[617be2ca0a6fd877]::sys::backtrace::__rust_begin_short_backtrace::<test[aada8e7e76ba119b]::run_test::{closure#1}, ()>
[INFO] [stdout]   17:     0x55d759735d62 - <std[617be2ca0a6fd877]::thread::lifecycle::spawn_unchecked<test[aada8e7e76ba119b]::run_test::{closure#1}, ()>::{closure#1} as core[a373ad73a504971]::ops::function::FnOnce<()>>::call_once::{shim:vtable#0}
[INFO] [stdout]   18:     0x55d7597cd71f - <std[617be2ca0a6fd877]::sys::thread::unix::Thread>::new::thread_start
[INFO] [stdout]   19:     0x7a1c42a64dfa - <unknown>
[INFO] [stdout]   20:     0x7a1c42af83d4 - clone
[INFO] [stdout]   21:                0x0 - <unknown>
[INFO] [stdout] 
[INFO] [stdout] ---- test_data_class stdout ----
[INFO] [stdout] 
[INFO] [stdout] thread 'test_data_class' (2021) panicked at tests/integration.rs:6:89:
[INFO] [stdout] called `Result::unwrap()` on an `Err` value: Os { code: 2, kind: NotFound, message: "No such file or directory" }
[INFO] [stdout] stack backtrace:
[INFO] [stdout]    0:     0x55d7597ce221 - <<std[617be2ca0a6fd877]::sys::backtrace::BacktraceLock>::print::DisplayBacktrace as core[a373ad73a504971]::fmt::Display>::fmt
[INFO] [stdout]    1:     0x55d7597e218a - core[a373ad73a504971]::fmt::write
[INFO] [stdout]    2:     0x55d7597d243c - <alloc[2e1b2a31b91974c5]::vec::Vec<u8> as core[a373ad73a504971]::io::write::Write>::write_fmt
[INFO] [stdout]    3:     0x55d7597aa326 - std[617be2ca0a6fd877]::panicking::default_hook::{closure#0}
[INFO] [stdout]    4:     0x55d7597c6559 - std[617be2ca0a6fd877]::panicking::default_hook
[INFO] [stdout]    5:     0x55d7597326b0 - test[aada8e7e76ba119b]::test_main_inner::{closure#0}
[INFO] [stdout]    6:     0x55d7597c6712 - std[617be2ca0a6fd877]::panicking::panic_with_hook
[INFO] [stdout]    7:     0x55d7597aa3d2 - std[617be2ca0a6fd877]::panicking::panic_handler::{closure#0}
[INFO] [stdout]    8:     0x55d7597a2f59 - std[617be2ca0a6fd877]::sys::backtrace::__rust_end_short_backtrace::<std[617be2ca0a6fd877]::panicking::panic_handler::{closure#0}, !>
[INFO] [stdout]    9:     0x55d7597aafdd - __rustc[ea4f61d10b84890b]::rust_begin_unwind
[INFO] [stdout]   10:     0x55d7597e28bc - core[a373ad73a504971]::panicking::panic_fmt
[INFO] [stdout]   11:     0x55d7597e2692 - core[a373ad73a504971]::result::unwrap_failed
[INFO] [stdout]   12:     0x55d759724bb3 - integration[3c62a0e942daed1d]::test_fixture
[INFO] [stdout]   13:     0x55d7597259a5 - <integration[3c62a0e942daed1d]::test_data_class::{closure#0} as core[a373ad73a504971]::ops::function::FnOnce<()>>::call_once
[INFO] [stdout]   14:     0x55d759725afb - test[aada8e7e76ba119b]::__rust_begin_short_backtrace::<core[a373ad73a504971]::result::Result<(), alloc[2e1b2a31b91974c5]::string::String>, fn() -> core[a373ad73a504971]::result::Result<(), alloc[2e1b2a31b91974c5]::string::String>>
[INFO] [stdout]   15:     0x55d759732cd5 - test[aada8e7e76ba119b]::run_test::{closure#0}
[INFO] [stdout]   16:     0x55d75972c5c4 - std[617be2ca0a6fd877]::sys::backtrace::__rust_begin_short_backtrace::<test[aada8e7e76ba119b]::run_test::{closure#1}, ()>
[INFO] [stdout]   17:     0x55d759735d62 - <std[617be2ca0a6fd877]::thread::lifecycle::spawn_unchecked<test[aada8e7e76ba119b]::run_test::{closure#1}, ()>::{closure#1} as core[a373ad73a504971]::ops::function::FnOnce<()>>::call_once::{shim:vtable#0}
[INFO] [stdout]   18:     0x55d7597cd71f - <std[617be2ca0a6fd877]::sys::thread::unix::Thread>::new::thread_start
[INFO] [stdout]   19:     0x7a1c42a64dfa - <unknown>
[INFO] [stdout]   20:     0x7a1c42af83d4 - clone
[INFO] [stdout]   21:                0x0 - <unknown>
[INFO] [stdout] 
[INFO] [stdout] ---- test_enum_class stdout ----
[INFO] [stdout] 
[INFO] [stdout] thread 'test_enum_class' (2022) panicked at tests/integration.rs:6:89:
[INFO] [stdout] called `Result::unwrap()` on an `Err` value: Os { code: 2, kind: NotFound, message: "No such file or directory" }
[INFO] [stdout] stack backtrace:
[INFO] [stdout]    0:     0x55d7597ce221 - <<std[617be2ca0a6fd877]::sys::backtrace::BacktraceLock>::print::DisplayBacktrace as core[a373ad73a504971]::fmt::Display>::fmt
[INFO] [stdout]    1:     0x55d7597e218a - core[a373ad73a504971]::fmt::write
[INFO] [stdout]    2:     0x55d7597d243c - <alloc[2e1b2a31b91974c5]::vec::Vec<u8> as core[a373ad73a504971]::io::write::Write>::write_fmt
[INFO] [stdout]    3:     0x55d7597aa326 - std[617be2ca0a6fd877]::panicking::default_hook::{closure#0}
[INFO] [stdout]    4:     0x55d7597c6559 - std[617be2ca0a6fd877]::panicking::default_hook
[INFO] [stdout]    5:     0x55d7597326b0 - test[aada8e7e76ba119b]::test_main_inner::{closure#0}
[INFO] [stdout]    6:     0x55d7597c6712 - std[617be2ca0a6fd877]::panicking::panic_with_hook
[INFO] [stdout]    7:     0x55d7597aa3d2 - std[617be2ca0a6fd877]::panicking::panic_handler::{closure#0}
[INFO] [stdout]    8:     0x55d7597a2f59 - std[617be2ca0a6fd877]::sys::backtrace::__rust_end_short_backtrace::<std[617be2ca0a6fd877]::panicking::panic_handler::{closure#0}, !>
[INFO] [stdout]    9:     0x55d7597aafdd - __rustc[ea4f61d10b84890b]::rust_begin_unwind
[INFO] [stdout]   10:     0x55d7597e28bc - core[a373ad73a504971]::panicking::panic_fmt
[INFO] [stdout]   11:     0x55d7597e2692 - core[a373ad73a504971]::result::unwrap_failed
[INFO] [stdout]   12:     0x55d759724bb3 - integration[3c62a0e942daed1d]::test_fixture
[INFO] [stdout]   13:     0x55d7597259d5 - <integration[3c62a0e942daed1d]::test_enum_class::{closure#0} as core[a373ad73a504971]::ops::function::FnOnce<()>>::call_once
[INFO] [stdout]   14:     0x55d759725afb - test[aada8e7e76ba119b]::__rust_begin_short_backtrace::<core[a373ad73a504971]::result::Result<(), alloc[2e1b2a31b91974c5]::string::String>, fn() -> core[a373ad73a504971]::result::Result<(), alloc[2e1b2a31b91974c5]::string::String>>
[INFO] [stdout]   15:     0x55d759732cd5 - test[aada8e7e76ba119b]::run_test::{closure#0}
[INFO] [stdout]   16:     0x55d75972c5c4 - std[617be2ca0a6fd877]::sys::backtrace::__rust_begin_short_backtrace::<test[aada8e7e76ba119b]::run_test::{closure#1}, ()>
[INFO] [stdout]   17:     0x55d759735d62 - <std[617be2ca0a6fd877]::thread::lifecycle::spawn_unchecked<test[aada8e7e76ba119b]::run_test::{closure#1}, ()>::{closure#1} as core[a373ad73a504971]::ops::function::FnOnce<()>>::call_once::{shim:vtable#0}
[INFO] [stdout]   18:     0x55d7597cd71f - <std[617be2ca0a6fd877]::sys::thread::unix::Thread>::new::thread_start
[INFO] [stdout]   19:     0x7a1c42a64dfa - <unknown>
[INFO] [stdout]   20:     0x7a1c42af83d4 - clone
[INFO] [stdout]   21:                0x0 - <unknown>
[INFO] [stdout] 
[INFO] [stdout] 
[INFO] [stdout] failures:
[INFO] [stdout]     test_data_class
[INFO] [stdout]     test_enum_class
[INFO] [stdout]     test_imports
[INFO] [stdout]     test_lambdas
[INFO] [stdout]     test_simple_class
[INFO] [stdout]     test_string_templates
[INFO] [stdout]     test_when_expression
[INFO] [stdout] 
[INFO] [stdout] test result: FAILED. 0 passed; 7 failed; 0 ignored; 0 measured; 0 filtered out; finished in 0.00s
[INFO] [stdout] 
[INFO] running `Command { std: "docker" "inspect" "d2be9be7343e5a91b1c0f14a3198943ff37991f18389edfb153aea0ae2a5e9fd", kill_on_drop: false }`
[INFO] running `Command { std: "docker" "rm" "-f" "d2be9be7343e5a91b1c0f14a3198943ff37991f18389edfb153aea0ae2a5e9fd", kill_on_drop: false }`
[INFO] [stdout] d2be9be7343e5a91b1c0f14a3198943ff37991f18389edfb153aea0ae2a5e9fd
