[INFO] fetching crate kswitch 1.1.0...
[INFO] testing kswitch-1.1.0 against 1.100.0-beta.1+cargoflags=--release for beta-release-1.100-2
[INFO] extracting crate kswitch 1.1.0 into /workspace/builds/worker-7-tc2/source
[INFO] started tweaking crates.io crate kswitch 1.1.0
[INFO] finished tweaking crates.io crate kswitch 1.1.0
[INFO] tweaked toml for crates.io crate kswitch 1.1.0 written to /workspace/builds/worker-7-tc2/source/Cargo.toml
[INFO] validating manifest of crates.io crate kswitch 1.1.0 on toolchain 1.100.0-beta.1
[INFO] running `Command { std: CARGO_HOME="/workspace/cargo-home" RUSTUP_HOME="/workspace/rustup-home" "/workspace/cargo-home/bin/cargo" "+1.100.0-beta.1" "metadata" "--manifest-path" "Cargo.toml" "--no-deps", kill_on_drop: false }`
[INFO] crate crates.io crate kswitch 1.1.0 already has a lockfile, it will not be regenerated
[INFO] running `Command { std: CARGO_HOME="/workspace/cargo-home" RUSTUP_HOME="/workspace/rustup-home" "/workspace/cargo-home/bin/cargo" "+1.100.0-beta.1" "fetch" "--manifest-path" "Cargo.toml", kill_on_drop: false }`
[INFO] [stderr] warning: `package.homepage` is redundant with `package.repository`
[INFO] [stderr]   --> Cargo.toml:48:12
[INFO] [stderr]    |
[INFO] [stderr] 48 | homepage = "https://github.com/Twonkular/kswitch"
[INFO] [stderr]    |            ^^^^^^^^^^^^^^^^^^^^^^^^^^^^^^^^^^^^^^
[INFO] [stderr] ...
[INFO] [stderr] 53 | repository = "https://github.com/Twonkular/kswitch"
[INFO] [stderr]    |              --------------------------------------
[INFO] [stderr]    |
[INFO] [stderr]    = note: `cargo::redundant_homepage` is set to `warn` by default
[INFO] [stderr] help: consider removing `package.homepage`
[INFO] [stderr] warning: `kswitch` (manifest) generated 1 warning
[INFO] [stderr]     Blocking waiting for file lock on package cache
[INFO] [stderr]     Blocking waiting for file lock on package cache
[INFO] running `Command { std: "docker" "create" "-v" "/var/lib/crater-agent-workspace/builds/worker-7-tc2/source:/opt/rustwide/workdir:ro,Z" "-v" "/var/lib/crater-agent-workspace/builds/worker-7-tc2/target:/opt/rustwide/target:rw,Z" "-v" "/var/lib/crater-agent-workspace/cargo-home:/opt/rustwide/cargo-home:ro,Z" "-v" "/var/lib/crater-agent-workspace/rustup-home:/opt/rustwide/rustup-home:ro,Z" "-m" "1610612736" "--network" "none" "ghcr.io/rust-lang/crates-build-env/linux@sha256:77db811e55d90add9212f6832c23229e3de5f1c1f9905e8cb07319ea15df73ac" "sleep" "infinity", kill_on_drop: false }`
[INFO] [stdout] 61308c74861a3f872c9556379c3ac6b59ee7400302e490a4d1654ce17400a11c
[INFO] running `Command { std: "docker" "start" "61308c74861a3f872c9556379c3ac6b59ee7400302e490a4d1654ce17400a11c", kill_on_drop: false }`
[INFO] running `Command { std: "docker" "inspect" "61308c74861a3f872c9556379c3ac6b59ee7400302e490a4d1654ce17400a11c", kill_on_drop: false }`
[INFO] running `Command { std: "docker" "exec" "-e" "SOURCE_DIR=/opt/rustwide/workdir" "-e" "CARGO_HOME=/opt/rustwide/cargo-home" "-e" "RUSTUP_HOME=/opt/rustwide/rustup-home" "-e" "CARGO_TARGET_DIR=/opt/rustwide/target" "-w" "/opt/rustwide/workdir" "--user" "0:0" "61308c74861a3f872c9556379c3ac6b59ee7400302e490a4d1654ce17400a11c" "/opt/rustwide/cargo-home/bin/cargo" "+1.100.0-beta.1" "metadata" "--no-deps" "--format-version=1", kill_on_drop: false }`
[INFO] running `Command { std: "docker" "inspect" "61308c74861a3f872c9556379c3ac6b59ee7400302e490a4d1654ce17400a11c", kill_on_drop: false }`
[INFO] running `Command { std: "docker" "exec" "-e" "SOURCE_DIR=/opt/rustwide/workdir" "-e" "CARGO_HOME=/opt/rustwide/cargo-home" "-e" "RUSTUP_HOME=/opt/rustwide/rustup-home" "-e" "CARGO_TARGET_DIR=/opt/rustwide/target" "-e" "CARGO_INCREMENTAL=0" "-e" "RUST_BACKTRACE=full" "-e" "RUSTFLAGS=--cap-lints=warn" "-e" "RUSTDOCFLAGS=--cap-lints=warn" "-w" "/opt/rustwide/workdir" "--user" "0:0" "61308c74861a3f872c9556379c3ac6b59ee7400302e490a4d1654ce17400a11c" "/opt/rustwide/cargo-home/bin/cargo" "+1.100.0-beta.1" "build" "--frozen" "--message-format=json" "--release", kill_on_drop: false }`
[INFO] [stderr] warning: `package.homepage` is redundant with `package.repository`
[INFO] [stderr]   --> Cargo.toml:48:12
[INFO] [stderr]    |
[INFO] [stderr] 48 | homepage = "https://github.com/Twonkular/kswitch"
[INFO] [stderr]    |            ^^^^^^^^^^^^^^^^^^^^^^^^^^^^^^^^^^^^^^
[INFO] [stderr] ...
[INFO] [stderr] 53 | repository = "https://github.com/Twonkular/kswitch"
[INFO] [stderr]    |              --------------------------------------
[INFO] [stderr]    |
[INFO] [stderr]    = note: `cargo::redundant_homepage` is set to `warn` by default
[INFO] [stderr] help: consider removing `package.homepage`
[INFO] [stderr] warning: `kswitch` (manifest) generated 1 warning
[INFO] [stderr]    Compiling proc-macro2 v1.0.95
[INFO] [stderr]    Compiling unicode-ident v1.0.18
[INFO] [stderr]    Compiling crossbeam-utils v0.8.21
[INFO] [stderr]    Compiling serde v1.0.219
[INFO] [stderr]    Compiling winnow v0.7.11
[INFO] [stderr]    Compiling hashbrown v0.15.4
[INFO] [stderr]    Compiling libc v0.2.174
[INFO] [stderr]    Compiling futures-io v0.3.31
[INFO] [stderr]    Compiling static_assertions v1.1.0
[INFO] [stderr]    Compiling semver v1.0.26
[INFO] [stderr]    Compiling rustix v1.0.7
[INFO] [stderr]    Compiling bitflags v2.9.1
[INFO] [stderr]    Compiling tracing-core v0.1.34
[INFO] [stderr]    Compiling cfg-if v1.0.1
[INFO] [stderr]    Compiling linux-raw-sys v0.9.4
[INFO] [stderr]    Compiling memchr v2.7.5
[INFO] [stderr]    Compiling futures-lite v2.6.0
[INFO] [stderr]    Compiling anstyle-parse v0.2.7
[INFO] [stderr]    Compiling endi v1.1.0
[INFO] [stderr]    Compiling regex-syntax v0.8.5
[INFO] [stderr]    Compiling anstyle v1.0.11
[INFO] [stderr]    Compiling rustc_version v0.4.1
[INFO] [stderr]    Compiling colorchoice v1.0.4
[INFO] [stderr]    Compiling indexmap v2.9.0
[INFO] [stderr]    Compiling concurrent-queue v2.5.0
[INFO] [stderr]    Compiling anstyle-query v1.1.3
[INFO] [stderr]    Compiling nix v0.30.1
[INFO] [stderr]    Compiling anstream v0.6.19
[INFO] [stderr]    Compiling aho-corasick v1.1.3
[INFO] [stderr]    Compiling event-listener v5.4.0
[INFO] [stderr]    Compiling quote v1.0.40
[INFO] [stderr]    Compiling rstest_macros v0.26.1
[INFO] [stderr]    Compiling event-listener-strategy v0.5.4
[INFO] [stderr]    Compiling syn v2.0.103
[INFO] [stderr]    Compiling async-lock v3.4.0
[INFO] [stderr]    Compiling async-channel v2.3.1
[INFO] [stderr]    Compiling piper v0.2.4
[INFO] [stderr]    Compiling memoffset v0.9.1
[INFO] [stderr]    Compiling toml_edit v0.22.27
[INFO] [stderr]    Compiling clap_lex v0.7.5
[INFO] [stderr]    Compiling relative-path v1.9.3
[INFO] [stderr]    Compiling iana-time-zone v0.1.63
[INFO] [stderr]    Compiling clap_builder v4.5.40
[INFO] [stderr]    Compiling blocking v1.6.1
[INFO] [stderr]    Compiling async-executor v1.13.2
[INFO] [stderr]    Compiling async-broadcast v0.7.2
[INFO] [stderr]    Compiling ordered-stream v0.2.0
[INFO] [stderr]    Compiling jiff v0.2.15
[INFO] [stderr]    Compiling signal-hook-registry v1.4.5
[INFO] [stderr]    Compiling dirs-sys v0.5.0
[INFO] [stderr]    Compiling regex-automata v0.4.9
[INFO] [stderr]    Compiling futures-timer v3.0.3
[INFO] [stderr]    Compiling dirs v6.0.0
[INFO] [stderr]    Compiling proc-macro-crate v3.3.0
[INFO] [stderr]    Compiling darling_core v0.20.11
[INFO] [stderr]    Compiling regex v1.11.1
[INFO] [stderr]    Compiling serde_derive v1.0.219
[INFO] [stderr]    Compiling enumflags2_derive v0.7.12
[INFO] [stderr]    Compiling tracing-attributes v0.1.30
[INFO] [stderr]    Compiling tracing v0.1.41
[INFO] [stderr]    Compiling polling v3.8.0
[INFO] [stderr]    Compiling darling_macro v0.20.11
[INFO] [stderr]    Compiling darling v0.20.11
[INFO] [stderr]    Compiling futures-macro v0.3.31
[INFO] [stderr]    Compiling serde_with_macros v3.13.0
[INFO] [stderr]    Compiling async-io v2.4.1
[INFO] [stderr]    Compiling env_filter v0.1.4
[INFO] [stderr]    Compiling clap_derive v4.5.40
[INFO] [stderr]    Compiling futures-util v0.3.31
[INFO] [stderr]    Compiling async-trait v0.1.88
[INFO] [stderr]    Compiling serde_repr v0.1.20
[INFO] [stderr]    Compiling env_logger v0.11.8
[INFO] [stderr]    Compiling async-signal v0.2.11
[INFO] [stderr]    Compiling async-process v2.3.1
[INFO] [stderr]    Compiling clap v4.5.40
[INFO] [stderr]    Compiling rstest v0.26.1
[INFO] [stderr]    Compiling zvariant_utils v3.2.0
[INFO] [stderr]    Compiling enumflags2 v0.7.12
[INFO] [stderr]    Compiling zvariant_derive v5.5.3
[INFO] [stderr]    Compiling serde_spanned v0.6.9
[INFO] [stderr]    Compiling toml_datetime v0.6.11
[INFO] [stderr]    Compiling chrono v0.4.41
[INFO] [stderr]    Compiling zvariant v5.5.3
[INFO] [stderr]    Compiling serde_with v3.13.0
[INFO] [stderr]    Compiling toml v0.8.23
[INFO] [stderr]    Compiling zbus_names v4.2.0
[INFO] [stderr]    Compiling zbus_macros v5.7.1
[INFO] [stderr]    Compiling zbus v5.7.1
[INFO] [stderr]    Compiling kswitch v1.1.0 (/opt/rustwide/workdir)
[INFO] [stderr] warning: unused dependency `rstest`
[INFO] [stderr]   --> Cargo.toml:21:15
[INFO] [stderr]    |
[INFO] [stderr] 21 | [dependencies.rstest]
[INFO] [stderr]    |               ^^^^^^^
[INFO] [stderr]    |
[INFO] [stderr]    = note: `cargo::unused_dependencies` is set to `warn` by default
[INFO] [stderr] help: consider removing the dependency on `rstest`
[INFO] [stderr] warning: unused dependency `serde_with`
[INFO] [stderr]   --> Cargo.toml:28:15
[INFO] [stderr]    |
[INFO] [stderr] 28 | [dependencies.serde_with]
[INFO] [stderr]    |               ^^^^^^^^^^^
[INFO] [stderr]    |
[INFO] [stderr] help: consider removing the dependency on `serde_with`
[INFO] [stderr] warning: `kswitch` (manifest) generated 2 warnings
[INFO] [stderr]     Finished `release` profile [optimized] target(s) in 1m 59s
[INFO] [stderr] warning: the following packages contain code that will be rejected by a future version of Rust: nix v0.30.1
[INFO] [stderr] note: to see what the problems were, use the option `--future-incompat-report`, or run `cargo report future-incompatibilities --id 5`
[INFO] running `Command { std: "docker" "inspect" "61308c74861a3f872c9556379c3ac6b59ee7400302e490a4d1654ce17400a11c", kill_on_drop: false }`
[INFO] running `Command { std: "docker" "exec" "-e" "SOURCE_DIR=/opt/rustwide/workdir" "-e" "CARGO_HOME=/opt/rustwide/cargo-home" "-e" "RUSTUP_HOME=/opt/rustwide/rustup-home" "-e" "CARGO_TARGET_DIR=/opt/rustwide/target" "-e" "CARGO_INCREMENTAL=0" "-e" "RUST_BACKTRACE=full" "-e" "RUSTFLAGS=--cap-lints=warn" "-e" "RUSTDOCFLAGS=--cap-lints=warn" "-w" "/opt/rustwide/workdir" "--user" "0:0" "61308c74861a3f872c9556379c3ac6b59ee7400302e490a4d1654ce17400a11c" "/opt/rustwide/cargo-home/bin/cargo" "+1.100.0-beta.1" "test" "--frozen" "--no-run" "--message-format=json" "--release", kill_on_drop: false }`
[INFO] [stderr] warning: `package.homepage` is redundant with `package.repository`
[INFO] [stderr]   --> Cargo.toml:48:12
[INFO] [stderr]    |
[INFO] [stderr] 48 | homepage = "https://github.com/Twonkular/kswitch"
[INFO] [stderr]    |            ^^^^^^^^^^^^^^^^^^^^^^^^^^^^^^^^^^^^^^
[INFO] [stderr] ...
[INFO] [stderr] 53 | repository = "https://github.com/Twonkular/kswitch"
[INFO] [stderr]    |              --------------------------------------
[INFO] [stderr]    |
[INFO] [stderr]    = note: `cargo::redundant_homepage` is set to `warn` by default
[INFO] [stderr] help: consider removing `package.homepage`
[INFO] [stderr] warning: `kswitch` (manifest) generated 1 warning
[INFO] [stderr]    Compiling kswitch v1.1.0 (/opt/rustwide/workdir)
[INFO] [stderr] warning: unused dependency `serde_with`
[INFO] [stderr]   --> Cargo.toml:28:15
[INFO] [stderr]    |
[INFO] [stderr] 28 | [dependencies.serde_with]
[INFO] [stderr]    |               ^^^^^^^^^^^
[INFO] [stderr]    |
[INFO] [stderr]    = note: `cargo::unused_dependencies` is set to `warn` by default
[INFO] [stderr] help: consider removing the dependency on `serde_with`
[INFO] [stderr] warning: `kswitch` (manifest) generated 1 warning
[INFO] [stderr]     Finished `release` profile [optimized] target(s) in 7.25s
[INFO] [stderr] warning: the following packages contain code that will be rejected by a future version of Rust: nix v0.30.1
[INFO] [stderr] note: to see what the problems were, use the option `--future-incompat-report`, or run `cargo report future-incompatibilities --id 5`
[INFO] running `Command { std: "docker" "inspect" "61308c74861a3f872c9556379c3ac6b59ee7400302e490a4d1654ce17400a11c", kill_on_drop: false }`
[INFO] running `Command { std: "docker" "exec" "-e" "SOURCE_DIR=/opt/rustwide/workdir" "-e" "CARGO_HOME=/opt/rustwide/cargo-home" "-e" "RUSTUP_HOME=/opt/rustwide/rustup-home" "-e" "CARGO_TARGET_DIR=/opt/rustwide/target" "-e" "CARGO_INCREMENTAL=0" "-e" "RUST_BACKTRACE=full" "-e" "RUSTFLAGS=--cap-lints=warn" "-e" "RUSTDOCFLAGS=--cap-lints=warn" "-w" "/opt/rustwide/workdir" "--user" "0:0" "61308c74861a3f872c9556379c3ac6b59ee7400302e490a4d1654ce17400a11c" "/opt/rustwide/cargo-home/bin/cargo" "+1.100.0-beta.1" "test" "--frozen" "--release", kill_on_drop: false }`
[INFO] [stderr] warning: `package.homepage` is redundant with `package.repository`
[INFO] [stderr]   --> Cargo.toml:48:12
[INFO] [stderr]    |
[INFO] [stderr] 48 | homepage = "https://github.com/Twonkular/kswitch"
[INFO] [stderr]    |            ^^^^^^^^^^^^^^^^^^^^^^^^^^^^^^^^^^^^^^
[INFO] [stderr] ...
[INFO] [stderr] 53 | repository = "https://github.com/Twonkular/kswitch"
[INFO] [stderr]    |              --------------------------------------
[INFO] [stderr]    |
[INFO] [stderr]    = note: `cargo::redundant_homepage` is set to `warn` by default
[INFO] [stderr] help: consider removing `package.homepage`
[INFO] [stderr] warning: `kswitch` (manifest) generated 1 warning
[INFO] [stderr] warning: unused dependency `serde_with`
[INFO] [stderr]   --> Cargo.toml:28:15
[INFO] [stderr]    |
[INFO] [stderr] 28 | [dependencies.serde_with]
[INFO] [stderr]    |               ^^^^^^^^^^^
[INFO] [stderr]    |
[INFO] [stderr]    = note: `cargo::unused_dependencies` is set to `warn` by default
[INFO] [stderr] help: consider removing the dependency on `serde_with`
[INFO] [stderr] warning: `kswitch` (manifest) generated 1 warning
[INFO] [stderr]     Finished `release` profile [optimized] target(s) in 0.17s
[INFO] [stderr] warning: the following packages contain code that will be rejected by a future version of Rust: nix v0.30.1
[INFO] [stderr] note: to see what the problems were, use the option `--future-incompat-report`, or run `cargo report future-incompatibilities --id 5`
[INFO] [stderr]      Running unittests src/main.rs (/opt/rustwide/target/release/build/kswitch/ddd4877a616199c9/out/kswitch-ddd4877a616199c9)
[INFO] [stdout] 
[INFO] [stdout] running 20 tests
[INFO] [stdout] test get::terminal_profile::tests::test_find_profile_containing_matches_case_insensitively ... ok
[INFO] [stdout] test config::tests::test_load_config_with_missing_style_field ... ok
[INFO] [stdout] test schedule::tests::test_theme_from_time::case_3 ... ok
[INFO] [stdout] test get::terminal_profile::tests::test_current_profile_missing_file ... ok
[INFO] [stdout] test state::tests::test_state_manager_light_theme ... ok
[INFO] [stdout] test schedule::tests::test_theme_from_time::case_1 ... ok
[INFO] [stdout] test state::tests::test_state_manager_save_and_load ... ok
[INFO] [stdout] test schedule::tests::test_theme_from_time::case_2 ... ok
[INFO] [stdout] test set::wallpaper::tests::test_set_wallpaper ... FAILED
[INFO] [stdout] test get::terminal_profile::tests::test_list_profile_names_reads_profile_files ... ok
[INFO] [stdout] test set::color_scheme::tests::test_set_desktop_theme ... FAILED
[INFO] [stdout] test state::tests::test_state_manager_default_when_no_file ... ok
[INFO] [stdout] test set::cursor::tests::test_set_cursor_theme ... ok
[INFO] [stdout] test set::global_theme::tests::test_set_desktop_theme ... FAILED
[INFO] [stdout] test get::terminal_profile::tests::test_current_profile_parses_default_profile ... ok
[INFO] [stdout] test operations::tests::test_set_light ... ok
[INFO] [stdout] test config::tests::test_create_and_load_config ... FAILED
[INFO] [stdout] test set::konsole::tests::test_get_open_konsoles ... FAILED
[INFO] [stdout] test operations::tests::test_toggle ... ok
[INFO] [stdout] test operations::tests::test_set_dark ... ok
[INFO] [stdout] 
[INFO] [stdout] failures:
[INFO] [stdout] 
[INFO] [stdout] ---- set::wallpaper::tests::test_set_wallpaper stdout ----
[INFO] [stdout] 
[INFO] [stdout] thread 'set::wallpaper::tests::test_set_wallpaper' (2214) panicked at src/set/wallpaper.rs:100:47:
[INFO] [stdout] Failed to get current wallpaper
[INFO] [stdout] stack backtrace:
[INFO] [stdout]    0:     0x59ab323ce8e1 - <<std[617be2ca0a6fd877]::sys::backtrace::BacktraceLock>::print::DisplayBacktrace as core[a373ad73a504971]::fmt::Display>::fmt
[INFO] [stdout]    1:     0x59ab323e62ba - core[a373ad73a504971]::fmt::write
[INFO] [stdout]    2:     0x59ab323d383c - <alloc[2e1b2a31b91974c5]::vec::Vec<u8> as core[a373ad73a504971]::io::write::Write>::write_fmt
[INFO] [stdout]    3:     0x59ab323a6a06 - std[617be2ca0a6fd877]::panicking::default_hook::{closure#0}
[INFO] [stdout]    4:     0x59ab323c4f49 - std[617be2ca0a6fd877]::panicking::default_hook
[INFO] [stdout]    5:     0x59ab321d2c40 - test[aada8e7e76ba119b]::test_main_inner::{closure#0}
[INFO] [stdout]    6:     0x59ab323c5272 - std[617be2ca0a6fd877]::panicking::panic_with_hook
[INFO] [stdout]    7:     0x59ab323a6ab2 - std[617be2ca0a6fd877]::panicking::panic_handler::{closure#0}
[INFO] [stdout]    8:     0x59ab3239f399 - std[617be2ca0a6fd877]::sys::backtrace::__rust_end_short_backtrace::<std[617be2ca0a6fd877]::panicking::panic_handler::{closure#0}, !>
[INFO] [stdout]    9:     0x59ab323a78ad - __rustc[ea4f61d10b84890b]::rust_begin_unwind
[INFO] [stdout]   10:     0x59ab323e6a1c - core[a373ad73a504971]::panicking::panic_fmt
[INFO] [stdout]   11:     0x59ab323e6774 - core[a373ad73a504971]::option::expect_failed
[INFO] [stdout]   12:     0x59ab321bd8bc - <kswitch[41c12de2fb28d387]::set::wallpaper::tests::test_set_wallpaper::{closure#0} as core[a373ad73a504971]::ops::function::FnOnce<()>>::call_once
[INFO] [stdout]   13:     0x59ab321c608b - test[aada8e7e76ba119b]::__rust_begin_short_backtrace::<core[a373ad73a504971]::result::Result<(), alloc[2e1b2a31b91974c5]::string::String>, fn() -> core[a373ad73a504971]::result::Result<(), alloc[2e1b2a31b91974c5]::string::String>>
[INFO] [stdout]   14:     0x59ab321d3265 - test[aada8e7e76ba119b]::run_test::{closure#0}
[INFO] [stdout]   15:     0x59ab321ccb54 - std[617be2ca0a6fd877]::sys::backtrace::__rust_begin_short_backtrace::<test[aada8e7e76ba119b]::run_test::{closure#1}, ()>
[INFO] [stdout]   16:     0x59ab321d62f2 - <std[617be2ca0a6fd877]::thread::lifecycle::spawn_unchecked<test[aada8e7e76ba119b]::run_test::{closure#1}, ()>::{closure#1} as core[a373ad73a504971]::ops::function::FnOnce<()>>::call_once::{shim:vtable#0}
[INFO] [stdout]   17:     0x59ab323cd0ef - <std[617be2ca0a6fd877]::sys::thread::unix::Thread>::new::thread_start
[INFO] [stdout]   18:     0x7249f61e5dfa - <unknown>
[INFO] [stdout]   19:     0x7249f62793d4 - clone
[INFO] [stdout]   20:                0x0 - <unknown>
[INFO] [stdout] 
[INFO] [stdout] ---- set::color_scheme::tests::test_set_desktop_theme stdout ----
[INFO] [stdout] 
[INFO] [stdout] thread 'set::color_scheme::tests::test_set_desktop_theme' (2210) panicked at src/set/color_scheme.rs:58:50:
[INFO] [stdout] Failed to get current wallpaper
[INFO] [stdout] stack backtrace:
[INFO] [stdout]    0:     0x59ab323ce8e1 - <<std[617be2ca0a6fd877]::sys::backtrace::BacktraceLock>::print::DisplayBacktrace as core[a373ad73a504971]::fmt::Display>::fmt
[INFO] [stdout]    1:     0x59ab323e62ba - core[a373ad73a504971]::fmt::write
[INFO] [stdout]    2:     0x59ab323d383c - <alloc[2e1b2a31b91974c5]::vec::Vec<u8> as core[a373ad73a504971]::io::write::Write>::write_fmt
[INFO] [stdout]    3:     0x59ab323a6a06 - std[617be2ca0a6fd877]::panicking::default_hook::{closure#0}
[INFO] [stdout]    4:     0x59ab323c4f49 - std[617be2ca0a6fd877]::panicking::default_hook
[INFO] [stdout]    5:     0x59ab321d2c40 - test[aada8e7e76ba119b]::test_main_inner::{closure#0}
[INFO] [stdout]    6:     0x59ab323c5272 - std[617be2ca0a6fd877]::panicking::panic_with_hook
[INFO] [stdout]    7:     0x59ab323a6ab2 - std[617be2ca0a6fd877]::panicking::panic_handler::{closure#0}
[INFO] [stdout]    8:     0x59ab3239f399 - std[617be2ca0a6fd877]::sys::backtrace::__rust_end_short_backtrace::<std[617be2ca0a6fd877]::panicking::panic_handler::{closure#0}, !>
[INFO] [stdout]    9:     0x59ab323a78ad - __rustc[ea4f61d10b84890b]::rust_begin_unwind
[INFO] [stdout]   10:     0x59ab323e6a1c - core[a373ad73a504971]::panicking::panic_fmt
[INFO] [stdout]   11:     0x59ab323e6774 - core[a373ad73a504971]::option::expect_failed
[INFO] [stdout]   12:     0x59ab321bc942 - <kswitch[41c12de2fb28d387]::set::color_scheme::tests::test_set_desktop_theme::{closure#0} as core[a373ad73a504971]::ops::function::FnOnce<()>>::call_once
[INFO] [stdout]   13:     0x59ab321c608b - test[aada8e7e76ba119b]::__rust_begin_short_backtrace::<core[a373ad73a504971]::result::Result<(), alloc[2e1b2a31b91974c5]::string::String>, fn() -> core[a373ad73a504971]::result::Result<(), alloc[2e1b2a31b91974c5]::string::String>>
[INFO] [stdout]   14:     0x59ab321d3265 - test[aada8e7e76ba119b]::run_test::{closure#0}
[INFO] [stdout]   15:     0x59ab321ccb54 - std[617be2ca0a6fd877]::sys::backtrace::__rust_begin_short_backtrace::<test[aada8e7e76ba119b]::run_test::{closure#1}, ()>
[INFO] [stdout]   16:     0x59ab321d62f2 - <std[617be2ca0a6fd877]::thread::lifecycle::spawn_unchecked<test[aada8e7e76ba119b]::run_test::{closure#1}, ()>::{closure#1} as core[a373ad73a504971]::ops::function::FnOnce<()>>::call_once::{shim:vtable#0}
[INFO] [stdout]   17:     0x59ab323cd0ef - <std[617be2ca0a6fd877]::sys::thread::unix::Thread>::new::thread_start
[INFO] [stdout]   18:     0x7249f61e5dfa - <unknown>
[INFO] [stdout]   19:     0x7249f62793d4 - clone
[INFO] [stdout]   20:                0x0 - <unknown>
[INFO] [stdout] 
[INFO] [stdout] ---- set::global_theme::tests::test_set_desktop_theme stdout ----
[INFO] [stdout] 
[INFO] [stdout] thread 'set::global_theme::tests::test_set_desktop_theme' (2212) panicked at src/set/global_theme.rs:56:51:
[INFO] [stdout] Failed to get current wallpaper
[INFO] [stdout] stack backtrace:
[INFO] [stdout]    0:     0x59ab323ce8e1 - <<std[617be2ca0a6fd877]::sys::backtrace::BacktraceLock>::print::DisplayBacktrace as core[a373ad73a504971]::fmt::Display>::fmt
[INFO] [stdout]    1:     0x59ab323e62ba - core[a373ad73a504971]::fmt::write
[INFO] [stdout]    2:     0x59ab323d383c - <alloc[2e1b2a31b91974c5]::vec::Vec<u8> as core[a373ad73a504971]::io::write::Write>::write_fmt
[INFO] [stdout]    3:     0x59ab323a6a06 - std[617be2ca0a6fd877]::panicking::default_hook::{closure#0}
[INFO] [stdout]    4:     0x59ab323c4f49 - std[617be2ca0a6fd877]::panicking::default_hook
[INFO] [stdout]    5:     0x59ab321d2c40 - test[aada8e7e76ba119b]::test_main_inner::{closure#0}
[INFO] [stdout]    6:     0x59ab323c5272 - std[617be2ca0a6fd877]::panicking::panic_with_hook
[INFO] [stdout]    7:     0x59ab323a6ab2 - std[617be2ca0a6fd877]::panicking::panic_handler::{closure#0}
[INFO] [stdout]    8:     0x59ab3239f399 - std[617be2ca0a6fd877]::sys::backtrace::__rust_end_short_backtrace::<std[617be2ca0a6fd877]::panicking::panic_handler::{closure#0}, !>
[INFO] [stdout]    9:     0x59ab323a78ad - __rustc[ea4f61d10b84890b]::rust_begin_unwind
[INFO] [stdout]   10:     0x59ab323e6a1c - core[a373ad73a504971]::panicking::panic_fmt
[INFO] [stdout]   11:     0x59ab323e6774 - core[a373ad73a504971]::option::expect_failed
[INFO] [stdout]   12:     0x59ab321bd002 - <kswitch[41c12de2fb28d387]::set::global_theme::tests::test_set_desktop_theme::{closure#0} as core[a373ad73a504971]::ops::function::FnOnce<()>>::call_once
[INFO] [stdout]   13:     0x59ab321c608b - test[aada8e7e76ba119b]::__rust_begin_short_backtrace::<core[a373ad73a504971]::result::Result<(), alloc[2e1b2a31b91974c5]::string::String>, fn() -> core[a373ad73a504971]::result::Result<(), alloc[2e1b2a31b91974c5]::string::String>>
[INFO] [stdout]   14:     0x59ab321d3265 - test[aada8e7e76ba119b]::run_test::{closure#0}
[INFO] [stdout]   15:     0x59ab321ccb54 - std[617be2ca0a6fd877]::sys::backtrace::__rust_begin_short_backtrace::<test[aada8e7e76ba119b]::run_test::{closure#1}, ()>
[INFO] [stdout]   16:     0x59ab321d62f2 - <std[617be2ca0a6fd877]::thread::lifecycle::spawn_unchecked<test[aada8e7e76ba119b]::run_test::{closure#1}, ()>::{closure#1} as core[a373ad73a504971]::ops::function::FnOnce<()>>::call_once::{shim:vtable#0}
[INFO] [stdout]   17:     0x59ab323cd0ef - <std[617be2ca0a6fd877]::sys::thread::unix::Thread>::new::thread_start
[INFO] [stdout]   18:     0x7249f61e5dfa - <unknown>
[INFO] [stdout]   19:     0x7249f62793d4 - clone
[INFO] [stdout]   20:                0x0 - <unknown>
[INFO] [stdout] 
[INFO] [stdout] ---- config::tests::test_create_and_load_config stdout ----
[INFO] [stdout] 
[INFO] [stdout] thread 'config::tests::test_create_and_load_config' (2198) panicked at src/config.rs:218:9:
[INFO] [stdout] assertion failed: loaded.konsolerc.is_file()
[INFO] [stdout] stack backtrace:
[INFO] [stdout]    0:     0x59ab323ce8e1 - <<std[617be2ca0a6fd877]::sys::backtrace::BacktraceLock>::print::DisplayBacktrace as core[a373ad73a504971]::fmt::Display>::fmt
[INFO] [stdout]    1:     0x59ab323e62ba - core[a373ad73a504971]::fmt::write
[INFO] [stdout]    2:     0x59ab323d383c - <alloc[2e1b2a31b91974c5]::vec::Vec<u8> as core[a373ad73a504971]::io::write::Write>::write_fmt
[INFO] [stdout]    3:     0x59ab323a6a06 - std[617be2ca0a6fd877]::panicking::default_hook::{closure#0}
[INFO] [stdout]    4:     0x59ab323c4f49 - std[617be2ca0a6fd877]::panicking::default_hook
[INFO] [stdout]    5:     0x59ab321d2c40 - test[aada8e7e76ba119b]::test_main_inner::{closure#0}
[INFO] [stdout]    6:     0x59ab323c5272 - std[617be2ca0a6fd877]::panicking::panic_with_hook
[INFO] [stdout]    7:     0x59ab323a6ae4 - std[617be2ca0a6fd877]::panicking::panic_handler::{closure#0}
[INFO] [stdout]    8:     0x59ab3239f399 - std[617be2ca0a6fd877]::sys::backtrace::__rust_end_short_backtrace::<std[617be2ca0a6fd877]::panicking::panic_handler::{closure#0}, !>
[INFO] [stdout]    9:     0x59ab323a78ad - __rustc[ea4f61d10b84890b]::rust_begin_unwind
[INFO] [stdout]   10:     0x59ab323e6a1c - core[a373ad73a504971]::panicking::panic_fmt
[INFO] [stdout]   11:     0x59ab323e69e2 - core[a373ad73a504971]::panicking::panic
[INFO] [stdout]   12:     0x59ab3218ea12 - <kswitch[41c12de2fb28d387]::config::tests::test_create_and_load_config::{closure#0} as core[a373ad73a504971]::ops::function::FnOnce<()>>::call_once
[INFO] [stdout]   13:     0x59ab321c608b - test[aada8e7e76ba119b]::__rust_begin_short_backtrace::<core[a373ad73a504971]::result::Result<(), alloc[2e1b2a31b91974c5]::string::String>, fn() -> core[a373ad73a504971]::result::Result<(), alloc[2e1b2a31b91974c5]::string::String>>
[INFO] [stdout]   14:     0x59ab321d3265 - test[aada8e7e76ba119b]::run_test::{closure#0}
[INFO] [stdout]   15:     0x59ab321ccb54 - std[617be2ca0a6fd877]::sys::backtrace::__rust_begin_short_backtrace::<test[aada8e7e76ba119b]::run_test::{closure#1}, ()>
[INFO] [stdout]   16:     0x59ab321d62f2 - <std[617be2ca0a6fd877]::thread::lifecycle::spawn_unchecked<test[aada8e7e76ba119b]::run_test::{closure#1}, ()>::{closure#1} as core[a373ad73a504971]::ops::function::FnOnce<()>>::call_once::{shim:vtable#0}
[INFO] [stdout]   17:     0x59ab323cd0ef - <std[617be2ca0a6fd877]::sys::thread::unix::Thread>::new::thread_start
[INFO] [stdout]   18:     0x7249f61e5dfa - <unknown>
[INFO] [stdout]   19:     0x7249f62793d4 - clone
[INFO] [stdout]   20:                0x0 - <unknown>
[INFO] [stdout] 
[INFO] [stdout] ---- set::konsole::tests::test_get_open_konsoles stdout ----
[INFO] [stdout] 
[INFO] [stdout] thread 'set::konsole::tests::test_get_open_konsoles' (2213) panicked at src/set/konsole.rs:253:45:
[INFO] [stdout] called `Result::unwrap()` on an `Err` value: InputOutput(Os { code: 2, kind: NotFound, message: "No such file or directory" })
[INFO] [stdout] stack backtrace:
[INFO] [stdout]    0:     0x59ab323ce8e1 - <<std[617be2ca0a6fd877]::sys::backtrace::BacktraceLock>::print::DisplayBacktrace as core[a373ad73a504971]::fmt::Display>::fmt
[INFO] [stdout]    1:     0x59ab323e62ba - core[a373ad73a504971]::fmt::write
[INFO] [stdout]    2:     0x59ab323d383c - <alloc[2e1b2a31b91974c5]::vec::Vec<u8> as core[a373ad73a504971]::io::write::Write>::write_fmt
[INFO] [stdout]    3:     0x59ab323a6a06 - std[617be2ca0a6fd877]::panicking::default_hook::{closure#0}
[INFO] [stdout]    4:     0x59ab323c4f49 - std[617be2ca0a6fd877]::panicking::default_hook
[INFO] [stdout]    5:     0x59ab321d2c40 - test[aada8e7e76ba119b]::test_main_inner::{closure#0}
[INFO] [stdout]    6:     0x59ab323c5272 - std[617be2ca0a6fd877]::panicking::panic_with_hook
[INFO] [stdout]    7:     0x59ab323a6ab2 - std[617be2ca0a6fd877]::panicking::panic_handler::{closure#0}
[INFO] [stdout]    8:     0x59ab3239f399 - std[617be2ca0a6fd877]::sys::backtrace::__rust_end_short_backtrace::<std[617be2ca0a6fd877]::panicking::panic_handler::{closure#0}, !>
[INFO] [stdout]    9:     0x59ab323a78ad - __rustc[ea4f61d10b84890b]::rust_begin_unwind
[INFO] [stdout]   10:     0x59ab323e6a1c - core[a373ad73a504971]::panicking::panic_fmt
[INFO] [stdout]   11:     0x59ab323e67f2 - core[a373ad73a504971]::result::unwrap_failed
[INFO] [stdout]   12:     0x59ab321c5ffd - <kswitch[41c12de2fb28d387]::set::konsole::tests::test_get_open_konsoles::{closure#0} as core[a373ad73a504971]::ops::function::FnOnce<()>>::call_once
[INFO] [stdout]   13:     0x59ab321c608b - test[aada8e7e76ba119b]::__rust_begin_short_backtrace::<core[a373ad73a504971]::result::Result<(), alloc[2e1b2a31b91974c5]::string::String>, fn() -> core[a373ad73a504971]::result::Result<(), alloc[2e1b2a31b91974c5]::string::String>>
[INFO] [stdout]   14:     0x59ab321d3265 - test[aada8e7e76ba119b]::run_test::{closure#0}
[INFO] [stdout]   15:     0x59ab321ccb54 - std[617be2ca0a6fd877]::sys::backtrace::__rust_begin_short_backtrace::<test[aada8e7e76ba119b]::run_test::{closure#1}, ()>
[INFO] [stdout]   16:     0x59ab321d62f2 - <std[617be2ca0a6fd877]::thread::lifecycle::spawn_unchecked<test[aada8e7e76ba119b]::run_test::{closure#1}, ()>::{closure#1} as core[a373ad73a504971]::ops::function::FnOnce<()>>::call_once::{shim:vtable#0}
[INFO] [stdout]   17:     0x59ab323cd0ef - <std[617be2ca0a6fd877]::sys::thread::unix::Thread>::new::thread_start
[INFO] [stdout]   18:     0x7249f61e5dfa - <unknown>
[INFO] [stdout]   19:     0x7249f62793d4 - clone
[INFO] [stdout]   20:                0x0 - <unknown>
[INFO] [stdout] 
[INFO] [stdout] 
[INFO] [stdout] failures:
[INFO] [stdout]     config::tests::test_create_and_load_config
[INFO] [stdout]     set::color_scheme::tests::test_set_desktop_theme
[INFO] [stdout]     set::global_theme::tests::test_set_desktop_theme
[INFO] [stdout]     set::konsole::tests::test_get_open_konsoles
[INFO] [stdout]     set::wallpaper::tests::test_set_wallpaper
[INFO] [stdout] 
[INFO] [stdout] test result: FAILED. 15 passed; 5 failed; 0 ignored; 0 measured; 0 filtered out; finished in 0.02s
[INFO] [stdout] 
[INFO] [stderr] error: test failed, to rerun pass `--bin kswitch`
[INFO] running `Command { std: "docker" "inspect" "61308c74861a3f872c9556379c3ac6b59ee7400302e490a4d1654ce17400a11c", kill_on_drop: false }`
[INFO] running `Command { std: "docker" "rm" "-f" "61308c74861a3f872c9556379c3ac6b59ee7400302e490a4d1654ce17400a11c", kill_on_drop: false }`
[INFO] [stdout] 61308c74861a3f872c9556379c3ac6b59ee7400302e490a4d1654ce17400a11c
