[INFO] fetching crate kson 0.2.0...
[INFO] testing kson-0.2.0 against 1.100.0-beta.1+cargoflags=--release for beta-release-1.100-2
[INFO] extracting crate kson 0.2.0 into /workspace/builds/worker-5-tc2/source
[INFO] started tweaking crates.io crate kson 0.2.0
[INFO] removed 0 missing examples
[INFO] finished tweaking crates.io crate kson 0.2.0
[INFO] tweaked toml for crates.io crate kson 0.2.0 written to /workspace/builds/worker-5-tc2/source/Cargo.toml
[INFO] validating manifest of crates.io crate kson 0.2.0 on toolchain 1.100.0-beta.1
[INFO] running `Command { std: CARGO_HOME="/workspace/cargo-home" RUSTUP_HOME="/workspace/rustup-home" "/workspace/cargo-home/bin/cargo" "+1.100.0-beta.1" "metadata" "--manifest-path" "Cargo.toml" "--no-deps", kill_on_drop: false }`
[INFO] crate crates.io crate kson 0.2.0 already has a lockfile, it will not be regenerated
[INFO] running `Command { std: CARGO_HOME="/workspace/cargo-home" RUSTUP_HOME="/workspace/rustup-home" "/workspace/cargo-home/bin/cargo" "+1.100.0-beta.1" "fetch" "--manifest-path" "Cargo.toml", kill_on_drop: false }`
[INFO] running `Command { std: "docker" "create" "-v" "/var/lib/crater-agent-workspace/builds/worker-5-tc2/source:/opt/rustwide/workdir:ro,Z" "-v" "/var/lib/crater-agent-workspace/builds/worker-5-tc2/target:/opt/rustwide/target:rw,Z" "-v" "/var/lib/crater-agent-workspace/cargo-home:/opt/rustwide/cargo-home:ro,Z" "-v" "/var/lib/crater-agent-workspace/rustup-home:/opt/rustwide/rustup-home:ro,Z" "-m" "1610612736" "--network" "none" "ghcr.io/rust-lang/crates-build-env/linux@sha256:77db811e55d90add9212f6832c23229e3de5f1c1f9905e8cb07319ea15df73ac" "sleep" "infinity", kill_on_drop: false }`
[INFO] [stdout] 06273a1044c8c72eccf5ce555ff82e482169c14c5779360ecc4087f5b90f8124
[INFO] running `Command { std: "docker" "start" "06273a1044c8c72eccf5ce555ff82e482169c14c5779360ecc4087f5b90f8124", kill_on_drop: false }`
[INFO] running `Command { std: "docker" "inspect" "06273a1044c8c72eccf5ce555ff82e482169c14c5779360ecc4087f5b90f8124", kill_on_drop: false }`
[INFO] running `Command { std: "docker" "exec" "-e" "SOURCE_DIR=/opt/rustwide/workdir" "-e" "CARGO_HOME=/opt/rustwide/cargo-home" "-e" "RUSTUP_HOME=/opt/rustwide/rustup-home" "-e" "CARGO_TARGET_DIR=/opt/rustwide/target" "-w" "/opt/rustwide/workdir" "--user" "0:0" "06273a1044c8c72eccf5ce555ff82e482169c14c5779360ecc4087f5b90f8124" "/opt/rustwide/cargo-home/bin/cargo" "+1.100.0-beta.1" "metadata" "--no-deps" "--format-version=1", kill_on_drop: false }`
[INFO] running `Command { std: "docker" "inspect" "06273a1044c8c72eccf5ce555ff82e482169c14c5779360ecc4087f5b90f8124", kill_on_drop: false }`
[INFO] running `Command { std: "docker" "exec" "-e" "SOURCE_DIR=/opt/rustwide/workdir" "-e" "CARGO_HOME=/opt/rustwide/cargo-home" "-e" "RUSTUP_HOME=/opt/rustwide/rustup-home" "-e" "CARGO_TARGET_DIR=/opt/rustwide/target" "-e" "CARGO_INCREMENTAL=0" "-e" "RUST_BACKTRACE=full" "-e" "RUSTFLAGS=--cap-lints=warn" "-e" "RUSTDOCFLAGS=--cap-lints=warn" "-w" "/opt/rustwide/workdir" "--user" "0:0" "06273a1044c8c72eccf5ce555ff82e482169c14c5779360ecc4087f5b90f8124" "/opt/rustwide/cargo-home/bin/cargo" "+1.100.0-beta.1" "build" "--frozen" "--message-format=json" "--release", kill_on_drop: false }`
[INFO] [stderr]    Compiling syn v2.0.100
[INFO] [stderr]    Compiling serde v1.0.219
[INFO] [stderr]    Compiling thiserror-impl v1.0.69
[INFO] [stderr]    Compiling serde_derive v1.0.219
[INFO] [stderr]    Compiling kson-effect-param-macro v0.2.0
[INFO] [stderr]    Compiling thiserror v1.0.69
[INFO] [stderr]    Compiling kson v0.2.0 (/opt/rustwide/workdir)
[INFO] [stdout] warning: unexpected `cfg` condition value: `schema`
[INFO] [stdout]  --> src/camera.rs:6:7
[INFO] [stdout]   |
[INFO] [stdout] 6 | #[cfg(feature = "schema")]
[INFO] [stdout]   |       ^^^^^^^^^^^^^^^^^^ help: remove the condition
[INFO] [stdout]   |
[INFO] [stdout]   = note: no expected values for `feature`
[INFO] [stdout]   = help: consider adding `schema` as a feature in `Cargo.toml`
[INFO] [stdout]   = note: see <https://doc.rust-lang.org/nightly/rustc/check-cfg/cargo-specifics.html> for more information about checking conditional configuration
[INFO] [stdout]   = note: `#[warn(unexpected_cfgs)]` on by default
[INFO] [stdout] 
[INFO] [stdout] 
[INFO] [stdout] warning: unexpected `cfg` condition value: `schema`
[INFO] [stdout]   --> src/effects.rs:13:7
[INFO] [stdout]    |
[INFO] [stdout] 13 | #[cfg(feature = "schema")]
[INFO] [stdout]    |       ^^^^^^^^^^^^^^^^^^ help: remove the condition
[INFO] [stdout]    |
[INFO] [stdout]    = note: no expected values for `feature`
[INFO] [stdout]    = help: consider adding `schema` as a feature in `Cargo.toml`
[INFO] [stdout]    = note: see <https://doc.rust-lang.org/nightly/rustc/check-cfg/cargo-specifics.html> for more information about checking conditional configuration
[INFO] [stdout] 
[INFO] [stdout] 
[INFO] [stdout] warning: unexpected `cfg` condition value: `schema`
[INFO] [stdout]  --> src/parameter.rs:8:7
[INFO] [stdout]   |
[INFO] [stdout] 8 | #[cfg(feature = "schema")]
[INFO] [stdout]   |       ^^^^^^^^^^^^^^^^^^ help: remove the condition
[INFO] [stdout]   |
[INFO] [stdout]   = note: no expected values for `feature`
[INFO] [stdout]   = help: consider adding `schema` as a feature in `Cargo.toml`
[INFO] [stdout]   = note: see <https://doc.rust-lang.org/nightly/rustc/check-cfg/cargo-specifics.html> for more information about checking conditional configuration
[INFO] [stdout] 
[INFO] [stdout] 
[INFO] [stdout] warning: hiding a lifetime that's elided elsewhere is confusing
[INFO] [stdout]    --> src/lib.rs:379:21
[INFO] [stdout]     |
[INFO] [stdout] 379 |     pub fn segments(&self) -> Windows<GraphSectionPoint> {
[INFO] [stdout]     |                     ^^^^^     ^^^^^^^^^^^^^^^^^^^^^^^^^^ the same lifetime is hidden here
[INFO] [stdout]     |                     |
[INFO] [stdout]     |                     the lifetime is elided here
[INFO] [stdout]     |
[INFO] [stdout]     = help: the same lifetime is referred to in inconsistent ways, making the signature confusing
[INFO] [stdout]     = note: `#[warn(mismatched_lifetime_syntaxes)]` on by default
[INFO] [stdout] help: use `'_` for type paths
[INFO] [stdout]     |
[INFO] [stdout] 379 |     pub fn segments(&self) -> Windows<'_, GraphSectionPoint> {
[INFO] [stdout]     |                                       +++
[INFO] [stdout] 
[INFO] [stdout] 
[INFO] [stderr]     Finished `release` profile [optimized] target(s) in 17.36s
[INFO] running `Command { std: "docker" "inspect" "06273a1044c8c72eccf5ce555ff82e482169c14c5779360ecc4087f5b90f8124", kill_on_drop: false }`
[INFO] running `Command { std: "docker" "exec" "-e" "SOURCE_DIR=/opt/rustwide/workdir" "-e" "CARGO_HOME=/opt/rustwide/cargo-home" "-e" "RUSTUP_HOME=/opt/rustwide/rustup-home" "-e" "CARGO_TARGET_DIR=/opt/rustwide/target" "-e" "CARGO_INCREMENTAL=0" "-e" "RUST_BACKTRACE=full" "-e" "RUSTFLAGS=--cap-lints=warn" "-e" "RUSTDOCFLAGS=--cap-lints=warn" "-w" "/opt/rustwide/workdir" "--user" "0:0" "06273a1044c8c72eccf5ce555ff82e482169c14c5779360ecc4087f5b90f8124" "/opt/rustwide/cargo-home/bin/cargo" "+1.100.0-beta.1" "test" "--frozen" "--no-run" "--message-format=json" "--release", kill_on_drop: false }`
[INFO] [stderr]    Compiling clap_lex v0.7.4
[INFO] [stderr]    Compiling anyhow v1.0.98
[INFO] [stderr]    Compiling memchr v2.7.4
[INFO] [stderr]    Compiling syn v2.0.100
[INFO] [stderr]    Compiling serde_json v1.0.140
[INFO] [stderr]    Compiling clap_builder v4.5.36
[INFO] [stderr]    Compiling serde_derive v1.0.219
[INFO] [stderr]    Compiling thiserror-impl v1.0.69
[INFO] [stderr]    Compiling clap_derive v4.5.32
[INFO] [stderr]    Compiling kson-effect-param-macro v0.2.0
[INFO] [stderr]    Compiling thiserror v1.0.69
[INFO] [stderr]    Compiling clap v4.5.36
[INFO] [stderr]    Compiling serde v1.0.219
[INFO] [stderr]    Compiling serde_test v1.0.177
[INFO] [stderr]    Compiling kson v0.2.0 (/opt/rustwide/workdir)
[INFO] [stdout] warning: unexpected `cfg` condition value: `schema`
[INFO] [stdout]  --> src/camera.rs:6:7
[INFO] [stdout]   |
[INFO] [stdout] 6 | #[cfg(feature = "schema")]
[INFO] [stdout]   |       ^^^^^^^^^^^^^^^^^^ help: remove the condition
[INFO] [stdout]   |
[INFO] [stdout]   = note: no expected values for `feature`
[INFO] [stdout]   = help: consider adding `schema` as a feature in `Cargo.toml`
[INFO] [stdout]   = note: see <https://doc.rust-lang.org/nightly/rustc/check-cfg/cargo-specifics.html> for more information about checking conditional configuration
[INFO] [stdout]   = note: `#[warn(unexpected_cfgs)]` on by default
[INFO] [stdout] 
[INFO] [stdout] 
[INFO] [stdout] warning: unexpected `cfg` condition value: `schema`
[INFO] [stdout]   --> src/effects.rs:13:7
[INFO] [stdout]    |
[INFO] [stdout] 13 | #[cfg(feature = "schema")]
[INFO] [stdout]    |       ^^^^^^^^^^^^^^^^^^ help: remove the condition
[INFO] [stdout]    |
[INFO] [stdout]    = note: no expected values for `feature`
[INFO] [stdout]    = help: consider adding `schema` as a feature in `Cargo.toml`
[INFO] [stdout]    = note: see <https://doc.rust-lang.org/nightly/rustc/check-cfg/cargo-specifics.html> for more information about checking conditional configuration
[INFO] [stdout] 
[INFO] [stdout] 
[INFO] [stdout] warning: unexpected `cfg` condition value: `schema`
[INFO] [stdout]  --> src/parameter.rs:8:7
[INFO] [stdout]   |
[INFO] [stdout] 8 | #[cfg(feature = "schema")]
[INFO] [stdout]   |       ^^^^^^^^^^^^^^^^^^ help: remove the condition
[INFO] [stdout]   |
[INFO] [stdout]   = note: no expected values for `feature`
[INFO] [stdout]   = help: consider adding `schema` as a feature in `Cargo.toml`
[INFO] [stdout]   = note: see <https://doc.rust-lang.org/nightly/rustc/check-cfg/cargo-specifics.html> for more information about checking conditional configuration
[INFO] [stdout] 
[INFO] [stdout] 
[INFO] [stdout] warning: unexpected `cfg` condition value: `schema`
[INFO] [stdout]  --> src/camera.rs:6:7
[INFO] [stdout]   |
[INFO] [stdout] 6 | #[cfg(feature = "schema")]
[INFO] [stdout]   |       ^^^^^^^^^^^^^^^^^^ help: remove the condition
[INFO] [stdout]   |
[INFO] [stdout]   = note: no expected values for `feature`
[INFO] [stdout]   = help: consider adding `schema` as a feature in `Cargo.toml`
[INFO] [stdout]   = note: see <https://doc.rust-lang.org/nightly/rustc/check-cfg/cargo-specifics.html> for more information about checking conditional configuration
[INFO] [stdout]   = note: `#[warn(unexpected_cfgs)]` on by default
[INFO] [stdout] 
[INFO] [stdout] 
[INFO] [stdout] warning: unexpected `cfg` condition value: `schema`
[INFO] [stdout]   --> src/effects.rs:13:7
[INFO] [stdout]    |
[INFO] [stdout] 13 | #[cfg(feature = "schema")]
[INFO] [stdout]    |       ^^^^^^^^^^^^^^^^^^ help: remove the condition
[INFO] [stdout]    |
[INFO] [stdout]    = note: no expected values for `feature`
[INFO] [stdout]    = help: consider adding `schema` as a feature in `Cargo.toml`
[INFO] [stdout]    = note: see <https://doc.rust-lang.org/nightly/rustc/check-cfg/cargo-specifics.html> for more information about checking conditional configuration
[INFO] [stdout] 
[INFO] [stdout] 
[INFO] [stdout] warning: unexpected `cfg` condition value: `schema`
[INFO] [stdout]  --> src/parameter.rs:8:7
[INFO] [stdout]   |
[INFO] [stdout] 8 | #[cfg(feature = "schema")]
[INFO] [stdout]   |       ^^^^^^^^^^^^^^^^^^ help: remove the condition
[INFO] [stdout]   |
[INFO] [stdout]   = note: no expected values for `feature`
[INFO] [stdout]   = help: consider adding `schema` as a feature in `Cargo.toml`
[INFO] [stdout]   = note: see <https://doc.rust-lang.org/nightly/rustc/check-cfg/cargo-specifics.html> for more information about checking conditional configuration
[INFO] [stdout] 
[INFO] [stdout] 
[INFO] [stdout] warning: hiding a lifetime that's elided elsewhere is confusing
[INFO] [stdout]    --> src/lib.rs:379:21
[INFO] [stdout]     |
[INFO] [stdout] 379 |     pub fn segments(&self) -> Windows<GraphSectionPoint> {
[INFO] [stdout]     |                     ^^^^^     ^^^^^^^^^^^^^^^^^^^^^^^^^^ the same lifetime is hidden here
[INFO] [stdout]     |                     |
[INFO] [stdout]     |                     the lifetime is elided here
[INFO] [stdout]     |
[INFO] [stdout]     = help: the same lifetime is referred to in inconsistent ways, making the signature confusing
[INFO] [stdout]     = note: `#[warn(mismatched_lifetime_syntaxes)]` on by default
[INFO] [stdout] help: use `'_` for type paths
[INFO] [stdout]     |
[INFO] [stdout] 379 |     pub fn segments(&self) -> Windows<'_, GraphSectionPoint> {
[INFO] [stdout]     |                                       +++
[INFO] [stdout] 
[INFO] [stdout] 
[INFO] [stdout] warning: hiding a lifetime that's elided elsewhere is confusing
[INFO] [stdout]    --> src/lib.rs:379:21
[INFO] [stdout]     |
[INFO] [stdout] 379 |     pub fn segments(&self) -> Windows<GraphSectionPoint> {
[INFO] [stdout]     |                     ^^^^^     ^^^^^^^^^^^^^^^^^^^^^^^^^^ the same lifetime is hidden here
[INFO] [stdout]     |                     |
[INFO] [stdout]     |                     the lifetime is elided here
[INFO] [stdout]     |
[INFO] [stdout]     = help: the same lifetime is referred to in inconsistent ways, making the signature confusing
[INFO] [stdout]     = note: `#[warn(mismatched_lifetime_syntaxes)]` on by default
[INFO] [stdout] help: use `'_` for type paths
[INFO] [stdout]     |
[INFO] [stdout] 379 |     pub fn segments(&self) -> Windows<'_, GraphSectionPoint> {
[INFO] [stdout]     |                                       +++
[INFO] [stdout] 
[INFO] [stdout] 
[INFO] [stderr]     Finished `release` profile [optimized] target(s) in 34.10s
[INFO] running `Command { std: "docker" "inspect" "06273a1044c8c72eccf5ce555ff82e482169c14c5779360ecc4087f5b90f8124", kill_on_drop: false }`
[INFO] running `Command { std: "docker" "exec" "-e" "SOURCE_DIR=/opt/rustwide/workdir" "-e" "CARGO_HOME=/opt/rustwide/cargo-home" "-e" "RUSTUP_HOME=/opt/rustwide/rustup-home" "-e" "CARGO_TARGET_DIR=/opt/rustwide/target" "-e" "CARGO_INCREMENTAL=0" "-e" "RUST_BACKTRACE=full" "-e" "RUSTFLAGS=--cap-lints=warn" "-e" "RUSTDOCFLAGS=--cap-lints=warn" "-w" "/opt/rustwide/workdir" "--user" "0:0" "06273a1044c8c72eccf5ce555ff82e482169c14c5779360ecc4087f5b90f8124" "/opt/rustwide/cargo-home/bin/cargo" "+1.100.0-beta.1" "test" "--frozen" "--release", kill_on_drop: false }`
[INFO] [stderr] warning: unexpected `cfg` condition value: `schema`
[INFO] [stderr]  --> src/camera.rs:6:7
[INFO] [stderr]   |
[INFO] [stderr] 6 | #[cfg(feature = "schema")]
[INFO] [stderr]   |       ^^^^^^^^^^^^^^^^^^ help: remove the condition
[INFO] [stderr]   |
[INFO] [stderr]   = note: no expected values for `feature`
[INFO] [stderr]   = help: consider adding `schema` as a feature in `Cargo.toml`
[INFO] [stderr]   = note: see <https://doc.rust-lang.org/nightly/rustc/check-cfg/cargo-specifics.html> for more information about checking conditional configuration
[INFO] [stderr]   = note: `#[warn(unexpected_cfgs)]` on by default
[INFO] [stderr] 
[INFO] [stderr] warning: unexpected `cfg` condition value: `schema`
[INFO] [stderr]   --> src/effects.rs:13:7
[INFO] [stderr]    |
[INFO] [stderr] 13 | #[cfg(feature = "schema")]
[INFO] [stderr]    |       ^^^^^^^^^^^^^^^^^^ help: remove the condition
[INFO] [stderr]    |
[INFO] [stderr]    = note: no expected values for `feature`
[INFO] [stderr]    = help: consider adding `schema` as a feature in `Cargo.toml`
[INFO] [stderr]    = note: see <https://doc.rust-lang.org/nightly/rustc/check-cfg/cargo-specifics.html> for more information about checking conditional configuration
[INFO] [stderr] 
[INFO] [stderr] warning: unexpected `cfg` condition value: `schema`
[INFO] [stderr]  --> src/parameter.rs:8:7
[INFO] [stderr]   |
[INFO] [stderr] 8 | #[cfg(feature = "schema")]
[INFO] [stderr]   |       ^^^^^^^^^^^^^^^^^^ help: remove the condition
[INFO] [stderr]   |
[INFO] [stderr]   = note: no expected values for `feature`
[INFO] [stderr]   = help: consider adding `schema` as a feature in `Cargo.toml`
[INFO] [stderr]   = note: see <https://doc.rust-lang.org/nightly/rustc/check-cfg/cargo-specifics.html> for more information about checking conditional configuration
[INFO] [stderr] 
[INFO] [stderr] warning: hiding a lifetime that's elided elsewhere is confusing
[INFO] [stderr]    --> src/lib.rs:379:21
[INFO] [stderr]     |
[INFO] [stderr] 379 |     pub fn segments(&self) -> Windows<GraphSectionPoint> {
[INFO] [stderr]     |                     ^^^^^     ^^^^^^^^^^^^^^^^^^^^^^^^^^ the same lifetime is hidden here
[INFO] [stderr]     |                     |
[INFO] [stderr]     |                     the lifetime is elided here
[INFO] [stderr]     |
[INFO] [stderr]     = help: the same lifetime is referred to in inconsistent ways, making the signature confusing
[INFO] [stderr]     = note: `#[warn(mismatched_lifetime_syntaxes)]` on by default
[INFO] [stderr] help: use `'_` for type paths
[INFO] [stderr]     |
[INFO] [stderr] 379 |     pub fn segments(&self) -> Windows<'_, GraphSectionPoint> {
[INFO] [stderr]     |                                       +++
[INFO] [stderr] 
[INFO] [stderr] warning: `kson` (lib) generated 4 warnings (run `cargo fix --lib -p kson` to apply 1 suggestion)
[INFO] [stderr] warning: `kson` (lib test) generated 4 warnings (4 duplicates)
[INFO] [stderr]     Finished `release` profile [optimized] target(s) in 0.06s
[INFO] [stderr]      Running unittests src/lib.rs (/opt/rustwide/target/release/build/kson/de6ea7ce6188d544/out/kson-de6ea7ce6188d544)
[INFO] [stdout] 
[INFO] [stdout] running 1 test
[INFO] [stdout] test tests::effect_param ... FAILED
[INFO] [stdout] 
[INFO] [stdout] failures:
[INFO] [stdout] 
[INFO] [stdout] ---- tests::effect_param stdout ----
[INFO] [stdout] 
[INFO] [stdout] thread 'tests::effect_param' (795) panicked at src/lib.rs:1140:9:
[INFO] [stdout] assertion `left == right` failed
[INFO] [stdout]   left: EffectParameter { off: Freq(Hz(500)..=Hz(500)), on: Some(Freq(Khz(10.0)..=Khz(20.0))), v: 0.0, shape: Logarithmic }
[INFO] [stdout]  right: EffectParameter { off: Freq(Hz(500)..=Hz(500)), on: Some(Freq(Khz(10.0)..=Khz(20.0))), v: 0.0, shape: Linear }
[INFO] [stdout] stack backtrace:
[INFO] [stdout]    0:     0x5948ffd0fc21 - <<std[617be2ca0a6fd877]::sys::backtrace::BacktraceLock>::print::DisplayBacktrace as core[a373ad73a504971]::fmt::Display>::fmt
[INFO] [stdout]    1:     0x5948ffd2543a - core[a373ad73a504971]::fmt::write
[INFO] [stdout]    2:     0x5948ffd13e3c - <alloc[2e1b2a31b91974c5]::vec::Vec<u8> as core[a373ad73a504971]::io::write::Write>::write_fmt
[INFO] [stdout]    3:     0x5948ffcec086 - std[617be2ca0a6fd877]::panicking::default_hook::{closure#0}
[INFO] [stdout]    4:     0x5948ffd082b9 - std[617be2ca0a6fd877]::panicking::default_hook
[INFO] [stdout]    5:     0x5948ffca30d0 - test[aada8e7e76ba119b]::test_main_inner::{closure#0}
[INFO] [stdout]    6:     0x5948ffd08472 - std[617be2ca0a6fd877]::panicking::panic_with_hook
[INFO] [stdout]    7:     0x5948ffcec132 - std[617be2ca0a6fd877]::panicking::panic_handler::{closure#0}
[INFO] [stdout]    8:     0x5948ffce4e49 - std[617be2ca0a6fd877]::sys::backtrace::__rust_end_short_backtrace::<std[617be2ca0a6fd877]::panicking::panic_handler::{closure#0}, !>
[INFO] [stdout]    9:     0x5948ffcecd3d - __rustc[ea4f61d10b84890b]::rust_begin_unwind
[INFO] [stdout]   10:     0x5948ffd25b6c - core[a373ad73a504971]::panicking::panic_fmt
[INFO] [stdout]   11:     0x5948ffd25a83 - core[a373ad73a504971]::panicking::assert_failed_inner
[INFO] [stdout]   12:     0x5948ffc945f9 - core[a373ad73a504971]::panicking::assert_failed::<kson[c277e983de581f97]::parameter::EffectParameter<f32>, kson[c277e983de581f97]::parameter::EffectParameter<f32>>
[INFO] [stdout]   13:     0x5948ffc94942 - serde_test[986c0c4cedd01a6e]::assert::assert_de_tokens::<kson[c277e983de581f97]::parameter::EffectParameter<f32>>
[INFO] [stdout]   14:     0x5948ffc96298 - <kson[c277e983de581f97]::tests::effect_param::{closure#0} as core[a373ad73a504971]::ops::function::FnOnce<()>>::call_once
[INFO] [stdout]   15:     0x5948ffc9651b - test[aada8e7e76ba119b]::__rust_begin_short_backtrace::<core[a373ad73a504971]::result::Result<(), alloc[2e1b2a31b91974c5]::string::String>, fn() -> core[a373ad73a504971]::result::Result<(), alloc[2e1b2a31b91974c5]::string::String>>
[INFO] [stdout]   16:     0x5948ffca36f5 - test[aada8e7e76ba119b]::run_test::{closure#0}
[INFO] [stdout]   17:     0x5948ffc9cfe4 - std[617be2ca0a6fd877]::sys::backtrace::__rust_begin_short_backtrace::<test[aada8e7e76ba119b]::run_test::{closure#1}, ()>
[INFO] [stdout]   18:     0x5948ffca6782 - <std[617be2ca0a6fd877]::thread::lifecycle::spawn_unchecked<test[aada8e7e76ba119b]::run_test::{closure#1}, ()>::{closure#1} as core[a373ad73a504971]::ops::function::FnOnce<()>>::call_once::{shim:vtable#0}
[INFO] [stdout]   19:     0x5948ffd0f47f - <std[617be2ca0a6fd877]::sys::thread::unix::Thread>::new::thread_start
[INFO] [stdout]   20:     0x7246ad858dfa - <unknown>
[INFO] [stdout]   21:     0x7246ad8ec3d4 - clone
[INFO] [stdout]   22:                0x0 - <unknown>
[INFO] [stdout] 
[INFO] [stdout] 
[INFO] [stdout] failures:
[INFO] [stdout]     tests::effect_param
[INFO] [stdout] 
[INFO] [stdout] test result: FAILED. 0 passed; 1 failed; 0 ignored; 0 measured; 0 filtered out; finished in 0.00s
[INFO] [stdout] 
[INFO] [stderr] error: test failed, to rerun pass `--lib`
[INFO] running `Command { std: "docker" "inspect" "06273a1044c8c72eccf5ce555ff82e482169c14c5779360ecc4087f5b90f8124", kill_on_drop: false }`
[INFO] running `Command { std: "docker" "rm" "-f" "06273a1044c8c72eccf5ce555ff82e482169c14c5779360ecc4087f5b90f8124", kill_on_drop: false }`
[INFO] [stdout] 06273a1044c8c72eccf5ce555ff82e482169c14c5779360ecc4087f5b90f8124
