[INFO] fetching crate krun-vmm 0.1.0-1.19.6...
[INFO] testing krun-vmm-0.1.0-1.19.6 against 1.100.0-beta.1+cargoflags=--release for beta-release-1.100-2
[INFO] extracting crate krun-vmm 0.1.0-1.19.6 into /workspace/builds/worker-3-tc2/source
[INFO] started tweaking crates.io crate krun-vmm 0.1.0-1.19.6
[INFO] finished tweaking crates.io crate krun-vmm 0.1.0-1.19.6
[INFO] tweaked toml for crates.io crate krun-vmm 0.1.0-1.19.6 written to /workspace/builds/worker-3-tc2/source/Cargo.toml
[INFO] validating manifest of crates.io crate krun-vmm 0.1.0-1.19.6 on toolchain 1.100.0-beta.1
[INFO] running `Command { std: CARGO_HOME="/workspace/cargo-home" RUSTUP_HOME="/workspace/rustup-home" "/workspace/cargo-home/bin/cargo" "+1.100.0-beta.1" "metadata" "--manifest-path" "Cargo.toml" "--no-deps", kill_on_drop: false }`
[INFO] crate crates.io crate krun-vmm 0.1.0-1.19.6 already has a lockfile, it will not be regenerated
[INFO] running `Command { std: CARGO_HOME="/workspace/cargo-home" RUSTUP_HOME="/workspace/rustup-home" "/workspace/cargo-home/bin/cargo" "+1.100.0-beta.1" "fetch" "--manifest-path" "Cargo.toml", kill_on_drop: false }`
[INFO] running `Command { std: "docker" "create" "-v" "/var/lib/crater-agent-workspace/builds/worker-3-tc2/source:/opt/rustwide/workdir:ro,Z" "-v" "/var/lib/crater-agent-workspace/builds/worker-3-tc2/target:/opt/rustwide/target:rw,Z" "-v" "/var/lib/crater-agent-workspace/cargo-home:/opt/rustwide/cargo-home:ro,Z" "-v" "/var/lib/crater-agent-workspace/rustup-home:/opt/rustwide/rustup-home:ro,Z" "-m" "1610612736" "--network" "none" "ghcr.io/rust-lang/crates-build-env/linux@sha256:77db811e55d90add9212f6832c23229e3de5f1c1f9905e8cb07319ea15df73ac" "sleep" "infinity", kill_on_drop: false }`
[INFO] [stdout] 1fdb5bdc65f154224b8eb76835ad4fc62dee8923ae26e6029a6bc90233e68e2b
[INFO] running `Command { std: "docker" "start" "1fdb5bdc65f154224b8eb76835ad4fc62dee8923ae26e6029a6bc90233e68e2b", kill_on_drop: false }`
[INFO] running `Command { std: "docker" "inspect" "1fdb5bdc65f154224b8eb76835ad4fc62dee8923ae26e6029a6bc90233e68e2b", kill_on_drop: false }`
[INFO] running `Command { std: "docker" "exec" "-e" "SOURCE_DIR=/opt/rustwide/workdir" "-e" "CARGO_HOME=/opt/rustwide/cargo-home" "-e" "RUSTUP_HOME=/opt/rustwide/rustup-home" "-e" "CARGO_TARGET_DIR=/opt/rustwide/target" "-w" "/opt/rustwide/workdir" "--user" "0:0" "1fdb5bdc65f154224b8eb76835ad4fc62dee8923ae26e6029a6bc90233e68e2b" "/opt/rustwide/cargo-home/bin/cargo" "+1.100.0-beta.1" "metadata" "--no-deps" "--format-version=1", kill_on_drop: false }`
[INFO] running `Command { std: "docker" "inspect" "1fdb5bdc65f154224b8eb76835ad4fc62dee8923ae26e6029a6bc90233e68e2b", kill_on_drop: false }`
[INFO] running `Command { std: "docker" "exec" "-e" "SOURCE_DIR=/opt/rustwide/workdir" "-e" "CARGO_HOME=/opt/rustwide/cargo-home" "-e" "RUSTUP_HOME=/opt/rustwide/rustup-home" "-e" "CARGO_TARGET_DIR=/opt/rustwide/target" "-e" "CARGO_INCREMENTAL=0" "-e" "RUST_BACKTRACE=full" "-e" "RUSTFLAGS=--cap-lints=warn" "-e" "RUSTDOCFLAGS=--cap-lints=warn" "-w" "/opt/rustwide/workdir" "--user" "0:0" "1fdb5bdc65f154224b8eb76835ad4fc62dee8923ae26e6029a6bc90233e68e2b" "/opt/rustwide/cargo-home/bin/cargo" "+1.100.0-beta.1" "build" "--frozen" "--message-format=json" "--release", kill_on_drop: false }`
[INFO] [stderr]    Compiling libc v0.2.183
[INFO] [stderr]    Compiling bitflags v2.11.0
[INFO] [stderr]    Compiling zerocopy v0.8.47
[INFO] [stderr]    Compiling memoffset v0.9.1
[INFO] [stderr]    Compiling nix v0.30.1
[INFO] [stderr]    Compiling kvm-ioctls v0.22.1
[INFO] [stderr]    Compiling simd-adler32 v0.3.8
[INFO] [stderr]    Compiling virtue v0.0.18
[INFO] [stderr]    Compiling crossbeam-channel v0.5.15
[INFO] [stderr]    Compiling imago v0.2.3
[INFO] [stderr]    Compiling unty v0.0.4
[INFO] [stderr]    Compiling tokio v1.50.0
[INFO] [stderr]    Compiling cc v1.2.57
[INFO] [stderr]    Compiling thiserror-impl v2.0.18
[INFO] [stderr]    Compiling tracing-attributes v0.1.31
[INFO] [stderr]    Compiling krun-arch-gen v0.1.0-1.19.6
[INFO] [stderr]    Compiling libloading v0.8.9
[INFO] [stderr]    Compiling virtio-bindings v0.2.7
[INFO] [stderr]    Compiling miniz_oxide v0.8.9
[INFO] [stderr]    Compiling krun-vmm v0.1.0-1.19.6 (/opt/rustwide/workdir)
[INFO] [stderr]    Compiling tracing v0.1.44
[INFO] [stderr]    Compiling bincode_derive v2.0.1
[INFO] [stderr]    Compiling flate2 v1.1.9
[INFO] [stderr]    Compiling thiserror v2.0.18
[INFO] [stderr]    Compiling bincode v2.0.1
[INFO] [stderr]    Compiling zstd-sys v2.0.16+zstd.1.5.7
[INFO] [stderr]    Compiling bzip2-sys v0.1.13+1.0.8
[INFO] [stderr]    Compiling bzip2 v0.5.2
[INFO] [stderr]    Compiling vmm-sys-util v0.14.0
[INFO] [stderr]    Compiling kvm-bindings v0.12.1
[INFO] [stderr]    Compiling vm-memory v0.17.1
[INFO] [stderr]    Compiling getrandom v0.3.4
[INFO] [stderr]    Compiling rand_core v0.9.5
[INFO] [stderr]    Compiling page_size v0.6.0
[INFO] [stderr]    Compiling caps v0.5.6
[INFO] [stderr]    Compiling ppv-lite86 v0.2.21
[INFO] [stderr]    Compiling krun-smbios v0.1.0-1.19.6
[INFO] [stderr]    Compiling krun-cpuid v0.1.0-1.19.6
[INFO] [stderr]    Compiling linux-loader v0.13.2
[INFO] [stderr]    Compiling vmm-sys-util v0.15.0
[INFO] [stderr]    Compiling rand_chacha v0.9.0
[INFO] [stderr]    Compiling rand v0.9.2
[INFO] [stderr]    Compiling krun-utils v0.1.0-1.19.6
[INFO] [stderr]    Compiling krun-polly v0.1.0-1.19.6
[INFO] [stderr]    Compiling krun-arch v0.1.0-1.19.6
[INFO] [stderr]    Compiling krun-kernel v0.1.0-1.19.6
[INFO] [stderr]    Compiling krun-devices v0.1.0-1.19.6
[INFO] [stderr]    Compiling zstd-safe v7.2.4
[INFO] [stderr]    Compiling zstd v0.13.3
[INFO] [stderr]     Finished `release` profile [optimized] target(s) in 1m 06s
[INFO] [stderr] warning: the following packages contain code that will be rejected by a future version of Rust: nix v0.30.1
[INFO] [stderr] note: to see what the problems were, use the option `--future-incompat-report`, or run `cargo report future-incompatibilities --id 1`
[INFO] running `Command { std: "docker" "inspect" "1fdb5bdc65f154224b8eb76835ad4fc62dee8923ae26e6029a6bc90233e68e2b", kill_on_drop: false }`
[INFO] running `Command { std: "docker" "exec" "-e" "SOURCE_DIR=/opt/rustwide/workdir" "-e" "CARGO_HOME=/opt/rustwide/cargo-home" "-e" "RUSTUP_HOME=/opt/rustwide/rustup-home" "-e" "CARGO_TARGET_DIR=/opt/rustwide/target" "-e" "CARGO_INCREMENTAL=0" "-e" "RUST_BACKTRACE=full" "-e" "RUSTFLAGS=--cap-lints=warn" "-e" "RUSTDOCFLAGS=--cap-lints=warn" "-w" "/opt/rustwide/workdir" "--user" "0:0" "1fdb5bdc65f154224b8eb76835ad4fc62dee8923ae26e6029a6bc90233e68e2b" "/opt/rustwide/cargo-home/bin/cargo" "+1.100.0-beta.1" "test" "--frozen" "--no-run" "--message-format=json" "--release", kill_on_drop: false }`
[INFO] [stderr]    Compiling krun-devices v0.1.0-1.19.6
[INFO] [stderr]    Compiling krun-vmm v0.1.0-1.19.6 (/opt/rustwide/workdir)
[INFO] [stderr]     Finished `release` profile [optimized] target(s) in 17.36s
[INFO] [stderr] warning: the following packages contain code that will be rejected by a future version of Rust: nix v0.30.1
[INFO] [stderr] note: to see what the problems were, use the option `--future-incompat-report`, or run `cargo report future-incompatibilities --id 1`
[INFO] running `Command { std: "docker" "inspect" "1fdb5bdc65f154224b8eb76835ad4fc62dee8923ae26e6029a6bc90233e68e2b", kill_on_drop: false }`
[INFO] running `Command { std: "docker" "exec" "-e" "SOURCE_DIR=/opt/rustwide/workdir" "-e" "CARGO_HOME=/opt/rustwide/cargo-home" "-e" "RUSTUP_HOME=/opt/rustwide/rustup-home" "-e" "CARGO_TARGET_DIR=/opt/rustwide/target" "-e" "CARGO_INCREMENTAL=0" "-e" "RUST_BACKTRACE=full" "-e" "RUSTFLAGS=--cap-lints=warn" "-e" "RUSTDOCFLAGS=--cap-lints=warn" "-w" "/opt/rustwide/workdir" "--user" "0:0" "1fdb5bdc65f154224b8eb76835ad4fc62dee8923ae26e6029a6bc90233e68e2b" "/opt/rustwide/cargo-home/bin/cargo" "+1.100.0-beta.1" "test" "--frozen" "--release", kill_on_drop: false }`
[INFO] [stderr]     Finished `release` profile [optimized] target(s) in 0.14s
[INFO] [stderr] warning: the following packages contain code that will be rejected by a future version of Rust: nix v0.30.1
[INFO] [stderr] note: to see what the problems were, use the option `--future-incompat-report`, or run `cargo report future-incompatibilities --id 1`
[INFO] [stderr]      Running unittests src/lib.rs (/opt/rustwide/target/release/build/krun-vmm/4b80f847edd2791b/out/krun_vmm-4b80f847edd2791b)
[INFO] [stdout] 
[INFO] [stdout] running 26 tests
[INFO] [stdout] test linux::vstate::tests::test_get_supported_cpuid ... ignored
[INFO] [stdout] test builder::tests::test_error_messages ... ok
[INFO] [stdout] test builder::tests::test_kernel_cmdline_err_to_startuvm_err ... ok
[INFO] [stdout] test device_manager::kvm::mmio::tests::test_dummy_device ... ok
[INFO] [stdout] test resources::tests::test_set_vm_config ... ok
[INFO] [stdout] test resources::tests::test_vcpu_config ... ok
[INFO] [stdout] test resources::tests::test_vm_config ... ok
[INFO] [stdout] test linux::vstate::tests::test_vcpu_rtsig_offset ... ok
[INFO] [stdout] test resources::tests::test_set_vsock_device ... ok
[INFO] [stdout] test device_manager::legacy::tests::test_register_legacy_devices ... ok
[INFO] [stdout] test device_manager::legacy::tests::test_debug_error ... ok
[INFO] [stdout] test vmm_config::machine_config::tests::test_display_cpu_features_template ... ok
[INFO] [stdout] test device_manager::kvm::mmio::tests::test_error_messages ... ok
[INFO] [stdout] test linux::vstate::tests::test_set_mmio_bus ... FAILED
[INFO] [stdout] test vmm_config::machine_config::tests::test_display_vm_config_error ... ok
[INFO] [stdout] test linux::vstate::tests::test_invalid_tls ... FAILED
[INFO] [stdout] test vmm_config::vsock::tests::test_error_messages ... ok
[INFO] [stdout] test device_manager::kvm::mmio::tests::test_register_too_many_devices ... FAILED
[INFO] [stdout] test vmm_config::vsock::tests::test_vsock_insert ... ok
[INFO] [stdout] test linux::vstate::tests::test_vcpu_tls ... FAILED
[INFO] [stdout] test device_manager::kvm::mmio::tests::test_device_info ... FAILED
[INFO] [stdout] test linux::vstate::tests::test_vm_memory_init ... FAILED
[INFO] [stdout] test linux::vstate::tests::test_configure_vcpu ... FAILED
[INFO] [stdout] test device_manager::kvm::mmio::tests::test_register_virtio_device ... FAILED
[INFO] [stdout] test builder::tests::test_create_vcpus_x86_64 ... FAILED
[INFO] [stdout] test linux::vstate::tests::test_vcpu_kick ... FAILED
[INFO] [stdout] 
[INFO] [stdout] failures:
[INFO] [stdout] 
[INFO] [stdout] ---- linux::vstate::tests::test_set_mmio_bus stdout ----
[INFO] [stdout] 
[INFO] [stdout] thread 'linux::vstate::tests::test_set_mmio_bus' (1318) panicked at src/linux/vstate.rs:454:30:
[INFO] [stdout] Error creating the Kvm object: Error(2)
[INFO] [stdout] stack backtrace:
[INFO] [stdout]    0:     0x5ca27c9cc3a1 - <<std[617be2ca0a6fd877]::sys::backtrace::BacktraceLock>::print::DisplayBacktrace as core[a373ad73a504971]::fmt::Display>::fmt
[INFO] [stdout]    1:     0x5ca27c9e0c8a - core[a373ad73a504971]::fmt::write
[INFO] [stdout]    2:     0x5ca27c9d064c - <alloc[2e1b2a31b91974c5]::vec::Vec<u8> as core[a373ad73a504971]::io::write::Write>::write_fmt
[INFO] [stdout]    3:     0x5ca27c9a7ff6 - std[617be2ca0a6fd877]::panicking::default_hook::{closure#0}
[INFO] [stdout]    4:     0x5ca27c9c44e9 - std[617be2ca0a6fd877]::panicking::default_hook
[INFO] [stdout]    5:     0x5ca27c94d250 - test[aada8e7e76ba119b]::test_main_inner::{closure#0}
[INFO] [stdout]    6:     0x5ca27c9c46a2 - std[617be2ca0a6fd877]::panicking::panic_with_hook
[INFO] [stdout]    7:     0x5ca27c9a80a2 - std[617be2ca0a6fd877]::panicking::panic_handler::{closure#0}
[INFO] [stdout]    8:     0x5ca27c9a0b79 - std[617be2ca0a6fd877]::sys::backtrace::__rust_end_short_backtrace::<std[617be2ca0a6fd877]::panicking::panic_handler::{closure#0}, !>
[INFO] [stdout]    9:     0x5ca27c9a8cad - __rustc[ea4f61d10b84890b]::rust_begin_unwind
[INFO] [stdout]   10:     0x5ca27c9e13bc - core[a373ad73a504971]::panicking::panic_fmt
[INFO] [stdout]   11:     0x5ca27c9e1192 - core[a373ad73a504971]::result::unwrap_failed
[INFO] [stdout]   12:     0x5ca27c8c5f9b - <krun_vmm[b219dcd6680ad13d]::linux::vstate::KvmContext>::new
[INFO] [stdout]   13:     0x5ca27c8c9aef - krun_vmm[b219dcd6680ad13d]::linux::vstate::tests::setup_vcpu
[INFO] [stdout]   14:     0x5ca27c8cba74 - <krun_vmm[b219dcd6680ad13d]::linux::vstate::tests::test_set_mmio_bus::{closure#0} as core[a373ad73a504971]::ops::function::FnOnce<()>>::call_once
[INFO] [stdout]   15:     0x5ca27c94069b - test[aada8e7e76ba119b]::__rust_begin_short_backtrace::<core[a373ad73a504971]::result::Result<(), alloc[2e1b2a31b91974c5]::string::String>, fn() -> core[a373ad73a504971]::result::Result<(), alloc[2e1b2a31b91974c5]::string::String>>
[INFO] [stdout]   16:     0x5ca27c94d875 - test[aada8e7e76ba119b]::run_test::{closure#0}
[INFO] [stdout]   17:     0x5ca27c947164 - std[617be2ca0a6fd877]::sys::backtrace::__rust_begin_short_backtrace::<test[aada8e7e76ba119b]::run_test::{closure#1}, ()>
[INFO] [stdout]   18:     0x5ca27c950902 - <std[617be2ca0a6fd877]::thread::lifecycle::spawn_unchecked<test[aada8e7e76ba119b]::run_test::{closure#1}, ()>::{closure#1} as core[a373ad73a504971]::ops::function::FnOnce<()>>::call_once::{shim:vtable#0}
[INFO] [stdout]   19:     0x5ca27c9cb8ef - <std[617be2ca0a6fd877]::sys::thread::unix::Thread>::new::thread_start
[INFO] [stdout]   20:     0x7d07cc1e0dfa - <unknown>
[INFO] [stdout]   21:     0x7d07cc2743d4 - clone
[INFO] [stdout]   22:                0x0 - <unknown>
[INFO] [stdout] 
[INFO] [stdout] ---- linux::vstate::tests::test_invalid_tls stdout ----
[INFO] [stdout] 
[INFO] [stdout] thread 'linux::vstate::tests::test_invalid_tls' (1317) panicked at src/linux/vstate.rs:454:30:
[INFO] [stdout] Error creating the Kvm object: Error(2)
[INFO] [stdout] stack backtrace:
[INFO] [stdout]    0:     0x5ca27c9cc3a1 - <<std[617be2ca0a6fd877]::sys::backtrace::BacktraceLock>::print::DisplayBacktrace as core[a373ad73a504971]::fmt::Display>::fmt
[INFO] [stdout]    1:     0x5ca27c9e0c8a - core[a373ad73a504971]::fmt::write
[INFO] [stdout]    2:     0x5ca27c9d064c - <alloc[2e1b2a31b91974c5]::vec::Vec<u8> as core[a373ad73a504971]::io::write::Write>::write_fmt
[INFO] [stdout]    3:     0x5ca27c9a7ff6 - std[617be2ca0a6fd877]::panicking::default_hook::{closure#0}
[INFO] [stdout]    4:     0x5ca27c9c44e9 - std[617be2ca0a6fd877]::panicking::default_hook
[INFO] [stdout]    5:     0x5ca27c94d250 - test[aada8e7e76ba119b]::test_main_inner::{closure#0}
[INFO] [stdout]    6:     0x5ca27c9c46a2 - std[617be2ca0a6fd877]::panicking::panic_with_hook
[INFO] [stdout]    7:     0x5ca27c9a80a2 - std[617be2ca0a6fd877]::panicking::panic_handler::{closure#0}
[INFO] [stdout]    8:     0x5ca27c9a0b79 - std[617be2ca0a6fd877]::sys::backtrace::__rust_end_short_backtrace::<std[617be2ca0a6fd877]::panicking::panic_handler::{closure#0}, !>
[INFO] [stdout]    9:     0x5ca27c9a8cad - __rustc[ea4f61d10b84890b]::rust_begin_unwind
[INFO] [stdout]   10:     0x5ca27c9e13bc - core[a373ad73a504971]::panicking::panic_fmt
[INFO] [stdout]   11:     0x5ca27c9e1192 - core[a373ad73a504971]::result::unwrap_failed
[INFO] [stdout]   12:     0x5ca27c8c5f9b - <krun_vmm[b219dcd6680ad13d]::linux::vstate::KvmContext>::new
[INFO] [stdout]   13:     0x5ca27c8c9aef - krun_vmm[b219dcd6680ad13d]::linux::vstate::tests::setup_vcpu
[INFO] [stdout]   14:     0x5ca27c8cb824 - <krun_vmm[b219dcd6680ad13d]::linux::vstate::tests::test_invalid_tls::{closure#0} as core[a373ad73a504971]::ops::function::FnOnce<()>>::call_once
[INFO] [stdout]   15:     0x5ca27c94069b - test[aada8e7e76ba119b]::__rust_begin_short_backtrace::<core[a373ad73a504971]::result::Result<(), alloc[2e1b2a31b91974c5]::string::String>, fn() -> core[a373ad73a504971]::result::Result<(), alloc[2e1b2a31b91974c5]::string::String>>
[INFO] [stdout]   16:     0x5ca27c94d875 - test[aada8e7e76ba119b]::run_test::{closure#0}
[INFO] [stdout]   17:     0x5ca27c947164 - std[617be2ca0a6fd877]::sys::backtrace::__rust_begin_short_backtrace::<test[aada8e7e76ba119b]::run_test::{closure#1}, ()>
[INFO] [stdout]   18:     0x5ca27c950902 - <std[617be2ca0a6fd877]::thread::lifecycle::spawn_unchecked<test[aada8e7e76ba119b]::run_test::{closure#1}, ()>::{closure#1} as core[a373ad73a504971]::ops::function::FnOnce<()>>::call_once::{shim:vtable#0}
[INFO] [stdout]   19:     0x5ca27c9cb8ef - <std[617be2ca0a6fd877]::sys::thread::unix::Thread>::new::thread_start
[INFO] [stdout]   20:     0x7d07cc1e0dfa - <unknown>
[INFO] [stdout]   21:     0x7d07cc2743d4 - clone
[INFO] [stdout]   22:                0x0 - <unknown>
[INFO] [stdout] 
[INFO] [stdout] ---- device_manager::kvm::mmio::tests::test_register_too_many_devices stdout ----
[INFO] [stdout] 
[INFO] [stdout] thread 'device_manager::kvm::mmio::tests::test_register_too_many_devices' (1312) panicked at src/linux/vstate.rs:454:30:
[INFO] [stdout] Error creating the Kvm object: Error(2)
[INFO] [stdout] stack backtrace:
[INFO] [stdout]    0:     0x5ca27c9cc3a1 - <<std[617be2ca0a6fd877]::sys::backtrace::BacktraceLock>::print::DisplayBacktrace as core[a373ad73a504971]::fmt::Display>::fmt
[INFO] [stdout]    1:     0x5ca27c9e0c8a - core[a373ad73a504971]::fmt::write
[INFO] [stdout]    2:     0x5ca27c9d064c - <alloc[2e1b2a31b91974c5]::vec::Vec<u8> as core[a373ad73a504971]::io::write::Write>::write_fmt
[INFO] [stdout]    3:     0x5ca27c9a7ff6 - std[617be2ca0a6fd877]::panicking::default_hook::{closure#0}
[INFO] [stdout]    4:     0x5ca27c9c44e9 - std[617be2ca0a6fd877]::panicking::default_hook
[INFO] [stdout]    5:     0x5ca27c94d250 - test[aada8e7e76ba119b]::test_main_inner::{closure#0}
[INFO] [stdout]    6:     0x5ca27c9c46a2 - std[617be2ca0a6fd877]::panicking::panic_with_hook
[INFO] [stdout]    7:     0x5ca27c9a80a2 - std[617be2ca0a6fd877]::panicking::panic_handler::{closure#0}
[INFO] [stdout]    8:     0x5ca27c9a0b79 - std[617be2ca0a6fd877]::sys::backtrace::__rust_end_short_backtrace::<std[617be2ca0a6fd877]::panicking::panic_handler::{closure#0}, !>
[INFO] [stdout]    9:     0x5ca27c9a8cad - __rustc[ea4f61d10b84890b]::rust_begin_unwind
[INFO] [stdout]   10:     0x5ca27c9e13bc - core[a373ad73a504971]::panicking::panic_fmt
[INFO] [stdout]   11:     0x5ca27c9e1192 - core[a373ad73a504971]::result::unwrap_failed
[INFO] [stdout]   12:     0x5ca27c8c5f9b - <krun_vmm[b219dcd6680ad13d]::linux::vstate::KvmContext>::new
[INFO] [stdout]   13:     0x5ca27c8c351d - krun_vmm[b219dcd6680ad13d]::builder::setup_vm
[INFO] [stdout]   14:     0x5ca27c8d000d - <krun_vmm[b219dcd6680ad13d]::device_manager::kvm::mmio::tests::test_register_too_many_devices::{closure#0} as core[a373ad73a504971]::ops::function::FnOnce<()>>::call_once
[INFO] [stdout]   15:     0x5ca27c94069b - test[aada8e7e76ba119b]::__rust_begin_short_backtrace::<core[a373ad73a504971]::result::Result<(), alloc[2e1b2a31b91974c5]::string::String>, fn() -> core[a373ad73a504971]::result::Result<(), alloc[2e1b2a31b91974c5]::string::String>>
[INFO] [stdout]   16:     0x5ca27c94d875 - test[aada8e7e76ba119b]::run_test::{closure#0}
[INFO] [stdout]   17:     0x5ca27c947164 - std[617be2ca0a6fd877]::sys::backtrace::__rust_begin_short_backtrace::<test[aada8e7e76ba119b]::run_test::{closure#1}, ()>
[INFO] [stdout]   18:     0x5ca27c950902 - <std[617be2ca0a6fd877]::thread::lifecycle::spawn_unchecked<test[aada8e7e76ba119b]::run_test::{closure#1}, ()>::{closure#1} as core[a373ad73a504971]::ops::function::FnOnce<()>>::call_once::{shim:vtable#0}
[INFO] [stdout]   19:     0x5ca27c9cb8ef - <std[617be2ca0a6fd877]::sys::thread::unix::Thread>::new::thread_start
[INFO] [stdout]   20:     0x7d07cc1e0dfa - <unknown>
[INFO] [stdout]   21:     0x7d07cc2743d4 - clone
[INFO] [stdout]   22:                0x0 - <unknown>
[INFO] [stdout] 
[INFO] [stdout] ---- linux::vstate::tests::test_vcpu_tls stdout ----
[INFO] [stdout] 
[INFO] [stdout] thread 'linux::vstate::tests::test_vcpu_tls' (1321) panicked at src/linux/vstate.rs:454:30:
[INFO] [stdout] Error creating the Kvm object: Error(2)
[INFO] [stdout] stack backtrace:
[INFO] [stdout]    0:     0x5ca27c9cc3a1 - <<std[617be2ca0a6fd877]::sys::backtrace::BacktraceLock>::print::DisplayBacktrace as core[a373ad73a504971]::fmt::Display>::fmt
[INFO] [stdout]    1:     0x5ca27c9e0c8a - core[a373ad73a504971]::fmt::write
[INFO] [stdout]    2:     0x5ca27c9d064c - <alloc[2e1b2a31b91974c5]::vec::Vec<u8> as core[a373ad73a504971]::io::write::Write>::write_fmt
[INFO] [stdout]    3:     0x5ca27c9a7ff6 - std[617be2ca0a6fd877]::panicking::default_hook::{closure#0}
[INFO] [stdout]    4:     0x5ca27c9c44e9 - std[617be2ca0a6fd877]::panicking::default_hook
[INFO] [stdout]    5:     0x5ca27c94d250 - test[aada8e7e76ba119b]::test_main_inner::{closure#0}
[INFO] [stdout]    6:     0x5ca27c9c46a2 - std[617be2ca0a6fd877]::panicking::panic_with_hook
[INFO] [stdout]    7:     0x5ca27c9a80a2 - std[617be2ca0a6fd877]::panicking::panic_handler::{closure#0}
[INFO] [stdout]    8:     0x5ca27c9a0b79 - std[617be2ca0a6fd877]::sys::backtrace::__rust_end_short_backtrace::<std[617be2ca0a6fd877]::panicking::panic_handler::{closure#0}, !>
[INFO] [stdout]    9:     0x5ca27c9a8cad - __rustc[ea4f61d10b84890b]::rust_begin_unwind
[INFO] [stdout]   10:     0x5ca27c9e13bc - core[a373ad73a504971]::panicking::panic_fmt
[INFO] [stdout]   11:     0x5ca27c9e1192 - core[a373ad73a504971]::result::unwrap_failed
[INFO] [stdout]   12:     0x5ca27c8c5f9b - <krun_vmm[b219dcd6680ad13d]::linux::vstate::KvmContext>::new
[INFO] [stdout]   13:     0x5ca27c8c9aef - krun_vmm[b219dcd6680ad13d]::linux::vstate::tests::setup_vcpu
[INFO] [stdout]   14:     0x5ca27c8cacf4 - <krun_vmm[b219dcd6680ad13d]::linux::vstate::tests::test_vcpu_tls::{closure#0} as core[a373ad73a504971]::ops::function::FnOnce<()>>::call_once
[INFO] [stdout]   15:     0x5ca27c94069b - test[aada8e7e76ba119b]::__rust_begin_short_backtrace::<core[a373ad73a504971]::result::Result<(), alloc[2e1b2a31b91974c5]::string::String>, fn() -> core[a373ad73a504971]::result::Result<(), alloc[2e1b2a31b91974c5]::string::String>>
[INFO] [stdout]   16:     0x5ca27c94d875 - test[aada8e7e76ba119b]::run_test::{closure#0}
[INFO] [stdout]   17:     0x5ca27c947164 - std[617be2ca0a6fd877]::sys::backtrace::__rust_begin_short_backtrace::<test[aada8e7e76ba119b]::run_test::{closure#1}, ()>
[INFO] [stdout]   18:     0x5ca27c950902 - <std[617be2ca0a6fd877]::thread::lifecycle::spawn_unchecked<test[aada8e7e76ba119b]::run_test::{closure#1}, ()>::{closure#1} as core[a373ad73a504971]::ops::function::FnOnce<()>>::call_once::{shim:vtable#0}
[INFO] [stdout]   19:     0x5ca27c9cb8ef - <std[617be2ca0a6fd877]::sys::thread::unix::Thread>::new::thread_start
[INFO] [stdout]   20:     0x7d07cc1e0dfa - <unknown>
[INFO] [stdout]   21:     0x7d07cc2743d4 - clone
[INFO] [stdout]   22:                0x0 - <unknown>
[INFO] [stdout] 
[INFO] [stdout] ---- device_manager::kvm::mmio::tests::test_device_info stdout ----
[INFO] [stdout] 
[INFO] [stdout] thread 'device_manager::kvm::mmio::tests::test_device_info' (1309) panicked at src/linux/vstate.rs:454:30:
[INFO] [stdout] Error creating the Kvm object: Error(2)
[INFO] [stdout] stack backtrace:
[INFO] [stdout]    0:     0x5ca27c9cc3a1 - <<std[617be2ca0a6fd877]::sys::backtrace::BacktraceLock>::print::DisplayBacktrace as core[a373ad73a504971]::fmt::Display>::fmt
[INFO] [stdout]    1:     0x5ca27c9e0c8a - core[a373ad73a504971]::fmt::write
[INFO] [stdout]    2:     0x5ca27c9d064c - <alloc[2e1b2a31b91974c5]::vec::Vec<u8> as core[a373ad73a504971]::io::write::Write>::write_fmt
[INFO] [stdout]    3:     0x5ca27c9a7ff6 - std[617be2ca0a6fd877]::panicking::default_hook::{closure#0}
[INFO] [stdout]    4:     0x5ca27c9c44e9 - std[617be2ca0a6fd877]::panicking::default_hook
[INFO] [stdout]    5:     0x5ca27c94d250 - test[aada8e7e76ba119b]::test_main_inner::{closure#0}
[INFO] [stdout]    6:     0x5ca27c9c46a2 - std[617be2ca0a6fd877]::panicking::panic_with_hook
[INFO] [stdout]    7:     0x5ca27c9a80a2 - std[617be2ca0a6fd877]::panicking::panic_handler::{closure#0}
[INFO] [stdout]    8:     0x5ca27c9a0b79 - std[617be2ca0a6fd877]::sys::backtrace::__rust_end_short_backtrace::<std[617be2ca0a6fd877]::panicking::panic_handler::{closure#0}, !>
[INFO] [stdout]    9:     0x5ca27c9a8cad - __rustc[ea4f61d10b84890b]::rust_begin_unwind
[INFO] [stdout]   10:     0x5ca27c9e13bc - core[a373ad73a504971]::panicking::panic_fmt
[INFO] [stdout]   11:     0x5ca27c9e1192 - core[a373ad73a504971]::result::unwrap_failed
[INFO] [stdout]   12:     0x5ca27c8c5f9b - <krun_vmm[b219dcd6680ad13d]::linux::vstate::KvmContext>::new
[INFO] [stdout]   13:     0x5ca27c8c351d - krun_vmm[b219dcd6680ad13d]::builder::setup_vm
[INFO] [stdout]   14:     0x5ca27c8ce226 - <krun_vmm[b219dcd6680ad13d]::device_manager::kvm::mmio::tests::test_device_info::{closure#0} as core[a373ad73a504971]::ops::function::FnOnce<()>>::call_once
[INFO] [stdout]   15:     0x5ca27c94069b - test[aada8e7e76ba119b]::__rust_begin_short_backtrace::<core[a373ad73a504971]::result::Result<(), alloc[2e1b2a31b91974c5]::string::String>, fn() -> core[a373ad73a504971]::result::Result<(), alloc[2e1b2a31b91974c5]::string::String>>
[INFO] [stdout]   16:     0x5ca27c94d875 - test[aada8e7e76ba119b]::run_test::{closure#0}
[INFO] [stdout]   17:     0x5ca27c947164 - std[617be2ca0a6fd877]::sys::backtrace::__rust_begin_short_backtrace::<test[aada8e7e76ba119b]::run_test::{closure#1}, ()>
[INFO] [stdout]   18:     0x5ca27c950902 - <std[617be2ca0a6fd877]::thread::lifecycle::spawn_unchecked<test[aada8e7e76ba119b]::run_test::{closure#1}, ()>::{closure#1} as core[a373ad73a504971]::ops::function::FnOnce<()>>::call_once::{shim:vtable#0}
[INFO] [stdout]   19:     0x5ca27c9cb8ef - <std[617be2ca0a6fd877]::sys::thread::unix::Thread>::new::thread_start
[INFO] [stdout]   20:     0x7d07cc1e0dfa - <unknown>
[INFO] [stdout]   21:     0x7d07cc2743d4 - clone
[INFO] [stdout]   22:                0x0 - <unknown>
[INFO] [stdout] 
[INFO] [stdout] ---- linux::vstate::tests::test_vm_memory_init stdout ----
[INFO] [stdout] 
[INFO] [stdout] thread 'linux::vstate::tests::test_vm_memory_init' (1322) panicked at src/linux/vstate.rs:454:30:
[INFO] [stdout] Error creating the Kvm object: Error(2)
[INFO] [stdout] stack backtrace:
[INFO] [stdout]    0:     0x5ca27c9cc3a1 - <<std[617be2ca0a6fd877]::sys::backtrace::BacktraceLock>::print::DisplayBacktrace as core[a373ad73a504971]::fmt::Display>::fmt
[INFO] [stdout]    1:     0x5ca27c9e0c8a - core[a373ad73a504971]::fmt::write
[INFO] [stdout]    2:     0x5ca27c9d064c - <alloc[2e1b2a31b91974c5]::vec::Vec<u8> as core[a373ad73a504971]::io::write::Write>::write_fmt
[INFO] [stdout]    3:     0x5ca27c9a7ff6 - std[617be2ca0a6fd877]::panicking::default_hook::{closure#0}
[INFO] [stdout]    4:     0x5ca27c9c44e9 - std[617be2ca0a6fd877]::panicking::default_hook
[INFO] [stdout]    5:     0x5ca27c94d250 - test[aada8e7e76ba119b]::test_main_inner::{closure#0}
[INFO] [stdout]    6:     0x5ca27c9c46a2 - std[617be2ca0a6fd877]::panicking::panic_with_hook
[INFO] [stdout]    7:     0x5ca27c9a80a2 - std[617be2ca0a6fd877]::panicking::panic_handler::{closure#0}
[INFO] [stdout]    8:     0x5ca27c9a0b79 - std[617be2ca0a6fd877]::sys::backtrace::__rust_end_short_backtrace::<std[617be2ca0a6fd877]::panicking::panic_handler::{closure#0}, !>
[INFO] [stdout]    9:     0x5ca27c9a8cad - __rustc[ea4f61d10b84890b]::rust_begin_unwind
[INFO] [stdout]   10:     0x5ca27c9e13bc - core[a373ad73a504971]::panicking::panic_fmt
[INFO] [stdout]   11:     0x5ca27c9e1192 - core[a373ad73a504971]::result::unwrap_failed
[INFO] [stdout]   12:     0x5ca27c8c5f9b - <krun_vmm[b219dcd6680ad13d]::linux::vstate::KvmContext>::new
[INFO] [stdout]   13:     0x5ca27c8cbf90 - <krun_vmm[b219dcd6680ad13d]::linux::vstate::tests::test_vm_memory_init::{closure#0} as core[a373ad73a504971]::ops::function::FnOnce<()>>::call_once
[INFO] [stdout]   14:     0x5ca27c94069b - test[aada8e7e76ba119b]::__rust_begin_short_backtrace::<core[a373ad73a504971]::result::Result<(), alloc[2e1b2a31b91974c5]::string::String>, fn() -> core[a373ad73a504971]::result::Result<(), alloc[2e1b2a31b91974c5]::string::String>>
[INFO] [stdout]   15:     0x5ca27c94d875 - test[aada8e7e76ba119b]::run_test::{closure#0}
[INFO] [stdout]   16:     0x5ca27c947164 - std[617be2ca0a6fd877]::sys::backtrace::__rust_begin_short_backtrace::<test[aada8e7e76ba119b]::run_test::{closure#1}, ()>
[INFO] [stdout]   17:     0x5ca27c950902 - <std[617be2ca0a6fd877]::thread::lifecycle::spawn_unchecked<test[aada8e7e76ba119b]::run_test::{closure#1}, ()>::{closure#1} as core[a373ad73a504971]::ops::function::FnOnce<()>>::call_once::{shim:vtable#0}
[INFO] [stdout]   18:     0x5ca27c9cb8ef - <std[617be2ca0a6fd877]::sys::thread::unix::Thread>::new::thread_start
[INFO] [stdout]   19:     0x7d07cc1e0dfa - <unknown>
[INFO] [stdout]   20:     0x7d07cc2743d4 - clone
[INFO] [stdout]   21:                0x0 - <unknown>
[INFO] [stdout] 
[INFO] [stdout] ---- linux::vstate::tests::test_configure_vcpu stdout ----
[INFO] [stdout] 
[INFO] [stdout] thread 'linux::vstate::tests::test_configure_vcpu' (1316) panicked at src/linux/vstate.rs:454:30:
[INFO] [stdout] Error creating the Kvm object: Error(2)
[INFO] [stdout] stack backtrace:
[INFO] [stdout]    0:     0x5ca27c9cc3a1 - <<std[617be2ca0a6fd877]::sys::backtrace::BacktraceLock>::print::DisplayBacktrace as core[a373ad73a504971]::fmt::Display>::fmt
[INFO] [stdout]    1:     0x5ca27c9e0c8a - core[a373ad73a504971]::fmt::write
[INFO] [stdout]    2:     0x5ca27c9d064c - <alloc[2e1b2a31b91974c5]::vec::Vec<u8> as core[a373ad73a504971]::io::write::Write>::write_fmt
[INFO] [stdout]    3:     0x5ca27c9a7ff6 - std[617be2ca0a6fd877]::panicking::default_hook::{closure#0}
[INFO] [stdout]    4:     0x5ca27c9c44e9 - std[617be2ca0a6fd877]::panicking::default_hook
[INFO] [stdout]    5:     0x5ca27c94d250 - test[aada8e7e76ba119b]::test_main_inner::{closure#0}
[INFO] [stdout]    6:     0x5ca27c9c46a2 - std[617be2ca0a6fd877]::panicking::panic_with_hook
[INFO] [stdout]    7:     0x5ca27c9a80a2 - std[617be2ca0a6fd877]::panicking::panic_handler::{closure#0}
[INFO] [stdout]    8:     0x5ca27c9a0b79 - std[617be2ca0a6fd877]::sys::backtrace::__rust_end_short_backtrace::<std[617be2ca0a6fd877]::panicking::panic_handler::{closure#0}, !>
[INFO] [stdout]    9:     0x5ca27c9a8cad - __rustc[ea4f61d10b84890b]::rust_begin_unwind
[INFO] [stdout]   10:     0x5ca27c9e13bc - core[a373ad73a504971]::panicking::panic_fmt
[INFO] [stdout]   11:     0x5ca27c9e1192 - core[a373ad73a504971]::result::unwrap_failed
[INFO] [stdout]   12:     0x5ca27c8c5f9b - <krun_vmm[b219dcd6680ad13d]::linux::vstate::KvmContext>::new
[INFO] [stdout]   13:     0x5ca27c8c9aef - krun_vmm[b219dcd6680ad13d]::linux::vstate::tests::setup_vcpu
[INFO] [stdout]   14:     0x5ca27c8cbc93 - <krun_vmm[b219dcd6680ad13d]::linux::vstate::tests::test_configure_vcpu::{closure#0} as core[a373ad73a504971]::ops::function::FnOnce<()>>::call_once
[INFO] [stdout]   15:     0x5ca27c94069b - test[aada8e7e76ba119b]::__rust_begin_short_backtrace::<core[a373ad73a504971]::result::Result<(), alloc[2e1b2a31b91974c5]::string::String>, fn() -> core[a373ad73a504971]::result::Result<(), alloc[2e1b2a31b91974c5]::string::String>>
[INFO] [stdout]   16:     0x5ca27c94d875 - test[aada8e7e76ba119b]::run_test::{closure#0}
[INFO] [stdout]   17:     0x5ca27c947164 - std[617be2ca0a6fd877]::sys::backtrace::__rust_begin_short_backtrace::<test[aada8e7e76ba119b]::run_test::{closure#1}, ()>
[INFO] [stdout]   18:     0x5ca27c950902 - <std[617be2ca0a6fd877]::thread::lifecycle::spawn_unchecked<test[aada8e7e76ba119b]::run_test::{closure#1}, ()>::{closure#1} as core[a373ad73a504971]::ops::function::FnOnce<()>>::call_once::{shim:vtable#0}
[INFO] [stdout]   19:     0x5ca27c9cb8ef - <std[617be2ca0a6fd877]::sys::thread::unix::Thread>::new::thread_start
[INFO] [stdout]   20:     0x7d07cc1e0dfa - <unknown>
[INFO] [stdout]   21:     0x7d07cc2743d4 - clone
[INFO] [stdout]   22:                0x0 - <unknown>
[INFO] [stdout] 
[INFO] [stdout] ---- device_manager::kvm::mmio::tests::test_register_virtio_device stdout ----
[INFO] [stdout] 
[INFO] [stdout] thread 'device_manager::kvm::mmio::tests::test_register_virtio_device' (1313) panicked at src/linux/vstate.rs:454:30:
[INFO] [stdout] Error creating the Kvm object: Error(2)
[INFO] [stdout] stack backtrace:
[INFO] [stdout]    0:     0x5ca27c9cc3a1 - <<std[617be2ca0a6fd877]::sys::backtrace::BacktraceLock>::print::DisplayBacktrace as core[a373ad73a504971]::fmt::Display>::fmt
[INFO] [stdout]    1:     0x5ca27c9e0c8a - core[a373ad73a504971]::fmt::write
[INFO] [stdout]    2:     0x5ca27c9d064c - <alloc[2e1b2a31b91974c5]::vec::Vec<u8> as core[a373ad73a504971]::io::write::Write>::write_fmt
[INFO] [stdout]    3:     0x5ca27c9a7ff6 - std[617be2ca0a6fd877]::panicking::default_hook::{closure#0}
[INFO] [stdout]    4:     0x5ca27c9c44e9 - std[617be2ca0a6fd877]::panicking::default_hook
[INFO] [stdout]    5:     0x5ca27c94d250 - test[aada8e7e76ba119b]::test_main_inner::{closure#0}
[INFO] [stdout]    6:     0x5ca27c9c46a2 - std[617be2ca0a6fd877]::panicking::panic_with_hook
[INFO] [stdout]    7:     0x5ca27c9a80a2 - std[617be2ca0a6fd877]::panicking::panic_handler::{closure#0}
[INFO] [stdout]    8:     0x5ca27c9a0b79 - std[617be2ca0a6fd877]::sys::backtrace::__rust_end_short_backtrace::<std[617be2ca0a6fd877]::panicking::panic_handler::{closure#0}, !>
[INFO] [stdout]    9:     0x5ca27c9a8cad - __rustc[ea4f61d10b84890b]::rust_begin_unwind
[INFO] [stdout]   10:     0x5ca27c9e13bc - core[a373ad73a504971]::panicking::panic_fmt
[INFO] [stdout]   11:     0x5ca27c9e1192 - core[a373ad73a504971]::result::unwrap_failed
[INFO] [stdout]   12:     0x5ca27c8c5f9b - <krun_vmm[b219dcd6680ad13d]::linux::vstate::KvmContext>::new
[INFO] [stdout]   13:     0x5ca27c8c351d - krun_vmm[b219dcd6680ad13d]::builder::setup_vm
[INFO] [stdout]   14:     0x5ca27c8cfa34 - <krun_vmm[b219dcd6680ad13d]::device_manager::kvm::mmio::tests::test_register_virtio_device::{closure#0} as core[a373ad73a504971]::ops::function::FnOnce<()>>::call_once
[INFO] [stdout]   15:     0x5ca27c94069b - test[aada8e7e76ba119b]::__rust_begin_short_backtrace::<core[a373ad73a504971]::result::Result<(), alloc[2e1b2a31b91974c5]::string::String>, fn() -> core[a373ad73a504971]::result::Result<(), alloc[2e1b2a31b91974c5]::string::String>>
[INFO] [stdout]   16:     0x5ca27c94d875 - test[aada8e7e76ba119b]::run_test::{closure#0}
[INFO] [stdout]   17:     0x5ca27c947164 - std[617be2ca0a6fd877]::sys::backtrace::__rust_begin_short_backtrace::<test[aada8e7e76ba119b]::run_test::{closure#1}, ()>
[INFO] [stdout]   18:     0x5ca27c950902 - <std[617be2ca0a6fd877]::thread::lifecycle::spawn_unchecked<test[aada8e7e76ba119b]::run_test::{closure#1}, ()>::{closure#1} as core[a373ad73a504971]::ops::function::FnOnce<()>>::call_once::{shim:vtable#0}
[INFO] [stdout]   19:     0x5ca27c9cb8ef - <std[617be2ca0a6fd877]::sys::thread::unix::Thread>::new::thread_start
[INFO] [stdout]   20:     0x7d07cc1e0dfa - <unknown>
[INFO] [stdout]   21:     0x7d07cc2743d4 - clone
[INFO] [stdout]   22:                0x0 - <unknown>
[INFO] [stdout] 
[INFO] [stdout] ---- builder::tests::test_create_vcpus_x86_64 stdout ----
[INFO] [stdout] 
[INFO] [stdout] thread 'builder::tests::test_create_vcpus_x86_64' (1306) panicked at src/linux/vstate.rs:454:30:
[INFO] [stdout] Error creating the Kvm object: Error(2)
[INFO] [stdout] stack backtrace:
[INFO] [stdout]    0:     0x5ca27c9cc3a1 - <<std[617be2ca0a6fd877]::sys::backtrace::BacktraceLock>::print::DisplayBacktrace as core[a373ad73a504971]::fmt::Display>::fmt
[INFO] [stdout]    1:     0x5ca27c9e0c8a - core[a373ad73a504971]::fmt::write
[INFO] [stdout]    2:     0x5ca27c9d064c - <alloc[2e1b2a31b91974c5]::vec::Vec<u8> as core[a373ad73a504971]::io::write::Write>::write_fmt
[INFO] [stdout]    3:     0x5ca27c9a7ff6 - std[617be2ca0a6fd877]::panicking::default_hook::{closure#0}
[INFO] [stdout]    4:     0x5ca27c9c44e9 - std[617be2ca0a6fd877]::panicking::default_hook
[INFO] [stdout]    5:     0x5ca27c94d250 - test[aada8e7e76ba119b]::test_main_inner::{closure#0}
[INFO] [stdout]    6:     0x5ca27c9c46a2 - std[617be2ca0a6fd877]::panicking::panic_with_hook
[INFO] [stdout]    7:     0x5ca27c9a80a2 - std[617be2ca0a6fd877]::panicking::panic_handler::{closure#0}
[INFO] [stdout]    8:     0x5ca27c9a0b79 - std[617be2ca0a6fd877]::sys::backtrace::__rust_end_short_backtrace::<std[617be2ca0a6fd877]::panicking::panic_handler::{closure#0}, !>
[INFO] [stdout]    9:     0x5ca27c9a8cad - __rustc[ea4f61d10b84890b]::rust_begin_unwind
[INFO] [stdout]   10:     0x5ca27c9e13bc - core[a373ad73a504971]::panicking::panic_fmt
[INFO] [stdout]   11:     0x5ca27c9e1192 - core[a373ad73a504971]::result::unwrap_failed
[INFO] [stdout]   12:     0x5ca27c8c5f9b - <krun_vmm[b219dcd6680ad13d]::linux::vstate::KvmContext>::new
[INFO] [stdout]   13:     0x5ca27c8c351d - krun_vmm[b219dcd6680ad13d]::builder::setup_vm
[INFO] [stdout]   14:     0x5ca27c8d914f - <krun_vmm[b219dcd6680ad13d]::builder::tests::test_create_vcpus_x86_64::{closure#0} as core[a373ad73a504971]::ops::function::FnOnce<()>>::call_once
[INFO] [stdout]   15:     0x5ca27c94069b - test[aada8e7e76ba119b]::__rust_begin_short_backtrace::<core[a373ad73a504971]::result::Result<(), alloc[2e1b2a31b91974c5]::string::String>, fn() -> core[a373ad73a504971]::result::Result<(), alloc[2e1b2a31b91974c5]::string::String>>
[INFO] [stdout]   16:     0x5ca27c94d875 - test[aada8e7e76ba119b]::run_test::{closure#0}
[INFO] [stdout]   17:     0x5ca27c947164 - std[617be2ca0a6fd877]::sys::backtrace::__rust_begin_short_backtrace::<test[aada8e7e76ba119b]::run_test::{closure#1}, ()>
[INFO] [stdout]   18:     0x5ca27c950902 - <std[617be2ca0a6fd877]::thread::lifecycle::spawn_unchecked<test[aada8e7e76ba119b]::run_test::{closure#1}, ()>::{closure#1} as core[a373ad73a504971]::ops::function::FnOnce<()>>::call_once::{shim:vtable#0}
[INFO] [stdout]   19:     0x5ca27c9cb8ef - <std[617be2ca0a6fd877]::sys::thread::unix::Thread>::new::thread_start
[INFO] [stdout]   20:     0x7d07cc1e0dfa - <unknown>
[INFO] [stdout]   21:     0x7d07cc2743d4 - clone
[INFO] [stdout]   22:                0x0 - <unknown>
[INFO] [stdout] 
[INFO] [stdout] ---- linux::vstate::tests::test_vcpu_kick stdout ----
[INFO] [stdout] 
[INFO] [stdout] thread 'linux::vstate::tests::test_vcpu_kick' (1319) panicked at src/linux/vstate.rs:454:30:
[INFO] [stdout] Error creating the Kvm object: Error(2)
[INFO] [stdout] stack backtrace:
[INFO] [stdout]    0:     0x5ca27c9cc3a1 - <<std[617be2ca0a6fd877]::sys::backtrace::BacktraceLock>::print::DisplayBacktrace as core[a373ad73a504971]::fmt::Display>::fmt
[INFO] [stdout]    1:     0x5ca27c9e0c8a - core[a373ad73a504971]::fmt::write
[INFO] [stdout]    2:     0x5ca27c9d064c - <alloc[2e1b2a31b91974c5]::vec::Vec<u8> as core[a373ad73a504971]::io::write::Write>::write_fmt
[INFO] [stdout]    3:     0x5ca27c9a7ff6 - std[617be2ca0a6fd877]::panicking::default_hook::{closure#0}
[INFO] [stdout]    4:     0x5ca27c9c44e9 - std[617be2ca0a6fd877]::panicking::default_hook
[INFO] [stdout]    5:     0x5ca27c94d250 - test[aada8e7e76ba119b]::test_main_inner::{closure#0}
[INFO] [stdout]    6:     0x5ca27c9c46a2 - std[617be2ca0a6fd877]::panicking::panic_with_hook
[INFO] [stdout]    7:     0x5ca27c9a80a2 - std[617be2ca0a6fd877]::panicking::panic_handler::{closure#0}
[INFO] [stdout]    8:     0x5ca27c9a0b79 - std[617be2ca0a6fd877]::sys::backtrace::__rust_end_short_backtrace::<std[617be2ca0a6fd877]::panicking::panic_handler::{closure#0}, !>
[INFO] [stdout]    9:     0x5ca27c9a8cad - __rustc[ea4f61d10b84890b]::rust_begin_unwind
[INFO] [stdout]   10:     0x5ca27c9e13bc - core[a373ad73a504971]::panicking::panic_fmt
[INFO] [stdout]   11:     0x5ca27c9e1192 - core[a373ad73a504971]::result::unwrap_failed
[INFO] [stdout]   12:     0x5ca27c8c5f9b - <krun_vmm[b219dcd6680ad13d]::linux::vstate::KvmContext>::new
[INFO] [stdout]   13:     0x5ca27c8c9aef - krun_vmm[b219dcd6680ad13d]::linux::vstate::tests::setup_vcpu
[INFO] [stdout]   14:     0x5ca27c8cb0a7 - <krun_vmm[b219dcd6680ad13d]::linux::vstate::tests::test_vcpu_kick::{closure#0} as core[a373ad73a504971]::ops::function::FnOnce<()>>::call_once
[INFO] [stdout]   15:     0x5ca27c94069b - test[aada8e7e76ba119b]::__rust_begin_short_backtrace::<core[a373ad73a504971]::result::Result<(), alloc[2e1b2a31b91974c5]::string::String>, fn() -> core[a373ad73a504971]::result::Result<(), alloc[2e1b2a31b91974c5]::string::String>>
[INFO] [stdout]   16:     0x5ca27c94d875 - test[aada8e7e76ba119b]::run_test::{closure#0}
[INFO] [stdout]   17:     0x5ca27c947164 - std[617be2ca0a6fd877]::sys::backtrace::__rust_begin_short_backtrace::<test[aada8e7e76ba119b]::run_test::{closure#1}, ()>
[INFO] [stdout]   18:     0x5ca27c950902 - <std[617be2ca0a6fd877]::thread::lifecycle::spawn_unchecked<test[aada8e7e76ba119b]::run_test::{closure#1}, ()>::{closure#1} as core[a373ad73a504971]::ops::function::FnOnce<()>>::call_once::{shim:vtable#0}
[INFO] [stdout]   19:     0x5ca27c9cb8ef - <std[617be2ca0a6fd877]::sys::thread::unix::Thread>::new::thread_start
[INFO] [stdout]   20:     0x7d07cc1e0dfa - <unknown>
[INFO] [stdout]   21:     0x7d07cc2743d4 - clone
[INFO] [stdout]   22:                0x0 - <unknown>
[INFO] [stdout] 
[INFO] [stdout] 
[INFO] [stdout] failures:
[INFO] [stdout]     builder::tests::test_create_vcpus_x86_64
[INFO] [stdout]     device_manager::kvm::mmio::tests::test_device_info
[INFO] [stdout]     device_manager::kvm::mmio::tests::test_register_too_many_devices
[INFO] [stdout]     device_manager::kvm::mmio::tests::test_register_virtio_device
[INFO] [stdout]     linux::vstate::tests::test_configure_vcpu
[INFO] [stdout]     linux::vstate::tests::test_invalid_tls
[INFO] [stdout]     linux::vstate::tests::test_set_mmio_bus
[INFO] [stdout]     linux::vstate::tests::test_vcpu_kick
[INFO] [stdout]     linux::vstate::tests::test_vcpu_tls
[INFO] [stdout]     linux::vstate::tests::test_vm_memory_init
[INFO] [stdout] 
[INFO] [stdout] test result: FAILED. 15 passed; 10 failed; 1 ignored; 0 measured; 0 filtered out; finished in 0.02s
[INFO] [stdout] 
[INFO] [stderr] error: test failed, to rerun pass `--lib`
[INFO] running `Command { std: "docker" "inspect" "1fdb5bdc65f154224b8eb76835ad4fc62dee8923ae26e6029a6bc90233e68e2b", kill_on_drop: false }`
[INFO] running `Command { std: "docker" "rm" "-f" "1fdb5bdc65f154224b8eb76835ad4fc62dee8923ae26e6029a6bc90233e68e2b", kill_on_drop: false }`
[INFO] [stdout] 1fdb5bdc65f154224b8eb76835ad4fc62dee8923ae26e6029a6bc90233e68e2b
