[INFO] fetching crate krun-cpuid 0.1.0-1.19.6...
[INFO] testing krun-cpuid-0.1.0-1.19.6 against 1.100.0-beta.1+cargoflags=--release for beta-release-1.100-2
[INFO] extracting crate krun-cpuid 0.1.0-1.19.6 into /workspace/builds/worker-6-tc2/source
[INFO] started tweaking crates.io crate krun-cpuid 0.1.0-1.19.6
[INFO] finished tweaking crates.io crate krun-cpuid 0.1.0-1.19.6
[INFO] tweaked toml for crates.io crate krun-cpuid 0.1.0-1.19.6 written to /workspace/builds/worker-6-tc2/source/Cargo.toml
[INFO] validating manifest of crates.io crate krun-cpuid 0.1.0-1.19.6 on toolchain 1.100.0-beta.1
[INFO] running `Command { std: CARGO_HOME="/workspace/cargo-home" RUSTUP_HOME="/workspace/rustup-home" "/workspace/cargo-home/bin/cargo" "+1.100.0-beta.1" "metadata" "--manifest-path" "Cargo.toml" "--no-deps", kill_on_drop: false }`
[INFO] crate crates.io crate krun-cpuid 0.1.0-1.19.6 already has a lockfile, it will not be regenerated
[INFO] running `Command { std: CARGO_HOME="/workspace/cargo-home" RUSTUP_HOME="/workspace/rustup-home" "/workspace/cargo-home/bin/cargo" "+1.100.0-beta.1" "fetch" "--manifest-path" "Cargo.toml", kill_on_drop: false }`
[INFO] running `Command { std: "docker" "create" "-v" "/var/lib/crater-agent-workspace/builds/worker-6-tc2/source:/opt/rustwide/workdir:ro,Z" "-v" "/var/lib/crater-agent-workspace/builds/worker-6-tc2/target:/opt/rustwide/target:rw,Z" "-v" "/var/lib/crater-agent-workspace/cargo-home:/opt/rustwide/cargo-home:ro,Z" "-v" "/var/lib/crater-agent-workspace/rustup-home:/opt/rustwide/rustup-home:ro,Z" "-m" "1610612736" "--network" "none" "ghcr.io/rust-lang/crates-build-env/linux@sha256:77db811e55d90add9212f6832c23229e3de5f1c1f9905e8cb07319ea15df73ac" "sleep" "infinity", kill_on_drop: false }`
[INFO] [stdout] ebf3aa8634aa30ca8bcfcd0a11cd32f9242822448fb98802743dedcf9a840210
[INFO] running `Command { std: "docker" "start" "ebf3aa8634aa30ca8bcfcd0a11cd32f9242822448fb98802743dedcf9a840210", kill_on_drop: false }`
[INFO] running `Command { std: "docker" "inspect" "ebf3aa8634aa30ca8bcfcd0a11cd32f9242822448fb98802743dedcf9a840210", kill_on_drop: false }`
[INFO] running `Command { std: "docker" "exec" "-e" "SOURCE_DIR=/opt/rustwide/workdir" "-e" "CARGO_HOME=/opt/rustwide/cargo-home" "-e" "RUSTUP_HOME=/opt/rustwide/rustup-home" "-e" "CARGO_TARGET_DIR=/opt/rustwide/target" "-w" "/opt/rustwide/workdir" "--user" "0:0" "ebf3aa8634aa30ca8bcfcd0a11cd32f9242822448fb98802743dedcf9a840210" "/opt/rustwide/cargo-home/bin/cargo" "+1.100.0-beta.1" "metadata" "--no-deps" "--format-version=1", kill_on_drop: false }`
[INFO] running `Command { std: "docker" "inspect" "ebf3aa8634aa30ca8bcfcd0a11cd32f9242822448fb98802743dedcf9a840210", kill_on_drop: false }`
[INFO] running `Command { std: "docker" "exec" "-e" "SOURCE_DIR=/opt/rustwide/workdir" "-e" "CARGO_HOME=/opt/rustwide/cargo-home" "-e" "RUSTUP_HOME=/opt/rustwide/rustup-home" "-e" "CARGO_TARGET_DIR=/opt/rustwide/target" "-e" "CARGO_INCREMENTAL=0" "-e" "RUST_BACKTRACE=full" "-e" "RUSTFLAGS=--cap-lints=warn" "-e" "RUSTDOCFLAGS=--cap-lints=warn" "-w" "/opt/rustwide/workdir" "--user" "0:0" "ebf3aa8634aa30ca8bcfcd0a11cd32f9242822448fb98802743dedcf9a840210" "/opt/rustwide/cargo-home/bin/cargo" "+1.100.0-beta.1" "build" "--frozen" "--message-format=json" "--release", kill_on_drop: false }`
[INFO] [stderr]    Compiling vmm-sys-util v0.14.0
[INFO] [stderr]    Compiling kvm-ioctls v0.22.1
[INFO] [stderr]    Compiling kvm-bindings v0.12.1
[INFO] [stderr]    Compiling krun-cpuid v0.1.0-1.19.6 (/opt/rustwide/workdir)
[INFO] [stderr] warning: unused dependency `kvm-ioctls`
[INFO] [stderr]   --> Cargo.toml:31:49
[INFO] [stderr]    |
[INFO] [stderr] 31 | [target.'cfg(target_os = "linux")'.dependencies.kvm-ioctls]
[INFO] [stderr]    |                                                 ^^^^^^^^^^^
[INFO] [stderr]    |
[INFO] [stderr]    = note: `cargo::unused_dependencies` is set to `warn` by default
[INFO] [stderr] help: consider removing the dependency on `kvm-ioctls`
[INFO] [stderr] warning: `krun-cpuid` (manifest) generated 1 warning
[INFO] [stderr]     Finished `release` profile [optimized] target(s) in 2.62s
[INFO] running `Command { std: "docker" "inspect" "ebf3aa8634aa30ca8bcfcd0a11cd32f9242822448fb98802743dedcf9a840210", kill_on_drop: false }`
[INFO] running `Command { std: "docker" "exec" "-e" "SOURCE_DIR=/opt/rustwide/workdir" "-e" "CARGO_HOME=/opt/rustwide/cargo-home" "-e" "RUSTUP_HOME=/opt/rustwide/rustup-home" "-e" "CARGO_TARGET_DIR=/opt/rustwide/target" "-e" "CARGO_INCREMENTAL=0" "-e" "RUST_BACKTRACE=full" "-e" "RUSTFLAGS=--cap-lints=warn" "-e" "RUSTDOCFLAGS=--cap-lints=warn" "-w" "/opt/rustwide/workdir" "--user" "0:0" "ebf3aa8634aa30ca8bcfcd0a11cd32f9242822448fb98802743dedcf9a840210" "/opt/rustwide/cargo-home/bin/cargo" "+1.100.0-beta.1" "test" "--frozen" "--no-run" "--message-format=json" "--release", kill_on_drop: false }`
[INFO] [stderr]    Compiling krun-cpuid v0.1.0-1.19.6 (/opt/rustwide/workdir)
[INFO] [stdout] warning: use of deprecated associated function `core::num::<impl u8>::max_value`: replaced by the `MAX` associated constant on this type
[INFO] [stdout]    --> src/transformer/common.rs:150:46
[INFO] [stdout]     |
[INFO] [stdout] 150 |         assert!(get_max_cpus_per_package(u8::max_value()).is_err());
[INFO] [stdout]     |                                              ^^^^^^^^^
[INFO] [stdout]     |
[INFO] [stdout]     = note: `#[warn(deprecated)]` on by default
[INFO] [stdout] 
[INFO] [stdout] 
[INFO] [stdout] warning: unnecessary `unsafe` block
[INFO] [stdout]    --> src/brand_string.rs:392:37
[INFO] [stdout]     |
[INFO] [stdout] 392 |                     let host_regs = unsafe { host_cpuid(leaf) };
[INFO] [stdout]     |                                     ^^^^^^ unnecessary `unsafe` block
[INFO] [stdout]     |
[INFO] [stdout]     = note: `#[warn(unused_unsafe)]` (part of `#[warn(unused)]`) on by default
[INFO] [stdout] 
[INFO] [stdout] 
[INFO] [stdout] warning: unnecessary `unsafe` block
[INFO] [stdout]    --> src/brand_string.rs:402:33
[INFO] [stdout]     |
[INFO] [stdout] 402 |                 let host_regs = unsafe { host_cpuid(0x8000_0000) };
[INFO] [stdout]     |                                 ^^^^^^ unnecessary `unsafe` block
[INFO] [stdout] 
[INFO] [stdout] 
[INFO] [stderr] warning: unused dependency `kvm-ioctls`
[INFO] [stderr]   --> Cargo.toml:31:49
[INFO] [stderr]    |
[INFO] [stderr] 31 | [target.'cfg(target_os = "linux")'.dependencies.kvm-ioctls]
[INFO] [stderr]    |                                                 ^^^^^^^^^^^
[INFO] [stderr]    |
[INFO] [stderr]    = note: `cargo::unused_dependencies` is set to `warn` by default
[INFO] [stderr] help: consider removing the dependency on `kvm-ioctls`
[INFO] [stderr] warning: `krun-cpuid` (manifest) generated 1 warning
[INFO] [stderr]     Finished `release` profile [optimized] target(s) in 0.82s
[INFO] running `Command { std: "docker" "inspect" "ebf3aa8634aa30ca8bcfcd0a11cd32f9242822448fb98802743dedcf9a840210", kill_on_drop: false }`
[INFO] running `Command { std: "docker" "exec" "-e" "SOURCE_DIR=/opt/rustwide/workdir" "-e" "CARGO_HOME=/opt/rustwide/cargo-home" "-e" "RUSTUP_HOME=/opt/rustwide/rustup-home" "-e" "CARGO_TARGET_DIR=/opt/rustwide/target" "-e" "CARGO_INCREMENTAL=0" "-e" "RUST_BACKTRACE=full" "-e" "RUSTFLAGS=--cap-lints=warn" "-e" "RUSTDOCFLAGS=--cap-lints=warn" "-w" "/opt/rustwide/workdir" "--user" "0:0" "ebf3aa8634aa30ca8bcfcd0a11cd32f9242822448fb98802743dedcf9a840210" "/opt/rustwide/cargo-home/bin/cargo" "+1.100.0-beta.1" "test" "--frozen" "--release", kill_on_drop: false }`
[INFO] [stderr] warning: use of deprecated associated function `core::num::<impl u8>::max_value`: replaced by the `MAX` associated constant on this type
[INFO] [stderr]    --> src/transformer/common.rs:150:46
[INFO] [stderr]     |
[INFO] [stderr] 150 |         assert!(get_max_cpus_per_package(u8::max_value()).is_err());
[INFO] [stderr]     |                                              ^^^^^^^^^
[INFO] [stderr]     |
[INFO] [stderr]     = note: `#[warn(deprecated)]` on by default
[INFO] [stderr] 
[INFO] [stderr] warning: unnecessary `unsafe` block
[INFO] [stderr]    --> src/brand_string.rs:392:37
[INFO] [stderr]     |
[INFO] [stderr] 392 |                     let host_regs = unsafe { host_cpuid(leaf) };
[INFO] [stderr]     |                                     ^^^^^^ unnecessary `unsafe` block
[INFO] [stderr]     |
[INFO] [stderr]     = note: `#[warn(unused_unsafe)]` (part of `#[warn(unused)]`) on by default
[INFO] [stderr] 
[INFO] [stderr] warning: unnecessary `unsafe` block
[INFO] [stderr]    --> src/brand_string.rs:402:33
[INFO] [stderr]     |
[INFO] [stderr] 402 |                 let host_regs = unsafe { host_cpuid(0x8000_0000) };
[INFO] [stderr]     |                                 ^^^^^^ unnecessary `unsafe` block
[INFO] [stderr] 
[INFO] [stderr] warning: `krun-cpuid` (lib test) generated 3 warnings
[INFO] [stderr] warning: unused dependency `kvm-ioctls`
[INFO] [stderr]   --> Cargo.toml:31:49
[INFO] [stderr]    |
[INFO] [stderr] 31 | [target.'cfg(target_os = "linux")'.dependencies.kvm-ioctls]
[INFO] [stderr]    |                                                 ^^^^^^^^^^^
[INFO] [stderr]    |
[INFO] [stderr]    = note: `cargo::unused_dependencies` is set to `warn` by default
[INFO] [stderr] help: consider removing the dependency on `kvm-ioctls`
[INFO] [stderr] warning: `krun-cpuid` (manifest) generated 1 warning
[INFO] [stderr]     Finished `release` profile [optimized] target(s) in 0.03s
[INFO] [stderr]      Running unittests src/lib.rs (/opt/rustwide/target/release/build/krun-cpuid/b8edc60a6f4b4bdb/out/krun_cpuid-b8edc60a6f4b4bdb)
[INFO] [stdout] 
[INFO] [stdout] running 41 tests
[INFO] [stdout] test bit_helper::tests::test_chained_write_bit ... ok
[INFO] [stdout] test bit_helper::tests::test_chained_write_bits ... ok
[INFO] [stdout] test bit_helper::tests::test_get_u32_mask_for_range ... ok
[INFO] [stdout] test bit_helper::tests::test_simple_read_bit ... ok
[INFO] [stdout] test bit_helper::tests::test_invalid_write_bit - should panic ... ok
[INFO] [stdout] test bit_helper::tests::test_read_bits ... ok
[INFO] [stdout] test bit_helper::tests::test_simple_write_bits ... ok
[INFO] [stdout] test brand_string::tests::test_find_freq_fails ... ok
[INFO] [stdout] test bit_helper::tests::test_overflow_write_bits - should panic ... ok
[INFO] [stdout] test bit_helper::tests::test_invalid_read_bit - should panic ... ok
[INFO] [stdout] test transformer::amd::tests::test_2vcpu_ht_on ... ok
[INFO] [stdout] test transformer::amd::tests::test_update_extended_cache_topology_entry ... ok
[INFO] [stdout] test bit_helper::tests::test_simple_write_bit ... ok
[INFO] [stdout] test common::tests::test_get_cpu_id ... ok
[INFO] [stdout] test bit_helper::tests::test_invalid_read_bits - should panic ... ok
[INFO] [stdout] test transformer::amd::tests::test_update_extended_feature_info_entry ... ok
[INFO] [stdout] test transformer::amd::tests::test_2vcpu_ht_off ... ok
[INFO] [stdout] test transformer::amd::tests::test_update_structured_extended_entry ... ok
[INFO] [stdout] test transformer::common::tests::test_1vcpu_ht_off ... ok
[INFO] [stdout] test transformer::common::tests::test_2vcpu_ht_on ... ok
[INFO] [stdout] test transformer::common::tests::test_1vcpu_ht_on ... ok
[INFO] [stdout] test bit_helper::tests::test_invalid_write_bits - should panic ... ok
[INFO] [stdout] test transformer::common::tests::test_use_host_cpuid_function_err ... ok
[INFO] [stdout] test transformer::common::tests::test_use_host_cpuid_function_without_count ... ok
[INFO] [stdout] test brand_string::tests::test_brand_string ... ok
[INFO] [stdout] test transformer::intel::tests::test_1vcpu_ht_on ... ok
[INFO] [stdout] test transformer::intel::tests::test_1vcpu_ht_off ... ok
[INFO] [stdout] test common::tests::test_get_vendor_id ... ok
[INFO] [stdout] test transformer::intel::tests::test_2vcpu_ht_off ... ok
[INFO] [stdout] test transformer::amd::tests::test_1vcpu_ht_on ... ok
[INFO] [stdout] test bit_helper::tests::test_invalid_msb_index - should panic ... ok
[INFO] [stdout] test transformer::intel::tests::test_2vcpu_ht_on ... ok
[INFO] [stdout] test transformer::amd::tests::test_update_largest_extended_fn_entry ... ok
[INFO] [stdout] test transformer::intel::tests::test_update_feature_info_entry ... ok
[INFO] [stdout] test bit_helper::tests::test_invalid_range - should panic ... ok
[INFO] [stdout] test transformer::common::tests::test_get_max_cpus_per_package ... ok
[INFO] [stderr]    Doc-tests krun_cpuid
[INFO] [stdout] test transformer::amd::tests::test_1vcpu_ht_off ... ok
[INFO] [stdout] test transformer::common::tests::test_use_host_cpuid_function_with_count ... ok
[INFO] [stdout] test transformer::common::tests::test_2vcpu_ht_off ... ok
[INFO] [stdout] test transformer::intel::tests::test_update_perf_mon_entry ... ok
[INFO] [stdout] test transformer::tests::test_process_cpuid ... ok
[INFO] [stdout] 
[INFO] [stdout] test result: ok. 41 passed; 0 failed; 0 ignored; 0 measured; 0 filtered out; finished in 0.01s
[INFO] [stdout] 
[INFO] [stdout] 
[INFO] [stdout] running 5 tests
[INFO] [stdout] test src/bit_helper.rs - bit_helper::BitHelper::read_bits_in_range (line 104) ... ok
[INFO] [stdout] test src/bit_helper.rs - bit_helper::BitRange (line 10) ... ok
[INFO] [stdout] test src/lib.rs - filter_cpuid (line 41) ... FAILED
[INFO] [stdout] test src/bit_helper.rs - bit_helper::BitRangeExt::get_mask (line 44) ... ok
[INFO] [stdout] test src/bit_helper.rs - bit_helper::BitHelper::write_bits_in_range (line 126) ... ok
[INFO] [stdout] 
[INFO] [stdout] failures:
[INFO] [stdout] 
[INFO] [stdout] ---- src/lib.rs - filter_cpuid (line 41) stdout ----
[INFO] [stdout] Test executable failed (exit status: 101).
[INFO] [stdout] 
[INFO] [stdout] stderr:
[INFO] [stdout] 
[INFO] [stdout] thread 'main' (353) panicked at src/lib.rs:9:22:
[INFO] [stdout] called `Result::unwrap()` on an `Err` value: Error(2)
[INFO] [stdout] stack backtrace:
[INFO] [stdout]    0:     0x5d6f5c51c0c1 - std[617be2ca0a6fd877]::backtrace_rs::backtrace::libunwind::trace
[INFO] [stdout]                                at /rustc/e3feeb59cd1bdd011a2bfcc0747b55125d9b8527/library/std/src/../../backtrace/src/backtrace/libunwind.rs:117:9
[INFO] [stdout]    1:     0x5d6f5c51c0c1 - std[617be2ca0a6fd877]::backtrace_rs::backtrace::trace_unsynchronized::<std[617be2ca0a6fd877]::sys::backtrace::_print_fmt::{closure#1}>
[INFO] [stdout]                                at /rustc/e3feeb59cd1bdd011a2bfcc0747b55125d9b8527/library/std/src/../../backtrace/src/backtrace/mod.rs:66:14
[INFO] [stdout]    2:     0x5d6f5c51c0c1 - std[617be2ca0a6fd877]::sys::backtrace::_print_fmt
[INFO] [stdout]                                at /rustc/e3feeb59cd1bdd011a2bfcc0747b55125d9b8527/library/std/src/sys/backtrace.rs:74:9
[INFO] [stdout]    3:     0x5d6f5c51c0c1 - <<std[617be2ca0a6fd877]::sys::backtrace::BacktraceLock>::print::DisplayBacktrace as core[a373ad73a504971]::fmt::Display>::fmt
[INFO] [stdout]                                at /rustc/e3feeb59cd1bdd011a2bfcc0747b55125d9b8527/library/std/src/sys/backtrace.rs:44:26
[INFO] [stdout]    4:     0x5d6f5c52c61a - <core[a373ad73a504971]::fmt::rt::Argument>::fmt
[INFO] [stdout]                                at /rustc/e3feeb59cd1bdd011a2bfcc0747b55125d9b8527/library/core/src/fmt/rt.rs:152:76
[INFO] [stdout]    5:     0x5d6f5c52c61a - core[a373ad73a504971]::fmt::write
[INFO] [stdout]    6:     0x5d6f5c51f12c - core[a373ad73a504971]::io::write::default_write_fmt::<std[617be2ca0a6fd877]::sys::stdio::unix::Stderr>
[INFO] [stdout]                                at /rustc/e3feeb59cd1bdd011a2bfcc0747b55125d9b8527/library/core/src/io/write.rs:402:11
[INFO] [stdout]    7:     0x5d6f5c51f12c - <std[617be2ca0a6fd877]::sys::stdio::unix::Stderr as core[a373ad73a504971]::io::write::Write>::write_fmt
[INFO] [stdout]                                at /rustc/e3feeb59cd1bdd011a2bfcc0747b55125d9b8527/library/core/src/io/write.rs:335:13
[INFO] [stdout]    8:     0x5d6f5c506466 - <std[617be2ca0a6fd877]::sys::backtrace::BacktraceLock>::print
[INFO] [stdout]                                at /rustc/e3feeb59cd1bdd011a2bfcc0747b55125d9b8527/library/std/src/sys/backtrace.rs:47:9
[INFO] [stdout]    9:     0x5d6f5c506466 - std[617be2ca0a6fd877]::panicking::default_hook::{closure#0}
[INFO] [stdout]                                at /rustc/e3feeb59cd1bdd011a2bfcc0747b55125d9b8527/library/std/src/panicking.rs:289:27
[INFO] [stdout]   10:     0x5d6f5c518ae1 - std[617be2ca0a6fd877]::panicking::default_hook
[INFO] [stdout]                                at /rustc/e3feeb59cd1bdd011a2bfcc0747b55125d9b8527/library/std/src/panicking.rs:316:9
[INFO] [stdout]   11:     0x5d6f5c518c9b - std[617be2ca0a6fd877]::panicking::panic_with_hook
[INFO] [stdout]                                at /rustc/e3feeb59cd1bdd011a2bfcc0747b55125d9b8527/library/std/src/panicking.rs:811:13
[INFO] [stdout]   12:     0x5d6f5c506512 - std[617be2ca0a6fd877]::panicking::panic_handler::{closure#0}
[INFO] [stdout]                                at /rustc/e3feeb59cd1bdd011a2bfcc0747b55125d9b8527/library/std/src/panicking.rs:685:13
[INFO] [stdout]   13:     0x5d6f5c4ff719 - std[617be2ca0a6fd877]::sys::backtrace::__rust_end_short_backtrace::<std[617be2ca0a6fd877]::panicking::panic_handler::{closure#0}, !>
[INFO] [stdout]                                at /rustc/e3feeb59cd1bdd011a2bfcc0747b55125d9b8527/library/std/src/sys/backtrace.rs:182:18
[INFO] [stdout]   14:     0x5d6f5c506c5d - __rustc[ea4f61d10b84890b]::rust_begin_unwind
[INFO] [stdout]                                at /rustc/e3feeb59cd1bdd011a2bfcc0747b55125d9b8527/library/std/src/panicking.rs:676:5
[INFO] [stdout]   15:     0x5d6f5c52cd0c - core[a373ad73a504971]::panicking::panic_fmt
[INFO] [stdout]                                at /rustc/e3feeb59cd1bdd011a2bfcc0747b55125d9b8527/library/core/src/panicking.rs:80:14
[INFO] [stdout]   16:     0x5d6f5c52cae2 - core[a373ad73a504971]::result::unwrap_failed
[INFO] [stdout]                                at /rustc/e3feeb59cd1bdd011a2bfcc0747b55125d9b8527/library/core/src/result.rs:1870:5
[INFO] [stdout]   17:     0x5d6f5c4f2b90 - rust_out[72a830746f8703f]::main::_doctest_main_src_lib_rs_41_0
[INFO] [stdout]   18:     0x5d6f5c4f2336 - rust_out[72a830746f8703f]::main
[INFO] [stdout]   19:     0x5d6f5c4f35f3 - <fn() as core[a373ad73a504971]::ops::function::FnOnce<()>>::call_once
[INFO] [stdout]   20:     0x5d6f5c4f1fc6 - std[617be2ca0a6fd877]::sys::backtrace::__rust_begin_short_backtrace::<fn(), ()>
[INFO] [stdout]   21:     0x5d6f5c4f22e9 - std[617be2ca0a6fd877]::rt::lang_start::<()>::{closure#0}
[INFO] [stdout]   22:     0x5d6f5c518288 - <&dyn core[a373ad73a504971]::ops::function::Fn<(), Output = i32> + core[a373ad73a504971]::marker::Sync + core[a373ad73a504971]::panic::unwind_safe::RefUnwindSafe as core[a373ad73a504971]::ops::function::FnOnce<()>>::call_once
[INFO] [stdout]                                at /rustc/e3feeb59cd1bdd011a2bfcc0747b55125d9b8527/library/core/src/ops/function.rs:287:21
[INFO] [stdout]   23:     0x5d6f5c518288 - std[617be2ca0a6fd877]::panicking::catch_unwind::do_call::<&dyn core[a373ad73a504971]::ops::function::Fn<(), Output = i32> + core[a373ad73a504971]::marker::Sync + core[a373ad73a504971]::panic::unwind_safe::RefUnwindSafe, i32>
[INFO] [stdout]                                at /rustc/e3feeb59cd1bdd011a2bfcc0747b55125d9b8527/library/std/src/panicking.rs:573:43
[INFO] [stdout]   24:     0x5d6f5c518288 - std[617be2ca0a6fd877]::panicking::catch_unwind::<i32, &dyn core[a373ad73a504971]::ops::function::Fn<(), Output = i32> + core[a373ad73a504971]::marker::Sync + core[a373ad73a504971]::panic::unwind_safe::RefUnwindSafe>
[INFO] [stdout]                                at /rustc/e3feeb59cd1bdd011a2bfcc0747b55125d9b8527/library/std/src/panicking.rs:541:19
[INFO] [stdout]   25:     0x5d6f5c518288 - std[617be2ca0a6fd877]::panic::catch_unwind::<&dyn core[a373ad73a504971]::ops::function::Fn<(), Output = i32> + core[a373ad73a504971]::marker::Sync + core[a373ad73a504971]::panic::unwind_safe::RefUnwindSafe, i32>
[INFO] [stdout]                                at /rustc/e3feeb59cd1bdd011a2bfcc0747b55125d9b8527/library/std/src/panic.rs:359:14
[INFO] [stdout]   26:     0x5d6f5c518288 - std[617be2ca0a6fd877]::rt::lang_start_internal::{closure#0}
[INFO] [stdout]                                at /rustc/e3feeb59cd1bdd011a2bfcc0747b55125d9b8527/library/std/src/rt.rs:175:24
[INFO] [stdout]   27:     0x5d6f5c518288 - std[617be2ca0a6fd877]::panicking::catch_unwind::do_call::<std[617be2ca0a6fd877]::rt::lang_start_internal::{closure#0}, isize>
[INFO] [stdout]                                at /rustc/e3feeb59cd1bdd011a2bfcc0747b55125d9b8527/library/std/src/panicking.rs:573:43
[INFO] [stdout]   28:     0x5d6f5c518288 - std[617be2ca0a6fd877]::panicking::catch_unwind::<isize, std[617be2ca0a6fd877]::rt::lang_start_internal::{closure#0}>
[INFO] [stdout]                                at /rustc/e3feeb59cd1bdd011a2bfcc0747b55125d9b8527/library/std/src/panicking.rs:541:19
[INFO] [stdout]   29:     0x5d6f5c518288 - std[617be2ca0a6fd877]::panic::catch_unwind::<std[617be2ca0a6fd877]::rt::lang_start_internal::{closure#0}, isize>
[INFO] [stdout]                                at /rustc/e3feeb59cd1bdd011a2bfcc0747b55125d9b8527/library/std/src/panic.rs:359:14
[INFO] [stdout]   30:     0x5d6f5c518288 - std[617be2ca0a6fd877]::rt::lang_start_internal
[INFO] [stdout]                                at /rustc/e3feeb59cd1bdd011a2bfcc0747b55125d9b8527/library/std/src/rt.rs:171:5
[INFO] [stdout]   31:     0x5d6f5c4f1dc1 - std[617be2ca0a6fd877]::rt::lang_start::<()>
[INFO] [stdout]   32:     0x5d6f5c4f3875 - main
[INFO] [stdout]   33:     0x75599c75f601 - <unknown>
[INFO] [stdout]   34:     0x75599c75f718 - __libc_start_main
[INFO] [stdout]   35:     0x5d6f5c4f1cd5 - _start
[INFO] [stdout]   36:                0x0 - <unknown>
[INFO] [stdout] 
[INFO] [stdout] 
[INFO] [stdout] 
[INFO] [stdout] failures:
[INFO] [stdout]     src/lib.rs - filter_cpuid (line 41)
[INFO] [stdout] 
[INFO] [stdout] test result: FAILED. 4 passed; 1 failed; 0 ignored; 0 measured; 0 filtered out; finished in 0.34s
[INFO] [stdout] 
[INFO] [stderr] error: doctest failed, to rerun pass `--doc`
[INFO] running `Command { std: "docker" "inspect" "ebf3aa8634aa30ca8bcfcd0a11cd32f9242822448fb98802743dedcf9a840210", kill_on_drop: false }`
[INFO] running `Command { std: "docker" "rm" "-f" "ebf3aa8634aa30ca8bcfcd0a11cd32f9242822448fb98802743dedcf9a840210", kill_on_drop: false }`
[INFO] [stdout] ebf3aa8634aa30ca8bcfcd0a11cd32f9242822448fb98802743dedcf9a840210
