[INFO] fetching crate kronicler 0.1.3...
[INFO] testing kronicler-0.1.3 against 1.100.0-beta.1+cargoflags=--release for beta-release-1.100-2
[INFO] extracting crate kronicler 0.1.3 into /workspace/builds/worker-0-tc2/source
[INFO] removed /workspace/builds/worker-0-tc2/source/.cargo/config.toml
[INFO] started tweaking crates.io crate kronicler 0.1.3
[INFO] finished tweaking crates.io crate kronicler 0.1.3
[INFO] tweaked toml for crates.io crate kronicler 0.1.3 written to /workspace/builds/worker-0-tc2/source/Cargo.toml
[INFO] validating manifest of crates.io crate kronicler 0.1.3 on toolchain 1.100.0-beta.1
[INFO] running `Command { std: CARGO_HOME="/workspace/cargo-home" RUSTUP_HOME="/workspace/rustup-home" "/workspace/cargo-home/bin/cargo" "+1.100.0-beta.1" "metadata" "--manifest-path" "Cargo.toml" "--no-deps", kill_on_drop: false }`
[INFO] crate crates.io crate kronicler 0.1.3 already has a lockfile, it will not be regenerated
[INFO] running `Command { std: CARGO_HOME="/workspace/cargo-home" RUSTUP_HOME="/workspace/rustup-home" "/workspace/cargo-home/bin/cargo" "+1.100.0-beta.1" "fetch" "--manifest-path" "Cargo.toml", kill_on_drop: false }`
[INFO] [stderr] warning: `package.homepage` is redundant with `package.repository`
[INFO] [stderr]   --> Cargo.toml:50:12
[INFO] [stderr]    |
[INFO] [stderr] 50 | homepage = "https://github.com/JakeRoggenbuck/kronicler"
[INFO] [stderr]    |            ^^^^^^^^^^^^^^^^^^^^^^^^^^^^^^^^^^^^^^^^^^^^^
[INFO] [stderr] ...
[INFO] [stderr] 55 | repository = "https://github.com/JakeRoggenbuck/kronicler"
[INFO] [stderr]    |              ---------------------------------------------
[INFO] [stderr]    |
[INFO] [stderr]    = note: `cargo::redundant_homepage` is set to `warn` by default
[INFO] [stderr] help: consider removing `package.homepage`
[INFO] [stderr] warning: `kronicler` (manifest) generated 1 warning
[INFO] running `Command { std: "docker" "create" "-v" "/var/lib/crater-agent-workspace/builds/worker-0-tc2/source:/opt/rustwide/workdir:ro,Z" "-v" "/var/lib/crater-agent-workspace/builds/worker-0-tc2/target:/opt/rustwide/target:rw,Z" "-v" "/var/lib/crater-agent-workspace/cargo-home:/opt/rustwide/cargo-home:ro,Z" "-v" "/var/lib/crater-agent-workspace/rustup-home:/opt/rustwide/rustup-home:ro,Z" "-m" "1610612736" "--network" "none" "ghcr.io/rust-lang/crates-build-env/linux@sha256:77db811e55d90add9212f6832c23229e3de5f1c1f9905e8cb07319ea15df73ac" "sleep" "infinity", kill_on_drop: false }`
[INFO] [stdout] a71c08a8e322c390fa4086397da35ecce6a5261d5b1dbbe605a6fa79a0772b25
[INFO] running `Command { std: "docker" "start" "a71c08a8e322c390fa4086397da35ecce6a5261d5b1dbbe605a6fa79a0772b25", kill_on_drop: false }`
[INFO] running `Command { std: "docker" "inspect" "a71c08a8e322c390fa4086397da35ecce6a5261d5b1dbbe605a6fa79a0772b25", kill_on_drop: false }`
[INFO] running `Command { std: "docker" "exec" "-e" "SOURCE_DIR=/opt/rustwide/workdir" "-e" "CARGO_HOME=/opt/rustwide/cargo-home" "-e" "RUSTUP_HOME=/opt/rustwide/rustup-home" "-e" "CARGO_TARGET_DIR=/opt/rustwide/target" "-w" "/opt/rustwide/workdir" "--user" "0:0" "a71c08a8e322c390fa4086397da35ecce6a5261d5b1dbbe605a6fa79a0772b25" "/opt/rustwide/cargo-home/bin/cargo" "+1.100.0-beta.1" "metadata" "--no-deps" "--format-version=1", kill_on_drop: false }`
[INFO] running `Command { std: "docker" "inspect" "a71c08a8e322c390fa4086397da35ecce6a5261d5b1dbbe605a6fa79a0772b25", kill_on_drop: false }`
[INFO] running `Command { std: "docker" "exec" "-e" "SOURCE_DIR=/opt/rustwide/workdir" "-e" "CARGO_HOME=/opt/rustwide/cargo-home" "-e" "RUSTUP_HOME=/opt/rustwide/rustup-home" "-e" "CARGO_TARGET_DIR=/opt/rustwide/target" "-e" "CARGO_INCREMENTAL=0" "-e" "RUST_BACKTRACE=full" "-e" "RUSTFLAGS=--cap-lints=warn" "-e" "RUSTDOCFLAGS=--cap-lints=warn" "-w" "/opt/rustwide/workdir" "--user" "0:0" "a71c08a8e322c390fa4086397da35ecce6a5261d5b1dbbe605a6fa79a0772b25" "/opt/rustwide/cargo-home/bin/cargo" "+1.100.0-beta.1" "build" "--frozen" "--message-format=json" "--release", kill_on_drop: false }`
[INFO] [stderr] warning: `package.homepage` is redundant with `package.repository`
[INFO] [stderr]   --> Cargo.toml:50:12
[INFO] [stderr]    |
[INFO] [stderr] 50 | homepage = "https://github.com/JakeRoggenbuck/kronicler"
[INFO] [stderr]    |            ^^^^^^^^^^^^^^^^^^^^^^^^^^^^^^^^^^^^^^^^^^^^^
[INFO] [stderr] ...
[INFO] [stderr] 55 | repository = "https://github.com/JakeRoggenbuck/kronicler"
[INFO] [stderr]    |              ---------------------------------------------
[INFO] [stderr]    |
[INFO] [stderr]    = note: `cargo::redundant_homepage` is set to `warn` by default
[INFO] [stderr] help: consider removing `package.homepage`
[INFO] [stderr] warning: `kronicler` (manifest) generated 1 warning
[INFO] [stderr]    Compiling proc-macro2 v1.0.101
[INFO] [stderr]    Compiling unicode-ident v1.0.18
[INFO] [stderr]    Compiling target-lexicon v0.13.2
[INFO] [stderr]    Compiling once_cell v1.21.3
[INFO] [stderr]    Compiling libc v0.2.175
[INFO] [stderr]    Compiling memchr v2.7.5
[INFO] [stderr]    Compiling syn v1.0.109
[INFO] [stderr]    Compiling proc-macro-error-attr v1.0.4
[INFO] [stderr]    Compiling serde v1.0.219
[INFO] [stderr]    Compiling proc-macro-error v1.0.4
[INFO] [stderr]    Compiling regex-syntax v0.8.6
[INFO] [stderr]    Compiling memoffset v0.9.1
[INFO] [stderr]    Compiling unicode-segmentation v1.12.0
[INFO] [stderr]    Compiling unicode-width v0.1.14
[INFO] [stderr]    Compiling anstyle-parse v0.2.7
[INFO] [stderr]    Compiling textwrap v0.11.0
[INFO] [stderr]    Compiling quote v1.0.40
[INFO] [stderr]    Compiling aho-corasick v1.1.3
[INFO] [stderr]    Compiling syn v2.0.106
[INFO] [stderr]    Compiling pyo3-build-config v0.25.1
[INFO] [stderr]    Compiling atty v0.2.14
[INFO] [stderr]    Compiling heck v0.3.3
[INFO] [stderr]    Compiling anstyle v1.0.11
[INFO] [stderr]    Compiling ansi_term v0.12.1
[INFO] [stderr]    Compiling colorchoice v1.0.4
[INFO] [stderr]    Compiling log v0.4.27
[INFO] [stderr]    Compiling strsim v0.8.0
[INFO] [stderr]    Compiling anstyle-query v1.1.4
[INFO] [stderr]    Compiling serde_json v1.0.143
[INFO] [stderr]    Compiling is_terminal_polyfill v1.70.1
[INFO] [stderr]    Compiling vec_map v0.8.2
[INFO] [stderr]    Compiling anstream v0.6.20
[INFO] [stderr]    Compiling clap v2.34.0
[INFO] [stderr]    Compiling unindent v0.2.4
[INFO] [stderr]    Compiling pyo3-ffi v0.25.1
[INFO] [stderr]    Compiling pyo3-macros-backend v0.25.1
[INFO] [stderr]    Compiling regex-automata v0.4.10
[INFO] [stderr]    Compiling pyo3 v0.25.1
[INFO] [stderr]    Compiling indoc v2.0.6
[INFO] [stderr]    Compiling jiff v0.2.15
[INFO] [stderr]    Compiling itoa v1.0.15
[INFO] [stderr]    Compiling ryu v1.0.20
[INFO] [stderr]    Compiling regex v1.11.2
[INFO] [stderr]    Compiling structopt-derive v0.4.18
[INFO] [stderr]    Compiling serde_derive v1.0.219
[INFO] [stderr]    Compiling env_filter v0.1.3
[INFO] [stderr]    Compiling structopt v0.3.26
[INFO] [stderr]    Compiling env_logger v0.11.8
[INFO] [stderr]    Compiling pyo3-macros v0.25.1
[INFO] [stderr]    Compiling serde-big-array v0.5.1
[INFO] [stderr]    Compiling bincode v1.3.3
[INFO] [stderr]    Compiling kronicler v0.1.3 (/opt/rustwide/workdir)
[INFO] [stdout] warning: unnecessary transmute
[INFO] [stdout]    --> src/page.rs:182:40
[INFO] [stdout]     |
[INFO] [stdout] 182 |                 let a: u128 = unsafe { std::mem::transmute(b) };
[INFO] [stdout]     |                                        ^^^^^^^^^^^^^^^^^^^^^^
[INFO] [stdout]     |
[INFO] [stdout]     = help: there's also `from_le_bytes` and `from_be_bytes` if you expect a particular byte order
[INFO] [stdout]     = note: `#[warn(unnecessary_transmutes)]` on by default
[INFO] [stdout] help: replace this with
[INFO] [stdout]     |
[INFO] [stdout] 182 -                 let a: u128 = unsafe { std::mem::transmute(b) };
[INFO] [stdout] 182 +                 let a: u128 = unsafe { u128::from_ne_bytes(b) };
[INFO] [stdout]     |
[INFO] [stdout] 
[INFO] [stdout] 
[INFO] [stderr]     Finished `release` profile [optimized] target(s) in 1m 45s
[INFO] running `Command { std: "docker" "inspect" "a71c08a8e322c390fa4086397da35ecce6a5261d5b1dbbe605a6fa79a0772b25", kill_on_drop: false }`
[INFO] running `Command { std: "docker" "exec" "-e" "SOURCE_DIR=/opt/rustwide/workdir" "-e" "CARGO_HOME=/opt/rustwide/cargo-home" "-e" "RUSTUP_HOME=/opt/rustwide/rustup-home" "-e" "CARGO_TARGET_DIR=/opt/rustwide/target" "-e" "CARGO_INCREMENTAL=0" "-e" "RUST_BACKTRACE=full" "-e" "RUSTFLAGS=--cap-lints=warn" "-e" "RUSTDOCFLAGS=--cap-lints=warn" "-w" "/opt/rustwide/workdir" "--user" "0:0" "a71c08a8e322c390fa4086397da35ecce6a5261d5b1dbbe605a6fa79a0772b25" "/opt/rustwide/cargo-home/bin/cargo" "+1.100.0-beta.1" "test" "--frozen" "--no-run" "--message-format=json" "--release", kill_on_drop: false }`
[INFO] [stderr] warning: `package.homepage` is redundant with `package.repository`
[INFO] [stderr]   --> Cargo.toml:50:12
[INFO] [stderr]    |
[INFO] [stderr] 50 | homepage = "https://github.com/JakeRoggenbuck/kronicler"
[INFO] [stderr]    |            ^^^^^^^^^^^^^^^^^^^^^^^^^^^^^^^^^^^^^^^^^^^^^
[INFO] [stderr] ...
[INFO] [stderr] 55 | repository = "https://github.com/JakeRoggenbuck/kronicler"
[INFO] [stderr]    |              ---------------------------------------------
[INFO] [stderr]    |
[INFO] [stderr]    = note: `cargo::redundant_homepage` is set to `warn` by default
[INFO] [stderr] help: consider removing `package.homepage`
[INFO] [stderr] warning: `kronicler` (manifest) generated 1 warning
[INFO] [stderr]    Compiling kronicler v0.1.3 (/opt/rustwide/workdir)
[INFO] [stdout] warning: unnecessary transmute
[INFO] [stdout]    --> src/page.rs:182:40
[INFO] [stdout]     |
[INFO] [stdout] 182 |                 let a: u128 = unsafe { std::mem::transmute(b) };
[INFO] [stdout]     |                                        ^^^^^^^^^^^^^^^^^^^^^^
[INFO] [stdout]     |
[INFO] [stdout]     = help: there's also `from_le_bytes` and `from_be_bytes` if you expect a particular byte order
[INFO] [stdout]     = note: `#[warn(unnecessary_transmutes)]` on by default
[INFO] [stdout] help: replace this with
[INFO] [stdout]     |
[INFO] [stdout] 182 -                 let a: u128 = unsafe { std::mem::transmute(b) };
[INFO] [stdout] 182 +                 let a: u128 = unsafe { u128::from_ne_bytes(b) };
[INFO] [stdout]     |
[INFO] [stdout] 
[INFO] [stdout] 
[INFO] [stdout] warning: unnecessary transmute
[INFO] [stdout]    --> src/page.rs:182:40
[INFO] [stdout]     |
[INFO] [stdout] 182 |                 let a: u128 = unsafe { std::mem::transmute(b) };
[INFO] [stdout]     |                                        ^^^^^^^^^^^^^^^^^^^^^^
[INFO] [stdout]     |
[INFO] [stdout]     = help: there's also `from_le_bytes` and `from_be_bytes` if you expect a particular byte order
[INFO] [stdout]     = note: `#[warn(unnecessary_transmutes)]` on by default
[INFO] [stdout] help: replace this with
[INFO] [stdout]     |
[INFO] [stdout] 182 -                 let a: u128 = unsafe { std::mem::transmute(b) };
[INFO] [stdout] 182 +                 let a: u128 = unsafe { u128::from_ne_bytes(b) };
[INFO] [stdout]     |
[INFO] [stdout] 
[INFO] [stdout] 
[INFO] [stderr]     Finished `release` profile [optimized] target(s) in 6.21s
[INFO] running `Command { std: "docker" "inspect" "a71c08a8e322c390fa4086397da35ecce6a5261d5b1dbbe605a6fa79a0772b25", kill_on_drop: false }`
[INFO] running `Command { std: "docker" "exec" "-e" "SOURCE_DIR=/opt/rustwide/workdir" "-e" "CARGO_HOME=/opt/rustwide/cargo-home" "-e" "RUSTUP_HOME=/opt/rustwide/rustup-home" "-e" "CARGO_TARGET_DIR=/opt/rustwide/target" "-e" "CARGO_INCREMENTAL=0" "-e" "RUST_BACKTRACE=full" "-e" "RUSTFLAGS=--cap-lints=warn" "-e" "RUSTDOCFLAGS=--cap-lints=warn" "-w" "/opt/rustwide/workdir" "--user" "0:0" "a71c08a8e322c390fa4086397da35ecce6a5261d5b1dbbe605a6fa79a0772b25" "/opt/rustwide/cargo-home/bin/cargo" "+1.100.0-beta.1" "test" "--frozen" "--release", kill_on_drop: false }`
[INFO] [stderr] warning: `package.homepage` is redundant with `package.repository`
[INFO] [stderr]   --> Cargo.toml:50:12
[INFO] [stderr]    |
[INFO] [stderr] 50 | homepage = "https://github.com/JakeRoggenbuck/kronicler"
[INFO] [stderr]    |            ^^^^^^^^^^^^^^^^^^^^^^^^^^^^^^^^^^^^^^^^^^^^^
[INFO] [stderr] ...
[INFO] [stderr] 55 | repository = "https://github.com/JakeRoggenbuck/kronicler"
[INFO] [stderr]    |              ---------------------------------------------
[INFO] [stderr]    |
[INFO] [stderr]    = note: `cargo::redundant_homepage` is set to `warn` by default
[INFO] [stderr] help: consider removing `package.homepage`
[INFO] [stderr] warning: `kronicler` (manifest) generated 1 warning
[INFO] [stderr] warning: unnecessary transmute
[INFO] [stderr]    --> src/page.rs:182:40
[INFO] [stderr]     |
[INFO] [stderr] 182 |                 let a: u128 = unsafe { std::mem::transmute(b) };
[INFO] [stderr]     |                                        ^^^^^^^^^^^^^^^^^^^^^^
[INFO] [stderr]     |
[INFO] [stderr]     = help: there's also `from_le_bytes` and `from_be_bytes` if you expect a particular byte order
[INFO] [stderr]     = note: `#[warn(unnecessary_transmutes)]` on by default
[INFO] [stderr] help: replace this with
[INFO] [stderr]     |
[INFO] [stderr] 182 -                 let a: u128 = unsafe { std::mem::transmute(b) };
[INFO] [stderr] 182 +                 let a: u128 = unsafe { u128::from_ne_bytes(b) };
[INFO] [stderr]     |
[INFO] [stderr] 
[INFO] [stderr] warning: `kronicler` (lib) generated 1 warning (run `cargo fix --lib -p kronicler` to apply 1 suggestion)
[INFO] [stderr] warning: `kronicler` (lib test) generated 1 warning (1 duplicate)
[INFO] [stderr]     Finished `release` profile [optimized] target(s) in 0.12s
[INFO] [stderr]      Running unittests src/lib.rs (/opt/rustwide/target/release/build/kronicler/ebca721c29a639b4/out/kronicler-ebca721c29a639b4)
[INFO] [stdout] 
[INFO] [stdout] running 83 tests
[INFO] [stdout] test column::tests::column_insert_and_fetch ... FAILED
[INFO] [stdout] test column::tests::column_field_type_size_epoch ... ok
[INFO] [stdout] test bufferpool::tests::a_setup_test ... FAILED
[INFO] [stdout] test column::tests::column_field_type_size_name ... ok
[INFO] [stdout] test column::tests::column_insert_increments_index ... FAILED
[INFO] [stdout] test column::tests::column_insert_name_field ... FAILED
[INFO] [stdout] test bufferpool::tests::basic_integration_test ... FAILED
[INFO] [stdout] test column::tests::column_metadata_exists_false_for_new_column ... ok
[INFO] [stdout] test column::tests::column_metadata_with_name_field ... ok
[INFO] [stdout] test column::tests::column_multiple_inserts_sequential ... FAILED
[INFO] [stdout] test column::tests::column_metadata_new ... ok
[INFO] [stdout] test column::tests::column_fetch_nonexistent_index - should panic ... ok
[INFO] [stdout] test column::tests::column_new_creates_fresh_column ... ok
[INFO] [stdout] test column::tests::column_new_loads_existing_metadata ... FAILED
[INFO] [stdout] test database::tests::get_function_names ... FAILED
[INFO] [stdout] test database::tests::singleton_test ... FAILED
[INFO] [stdout] test database::tests::sync_vs_async_test ... FAILED
[INFO] [stdout] test column::tests::column_save_and_load ... FAILED
[INFO] [stdout] test database::tests::average_test ... FAILED
[INFO] [stdout] test index::tests::average_calculation_single_row_test ... ok
[INFO] [stdout] test filewriter::tests::database_filesize_test ... FAILED
[INFO] [stdout] test index::tests::average_nonexistent_key_test ... ok
[INFO] [stdout] test index::tests::average_calculation_multiple_rows_test ... ok
[INFO] [stdout] test index::tests::duplicate_insert_test ... ok
[INFO] [stdout] test index::tests::basic_insert_test ... ok
[INFO] [stdout] test index::tests::empty_index_test ... ok
[INFO] [stdout] test database::tests::shared_queue_state_test ... FAILED
[INFO] [stdout] test index::tests::get_nonexistent_key_test ... ok
[INFO] [stdout] test index::tests::index_preserves_insertion_order_test ... ok
[INFO] [stdout] test index::tests::index_on_epoch_column_test ... ok
[INFO] [stdout] test index::tests::large_batch_insert_test ... ok
[INFO] [stdout] test index::tests::multiple_keys_test ... ok
[INFO] [stdout] test page::tests::test_epoch_value_persistence ... FAILED
[INFO] [stdout] test page::tests::test_different_column_indices ... FAILED
[INFO] [stdout] test page::tests::test_empty_name_value ... ok
[INFO] [stdout] test page::tests::test_large_epoch_values ... ok
[INFO] [stdout] test page::tests::test_name_value_persistence ... FAILED
[INFO] [stdout] test page::tests::test_multiple_epoch_values ... ok
[INFO] [stdout] test page::tests::test_get_value_without_data ... ok
[INFO] [stdout] test page::tests::test_new_page_creation ... ok
[INFO] [stdout] test page::tests::test_open_creates_file_if_not_exists ... FAILED
[INFO] [stdout] test page::tests::test_page_capacity ... ok
[INFO] [stdout] test page::tests::test_page_path_generation ... ok
[INFO] [stdout] test page::tests::test_page_reopen ... FAILED
[INFO] [stdout] test page::tests::test_page_size_tracking ... ok
[INFO] [stdout] test page::tests::test_sequential_writes ... ok
[INFO] [stdout] test queue::tests::add_to_lfq_test ... ok
[INFO] [stdout] test page::tests::test_set_all_values ... ok
[INFO] [stdout] test page::tests::test_set_and_get_name_value ... ok
[INFO] [stdout] test queue::tests::multiple_captures_in_order ... ok
[INFO] [stdout] test page::tests::test_set_and_get_epoch_value ... ok
[INFO] [stdout] test page::tests::test_write_and_read_page ... FAILED
[INFO] [stdout] test row::tests::fieldtype_empty_name ... ok
[INFO] [stdout] test queue::tests::capture_calculates_delta_correctly ... ok
[INFO] [stdout] test row::tests::fieldtype_epoch_repr ... ok
[INFO] [stdout] test row::tests::fieldtype_epoch_str ... ok
[INFO] [stdout] test row::tests::fieldtype_epoch_to_string ... ok
[INFO] [stdout] test queue::tests::queue_starts_empty ... ok
[INFO] [stdout] test row::tests::fieldtype_epoch_get_size ... ok
[INFO] [stdout] test row::tests::fieldtype_epoch_zero ... ok
[INFO] [stdout] test queue::tests::queue_preserves_capture_data ... ok
[INFO] [stdout] test row::tests::fieldtype_clone ... ok
[INFO] [stdout] test queue::tests::concurrent_access_safety ... ok
[INFO] [stdout] test row::tests::fieldtype_name_str ... ok
[INFO] [stdout] test row::tests::fieldtype_name_to_string ... ok
[INFO] [stdout] test row::tests::row_clone ... ok
[INFO] [stdout] test row::tests::fieldtype_name_to_string_with_nulls ... ok
[INFO] [stdout] test row::tests::fieldtype_ordering ... ok
[INFO] [stdout] test row::tests::row_equality ... ok
[INFO] [stdout] test row::tests::row_many_fields ... ok
[INFO] [stdout] test row::tests::row_new ... ok
[INFO] [stdout] test row::tests::fieldtype_epoch_large_value ... ok
[INFO] [stdout] test row::tests::fieldtype_equality ... ok
[INFO] [stdout] test row::tests::fieldtype_max_length_name ... ok
[INFO] [stdout] test row::tests::fieldtype_name_repr ... ok
[INFO] [stdout] test row::tests::fieldtype_name_get_size ... ok
[INFO] [stdout] test row::tests::row_empty_fields ... ok
[INFO] [stdout] test row::tests::row_get_delta ... ok
[INFO] [stdout] test row::tests::row_str ... ok
[INFO] [stdout] test row::tests::row_to_string_test ... ok
[INFO] [stdout] test row::tests::row_to_string_with_name ... ok
[INFO] [stdout] test row::tests::row_repr ... ok
[INFO] [stdout] test row::tests::row_single_field ... ok
[INFO] [stdout] 
[INFO] [stdout] failures:
[INFO] [stdout] 
[INFO] [stdout] ---- column::tests::column_insert_and_fetch stdout ----
[INFO] [stdout] Error: Cannot open database file.
[INFO] [stdout] 
[INFO] [stdout] thread 'column::tests::column_insert_and_fetch' (1357) panicked at src/page.rs:118:45:
[INFO] [stdout] Should open file.: Os { code: 2, kind: NotFound, message: "No such file or directory" }
[INFO] [stdout] stack backtrace:
[INFO] [stdout]    0:     0x5fc25ab947e1 - <<std[617be2ca0a6fd877]::sys::backtrace::BacktraceLock>::print::DisplayBacktrace as core[a373ad73a504971]::fmt::Display>::fmt
[INFO] [stdout]    1:     0x5fc25aba999a - core[a373ad73a504971]::fmt::write
[INFO] [stdout]    2:     0x5fc25ab98ccc - <alloc[2e1b2a31b91974c5]::vec::Vec<u8> as core[a373ad73a504971]::io::write::Write>::write_fmt
[INFO] [stdout]    3:     0x5fc25ab6fc26 - std[617be2ca0a6fd877]::panicking::default_hook::{closure#0}
[INFO] [stdout]    4:     0x5fc25ab8c989 - std[617be2ca0a6fd877]::panicking::default_hook
[INFO] [stdout]    5:     0x5fc25ab27610 - test[aada8e7e76ba119b]::test_main_inner::{closure#0}
[INFO] [stdout]    6:     0x5fc25ab8cb42 - std[617be2ca0a6fd877]::panicking::panic_with_hook
[INFO] [stdout]    7:     0x5fc25ab6fcd2 - std[617be2ca0a6fd877]::panicking::panic_handler::{closure#0}
[INFO] [stdout]    8:     0x5fc25ab68829 - std[617be2ca0a6fd877]::sys::backtrace::__rust_end_short_backtrace::<std[617be2ca0a6fd877]::panicking::panic_handler::{closure#0}, !>
[INFO] [stdout]    9:     0x5fc25ab708dd - __rustc[ea4f61d10b84890b]::rust_begin_unwind
[INFO] [stdout]   10:     0x5fc25abaa0cc - core[a373ad73a504971]::panicking::panic_fmt
[INFO] [stdout]   11:     0x5fc25aba9ea2 - core[a373ad73a504971]::result::unwrap_failed
[INFO] [stdout]   12:     0x5fc25ab1410e - <kronicler[2c5594398c894de1]::page::Page>::open
[INFO] [stdout]   13:     0x5fc25ab09f83 - <kronicler[2c5594398c894de1]::bufferpool::Bufferpool>::insert
[INFO] [stdout]   14:     0x5fc25ab127ce - <kronicler[2c5594398c894de1]::column::Column>::insert
[INFO] [stdout]   15:     0x5fc25ab067ae - <kronicler[2c5594398c894de1]::column::tests::column_insert_and_fetch::{closure#0} as core[a373ad73a504971]::ops::function::FnOnce<()>>::call_once
[INFO] [stdout]   16:     0x5fc25ab1aa5b - test[aada8e7e76ba119b]::__rust_begin_short_backtrace::<core[a373ad73a504971]::result::Result<(), alloc[2e1b2a31b91974c5]::string::String>, fn() -> core[a373ad73a504971]::result::Result<(), alloc[2e1b2a31b91974c5]::string::String>>
[INFO] [stdout]   17:     0x5fc25ab27c35 - test[aada8e7e76ba119b]::run_test::{closure#0}
[INFO] [stdout]   18:     0x5fc25ab21524 - std[617be2ca0a6fd877]::sys::backtrace::__rust_begin_short_backtrace::<test[aada8e7e76ba119b]::run_test::{closure#1}, ()>
[INFO] [stdout]   19:     0x5fc25ab2acc2 - <std[617be2ca0a6fd877]::thread::lifecycle::spawn_unchecked<test[aada8e7e76ba119b]::run_test::{closure#1}, ()>::{closure#1} as core[a373ad73a504971]::ops::function::FnOnce<()>>::call_once::{shim:vtable#0}
[INFO] [stdout]   20:     0x5fc25ab9400f - <std[617be2ca0a6fd877]::sys::thread::unix::Thread>::new::thread_start
[INFO] [stdout]   21:     0x760e43f5ddfa - <unknown>
[INFO] [stdout]   22:     0x760e43ff13d4 - clone
[INFO] [stdout]   23:                0x0 - <unknown>
[INFO] [stdout] 
[INFO] [stdout] ---- bufferpool::tests::a_setup_test stdout ----
[INFO] [stdout] 
[INFO] [stdout] thread 'bufferpool::tests::a_setup_test' (1352) panicked at src/database.rs:176:14:
[INFO] [stdout] Could not create directory '.kronicler_data'.: Os { code: 30, kind: ReadOnlyFilesystem, message: "Read-only file system" }
[INFO] [stdout] stack backtrace:
[INFO] [stdout]    0:     0x5fc25ab947e1 - <<std[617be2ca0a6fd877]::sys::backtrace::BacktraceLock>::print::DisplayBacktrace as core[a373ad73a504971]::fmt::Display>::fmt
[INFO] [stdout]    1:     0x5fc25aba999a - core[a373ad73a504971]::fmt::write
[INFO] [stdout]    2:     0x5fc25ab98ccc - <alloc[2e1b2a31b91974c5]::vec::Vec<u8> as core[a373ad73a504971]::io::write::Write>::write_fmt
[INFO] [stdout]    3:     0x5fc25ab6fc26 - std[617be2ca0a6fd877]::panicking::default_hook::{closure#0}
[INFO] [stdout]    4:     0x5fc25ab8c989 - std[617be2ca0a6fd877]::panicking::default_hook
[INFO] [stdout]    5:     0x5fc25ab27610 - test[aada8e7e76ba119b]::test_main_inner::{closure#0}
[INFO] [stdout]    6:     0x5fc25ab8cb42 - std[617be2ca0a6fd877]::panicking::panic_with_hook
[INFO] [stdout]    7:     0x5fc25ab6fcd2 - std[617be2ca0a6fd877]::panicking::panic_handler::{closure#0}
[INFO] [stdout]    8:     0x5fc25ab68829 - std[617be2ca0a6fd877]::sys::backtrace::__rust_end_short_backtrace::<std[617be2ca0a6fd877]::panicking::panic_handler::{closure#0}, !>
[INFO] [stdout]    9:     0x5fc25ab708dd - __rustc[ea4f61d10b84890b]::rust_begin_unwind
[INFO] [stdout]   10:     0x5fc25abaa0cc - core[a373ad73a504971]::panicking::panic_fmt
[INFO] [stdout]   11:     0x5fc25aba9ea2 - core[a373ad73a504971]::result::unwrap_failed
[INFO] [stdout]   12:     0x5fc25aafc7ad - <kronicler[2c5594398c894de1]::database::DatabaseInner>::new
[INFO] [stdout]   13:     0x5fc25ab15308 - <std[617be2ca0a6fd877]::sync::once::Once>::call_once_force::<<std[617be2ca0a6fd877]::sync::once_lock::OnceLock<alloc[2e1b2a31b91974c5]::sync::Arc<std[617be2ca0a6fd877]::sync::poison::rwlock::RwLock<kronicler[2c5594398c894de1]::database::DatabaseInner>>>>::initialize<<std[617be2ca0a6fd877]::sync::once_lock::OnceLock<alloc[2e1b2a31b91974c5]::sync::Arc<std[617be2ca0a6fd877]::sync::poison::rwlock::RwLock<kronicler[2c5594398c894de1]::database::DatabaseInner>>>>::get_or_init<<kronicler[2c5594398c894de1]::database::Database>::get_instance::{closure#0}>::{closure#0}, !>::{closure#0}>::{closure#0}
[INFO] [stdout]   14:     0x5fc25ab75809 - <std[617be2ca0a6fd877]::sys::sync::once::futex::Once>::call
[INFO] [stdout]   15:     0x5fc25ab14bfe - <std[617be2ca0a6fd877]::sync::once_lock::OnceLock<alloc[2e1b2a31b91974c5]::sync::Arc<std[617be2ca0a6fd877]::sync::poison::rwlock::RwLock<kronicler[2c5594398c894de1]::database::DatabaseInner>>>>::initialize::<<std[617be2ca0a6fd877]::sync::once_lock::OnceLock<alloc[2e1b2a31b91974c5]::sync::Arc<std[617be2ca0a6fd877]::sync::poison::rwlock::RwLock<kronicler[2c5594398c894de1]::database::DatabaseInner>>>>::get_or_init<<kronicler[2c5594398c894de1]::database::Database>::get_instance::{closure#0}>::{closure#0}, !>
[INFO] [stdout]   16:     0x5fc25aafdfd3 - <kronicler[2c5594398c894de1]::database::Database>::capture
[INFO] [stdout]   17:     0x5fc25ab15dfd - <kronicler[2c5594398c894de1]::bufferpool::tests::a_setup_test::{closure#0} as core[a373ad73a504971]::ops::function::FnOnce<()>>::call_once
[INFO] [stdout]   18:     0x5fc25ab1aa5b - test[aada8e7e76ba119b]::__rust_begin_short_backtrace::<core[a373ad73a504971]::result::Result<(), alloc[2e1b2a31b91974c5]::string::String>, fn() -> core[a373ad73a504971]::result::Result<(), alloc[2e1b2a31b91974c5]::string::String>>
[INFO] [stdout]   19:     0x5fc25ab27c35 - test[aada8e7e76ba119b]::run_test::{closure#0}
[INFO] [stdout]   20:     0x5fc25ab21524 - std[617be2ca0a6fd877]::sys::backtrace::__rust_begin_short_backtrace::<test[aada8e7e76ba119b]::run_test::{closure#1}, ()>
[INFO] [stdout]   21:     0x5fc25ab2acc2 - <std[617be2ca0a6fd877]::thread::lifecycle::spawn_unchecked<test[aada8e7e76ba119b]::run_test::{closure#1}, ()>::{closure#1} as core[a373ad73a504971]::ops::function::FnOnce<()>>::call_once::{shim:vtable#0}
[INFO] [stdout]   22:     0x5fc25ab9400f - <std[617be2ca0a6fd877]::sys::thread::unix::Thread>::new::thread_start
[INFO] [stdout]   23:     0x760e43f5ddfa - <unknown>
[INFO] [stdout]   24:     0x760e43ff13d4 - clone
[INFO] [stdout]   25:                0x0 - <unknown>
[INFO] [stdout] 
[INFO] [stdout] ---- column::tests::column_insert_increments_index stdout ----
[INFO] [stdout] Error: Cannot open database file.
[INFO] [stdout] 
[INFO] [stdout] thread 'column::tests::column_insert_increments_index' (1358) panicked at src/page.rs:118:45:
[INFO] [stdout] Should open file.: Os { code: 2, kind: NotFound, message: "No such file or directory" }
[INFO] [stdout] stack backtrace:
[INFO] [stdout]    0:     0x5fc25ab947e1 - <<std[617be2ca0a6fd877]::sys::backtrace::BacktraceLock>::print::DisplayBacktrace as core[a373ad73a504971]::fmt::Display>::fmt
[INFO] [stdout]    1:     0x5fc25aba999a - core[a373ad73a504971]::fmt::write
[INFO] [stdout]    2:     0x5fc25ab98ccc - <alloc[2e1b2a31b91974c5]::vec::Vec<u8> as core[a373ad73a504971]::io::write::Write>::write_fmt
[INFO] [stdout]    3:     0x5fc25ab6fc26 - std[617be2ca0a6fd877]::panicking::default_hook::{closure#0}
[INFO] [stdout]    4:     0x5fc25ab8c989 - std[617be2ca0a6fd877]::panicking::default_hook
[INFO] [stdout]    5:     0x5fc25ab27610 - test[aada8e7e76ba119b]::test_main_inner::{closure#0}
[INFO] [stdout]    6:     0x5fc25ab8cb42 - std[617be2ca0a6fd877]::panicking::panic_with_hook
[INFO] [stdout]    7:     0x5fc25ab6fcd2 - std[617be2ca0a6fd877]::panicking::panic_handler::{closure#0}
[INFO] [stdout]    8:     0x5fc25ab68829 - std[617be2ca0a6fd877]::sys::backtrace::__rust_end_short_backtrace::<std[617be2ca0a6fd877]::panicking::panic_handler::{closure#0}, !>
[INFO] [stdout]    9:     0x5fc25ab708dd - __rustc[ea4f61d10b84890b]::rust_begin_unwind
[INFO] [stdout]   10:     0x5fc25abaa0cc - core[a373ad73a504971]::panicking::panic_fmt
[INFO] [stdout]   11:     0x5fc25aba9ea2 - core[a373ad73a504971]::result::unwrap_failed
[INFO] [stdout]   12:     0x5fc25ab1410e - <kronicler[2c5594398c894de1]::page::Page>::open
[INFO] [stdout]   13:     0x5fc25ab09f83 - <kronicler[2c5594398c894de1]::bufferpool::Bufferpool>::insert
[INFO] [stdout]   14:     0x5fc25ab127ce - <kronicler[2c5594398c894de1]::column::Column>::insert
[INFO] [stdout]   15:     0x5fc25ab078ec - <kronicler[2c5594398c894de1]::column::tests::column_insert_increments_index::{closure#0} as core[a373ad73a504971]::ops::function::FnOnce<()>>::call_once
[INFO] [stdout]   16:     0x5fc25ab1aa5b - test[aada8e7e76ba119b]::__rust_begin_short_backtrace::<core[a373ad73a504971]::result::Result<(), alloc[2e1b2a31b91974c5]::string::String>, fn() -> core[a373ad73a504971]::result::Result<(), alloc[2e1b2a31b91974c5]::string::String>>
[INFO] [stdout]   17:     0x5fc25ab27c35 - test[aada8e7e76ba119b]::run_test::{closure#0}
[INFO] [stdout]   18:     0x5fc25ab21524 - std[617be2ca0a6fd877]::sys::backtrace::__rust_begin_short_backtrace::<test[aada8e7e76ba119b]::run_test::{closure#1}, ()>
[INFO] [stdout]   19:     0x5fc25ab2acc2 - <std[617be2ca0a6fd877]::thread::lifecycle::spawn_unchecked<test[aada8e7e76ba119b]::run_test::{closure#1}, ()>::{closure#1} as core[a373ad73a504971]::ops::function::FnOnce<()>>::call_once::{shim:vtable#0}
[INFO] [stdout]   20:     0x5fc25ab9400f - <std[617be2ca0a6fd877]::sys::thread::unix::Thread>::new::thread_start
[INFO] [stdout]   21:     0x760e43f5ddfa - <unknown>
[INFO] [stdout]   22:     0x760e43ff13d4 - clone
[INFO] [stdout]   23:                0x0 - <unknown>
[INFO] [stdout] 
[INFO] [stdout] ---- column::tests::column_insert_name_field stdout ----
[INFO] [stdout] Error: Cannot open database file.
[INFO] [stdout] 
[INFO] [stdout] thread 'column::tests::column_insert_name_field' (1359) panicked at src/page.rs:118:45:
[INFO] [stdout] Should open file.: Os { code: 2, kind: NotFound, message: "No such file or directory" }
[INFO] [stdout] stack backtrace:
[INFO] [stdout]    0:     0x5fc25ab947e1 - <<std[617be2ca0a6fd877]::sys::backtrace::BacktraceLock>::print::DisplayBacktrace as core[a373ad73a504971]::fmt::Display>::fmt
[INFO] [stdout]    1:     0x5fc25aba999a - core[a373ad73a504971]::fmt::write
[INFO] [stdout]    2:     0x5fc25ab98ccc - <alloc[2e1b2a31b91974c5]::vec::Vec<u8> as core[a373ad73a504971]::io::write::Write>::write_fmt
[INFO] [stdout]    3:     0x5fc25ab6fc26 - std[617be2ca0a6fd877]::panicking::default_hook::{closure#0}
[INFO] [stdout]    4:     0x5fc25ab8c989 - std[617be2ca0a6fd877]::panicking::default_hook
[INFO] [stdout]    5:     0x5fc25ab27610 - test[aada8e7e76ba119b]::test_main_inner::{closure#0}
[INFO] [stdout]    6:     0x5fc25ab8cb42 - std[617be2ca0a6fd877]::panicking::panic_with_hook
[INFO] [stdout]    7:     0x5fc25ab6fcd2 - std[617be2ca0a6fd877]::panicking::panic_handler::{closure#0}
[INFO] [stdout]    8:     0x5fc25ab68829 - std[617be2ca0a6fd877]::sys::backtrace::__rust_end_short_backtrace::<std[617be2ca0a6fd877]::panicking::panic_handler::{closure#0}, !>
[INFO] [stdout]    9:     0x5fc25ab708dd - __rustc[ea4f61d10b84890b]::rust_begin_unwind
[INFO] [stdout]   10:     0x5fc25abaa0cc - core[a373ad73a504971]::panicking::panic_fmt
[INFO] [stdout]   11:     0x5fc25aba9ea2 - core[a373ad73a504971]::result::unwrap_failed
[INFO] [stdout]   12:     0x5fc25ab1410e - <kronicler[2c5594398c894de1]::page::Page>::open
[INFO] [stdout]   13:     0x5fc25ab09f83 - <kronicler[2c5594398c894de1]::bufferpool::Bufferpool>::insert
[INFO] [stdout]   14:     0x5fc25ab127ce - <kronicler[2c5594398c894de1]::column::Column>::insert
[INFO] [stdout]   15:     0x5fc25ab06ecc - <kronicler[2c5594398c894de1]::column::tests::column_insert_name_field::{closure#0} as core[a373ad73a504971]::ops::function::FnOnce<()>>::call_once
[INFO] [stdout]   16:     0x5fc25ab1aa5b - test[aada8e7e76ba119b]::__rust_begin_short_backtrace::<core[a373ad73a504971]::result::Result<(), alloc[2e1b2a31b91974c5]::string::String>, fn() -> core[a373ad73a504971]::result::Result<(), alloc[2e1b2a31b91974c5]::string::String>>
[INFO] [stdout]   17:     0x5fc25ab27c35 - test[aada8e7e76ba119b]::run_test::{closure#0}
[INFO] [stdout]   18:     0x5fc25ab21524 - std[617be2ca0a6fd877]::sys::backtrace::__rust_begin_short_backtrace::<test[aada8e7e76ba119b]::run_test::{closure#1}, ()>
[INFO] [stdout]   19:     0x5fc25ab2acc2 - <std[617be2ca0a6fd877]::thread::lifecycle::spawn_unchecked<test[aada8e7e76ba119b]::run_test::{closure#1}, ()>::{closure#1} as core[a373ad73a504971]::ops::function::FnOnce<()>>::call_once::{shim:vtable#0}
[INFO] [stdout]   20:     0x5fc25ab9400f - <std[617be2ca0a6fd877]::sys::thread::unix::Thread>::new::thread_start
[INFO] [stdout]   21:     0x760e43f5ddfa - <unknown>
[INFO] [stdout]   22:     0x760e43ff13d4 - clone
[INFO] [stdout]   23:                0x0 - <unknown>
[INFO] [stdout] 
[INFO] [stdout] ---- bufferpool::tests::basic_integration_test stdout ----
[INFO] [stdout] Error: Cannot open database file.
[INFO] [stdout] Error: Cannot open database file.
[INFO] [stdout] Error: Cannot open database file.
[INFO] [stdout] Error: Cannot open database file.
[INFO] [stdout] Error: Cannot open database file.
[INFO] [stdout] Error: Cannot open database file.
[INFO] [stdout] Error: Cannot open database file.
[INFO] [stdout] Error: Cannot open database file.
[INFO] [stdout] Error: Cannot open database file.
[INFO] [stdout] Error: Cannot open database file.
[INFO] [stdout] Error: Cannot open database file.
[INFO] [stdout] Error: Cannot open database file.
[INFO] [stdout] Error: Cannot open database file.
[INFO] [stdout] Error: Cannot open database file.
[INFO] [stdout] Error: Cannot open database file.
[INFO] [stdout] Error: Cannot open database file.
[INFO] [stdout] Error: Cannot open database file.
[INFO] [stdout] Error: Cannot open database file.
[INFO] [stdout] Error: Cannot open database file.
[INFO] [stdout] Error: Cannot open database file.
[INFO] [stdout] Error: Cannot open database file.
[INFO] [stdout] Error: Cannot open database file.
[INFO] [stdout] Error: Cannot open database file.
[INFO] [stdout] Error: Cannot open database file.
[INFO] [stdout] Error: Cannot open database file.
[INFO] [stdout] Error: Cannot open database file.
[INFO] [stdout] Error: Cannot open database file.
[INFO] [stdout] Error: Cannot open database file.
[INFO] [stdout] Error: Cannot open database file.
[INFO] [stdout] Error: Cannot open database file.
[INFO] [stdout] Error: Cannot open database file.
[INFO] [stdout] Error: Cannot open database file.
[INFO] [stdout] Error: Cannot open database file.
[INFO] [stdout] Error: Cannot open database file.
[INFO] [stdout] Error: Cannot open database file.
[INFO] [stdout] Error: Cannot open database file.
[INFO] [stdout] Error: Cannot open database file.
[INFO] [stdout] Error: Cannot open database file.
[INFO] [stdout] Error: Cannot open database file.
[INFO] [stdout] Error: Cannot open database file.
[INFO] [stdout] Error: Cannot open database file.
[INFO] [stdout] Error: Cannot open database file.
[INFO] [stdout] Error: Cannot open database file.
[INFO] [stdout] Error: Cannot open database file.
[INFO] [stdout] Error: Cannot open database file.
[INFO] [stdout] Error: Cannot open database file.
[INFO] [stdout] Error: Cannot open database file.
[INFO] [stdout] Error: Cannot open database file.
[INFO] [stdout] Error: Cannot open database file.
[INFO] [stdout] Error: Cannot open database file.
[INFO] [stdout] Error: Cannot open database file.
[INFO] [stdout] Error: Cannot open database file.
[INFO] [stdout] Error: Cannot open database file.
[INFO] [stdout] Error: Cannot open database file.
[INFO] [stdout] Error: Cannot open database file.
[INFO] [stdout] Error: Cannot open database file.
[INFO] [stdout] Error: Cannot open database file.
[INFO] [stdout] Error: Cannot open database file.
[INFO] [stdout] Error: Cannot open database file.
[INFO] [stdout] Error: Cannot open database file.
[INFO] [stdout] Error: Cannot open database file.
[INFO] [stdout] Error: Cannot open database file.
[INFO] [stdout] Error: Cannot open database file.
[INFO] [stdout] Error: Cannot open database file.
[INFO] [stdout] Error: Cannot open database file.
[INFO] [stdout] Error: Cannot open database file.
[INFO] [stdout] Error: Cannot open database file.
[INFO] [stdout] Error: Cannot open database file.
[INFO] [stdout] Error: Cannot open database file.
[INFO] [stdout] Error: Cannot open database file.
[INFO] [stdout] Error: Cannot open database file.
[INFO] [stdout] Error: Cannot open database file.
[INFO] [stdout] Error: Cannot open database file.
[INFO] [stdout] Error: Cannot open database file.
[INFO] [stdout] Error: Cannot open database file.
[INFO] [stdout] Error: Cannot open database file.
[INFO] [stdout] Error: Cannot open database file.
[INFO] [stdout] Error: Cannot open database file.
[INFO] [stdout] Error: Cannot open database file.
[INFO] [stdout] Error: Cannot open database file.
[INFO] [stdout] Error: Cannot open database file.
[INFO] [stdout] Error: Cannot open database file.
[INFO] [stdout] Error: Cannot open database file.
[INFO] [stdout] Error: Cannot open database file.
[INFO] [stdout] Error: Cannot open database file.
[INFO] [stdout] Error: Cannot open database file.
[INFO] [stdout] Error: Cannot open database file.
[INFO] [stdout] Error: Cannot open database file.
[INFO] [stdout] Error: Cannot open database file.
[INFO] [stdout] Error: Cannot open database file.
[INFO] [stdout] Error: Cannot open database file.
[INFO] [stdout] Error: Cannot open database file.
[INFO] [stdout] Error: Cannot open database file.
[INFO] [stdout] Error: Cannot open database file.
[INFO] [stdout] Error: Cannot open database file.
[INFO] [stdout] Error: Cannot open database file.
[INFO] [stdout] Error: Cannot open database file.
[INFO] [stdout] Error: Cannot open database file.
[INFO] [stdout] Error: Cannot open database file.
[INFO] [stdout] Error: Cannot open database file.
[INFO] [stdout] Error: Cannot open database file.
[INFO] [stdout] Error: Cannot open database file.
[INFO] [stdout] Error: Cannot open database file.
[INFO] [stdout] Error: Cannot open database file.
[INFO] [stdout] Error: Cannot open database file.
[INFO] [stdout] Error: Cannot open database file.
[INFO] [stdout] Error: Cannot open database file.
[INFO] [stdout] Error: Cannot open database file.
[INFO] [stdout] Error: Cannot open database file.
[INFO] [stdout] Error: Cannot open database file.
[INFO] [stdout] Error: Cannot open database file.
[INFO] [stdout] Error: Cannot open database file.
[INFO] [stdout] Error: Cannot open database file.
[INFO] [stdout] Error: Cannot open database file.
[INFO] [stdout] Error: Cannot open database file.
[INFO] [stdout] Error: Cannot open database file.
[INFO] [stdout] Error: Cannot open database file.
[INFO] [stdout] Error: Cannot open database file.
[INFO] [stdout] Error: Cannot open database file.
[INFO] [stdout] Error: Cannot open database file.
[INFO] [stdout] Error: Cannot open database file.
[INFO] [stdout] Error: Cannot open database file.
[INFO] [stdout] Error: Cannot open database file.
[INFO] [stdout] Error: Cannot open database file.
[INFO] [stdout] Error: Cannot open database file.
[INFO] [stdout] Error: Cannot open database file.
[INFO] [stdout] Error: Cannot open database file.
[INFO] [stdout] Error: Cannot open database file.
[INFO] [stdout] Error: Cannot open database file.
[INFO] [stdout] Error: Cannot open database file.
[INFO] [stdout] Error: Cannot open database file.
[INFO] [stdout] Error: Cannot open database file.
[INFO] [stdout] Error: Cannot open database file.
[INFO] [stdout] Error: Cannot open database file.
[INFO] [stdout] Error: Cannot open database file.
[INFO] [stdout] Error: Cannot open database file.
[INFO] [stdout] Error: Cannot open database file.
[INFO] [stdout] Error: Cannot open database file.
[INFO] [stdout] Error: Cannot open database file.
[INFO] [stdout] Error: Cannot open database file.
[INFO] [stdout] Error: Cannot open database file.
[INFO] [stdout] Error: Cannot open database file.
[INFO] [stdout] Error: Cannot open database file.
[INFO] [stdout] Error: Cannot open database file.
[INFO] [stdout] Error: Cannot open database file.
[INFO] [stdout] Error: Cannot open database file.
[INFO] [stdout] Error: Cannot open database file.
[INFO] [stdout] Error: Cannot open database file.
[INFO] [stdout] Error: Cannot open database file.
[INFO] [stdout] Error: Cannot open database file.
[INFO] [stdout] Error: Cannot open database file.
[INFO] [stdout] Error: Cannot open database file.
[INFO] [stdout] Error: Cannot open database file.
[INFO] [stdout] Error: Cannot open database file.
[INFO] [stdout] Error: Cannot open database file.
[INFO] [stdout] Error: Cannot open database file.
[INFO] [stdout] Error: Cannot open database file.
[INFO] [stdout] Error: Cannot open database file.
[INFO] [stdout] Error: Cannot open database file.
[INFO] [stdout] Error: Cannot open database file.
[INFO] [stdout] Error: Cannot open database file.
[INFO] [stdout] Error: Cannot open database file.
[INFO] [stdout] Error: Cannot open database file.
[INFO] [stdout] Error: Cannot open database file.
[INFO] [stdout] Error: Cannot open database file.
[INFO] [stdout] Error: Cannot open database file.
[INFO] [stdout] 
[INFO] [stdout] thread 'bufferpool::tests::basic_integration_test' (1353) panicked at src/page.rs:118:45:
[INFO] [stdout] Should open file.: Os { code: 2, kind: NotFound, message: "No such file or directory" }
[INFO] [stdout] stack backtrace:
[INFO] [stdout]    0:     0x5fc25ab947e1 - <<std[617be2ca0a6fd877]::sys::backtrace::BacktraceLock>::print::DisplayBacktrace as core[a373ad73a504971]::fmt::Display>::fmt
[INFO] [stdout]    1:     0x5fc25aba999a - core[a373ad73a504971]::fmt::write
[INFO] [stdout]    2:     0x5fc25ab98ccc - <alloc[2e1b2a31b91974c5]::vec::Vec<u8> as core[a373ad73a504971]::io::write::Write>::write_fmt
[INFO] [stdout]    3:     0x5fc25ab6fc26 - std[617be2ca0a6fd877]::panicking::default_hook::{closure#0}
[INFO] [stdout]    4:     0x5fc25ab8c989 - std[617be2ca0a6fd877]::panicking::default_hook
[INFO] [stdout]    5:     0x5fc25ab27610 - test[aada8e7e76ba119b]::test_main_inner::{closure#0}
[INFO] [stdout]    6:     0x5fc25ab8cb42 - std[617be2ca0a6fd877]::panicking::panic_with_hook
[INFO] [stdout]    7:     0x5fc25ab6fcd2 - std[617be2ca0a6fd877]::panicking::panic_handler::{closure#0}
[INFO] [stdout]    8:     0x5fc25ab68829 - std[617be2ca0a6fd877]::sys::backtrace::__rust_end_short_backtrace::<std[617be2ca0a6fd877]::panicking::panic_handler::{closure#0}, !>
[INFO] [stdout]    9:     0x5fc25ab708dd - __rustc[ea4f61d10b84890b]::rust_begin_unwind
[INFO] [stdout]   10:     0x5fc25abaa0cc - core[a373ad73a504971]::panicking::panic_fmt
[INFO] [stdout]   11:     0x5fc25aba9ea2 - core[a373ad73a504971]::result::unwrap_failed
[INFO] [stdout]   12:     0x5fc25ab1410e - <kronicler[2c5594398c894de1]::page::Page>::open
[INFO] [stdout]   13:     0x5fc25ab09f83 - <kronicler[2c5594398c894de1]::bufferpool::Bufferpool>::insert
[INFO] [stdout]   14:     0x5fc25ab16372 - <kronicler[2c5594398c894de1]::bufferpool::tests::basic_integration_test::{closure#0} as core[a373ad73a504971]::ops::function::FnOnce<()>>::call_once
[INFO] [stdout]   15:     0x5fc25ab1aa5b - test[aada8e7e76ba119b]::__rust_begin_short_backtrace::<core[a373ad73a504971]::result::Result<(), alloc[2e1b2a31b91974c5]::string::String>, fn() -> core[a373ad73a504971]::result::Result<(), alloc[2e1b2a31b91974c5]::string::String>>
[INFO] [stdout]   16:     0x5fc25ab27c35 - test[aada8e7e76ba119b]::run_test::{closure#0}
[INFO] [stdout]   17:     0x5fc25ab21524 - std[617be2ca0a6fd877]::sys::backtrace::__rust_begin_short_backtrace::<test[aada8e7e76ba119b]::run_test::{closure#1}, ()>
[INFO] [stdout]   18:     0x5fc25ab2acc2 - <std[617be2ca0a6fd877]::thread::lifecycle::spawn_unchecked<test[aada8e7e76ba119b]::run_test::{closure#1}, ()>::{closure#1} as core[a373ad73a504971]::ops::function::FnOnce<()>>::call_once::{shim:vtable#0}
[INFO] [stdout]   19:     0x5fc25ab9400f - <std[617be2ca0a6fd877]::sys::thread::unix::Thread>::new::thread_start
[INFO] [stdout]   20:     0x760e43f5ddfa - <unknown>
[INFO] [stdout]   21:     0x760e43ff13d4 - clone
[INFO] [stdout]   22:                0x0 - <unknown>
[INFO] [stdout] 
[INFO] [stdout] ---- column::tests::column_multiple_inserts_sequential stdout ----
[INFO] [stdout] Error: Cannot open database file.
[INFO] [stdout] 
[INFO] [stdout] thread 'column::tests::column_multiple_inserts_sequential' (1363) panicked at src/page.rs:118:45:
[INFO] [stdout] Should open file.: Os { code: 2, kind: NotFound, message: "No such file or directory" }
[INFO] [stdout] stack backtrace:
[INFO] [stdout]    0:     0x5fc25ab947e1 - <<std[617be2ca0a6fd877]::sys::backtrace::BacktraceLock>::print::DisplayBacktrace as core[a373ad73a504971]::fmt::Display>::fmt
[INFO] [stdout]    1:     0x5fc25aba999a - core[a373ad73a504971]::fmt::write
[INFO] [stdout]    2:     0x5fc25ab98ccc - <alloc[2e1b2a31b91974c5]::vec::Vec<u8> as core[a373ad73a504971]::io::write::Write>::write_fmt
[INFO] [stdout]    3:     0x5fc25ab6fc26 - std[617be2ca0a6fd877]::panicking::default_hook::{closure#0}
[INFO] [stdout]    4:     0x5fc25ab8c989 - std[617be2ca0a6fd877]::panicking::default_hook
[INFO] [stdout]    5:     0x5fc25ab27610 - test[aada8e7e76ba119b]::test_main_inner::{closure#0}
[INFO] [stdout]    6:     0x5fc25ab8cb42 - std[617be2ca0a6fd877]::panicking::panic_with_hook
[INFO] [stdout]    7:     0x5fc25ab6fcd2 - std[617be2ca0a6fd877]::panicking::panic_handler::{closure#0}
[INFO] [stdout]    8:     0x5fc25ab68829 - std[617be2ca0a6fd877]::sys::backtrace::__rust_end_short_backtrace::<std[617be2ca0a6fd877]::panicking::panic_handler::{closure#0}, !>
[INFO] [stdout]    9:     0x5fc25ab708dd - __rustc[ea4f61d10b84890b]::rust_begin_unwind
[INFO] [stdout]   10:     0x5fc25abaa0cc - core[a373ad73a504971]::panicking::panic_fmt
[INFO] [stdout]   11:     0x5fc25aba9ea2 - core[a373ad73a504971]::result::unwrap_failed
[INFO] [stdout]   12:     0x5fc25ab1410e - <kronicler[2c5594398c894de1]::page::Page>::open
[INFO] [stdout]   13:     0x5fc25ab09f83 - <kronicler[2c5594398c894de1]::bufferpool::Bufferpool>::insert
[INFO] [stdout]   14:     0x5fc25ab127ce - <kronicler[2c5594398c894de1]::column::Column>::insert
[INFO] [stdout]   15:     0x5fc25ab0844b - <kronicler[2c5594398c894de1]::column::tests::column_multiple_inserts_sequential::{closure#0} as core[a373ad73a504971]::ops::function::FnOnce<()>>::call_once
[INFO] [stdout]   16:     0x5fc25ab1aa5b - test[aada8e7e76ba119b]::__rust_begin_short_backtrace::<core[a373ad73a504971]::result::Result<(), alloc[2e1b2a31b91974c5]::string::String>, fn() -> core[a373ad73a504971]::result::Result<(), alloc[2e1b2a31b91974c5]::string::String>>
[INFO] [stdout]   17:     0x5fc25ab27c35 - test[aada8e7e76ba119b]::run_test::{closure#0}
[INFO] [stdout]   18:     0x5fc25ab21524 - std[617be2ca0a6fd877]::sys::backtrace::__rust_begin_short_backtrace::<test[aada8e7e76ba119b]::run_test::{closure#1}, ()>
[INFO] [stdout]   19:     0x5fc25ab2acc2 - <std[617be2ca0a6fd877]::thread::lifecycle::spawn_unchecked<test[aada8e7e76ba119b]::run_test::{closure#1}, ()>::{closure#1} as core[a373ad73a504971]::ops::function::FnOnce<()>>::call_once::{shim:vtable#0}
[INFO] [stdout]   20:     0x5fc25ab9400f - <std[617be2ca0a6fd877]::sys::thread::unix::Thread>::new::thread_start
[INFO] [stdout]   21:     0x760e43f5ddfa - <unknown>
[INFO] [stdout]   22:     0x760e43ff13d4 - clone
[INFO] [stdout]   23:                0x0 - <unknown>
[INFO] [stdout] 
[INFO] [stdout] ---- column::tests::column_new_loads_existing_metadata stdout ----
[INFO] [stdout] Error: Cannot open database file.
[INFO] [stdout] 
[INFO] [stdout] thread 'column::tests::column_new_loads_existing_metadata' (1365) panicked at src/page.rs:118:45:
[INFO] [stdout] Should open file.: Os { code: 2, kind: NotFound, message: "No such file or directory" }
[INFO] [stdout] stack backtrace:
[INFO] [stdout]    0:     0x5fc25ab947e1 - <<std[617be2ca0a6fd877]::sys::backtrace::BacktraceLock>::print::DisplayBacktrace as core[a373ad73a504971]::fmt::Display>::fmt
[INFO] [stdout]    1:     0x5fc25aba999a - core[a373ad73a504971]::fmt::write
[INFO] [stdout]    2:     0x5fc25ab98ccc - <alloc[2e1b2a31b91974c5]::vec::Vec<u8> as core[a373ad73a504971]::io::write::Write>::write_fmt
[INFO] [stdout]    3:     0x5fc25ab6fc26 - std[617be2ca0a6fd877]::panicking::default_hook::{closure#0}
[INFO] [stdout]    4:     0x5fc25ab8c989 - std[617be2ca0a6fd877]::panicking::default_hook
[INFO] [stdout]    5:     0x5fc25ab27610 - test[aada8e7e76ba119b]::test_main_inner::{closure#0}
[INFO] [stdout]    6:     0x5fc25ab8cb42 - std[617be2ca0a6fd877]::panicking::panic_with_hook
[INFO] [stdout]    7:     0x5fc25ab6fcd2 - std[617be2ca0a6fd877]::panicking::panic_handler::{closure#0}
[INFO] [stdout]    8:     0x5fc25ab68829 - std[617be2ca0a6fd877]::sys::backtrace::__rust_end_short_backtrace::<std[617be2ca0a6fd877]::panicking::panic_handler::{closure#0}, !>
[INFO] [stdout]    9:     0x5fc25ab708dd - __rustc[ea4f61d10b84890b]::rust_begin_unwind
[INFO] [stdout]   10:     0x5fc25abaa0cc - core[a373ad73a504971]::panicking::panic_fmt
[INFO] [stdout]   11:     0x5fc25aba9ea2 - core[a373ad73a504971]::result::unwrap_failed
[INFO] [stdout]   12:     0x5fc25ab1410e - <kronicler[2c5594398c894de1]::page::Page>::open
[INFO] [stdout]   13:     0x5fc25ab09f83 - <kronicler[2c5594398c894de1]::bufferpool::Bufferpool>::insert
[INFO] [stdout]   14:     0x5fc25ab127ce - <kronicler[2c5594398c894de1]::column::Column>::insert
[INFO] [stdout]   15:     0x5fc25ab08e62 - <kronicler[2c5594398c894de1]::column::tests::column_new_loads_existing_metadata::{closure#0} as core[a373ad73a504971]::ops::function::FnOnce<()>>::call_once
[INFO] [stdout]   16:     0x5fc25ab1aa5b - test[aada8e7e76ba119b]::__rust_begin_short_backtrace::<core[a373ad73a504971]::result::Result<(), alloc[2e1b2a31b91974c5]::string::String>, fn() -> core[a373ad73a504971]::result::Result<(), alloc[2e1b2a31b91974c5]::string::String>>
[INFO] [stdout]   17:     0x5fc25ab27c35 - test[aada8e7e76ba119b]::run_test::{closure#0}
[INFO] [stdout]   18:     0x5fc25ab21524 - std[617be2ca0a6fd877]::sys::backtrace::__rust_begin_short_backtrace::<test[aada8e7e76ba119b]::run_test::{closure#1}, ()>
[INFO] [stdout]   19:     0x5fc25ab2acc2 - <std[617be2ca0a6fd877]::thread::lifecycle::spawn_unchecked<test[aada8e7e76ba119b]::run_test::{closure#1}, ()>::{closure#1} as core[a373ad73a504971]::ops::function::FnOnce<()>>::call_once::{shim:vtable#0}
[INFO] [stdout]   20:     0x5fc25ab9400f - <std[617be2ca0a6fd877]::sys::thread::unix::Thread>::new::thread_start
[INFO] [stdout]   21:     0x760e43f5ddfa - <unknown>
[INFO] [stdout]   22:     0x760e43ff13d4 - clone
[INFO] [stdout]   23:                0x0 - <unknown>
[INFO] [stdout] 
[INFO] [stdout] ---- database::tests::get_function_names stdout ----
[INFO] [stdout] 
[INFO] [stdout] thread 'database::tests::get_function_names' (1368) panicked at src/database.rs:176:14:
[INFO] [stdout] Could not create directory '.kronicler_data'.: Os { code: 30, kind: ReadOnlyFilesystem, message: "Read-only file system" }
[INFO] [stdout] stack backtrace:
[INFO] [stdout]    0:     0x5fc25ab947e1 - <<std[617be2ca0a6fd877]::sys::backtrace::BacktraceLock>::print::DisplayBacktrace as core[a373ad73a504971]::fmt::Display>::fmt
[INFO] [stdout]    1:     0x5fc25aba999a - core[a373ad73a504971]::fmt::write
[INFO] [stdout]    2:     0x5fc25ab98ccc - <alloc[2e1b2a31b91974c5]::vec::Vec<u8> as core[a373ad73a504971]::io::write::Write>::write_fmt
[INFO] [stdout]    3:     0x5fc25ab6fc26 - std[617be2ca0a6fd877]::panicking::default_hook::{closure#0}
[INFO] [stdout]    4:     0x5fc25ab8c989 - std[617be2ca0a6fd877]::panicking::default_hook
[INFO] [stdout]    5:     0x5fc25ab27610 - test[aada8e7e76ba119b]::test_main_inner::{closure#0}
[INFO] [stdout]    6:     0x5fc25ab8cb42 - std[617be2ca0a6fd877]::panicking::panic_with_hook
[INFO] [stdout]    7:     0x5fc25ab6fcd2 - std[617be2ca0a6fd877]::panicking::panic_handler::{closure#0}
[INFO] [stdout]    8:     0x5fc25ab68829 - std[617be2ca0a6fd877]::sys::backtrace::__rust_end_short_backtrace::<std[617be2ca0a6fd877]::panicking::panic_handler::{closure#0}, !>
[INFO] [stdout]    9:     0x5fc25ab708dd - __rustc[ea4f61d10b84890b]::rust_begin_unwind
[INFO] [stdout]   10:     0x5fc25abaa0cc - core[a373ad73a504971]::panicking::panic_fmt
[INFO] [stdout]   11:     0x5fc25aba9ea2 - core[a373ad73a504971]::result::unwrap_failed
[INFO] [stdout]   12:     0x5fc25aafc7ad - <kronicler[2c5594398c894de1]::database::DatabaseInner>::new
[INFO] [stdout]   13:     0x5fc25ab15308 - <std[617be2ca0a6fd877]::sync::once::Once>::call_once_force::<<std[617be2ca0a6fd877]::sync::once_lock::OnceLock<alloc[2e1b2a31b91974c5]::sync::Arc<std[617be2ca0a6fd877]::sync::poison::rwlock::RwLock<kronicler[2c5594398c894de1]::database::DatabaseInner>>>>::initialize<<std[617be2ca0a6fd877]::sync::once_lock::OnceLock<alloc[2e1b2a31b91974c5]::sync::Arc<std[617be2ca0a6fd877]::sync::poison::rwlock::RwLock<kronicler[2c5594398c894de1]::database::DatabaseInner>>>>::get_or_init<<kronicler[2c5594398c894de1]::database::Database>::get_instance::{closure#0}>::{closure#0}, !>::{closure#0}>::{closure#0}
[INFO] [stdout]   14:     0x5fc25ab75809 - <std[617be2ca0a6fd877]::sys::sync::once::futex::Once>::call
[INFO] [stdout]   15:     0x5fc25ab14bfe - <std[617be2ca0a6fd877]::sync::once_lock::OnceLock<alloc[2e1b2a31b91974c5]::sync::Arc<std[617be2ca0a6fd877]::sync::poison::rwlock::RwLock<kronicler[2c5594398c894de1]::database::DatabaseInner>>>>::initialize::<<std[617be2ca0a6fd877]::sync::once_lock::OnceLock<alloc[2e1b2a31b91974c5]::sync::Arc<std[617be2ca0a6fd877]::sync::poison::rwlock::RwLock<kronicler[2c5594398c894de1]::database::DatabaseInner>>>>::get_or_init<<kronicler[2c5594398c894de1]::database::Database>::get_instance::{closure#0}>::{closure#0}, !>
[INFO] [stdout]   16:     0x5fc25aafdfd3 - <kronicler[2c5594398c894de1]::database::Database>::capture
[INFO] [stdout]   17:     0x5fc25ab0d000 - <kronicler[2c5594398c894de1]::database::tests::get_function_names::{closure#0} as core[a373ad73a504971]::ops::function::FnOnce<()>>::call_once
[INFO] [stdout]   18:     0x5fc25ab1aa5b - test[aada8e7e76ba119b]::__rust_begin_short_backtrace::<core[a373ad73a504971]::result::Result<(), alloc[2e1b2a31b91974c5]::string::String>, fn() -> core[a373ad73a504971]::result::Result<(), alloc[2e1b2a31b91974c5]::string::String>>
[INFO] [stdout]   19:     0x5fc25ab27c35 - test[aada8e7e76ba119b]::run_test::{closure#0}
[INFO] [stdout]   20:     0x5fc25ab21524 - std[617be2ca0a6fd877]::sys::backtrace::__rust_begin_short_backtrace::<test[aada8e7e76ba119b]::run_test::{closure#1}, ()>
[INFO] [stdout]   21:     0x5fc25ab2acc2 - <std[617be2ca0a6fd877]::thread::lifecycle::spawn_unchecked<test[aada8e7e76ba119b]::run_test::{closure#1}, ()>::{closure#1} as core[a373ad73a504971]::ops::function::FnOnce<()>>::call_once::{shim:vtable#0}
[INFO] [stdout]   22:     0x5fc25ab9400f - <std[617be2ca0a6fd877]::sys::thread::unix::Thread>::new::thread_start
[INFO] [stdout]   23:     0x760e43f5ddfa - <unknown>
[INFO] [stdout]   24:     0x760e43ff13d4 - clone
[INFO] [stdout]   25:                0x0 - <unknown>
[INFO] [stdout] 
[INFO] [stdout] ---- database::tests::singleton_test stdout ----
[INFO] [stdout] 
[INFO] [stdout] thread 'database::tests::singleton_test' (1370) panicked at src/database.rs:176:14:
[INFO] [stdout] Could not create directory '.kronicler_data'.: Os { code: 30, kind: ReadOnlyFilesystem, message: "Read-only file system" }
[INFO] [stdout] stack backtrace:
[INFO] [stdout]    0:     0x5fc25ab947e1 - <<std[617be2ca0a6fd877]::sys::backtrace::BacktraceLock>::print::DisplayBacktrace as core[a373ad73a504971]::fmt::Display>::fmt
[INFO] [stdout]    1:     0x5fc25aba999a - core[a373ad73a504971]::fmt::write
[INFO] [stdout]    2:     0x5fc25ab98ccc - <alloc[2e1b2a31b91974c5]::vec::Vec<u8> as core[a373ad73a504971]::io::write::Write>::write_fmt
[INFO] [stdout]    3:     0x5fc25ab6fc26 - std[617be2ca0a6fd877]::panicking::default_hook::{closure#0}
[INFO] [stdout]    4:     0x5fc25ab8c989 - std[617be2ca0a6fd877]::panicking::default_hook
[INFO] [stdout]    5:     0x5fc25ab27610 - test[aada8e7e76ba119b]::test_main_inner::{closure#0}
[INFO] [stdout]    6:     0x5fc25ab8cb42 - std[617be2ca0a6fd877]::panicking::panic_with_hook
[INFO] [stdout]    7:     0x5fc25ab6fcd2 - std[617be2ca0a6fd877]::panicking::panic_handler::{closure#0}
[INFO] [stdout]    8:     0x5fc25ab68829 - std[617be2ca0a6fd877]::sys::backtrace::__rust_end_short_backtrace::<std[617be2ca0a6fd877]::panicking::panic_handler::{closure#0}, !>
[INFO] [stdout]    9:     0x5fc25ab708dd - __rustc[ea4f61d10b84890b]::rust_begin_unwind
[INFO] [stdout]   10:     0x5fc25abaa0cc - core[a373ad73a504971]::panicking::panic_fmt
[INFO] [stdout]   11:     0x5fc25aba9ea2 - core[a373ad73a504971]::result::unwrap_failed
[INFO] [stdout]   12:     0x5fc25aafc7ad - <kronicler[2c5594398c894de1]::database::DatabaseInner>::new
[INFO] [stdout]   13:     0x5fc25ab15308 - <std[617be2ca0a6fd877]::sync::once::Once>::call_once_force::<<std[617be2ca0a6fd877]::sync::once_lock::OnceLock<alloc[2e1b2a31b91974c5]::sync::Arc<std[617be2ca0a6fd877]::sync::poison::rwlock::RwLock<kronicler[2c5594398c894de1]::database::DatabaseInner>>>>::initialize<<std[617be2ca0a6fd877]::sync::once_lock::OnceLock<alloc[2e1b2a31b91974c5]::sync::Arc<std[617be2ca0a6fd877]::sync::poison::rwlock::RwLock<kronicler[2c5594398c894de1]::database::DatabaseInner>>>>::get_or_init<<kronicler[2c5594398c894de1]::database::Database>::get_instance::{closure#0}>::{closure#0}, !>::{closure#0}>::{closure#0}
[INFO] [stdout]   14:     0x5fc25ab75809 - <std[617be2ca0a6fd877]::sys::sync::once::futex::Once>::call
[INFO] [stdout]   15:     0x5fc25ab14bfe - <std[617be2ca0a6fd877]::sync::once_lock::OnceLock<alloc[2e1b2a31b91974c5]::sync::Arc<std[617be2ca0a6fd877]::sync::poison::rwlock::RwLock<kronicler[2c5594398c894de1]::database::DatabaseInner>>>>::initialize::<<std[617be2ca0a6fd877]::sync::once_lock::OnceLock<alloc[2e1b2a31b91974c5]::sync::Arc<std[617be2ca0a6fd877]::sync::poison::rwlock::RwLock<kronicler[2c5594398c894de1]::database::DatabaseInner>>>>::get_or_init<<kronicler[2c5594398c894de1]::database::Database>::get_instance::{closure#0}>::{closure#0}, !>
[INFO] [stdout]   16:     0x5fc25aafdfd3 - <kronicler[2c5594398c894de1]::database::Database>::capture
[INFO] [stdout]   17:     0x5fc25ab0ce1e - <kronicler[2c5594398c894de1]::database::tests::singleton_test::{closure#0} as core[a373ad73a504971]::ops::function::FnOnce<()>>::call_once
[INFO] [stdout]   18:     0x5fc25ab1aa5b - test[aada8e7e76ba119b]::__rust_begin_short_backtrace::<core[a373ad73a504971]::result::Result<(), alloc[2e1b2a31b91974c5]::string::String>, fn() -> core[a373ad73a504971]::result::Result<(), alloc[2e1b2a31b91974c5]::string::String>>
[INFO] [stdout]   19:     0x5fc25ab27c35 - test[aada8e7e76ba119b]::run_test::{closure#0}
[INFO] [stdout]   20:     0x5fc25ab21524 - std[617be2ca0a6fd877]::sys::backtrace::__rust_begin_short_backtrace::<test[aada8e7e76ba119b]::run_test::{closure#1}, ()>
[INFO] [stdout]   21:     0x5fc25ab2acc2 - <std[617be2ca0a6fd877]::thread::lifecycle::spawn_unchecked<test[aada8e7e76ba119b]::run_test::{closure#1}, ()>::{closure#1} as core[a373ad73a504971]::ops::function::FnOnce<()>>::call_once::{shim:vtable#0}
[INFO] [stdout]   22:     0x5fc25ab9400f - <std[617be2ca0a6fd877]::sys::thread::unix::Thread>::new::thread_start
[INFO] [stdout]   23:     0x760e43f5ddfa - <unknown>
[INFO] [stdout]   24:     0x760e43ff13d4 - clone
[INFO] [stdout]   25:                0x0 - <unknown>
[INFO] [stdout] 
[INFO] [stdout] ---- database::tests::sync_vs_async_test stdout ----
[INFO] [stdout] 
[INFO] [stdout] thread 'database::tests::sync_vs_async_test' (1371) panicked at src/database.rs:176:14:
[INFO] [stdout] Could not create directory '.kronicler_data'.: Os { code: 30, kind: ReadOnlyFilesystem, message: "Read-only file system" }
[INFO] [stdout] stack backtrace:
[INFO] [stdout]    0:     0x5fc25ab947e1 - <<std[617be2ca0a6fd877]::sys::backtrace::BacktraceLock>::print::DisplayBacktrace as core[a373ad73a504971]::fmt::Display>::fmt
[INFO] [stdout]    1:     0x5fc25aba999a - core[a373ad73a504971]::fmt::write
[INFO] [stdout]    2:     0x5fc25ab98ccc - <alloc[2e1b2a31b91974c5]::vec::Vec<u8> as core[a373ad73a504971]::io::write::Write>::write_fmt
[INFO] [stdout]    3:     0x5fc25ab6fc26 - std[617be2ca0a6fd877]::panicking::default_hook::{closure#0}
[INFO] [stdout]    4:     0x5fc25ab8c989 - std[617be2ca0a6fd877]::panicking::default_hook
[INFO] [stdout]    5:     0x5fc25ab27610 - test[aada8e7e76ba119b]::test_main_inner::{closure#0}
[INFO] [stdout]    6:     0x5fc25ab8cb42 - std[617be2ca0a6fd877]::panicking::panic_with_hook
[INFO] [stdout]    7:     0x5fc25ab6fcd2 - std[617be2ca0a6fd877]::panicking::panic_handler::{closure#0}
[INFO] [stdout]    8:     0x5fc25ab68829 - std[617be2ca0a6fd877]::sys::backtrace::__rust_end_short_backtrace::<std[617be2ca0a6fd877]::panicking::panic_handler::{closure#0}, !>
[INFO] [stdout]    9:     0x5fc25ab708dd - __rustc[ea4f61d10b84890b]::rust_begin_unwind
[INFO] [stdout]   10:     0x5fc25abaa0cc - core[a373ad73a504971]::panicking::panic_fmt
[INFO] [stdout]   11:     0x5fc25aba9ea2 - core[a373ad73a504971]::result::unwrap_failed
[INFO] [stdout]   12:     0x5fc25aafc7ad - <kronicler[2c5594398c894de1]::database::DatabaseInner>::new
[INFO] [stdout]   13:     0x5fc25ab15308 - <std[617be2ca0a6fd877]::sync::once::Once>::call_once_force::<<std[617be2ca0a6fd877]::sync::once_lock::OnceLock<alloc[2e1b2a31b91974c5]::sync::Arc<std[617be2ca0a6fd877]::sync::poison::rwlock::RwLock<kronicler[2c5594398c894de1]::database::DatabaseInner>>>>::initialize<<std[617be2ca0a6fd877]::sync::once_lock::OnceLock<alloc[2e1b2a31b91974c5]::sync::Arc<std[617be2ca0a6fd877]::sync::poison::rwlock::RwLock<kronicler[2c5594398c894de1]::database::DatabaseInner>>>>::get_or_init<<kronicler[2c5594398c894de1]::database::Database>::get_instance::{closure#0}>::{closure#0}, !>::{closure#0}>::{closure#0}
[INFO] [stdout]   14:     0x5fc25ab75809 - <std[617be2ca0a6fd877]::sys::sync::once::futex::Once>::call
[INFO] [stdout]   15:     0x5fc25ab14bfe - <std[617be2ca0a6fd877]::sync::once_lock::OnceLock<alloc[2e1b2a31b91974c5]::sync::Arc<std[617be2ca0a6fd877]::sync::poison::rwlock::RwLock<kronicler[2c5594398c894de1]::database::DatabaseInner>>>>::initialize::<<std[617be2ca0a6fd877]::sync::once_lock::OnceLock<alloc[2e1b2a31b91974c5]::sync::Arc<std[617be2ca0a6fd877]::sync::poison::rwlock::RwLock<kronicler[2c5594398c894de1]::database::DatabaseInner>>>>::get_or_init<<kronicler[2c5594398c894de1]::database::Database>::get_instance::{closure#0}>::{closure#0}, !>
[INFO] [stdout]   16:     0x5fc25aafdfd3 - <kronicler[2c5594398c894de1]::database::Database>::capture
[INFO] [stdout]   17:     0x5fc25ab0d77c - <kronicler[2c5594398c894de1]::database::tests::sync_vs_async_test::{closure#0} as core[a373ad73a504971]::ops::function::FnOnce<()>>::call_once
[INFO] [stdout]   18:     0x5fc25ab1aa5b - test[aada8e7e76ba119b]::__rust_begin_short_backtrace::<core[a373ad73a504971]::result::Result<(), alloc[2e1b2a31b91974c5]::string::String>, fn() -> core[a373ad73a504971]::result::Result<(), alloc[2e1b2a31b91974c5]::string::String>>
[INFO] [stdout]   19:     0x5fc25ab27c35 - test[aada8e7e76ba119b]::run_test::{closure#0}
[INFO] [stdout]   20:     0x5fc25ab21524 - std[617be2ca0a6fd877]::sys::backtrace::__rust_begin_short_backtrace::<test[aada8e7e76ba119b]::run_test::{closure#1}, ()>
[INFO] [stdout]   21:     0x5fc25ab2acc2 - <std[617be2ca0a6fd877]::thread::lifecycle::spawn_unchecked<test[aada8e7e76ba119b]::run_test::{closure#1}, ()>::{closure#1} as core[a373ad73a504971]::ops::function::FnOnce<()>>::call_once::{shim:vtable#0}
[INFO] [stdout]   22:     0x5fc25ab9400f - <std[617be2ca0a6fd877]::sys::thread::unix::Thread>::new::thread_start
[INFO] [stdout]   23:     0x760e43f5ddfa - <unknown>
[INFO] [stdout]   24:     0x760e43ff13d4 - clone
[INFO] [stdout]   25:                0x0 - <unknown>
[INFO] [stdout] 
[INFO] [stdout] ---- column::tests::column_save_and_load stdout ----
[INFO] [stdout] Error: Cannot open database file.
[INFO] [stdout] 
[INFO] [stdout] thread 'column::tests::column_save_and_load' (1366) panicked at src/page.rs:118:45:
[INFO] [stdout] Should open file.: Os { code: 2, kind: NotFound, message: "No such file or directory" }
[INFO] [stdout] stack backtrace:
[INFO] [stdout]    0:     0x5fc25ab947e1 - <<std[617be2ca0a6fd877]::sys::backtrace::BacktraceLock>::print::DisplayBacktrace as core[a373ad73a504971]::fmt::Display>::fmt
[INFO] [stdout]    1:     0x5fc25aba999a - core[a373ad73a504971]::fmt::write
[INFO] [stdout]    2:     0x5fc25ab98ccc - <alloc[2e1b2a31b91974c5]::vec::Vec<u8> as core[a373ad73a504971]::io::write::Write>::write_fmt
[INFO] [stdout]    3:     0x5fc25ab6fc26 - std[617be2ca0a6fd877]::panicking::default_hook::{closure#0}
[INFO] [stdout]    4:     0x5fc25ab8c989 - std[617be2ca0a6fd877]::panicking::default_hook
[INFO] [stdout]    5:     0x5fc25ab27610 - test[aada8e7e76ba119b]::test_main_inner::{closure#0}
[INFO] [stdout]    6:     0x5fc25ab8cb42 - std[617be2ca0a6fd877]::panicking::panic_with_hook
[INFO] [stdout]    7:     0x5fc25ab6fcd2 - std[617be2ca0a6fd877]::panicking::panic_handler::{closure#0}
[INFO] [stdout]    8:     0x5fc25ab68829 - std[617be2ca0a6fd877]::sys::backtrace::__rust_end_short_backtrace::<std[617be2ca0a6fd877]::panicking::panic_handler::{closure#0}, !>
[INFO] [stdout]    9:     0x5fc25ab708dd - __rustc[ea4f61d10b84890b]::rust_begin_unwind
[INFO] [stdout]   10:     0x5fc25abaa0cc - core[a373ad73a504971]::panicking::panic_fmt
[INFO] [stdout]   11:     0x5fc25aba9ea2 - core[a373ad73a504971]::result::unwrap_failed
[INFO] [stdout]   12:     0x5fc25ab1410e - <kronicler[2c5594398c894de1]::page::Page>::open
[INFO] [stdout]   13:     0x5fc25ab09f83 - <kronicler[2c5594398c894de1]::bufferpool::Bufferpool>::insert
[INFO] [stdout]   14:     0x5fc25ab127ce - <kronicler[2c5594398c894de1]::column::Column>::insert
[INFO] [stdout]   15:     0x5fc25ab06184 - <kronicler[2c5594398c894de1]::column::tests::column_save_and_load::{closure#0} as core[a373ad73a504971]::ops::function::FnOnce<()>>::call_once
[INFO] [stdout]   16:     0x5fc25ab1aa5b - test[aada8e7e76ba119b]::__rust_begin_short_backtrace::<core[a373ad73a504971]::result::Result<(), alloc[2e1b2a31b91974c5]::string::String>, fn() -> core[a373ad73a504971]::result::Result<(), alloc[2e1b2a31b91974c5]::string::String>>
[INFO] [stdout]   17:     0x5fc25ab27c35 - test[aada8e7e76ba119b]::run_test::{closure#0}
[INFO] [stdout]   18:     0x5fc25ab21524 - std[617be2ca0a6fd877]::sys::backtrace::__rust_begin_short_backtrace::<test[aada8e7e76ba119b]::run_test::{closure#1}, ()>
[INFO] [stdout]   19:     0x5fc25ab2acc2 - <std[617be2ca0a6fd877]::thread::lifecycle::spawn_unchecked<test[aada8e7e76ba119b]::run_test::{closure#1}, ()>::{closure#1} as core[a373ad73a504971]::ops::function::FnOnce<()>>::call_once::{shim:vtable#0}
[INFO] [stdout]   20:     0x5fc25ab9400f - <std[617be2ca0a6fd877]::sys::thread::unix::Thread>::new::thread_start
[INFO] [stdout]   21:     0x760e43f5ddfa - <unknown>
[INFO] [stdout]   22:     0x760e43ff13d4 - clone
[INFO] [stdout]   23:                0x0 - <unknown>
[INFO] [stdout] 
[INFO] [stdout] ---- database::tests::average_test stdout ----
[INFO] [stdout] 
[INFO] [stdout] thread 'database::tests::average_test' (1367) panicked at src/database.rs:176:14:
[INFO] [stdout] Could not create directory '.kronicler_data'.: Os { code: 30, kind: ReadOnlyFilesystem, message: "Read-only file system" }
[INFO] [stdout] stack backtrace:
[INFO] [stdout]    0:     0x5fc25ab947e1 - <<std[617be2ca0a6fd877]::sys::backtrace::BacktraceLock>::print::DisplayBacktrace as core[a373ad73a504971]::fmt::Display>::fmt
[INFO] [stdout]    1:     0x5fc25aba999a - core[a373ad73a504971]::fmt::write
[INFO] [stdout]    2:     0x5fc25ab98ccc - <alloc[2e1b2a31b91974c5]::vec::Vec<u8> as core[a373ad73a504971]::io::write::Write>::write_fmt
[INFO] [stdout]    3:     0x5fc25ab6fc26 - std[617be2ca0a6fd877]::panicking::default_hook::{closure#0}
[INFO] [stdout]    4:     0x5fc25ab8c989 - std[617be2ca0a6fd877]::panicking::default_hook
[INFO] [stdout]    5:     0x5fc25ab27610 - test[aada8e7e76ba119b]::test_main_inner::{closure#0}
[INFO] [stdout]    6:     0x5fc25ab8cb42 - std[617be2ca0a6fd877]::panicking::panic_with_hook
[INFO] [stdout]    7:     0x5fc25ab6fcd2 - std[617be2ca0a6fd877]::panicking::panic_handler::{closure#0}
[INFO] [stdout]    8:     0x5fc25ab68829 - std[617be2ca0a6fd877]::sys::backtrace::__rust_end_short_backtrace::<std[617be2ca0a6fd877]::panicking::panic_handler::{closure#0}, !>
[INFO] [stdout]    9:     0x5fc25ab708dd - __rustc[ea4f61d10b84890b]::rust_begin_unwind
[INFO] [stdout]   10:     0x5fc25abaa0cc - core[a373ad73a504971]::panicking::panic_fmt
[INFO] [stdout]   11:     0x5fc25aba9ea2 - core[a373ad73a504971]::result::unwrap_failed
[INFO] [stdout]   12:     0x5fc25aafc7ad - <kronicler[2c5594398c894de1]::database::DatabaseInner>::new
[INFO] [stdout]   13:     0x5fc25ab15308 - <std[617be2ca0a6fd877]::sync::once::Once>::call_once_force::<<std[617be2ca0a6fd877]::sync::once_lock::OnceLock<alloc[2e1b2a31b91974c5]::sync::Arc<std[617be2ca0a6fd877]::sync::poison::rwlock::RwLock<kronicler[2c5594398c894de1]::database::DatabaseInner>>>>::initialize<<std[617be2ca0a6fd877]::sync::once_lock::OnceLock<alloc[2e1b2a31b91974c5]::sync::Arc<std[617be2ca0a6fd877]::sync::poison::rwlock::RwLock<kronicler[2c5594398c894de1]::database::DatabaseInner>>>>::get_or_init<<kronicler[2c5594398c894de1]::database::Database>::get_instance::{closure#0}>::{closure#0}, !>::{closure#0}>::{closure#0}
[INFO] [stdout]   14:     0x5fc25ab75809 - <std[617be2ca0a6fd877]::sys::sync::once::futex::Once>::call
[INFO] [stdout]   15:     0x5fc25ab14bfe - <std[617be2ca0a6fd877]::sync::once_lock::OnceLock<alloc[2e1b2a31b91974c5]::sync::Arc<std[617be2ca0a6fd877]::sync::poison::rwlock::RwLock<kronicler[2c5594398c894de1]::database::DatabaseInner>>>>::initialize::<<std[617be2ca0a6fd877]::sync::once_lock::OnceLock<alloc[2e1b2a31b91974c5]::sync::Arc<std[617be2ca0a6fd877]::sync::poison::rwlock::RwLock<kronicler[2c5594398c894de1]::database::DatabaseInner>>>>::get_or_init<<kronicler[2c5594398c894de1]::database::Database>::get_instance::{closure#0}>::{closure#0}, !>
[INFO] [stdout]   16:     0x5fc25aafdfd3 - <kronicler[2c5594398c894de1]::database::Database>::capture
[INFO] [stdout]   17:     0x5fc25ab0c995 - <kronicler[2c5594398c894de1]::database::tests::average_test::{closure#0} as core[a373ad73a504971]::ops::function::FnOnce<()>>::call_once
[INFO] [stdout]   18:     0x5fc25ab1aa5b - test[aada8e7e76ba119b]::__rust_begin_short_backtrace::<core[a373ad73a504971]::result::Result<(), alloc[2e1b2a31b91974c5]::string::String>, fn() -> core[a373ad73a504971]::result::Result<(), alloc[2e1b2a31b91974c5]::string::String>>
[INFO] [stdout]   19:     0x5fc25ab27c35 - test[aada8e7e76ba119b]::run_test::{closure#0}
[INFO] [stdout]   20:     0x5fc25ab21524 - std[617be2ca0a6fd877]::sys::backtrace::__rust_begin_short_backtrace::<test[aada8e7e76ba119b]::run_test::{closure#1}, ()>
[INFO] [stdout]   21:     0x5fc25ab2acc2 - <std[617be2ca0a6fd877]::thread::lifecycle::spawn_unchecked<test[aada8e7e76ba119b]::run_test::{closure#1}, ()>::{closure#1} as core[a373ad73a504971]::ops::function::FnOnce<()>>::call_once::{shim:vtable#0}
[INFO] [stdout]   22:     0x5fc25ab9400f - <std[617be2ca0a6fd877]::sys::thread::unix::Thread>::new::thread_start
[INFO] [stdout]   23:     0x760e43f5ddfa - <unknown>
[INFO] [stdout]   24:     0x760e43ff13d4 - clone
[INFO] [stdout]   25:                0x0 - <unknown>
[INFO] [stdout] 
[INFO] [stdout] ---- filewriter::tests::database_filesize_test stdout ----
[INFO] [stdout] 
[INFO] [stdout] thread 'filewriter::tests::database_filesize_test' (1372) panicked at src/filewriter.rs:171:35:
[INFO] [stdout] called `Result::unwrap()` on an `Err` value: Os { code: 2, kind: NotFound, message: "No such file or directory" }
[INFO] [stdout] stack backtrace:
[INFO] [stdout]    0:     0x5fc25ab947e1 - <<std[617be2ca0a6fd877]::sys::backtrace::BacktraceLock>::print::DisplayBacktrace as core[a373ad73a504971]::fmt::Display>::fmt
[INFO] [stdout]    1:     0x5fc25aba999a - core[a373ad73a504971]::fmt::write
[INFO] [stdout]    2:     0x5fc25ab98ccc - <alloc[2e1b2a31b91974c5]::vec::Vec<u8> as core[a373ad73a504971]::io::write::Write>::write_fmt
[INFO] [stdout]    3:     0x5fc25ab6fc26 - std[617be2ca0a6fd877]::panicking::default_hook::{closure#0}
[INFO] [stdout]    4:     0x5fc25ab8c989 - std[617be2ca0a6fd877]::panicking::default_hook
[INFO] [stdout]    5:     0x5fc25ab27610 - test[aada8e7e76ba119b]::test_main_inner::{closure#0}
[INFO] [stdout]    6:     0x5fc25ab8cb42 - std[617be2ca0a6fd877]::panicking::panic_with_hook
[INFO] [stdout]    7:     0x5fc25ab6fcd2 - std[617be2ca0a6fd877]::panicking::panic_handler::{closure#0}
[INFO] [stdout]    8:     0x5fc25ab68829 - std[617be2ca0a6fd877]::sys::backtrace::__rust_end_short_backtrace::<std[617be2ca0a6fd877]::panicking::panic_handler::{closure#0}, !>
[INFO] [stdout]    9:     0x5fc25ab708dd - __rustc[ea4f61d10b84890b]::rust_begin_unwind
[INFO] [stdout]   10:     0x5fc25abaa0cc - core[a373ad73a504971]::panicking::panic_fmt
[INFO] [stdout]   11:     0x5fc25aba9ea2 - core[a373ad73a504971]::result::unwrap_failed
[INFO] [stdout]   12:     0x5fc25ab0255c - kronicler[2c5594398c894de1]::filewriter::dir_filesize
[INFO] [stdout]   13:     0x5fc25ab05d45 - <kronicler[2c5594398c894de1]::filewriter::tests::database_filesize_test::{closure#0} as core[a373ad73a504971]::ops::function::FnOnce<()>>::call_once
[INFO] [stdout]   14:     0x5fc25ab1aa5b - test[aada8e7e76ba119b]::__rust_begin_short_backtrace::<core[a373ad73a504971]::result::Result<(), alloc[2e1b2a31b91974c5]::string::String>, fn() -> core[a373ad73a504971]::result::Result<(), alloc[2e1b2a31b91974c5]::string::String>>
[INFO] [stdout]   15:     0x5fc25ab27c35 - test[aada8e7e76ba119b]::run_test::{closure#0}
[INFO] [stdout]   16:     0x5fc25ab21524 - std[617be2ca0a6fd877]::sys::backtrace::__rust_begin_short_backtrace::<test[aada8e7e76ba119b]::run_test::{closure#1}, ()>
[INFO] [stdout]   17:     0x5fc25ab2acc2 - <std[617be2ca0a6fd877]::thread::lifecycle::spawn_unchecked<test[aada8e7e76ba119b]::run_test::{closure#1}, ()>::{closure#1} as core[a373ad73a504971]::ops::function::FnOnce<()>>::call_once::{shim:vtable#0}
[INFO] [stdout]   18:     0x5fc25ab9400f - <std[617be2ca0a6fd877]::sys::thread::unix::Thread>::new::thread_start
[INFO] [stdout]   19:     0x760e43f5ddfa - <unknown>
[INFO] [stdout]   20:     0x760e43ff13d4 - clone
[INFO] [stdout]   21:                0x0 - <unknown>
[INFO] [stdout] 
[INFO] [stdout] ---- database::tests::shared_queue_state_test stdout ----
[INFO] [stdout] Async Consume not fully supported yet in v0.1.1. Please set `sync_consume=True`.
[INFO] [stdout] 
[INFO] [stdout] thread 'database::tests::shared_queue_state_test' (1369) panicked at src/database.rs:176:14:
[INFO] [stdout] Could not create directory '.kronicler_data'.: Os { code: 30, kind: ReadOnlyFilesystem, message: "Read-only file system" }
[INFO] [stdout] stack backtrace:
[INFO] [stdout]    0:     0x5fc25ab947e1 - <<std[617be2ca0a6fd877]::sys::backtrace::BacktraceLock>::print::DisplayBacktrace as core[a373ad73a504971]::fmt::Display>::fmt
[INFO] [stdout]    1:     0x5fc25aba999a - core[a373ad73a504971]::fmt::write
[INFO] [stdout]    2:     0x5fc25ab98ccc - <alloc[2e1b2a31b91974c5]::vec::Vec<u8> as core[a373ad73a504971]::io::write::Write>::write_fmt
[INFO] [stdout]    3:     0x5fc25ab6fc26 - std[617be2ca0a6fd877]::panicking::default_hook::{closure#0}
[INFO] [stdout]    4:     0x5fc25ab8c989 - std[617be2ca0a6fd877]::panicking::default_hook
[INFO] [stdout]    5:     0x5fc25ab27610 - test[aada8e7e76ba119b]::test_main_inner::{closure#0}
[INFO] [stdout]    6:     0x5fc25ab8cb42 - std[617be2ca0a6fd877]::panicking::panic_with_hook
[INFO] [stdout]    7:     0x5fc25ab6fcd2 - std[617be2ca0a6fd877]::panicking::panic_handler::{closure#0}
[INFO] [stdout]    8:     0x5fc25ab68829 - std[617be2ca0a6fd877]::sys::backtrace::__rust_end_short_backtrace::<std[617be2ca0a6fd877]::panicking::panic_handler::{closure#0}, !>
[INFO] [stdout]    9:     0x5fc25ab708dd - __rustc[ea4f61d10b84890b]::rust_begin_unwind
[INFO] [stdout]   10:     0x5fc25abaa0cc - core[a373ad73a504971]::panicking::panic_fmt
[INFO] [stdout]   11:     0x5fc25aba9ea2 - core[a373ad73a504971]::result::unwrap_failed
[INFO] [stdout]   12:     0x5fc25aafc7ad - <kronicler[2c5594398c894de1]::database::DatabaseInner>::new
[INFO] [stdout]   13:     0x5fc25ab15515 - <std[617be2ca0a6fd877]::sync::once::Once>::call_once_force::<<std[617be2ca0a6fd877]::sync::once_lock::OnceLock<alloc[2e1b2a31b91974c5]::sync::Arc<std[617be2ca0a6fd877]::sync::poison::rwlock::RwLock<kronicler[2c5594398c894de1]::database::DatabaseInner>>>>::initialize<<std[617be2ca0a6fd877]::sync::once_lock::OnceLock<alloc[2e1b2a31b91974c5]::sync::Arc<std[617be2ca0a6fd877]::sync::poison::rwlock::RwLock<kronicler[2c5594398c894de1]::database::DatabaseInner>>>>::get_or_init<<kronicler[2c5594398c894de1]::database::Database>::get_instance::{closure#1}>::{closure#0}, !>::{closure#0}>::{closure#0}
[INFO] [stdout]   14:     0x5fc25ab75809 - <std[617be2ca0a6fd877]::sys::sync::once::futex::Once>::call
[INFO] [stdout]   15:     0x5fc25ab14c43 - <std[617be2ca0a6fd877]::sync::once_lock::OnceLock<alloc[2e1b2a31b91974c5]::sync::Arc<std[617be2ca0a6fd877]::sync::poison::rwlock::RwLock<kronicler[2c5594398c894de1]::database::DatabaseInner>>>>::initialize::<<std[617be2ca0a6fd877]::sync::once_lock::OnceLock<alloc[2e1b2a31b91974c5]::sync::Arc<std[617be2ca0a6fd877]::sync::poison::rwlock::RwLock<kronicler[2c5594398c894de1]::database::DatabaseInner>>>>::get_or_init<<kronicler[2c5594398c894de1]::database::Database>::get_instance::{closure#1}>::{closure#0}, !>
[INFO] [stdout]   16:     0x5fc25aafdff3 - <kronicler[2c5594398c894de1]::database::Database>::capture
[INFO] [stdout]   17:     0x5fc25ab0dad5 - <kronicler[2c5594398c894de1]::database::tests::shared_queue_state_test::{closure#0} as core[a373ad73a504971]::ops::function::FnOnce<()>>::call_once
[INFO] [stdout]   18:     0x5fc25ab1aa5b - test[aada8e7e76ba119b]::__rust_begin_short_backtrace::<core[a373ad73a504971]::result::Result<(), alloc[2e1b2a31b91974c5]::string::String>, fn() -> core[a373ad73a504971]::result::Result<(), alloc[2e1b2a31b91974c5]::string::String>>
[INFO] [stdout]   19:     0x5fc25ab27c35 - test[aada8e7e76ba119b]::run_test::{closure#0}
[INFO] [stdout]   20:     0x5fc25ab21524 - std[617be2ca0a6fd877]::sys::backtrace::__rust_begin_short_backtrace::<test[aada8e7e76ba119b]::run_test::{closure#1}, ()>
[INFO] [stdout]   21:     0x5fc25ab2acc2 - <std[617be2ca0a6fd877]::thread::lifecycle::spawn_unchecked<test[aada8e7e76ba119b]::run_test::{closure#1}, ()>::{closure#1} as core[a373ad73a504971]::ops::function::FnOnce<()>>::call_once::{shim:vtable#0}
[INFO] [stdout]   22:     0x5fc25ab9400f - <std[617be2ca0a6fd877]::sys::thread::unix::Thread>::new::thread_start
[INFO] [stdout]   23:     0x760e43f5ddfa - <unknown>
[INFO] [stdout]   24:     0x760e43ff13d4 - clone
[INFO] [stdout]   25:                0x0 - <unknown>
[INFO] [stdout] 
[INFO] [stdout] ---- page::tests::test_epoch_value_persistence stdout ----
[INFO] [stdout] Error: Cannot open database file.
[INFO] [stdout] Error: Cannot open database file.
[INFO] [stdout] 
[INFO] [stdout] thread 'page::tests::test_epoch_value_persistence' (1386) panicked at src/page.rs:118:45:
[INFO] [stdout] Should open file.: Os { code: 2, kind: NotFound, message: "No such file or directory" }
[INFO] [stdout] stack backtrace:
[INFO] [stdout]    0:     0x5fc25ab947e1 - <<std[617be2ca0a6fd877]::sys::backtrace::BacktraceLock>::print::DisplayBacktrace as core[a373ad73a504971]::fmt::Display>::fmt
[INFO] [stdout]    1:     0x5fc25aba999a - core[a373ad73a504971]::fmt::write
[INFO] [stdout]    2:     0x5fc25ab98ccc - <alloc[2e1b2a31b91974c5]::vec::Vec<u8> as core[a373ad73a504971]::io::write::Write>::write_fmt
[INFO] [stdout]    3:     0x5fc25ab6fc26 - std[617be2ca0a6fd877]::panicking::default_hook::{closure#0}
[INFO] [stdout]    4:     0x5fc25ab8c989 - std[617be2ca0a6fd877]::panicking::default_hook
[INFO] [stdout]    5:     0x5fc25ab27610 - test[aada8e7e76ba119b]::test_main_inner::{closure#0}
[INFO] [stdout]    6:     0x5fc25ab8cb42 - std[617be2ca0a6fd877]::panicking::panic_with_hook
[INFO] [stdout]    7:     0x5fc25ab6fcd2 - std[617be2ca0a6fd877]::panicking::panic_handler::{closure#0}
[INFO] [stdout]    8:     0x5fc25ab68829 - std[617be2ca0a6fd877]::sys::backtrace::__rust_end_short_backtrace::<std[617be2ca0a6fd877]::panicking::panic_handler::{closure#0}, !>
[INFO] [stdout]    9:     0x5fc25ab708dd - __rustc[ea4f61d10b84890b]::rust_begin_unwind
[INFO] [stdout]   10:     0x5fc25abaa0cc - core[a373ad73a504971]::panicking::panic_fmt
[INFO] [stdout]   11:     0x5fc25aba9ea2 - core[a373ad73a504971]::result::unwrap_failed
[INFO] [stdout]   12:     0x5fc25ab1410e - <kronicler[2c5594398c894de1]::page::Page>::open
[INFO] [stdout]   13:     0x5fc25ab01392 - <kronicler[2c5594398c894de1]::page::tests::test_epoch_value_persistence::{closure#0} as core[a373ad73a504971]::ops::function::FnOnce<()>>::call_once
[INFO] [stdout]   14:     0x5fc25ab1aa5b - test[aada8e7e76ba119b]::__rust_begin_short_backtrace::<core[a373ad73a504971]::result::Result<(), alloc[2e1b2a31b91974c5]::string::String>, fn() -> core[a373ad73a504971]::result::Result<(), alloc[2e1b2a31b91974c5]::string::String>>
[INFO] [stdout]   15:     0x5fc25ab27c35 - test[aada8e7e76ba119b]::run_test::{closure#0}
[INFO] [stdout]   16:     0x5fc25ab21524 - std[617be2ca0a6fd877]::sys::backtrace::__rust_begin_short_backtrace::<test[aada8e7e76ba119b]::run_test::{closure#1}, ()>
[INFO] [stdout]   17:     0x5fc25ab2acc2 - <std[617be2ca0a6fd877]::thread::lifecycle::spawn_unchecked<test[aada8e7e76ba119b]::run_test::{closure#1}, ()>::{closure#1} as core[a373ad73a504971]::ops::function::FnOnce<()>>::call_once::{shim:vtable#0}
[INFO] [stdout]   18:     0x5fc25ab9400f - <std[617be2ca0a6fd877]::sys::thread::unix::Thread>::new::thread_start
[INFO] [stdout]   19:     0x760e43f5ddfa - <unknown>
[INFO] [stdout]   20:     0x760e43ff13d4 - clone
[INFO] [stdout]   21:                0x0 - <unknown>
[INFO] [stdout] 
[INFO] [stdout] ---- page::tests::test_different_column_indices stdout ----
[INFO] [stdout] Error: Cannot open database file.
[INFO] [stdout] Error: Cannot open database file.
[INFO] [stdout] 
[INFO] [stdout] thread 'page::tests::test_different_column_indices' (1384) panicked at src/page.rs:468:9:
[INFO] [stdout] assertion failed: path1.exists()
[INFO] [stdout] stack backtrace:
[INFO] [stdout]    0:     0x5fc25ab947e1 - <<std[617be2ca0a6fd877]::sys::backtrace::BacktraceLock>::print::DisplayBacktrace as core[a373ad73a504971]::fmt::Display>::fmt
[INFO] [stdout]    1:     0x5fc25aba999a - core[a373ad73a504971]::fmt::write
[INFO] [stdout]    2:     0x5fc25ab98ccc - <alloc[2e1b2a31b91974c5]::vec::Vec<u8> as core[a373ad73a504971]::io::write::Write>::write_fmt
[INFO] [stdout]    3:     0x5fc25ab6fc26 - std[617be2ca0a6fd877]::panicking::default_hook::{closure#0}
[INFO] [stdout]    4:     0x5fc25ab8c989 - std[617be2ca0a6fd877]::panicking::default_hook
[INFO] [stdout]    5:     0x5fc25ab27610 - test[aada8e7e76ba119b]::test_main_inner::{closure#0}
[INFO] [stdout]    6:     0x5fc25ab8cb42 - std[617be2ca0a6fd877]::panicking::panic_with_hook
[INFO] [stdout]    7:     0x5fc25ab6fd04 - std[617be2ca0a6fd877]::panicking::panic_handler::{closure#0}
[INFO] [stdout]    8:     0x5fc25ab68829 - std[617be2ca0a6fd877]::sys::backtrace::__rust_end_short_backtrace::<std[617be2ca0a6fd877]::panicking::panic_handler::{closure#0}, !>
[INFO] [stdout]    9:     0x5fc25ab708dd - __rustc[ea4f61d10b84890b]::rust_begin_unwind
[INFO] [stdout]   10:     0x5fc25abaa0cc - core[a373ad73a504971]::panicking::panic_fmt
[INFO] [stdout]   11:     0x5fc25abaa092 - core[a373ad73a504971]::panicking::panic
[INFO] [stdout]   12:     0x5fc25ab01b98 - <kronicler[2c5594398c894de1]::page::tests::test_different_column_indices::{closure#0} as core[a373ad73a504971]::ops::function::FnOnce<()>>::call_once
[INFO] [stdout]   13:     0x5fc25ab1aa5b - test[aada8e7e76ba119b]::__rust_begin_short_backtrace::<core[a373ad73a504971]::result::Result<(), alloc[2e1b2a31b91974c5]::string::String>, fn() -> core[a373ad73a504971]::result::Result<(), alloc[2e1b2a31b91974c5]::string::String>>
[INFO] [stdout]   14:     0x5fc25ab27c35 - test[aada8e7e76ba119b]::run_test::{closure#0}
[INFO] [stdout]   15:     0x5fc25ab21524 - std[617be2ca0a6fd877]::sys::backtrace::__rust_begin_short_backtrace::<test[aada8e7e76ba119b]::run_test::{closure#1}, ()>
[INFO] [stdout]   16:     0x5fc25ab2acc2 - <std[617be2ca0a6fd877]::thread::lifecycle::spawn_unchecked<test[aada8e7e76ba119b]::run_test::{closure#1}, ()>::{closure#1} as core[a373ad73a504971]::ops::function::FnOnce<()>>::call_once::{shim:vtable#0}
[INFO] [stdout]   17:     0x5fc25ab9400f - <std[617be2ca0a6fd877]::sys::thread::unix::Thread>::new::thread_start
[INFO] [stdout]   18:     0x760e43f5ddfa - <unknown>
[INFO] [stdout]   19:     0x760e43ff13d4 - clone
[INFO] [stdout]   20:                0x0 - <unknown>
[INFO] [stdout] 
[INFO] [stdout] ---- page::tests::test_name_value_persistence stdout ----
[INFO] [stdout] Error: Cannot open database file.
[INFO] [stdout] Error: Cannot open database file.
[INFO] [stdout] 
[INFO] [stdout] thread 'page::tests::test_name_value_persistence' (1390) panicked at src/page.rs:118:45:
[INFO] [stdout] Should open file.: Os { code: 2, kind: NotFound, message: "No such file or directory" }
[INFO] [stdout] stack backtrace:
[INFO] [stdout]    0:     0x5fc25ab947e1 - <<std[617be2ca0a6fd877]::sys::backtrace::BacktraceLock>::print::DisplayBacktrace as core[a373ad73a504971]::fmt::Display>::fmt
[INFO] [stdout]    1:     0x5fc25aba999a - core[a373ad73a504971]::fmt::write
[INFO] [stdout]    2:     0x5fc25ab98ccc - <alloc[2e1b2a31b91974c5]::vec::Vec<u8> as core[a373ad73a504971]::io::write::Write>::write_fmt
[INFO] [stdout]    3:     0x5fc25ab6fc26 - std[617be2ca0a6fd877]::panicking::default_hook::{closure#0}
[INFO] [stdout]    4:     0x5fc25ab8c989 - std[617be2ca0a6fd877]::panicking::default_hook
[INFO] [stdout]    5:     0x5fc25ab27610 - test[aada8e7e76ba119b]::test_main_inner::{closure#0}
[INFO] [stdout]    6:     0x5fc25ab8cb42 - std[617be2ca0a6fd877]::panicking::panic_with_hook
[INFO] [stdout]    7:     0x5fc25ab6fcd2 - std[617be2ca0a6fd877]::panicking::panic_handler::{closure#0}
[INFO] [stdout]    8:     0x5fc25ab68829 - std[617be2ca0a6fd877]::sys::backtrace::__rust_end_short_backtrace::<std[617be2ca0a6fd877]::panicking::panic_handler::{closure#0}, !>
[INFO] [stdout]    9:     0x5fc25ab708dd - __rustc[ea4f61d10b84890b]::rust_begin_unwind
[INFO] [stdout]   10:     0x5fc25abaa0cc - core[a373ad73a504971]::panicking::panic_fmt
[INFO] [stdout]   11:     0x5fc25aba9ea2 - core[a373ad73a504971]::result::unwrap_failed
[INFO] [stdout]   12:     0x5fc25ab1410e - <kronicler[2c5594398c894de1]::page::Page>::open
[INFO] [stdout]   13:     0x5fc25ab00d41 - <kronicler[2c5594398c894de1]::page::tests::test_name_value_persistence::{closure#0} as core[a373ad73a504971]::ops::function::FnOnce<()>>::call_once
[INFO] [stdout]   14:     0x5fc25ab1aa5b - test[aada8e7e76ba119b]::__rust_begin_short_backtrace::<core[a373ad73a504971]::result::Result<(), alloc[2e1b2a31b91974c5]::string::String>, fn() -> core[a373ad73a504971]::result::Result<(), alloc[2e1b2a31b91974c5]::string::String>>
[INFO] [stdout]   15:     0x5fc25ab27c35 - test[aada8e7e76ba119b]::run_test::{closure#0}
[INFO] [stdout]   16:     0x5fc25ab21524 - std[617be2ca0a6fd877]::sys::backtrace::__rust_begin_short_backtrace::<test[aada8e7e76ba119b]::run_test::{closure#1}, ()>
[INFO] [stdout]   17:     0x5fc25ab2acc2 - <std[617be2ca0a6fd877]::thread::lifecycle::spawn_unchecked<test[aada8e7e76ba119b]::run_test::{closure#1}, ()>::{closure#1} as core[a373ad73a504971]::ops::function::FnOnce<()>>::call_once::{shim:vtable#0}
[INFO] [stdout]   18:     0x5fc25ab9400f - <std[617be2ca0a6fd877]::sys::thread::unix::Thread>::new::thread_start
[INFO] [stdout]   19:     0x760e43f5ddfa - <unknown>
[INFO] [stdout]   20:     0x760e43ff13d4 - clone
[INFO] [stdout]   21:                0x0 - <unknown>
[INFO] [stdout] 
[INFO] [stdout] ---- page::tests::test_open_creates_file_if_not_exists stdout ----
[INFO] [stdout] Error: Cannot open database file.
[INFO] [stdout] 
[INFO] [stdout] thread 'page::tests::test_open_creates_file_if_not_exists' (1392) panicked at src/page.rs:118:45:
[INFO] [stdout] Should open file.: Os { code: 2, kind: NotFound, message: "No such file or directory" }
[INFO] [stdout] stack backtrace:
[INFO] [stdout]    0:     0x5fc25ab947e1 - <<std[617be2ca0a6fd877]::sys::backtrace::BacktraceLock>::print::DisplayBacktrace as core[a373ad73a504971]::fmt::Display>::fmt
[INFO] [stdout]    1:     0x5fc25aba999a - core[a373ad73a504971]::fmt::write
[INFO] [stdout]    2:     0x5fc25ab98ccc - <alloc[2e1b2a31b91974c5]::vec::Vec<u8> as core[a373ad73a504971]::io::write::Write>::write_fmt
[INFO] [stdout]    3:     0x5fc25ab6fc26 - std[617be2ca0a6fd877]::panicking::default_hook::{closure#0}
[INFO] [stdout]    4:     0x5fc25ab8c989 - std[617be2ca0a6fd877]::panicking::default_hook
[INFO] [stdout]    5:     0x5fc25ab27610 - test[aada8e7e76ba119b]::test_main_inner::{closure#0}
[INFO] [stdout]    6:     0x5fc25ab8cb42 - std[617be2ca0a6fd877]::panicking::panic_with_hook
[INFO] [stdout]    7:     0x5fc25ab6fcd2 - std[617be2ca0a6fd877]::panicking::panic_handler::{closure#0}
[INFO] [stdout]    8:     0x5fc25ab68829 - std[617be2ca0a6fd877]::sys::backtrace::__rust_end_short_backtrace::<std[617be2ca0a6fd877]::panicking::panic_handler::{closure#0}, !>
[INFO] [stdout]    9:     0x5fc25ab708dd - __rustc[ea4f61d10b84890b]::rust_begin_unwind
[INFO] [stdout]   10:     0x5fc25abaa0cc - core[a373ad73a504971]::panicking::panic_fmt
[INFO] [stdout]   11:     0x5fc25aba9ea2 - core[a373ad73a504971]::result::unwrap_failed
[INFO] [stdout]   12:     0x5fc25ab1410e - <kronicler[2c5594398c894de1]::page::Page>::open
[INFO] [stdout]   13:     0x5fc25ab01c49 - <kronicler[2c5594398c894de1]::page::tests::test_open_creates_file_if_not_exists::{closure#0} as core[a373ad73a504971]::ops::function::FnOnce<()>>::call_once
[INFO] [stdout]   14:     0x5fc25ab1aa5b - test[aada8e7e76ba119b]::__rust_begin_short_backtrace::<core[a373ad73a504971]::result::Result<(), alloc[2e1b2a31b91974c5]::string::String>, fn() -> core[a373ad73a504971]::result::Result<(), alloc[2e1b2a31b91974c5]::string::String>>
[INFO] [stdout]   15:     0x5fc25ab27c35 - test[aada8e7e76ba119b]::run_test::{closure#0}
[INFO] [stdout]   16:     0x5fc25ab21524 - std[617be2ca0a6fd877]::sys::backtrace::__rust_begin_short_backtrace::<test[aada8e7e76ba119b]::run_test::{closure#1}, ()>
[INFO] [stdout]   17:     0x5fc25ab2acc2 - <std[617be2ca0a6fd877]::thread::lifecycle::spawn_unchecked<test[aada8e7e76ba119b]::run_test::{closure#1}, ()>::{closure#1} as core[a373ad73a504971]::ops::function::FnOnce<()>>::call_once::{shim:vtable#0}
[INFO] [stdout]   18:     0x5fc25ab9400f - <std[617be2ca0a6fd877]::sys::thread::unix::Thread>::new::thread_start
[INFO] [stdout]   19:     0x760e43f5ddfa - <unknown>
[INFO] [stdout]   20:     0x760e43ff13d4 - clone
[INFO] [stdout]   21:                0x0 - <unknown>
[INFO] [stdout] 
[INFO] [stdout] ---- page::tests::test_page_reopen stdout ----
[INFO] [stdout] Error: Cannot open database file.
[INFO] [stdout] Error: Cannot open database file.
[INFO] [stdout] 
[INFO] [stdout] thread 'page::tests::test_page_reopen' (1395) panicked at src/page.rs:118:45:
[INFO] [stdout] Should open file.: Os { code: 2, kind: NotFound, message: "No such file or directory" }
[INFO] [stdout] stack backtrace:
[INFO] [stdout]    0:     0x5fc25ab947e1 - <<std[617be2ca0a6fd877]::sys::backtrace::BacktraceLock>::print::DisplayBacktrace as core[a373ad73a504971]::fmt::Display>::fmt
[INFO] [stdout]    1:     0x5fc25aba999a - core[a373ad73a504971]::fmt::write
[INFO] [stdout]    2:     0x5fc25ab98ccc - <alloc[2e1b2a31b91974c5]::vec::Vec<u8> as core[a373ad73a504971]::io::write::Write>::write_fmt
[INFO] [stdout]    3:     0x5fc25ab6fc26 - std[617be2ca0a6fd877]::panicking::default_hook::{closure#0}
[INFO] [stdout]    4:     0x5fc25ab8c989 - std[617be2ca0a6fd877]::panicking::default_hook
[INFO] [stdout]    5:     0x5fc25ab27610 - test[aada8e7e76ba119b]::test_main_inner::{closure#0}
[INFO] [stdout]    6:     0x5fc25ab8cb42 - std[617be2ca0a6fd877]::panicking::panic_with_hook
[INFO] [stdout]    7:     0x5fc25ab6fcd2 - std[617be2ca0a6fd877]::panicking::panic_handler::{closure#0}
[INFO] [stdout]    8:     0x5fc25ab68829 - std[617be2ca0a6fd877]::sys::backtrace::__rust_end_short_backtrace::<std[617be2ca0a6fd877]::panicking::panic_handler::{closure#0}, !>
[INFO] [stdout]    9:     0x5fc25ab708dd - __rustc[ea4f61d10b84890b]::rust_begin_unwind
[INFO] [stdout]   10:     0x5fc25abaa0cc - core[a373ad73a504971]::panicking::panic_fmt
[INFO] [stdout]   11:     0x5fc25aba9ea2 - core[a373ad73a504971]::result::unwrap_failed
[INFO] [stdout]   12:     0x5fc25ab1410e - <kronicler[2c5594398c894de1]::page::Page>::open
[INFO] [stdout]   13:     0x5fc25aaff71c - <kronicler[2c5594398c894de1]::page::tests::test_page_reopen::{closure#0} as core[a373ad73a504971]::ops::function::FnOnce<()>>::call_once
[INFO] [stdout]   14:     0x5fc25ab1aa5b - test[aada8e7e76ba119b]::__rust_begin_short_backtrace::<core[a373ad73a504971]::result::Result<(), alloc[2e1b2a31b91974c5]::string::String>, fn() -> core[a373ad73a504971]::result::Result<(), alloc[2e1b2a31b91974c5]::string::String>>
[INFO] [stdout]   15:     0x5fc25ab27c35 - test[aada8e7e76ba119b]::run_test::{closure#0}
[INFO] [stdout]   16:     0x5fc25ab21524 - std[617be2ca0a6fd877]::sys::backtrace::__rust_begin_short_backtrace::<test[aada8e7e76ba119b]::run_test::{closure#1}, ()>
[INFO] [stdout]   17:     0x5fc25ab2acc2 - <std[617be2ca0a6fd877]::thread::lifecycle::spawn_unchecked<test[aada8e7e76ba119b]::run_test::{closure#1}, ()>::{closure#1} as core[a373ad73a504971]::ops::function::FnOnce<()>>::call_once::{shim:vtable#0}
[INFO] [stdout]   18:     0x5fc25ab9400f - <std[617be2ca0a6fd877]::sys::thread::unix::Thread>::new::thread_start
[INFO] [stdout]   19:     0x760e43f5ddfa - <unknown>
[INFO] [stdout]   20:     0x760e43ff13d4 - clone
[INFO] [stdout]   21:                0x0 - <unknown>
[INFO] [stdout] 
[INFO] [stdout] ---- page::tests::test_write_and_read_page stdout ----
[INFO] [stdout] Error: Cannot open database file.
[INFO] [stdout] Error: Cannot open database file.
[INFO] [stdout] 
[INFO] [stdout] thread 'page::tests::test_write_and_read_page' (1401) panicked at src/page.rs:118:45:
[INFO] [stdout] Should open file.: Os { code: 2, kind: NotFound, message: "No such file or directory" }
[INFO] [stdout] stack backtrace:
[INFO] [stdout]    0:     0x5fc25ab947e1 - <<std[617be2ca0a6fd877]::sys::backtrace::BacktraceLock>::print::DisplayBacktrace as core[a373ad73a504971]::fmt::Display>::fmt
[INFO] [stdout]    1:     0x5fc25aba999a - core[a373ad73a504971]::fmt::write
[INFO] [stdout]    2:     0x5fc25ab98ccc - <alloc[2e1b2a31b91974c5]::vec::Vec<u8> as core[a373ad73a504971]::io::write::Write>::write_fmt
[INFO] [stdout]    3:     0x5fc25ab6fc26 - std[617be2ca0a6fd877]::panicking::default_hook::{closure#0}
[INFO] [stdout]    4:     0x5fc25ab8c989 - std[617be2ca0a6fd877]::panicking::default_hook
[INFO] [stdout]    5:     0x5fc25ab27610 - test[aada8e7e76ba119b]::test_main_inner::{closure#0}
[INFO] [stdout]    6:     0x5fc25ab8cb42 - std[617be2ca0a6fd877]::panicking::panic_with_hook
[INFO] [stdout]    7:     0x5fc25ab6fcd2 - std[617be2ca0a6fd877]::panicking::panic_handler::{closure#0}
[INFO] [stdout]    8:     0x5fc25ab68829 - std[617be2ca0a6fd877]::sys::backtrace::__rust_end_short_backtrace::<std[617be2ca0a6fd877]::panicking::panic_handler::{closure#0}, !>
[INFO] [stdout]    9:     0x5fc25ab708dd - __rustc[ea4f61d10b84890b]::rust_begin_unwind
[INFO] [stdout]   10:     0x5fc25abaa0cc - core[a373ad73a504971]::panicking::panic_fmt
[INFO] [stdout]   11:     0x5fc25aba9ea2 - core[a373ad73a504971]::result::unwrap_failed
[INFO] [stdout]   12:     0x5fc25ab1410e - <kronicler[2c5594398c894de1]::page::Page>::open
[INFO] [stdout]   13:     0x5fc25ab00005 - <kronicler[2c5594398c894de1]::page::tests::test_write_and_read_page::{closure#0} as core[a373ad73a504971]::ops::function::FnOnce<()>>::call_once
[INFO] [stdout]   14:     0x5fc25ab1aa5b - test[aada8e7e76ba119b]::__rust_begin_short_backtrace::<core[a373ad73a504971]::result::Result<(), alloc[2e1b2a31b91974c5]::string::String>, fn() -> core[a373ad73a504971]::result::Result<(), alloc[2e1b2a31b91974c5]::string::String>>
[INFO] [stdout]   15:     0x5fc25ab27c35 - test[aada8e7e76ba119b]::run_test::{closure#0}
[INFO] [stdout]   16:     0x5fc25ab21524 - std[617be2ca0a6fd877]::sys::backtrace::__rust_begin_short_backtrace::<test[aada8e7e76ba119b]::run_test::{closure#1}, ()>
[INFO] [stdout]   17:     0x5fc25ab2acc2 - <std[617be2ca0a6fd877]::thread::lifecycle::spawn_unchecked<test[aada8e7e76ba119b]::run_test::{closure#1}, ()>::{closure#1} as core[a373ad73a504971]::ops::function::FnOnce<()>>::call_once::{shim:vtable#0}
[INFO] [stdout]   18:     0x5fc25ab9400f - <std[617be2ca0a6fd877]::sys::thread::unix::Thread>::new::thread_start
[INFO] [stdout]   19:     0x760e43f5ddfa - <unknown>
[INFO] [stdout]   20:     0x760e43ff13d4 - clone
[INFO] [stdout]   21:                0x0 - <unknown>
[INFO] [stdout] 
[INFO] [stdout] 
[INFO] [stdout] failures:
[INFO] [stdout]     bufferpool::tests::a_setup_test
[INFO] [stdout]     bufferpool::tests::basic_integration_test
[INFO] [stdout]     column::tests::column_insert_and_fetch
[INFO] [stdout]     column::tests::column_insert_increments_index
[INFO] [stdout]     column::tests::column_insert_name_field
[INFO] [stdout]     column::tests::column_multiple_inserts_sequential
[INFO] [stdout]     column::tests::column_new_loads_existing_metadata
[INFO] [stdout]     column::tests::column_save_and_load
[INFO] [stdout]     database::tests::average_test
[INFO] [stdout]     database::tests::get_function_names
[INFO] [stdout]     database::tests::shared_queue_state_test
[INFO] [stdout]     database::tests::singleton_test
[INFO] [stdout]     database::tests::sync_vs_async_test
[INFO] [stdout]     filewriter::tests::database_filesize_test
[INFO] [stdout]     page::tests::test_different_column_indices
[INFO] [stdout]     page::tests::test_epoch_value_persistence
[INFO] [stdout]     page::tests::test_name_value_persistence
[INFO] [stdout]     page::tests::test_open_creates_file_if_not_exists
[INFO] [stdout]     page::tests::test_page_reopen
[INFO] [stdout]     page::tests::test_write_and_read_page
[INFO] [stdout] 
[INFO] [stdout] test result: FAILED. 63 passed; 20 failed; 0 ignored; 0 measured; 0 filtered out; finished in 0.04s
[INFO] [stdout] 
[INFO] [stderr] error: test failed, to rerun pass `--lib`
[INFO] running `Command { std: "docker" "inspect" "a71c08a8e322c390fa4086397da35ecce6a5261d5b1dbbe605a6fa79a0772b25", kill_on_drop: false }`
[INFO] running `Command { std: "docker" "rm" "-f" "a71c08a8e322c390fa4086397da35ecce6a5261d5b1dbbe605a6fa79a0772b25", kill_on_drop: false }`
[INFO] [stdout] a71c08a8e322c390fa4086397da35ecce6a5261d5b1dbbe605a6fa79a0772b25
