[INFO] fetching crate krate 1.0.0...
[INFO] testing krate-1.0.0 against 1.99.0-beta.8+cargoflags=--release for beta-release-1.100-2
[INFO] extracting crate krate 1.0.0 into /workspace/builds/worker-1-tc1/source
[INFO] started tweaking crates.io crate krate 1.0.0
[INFO] finished tweaking crates.io crate krate 1.0.0
[INFO] tweaked toml for crates.io crate krate 1.0.0 written to /workspace/builds/worker-1-tc1/source/Cargo.toml
[INFO] validating manifest of crates.io crate krate 1.0.0 on toolchain 1.99.0-beta.8
[INFO] running `Command { std: CARGO_HOME="/workspace/cargo-home" RUSTUP_HOME="/workspace/rustup-home" "/workspace/cargo-home/bin/cargo" "+1.99.0-beta.8" "metadata" "--manifest-path" "Cargo.toml" "--no-deps", kill_on_drop: false }`
[INFO] crate crates.io crate krate 1.0.0 already has a lockfile, it will not be regenerated
[INFO] running `Command { std: CARGO_HOME="/workspace/cargo-home" RUSTUP_HOME="/workspace/rustup-home" "/workspace/cargo-home/bin/cargo" "+1.99.0-beta.8" "fetch" "--manifest-path" "Cargo.toml", kill_on_drop: false }`
[INFO] [stderr]  Downloading crates ...
[INFO] [stderr]   Downloaded fastrand v1.8.0
[INFO] [stderr]   Downloaded instant v0.1.12
[INFO] [stderr]   Downloaded wasm-bindgen-shared v0.2.83
[INFO] [stderr]   Downloaded wasm-bindgen-macro v0.2.83
[INFO] [stderr]   Downloaded openssl-macros v0.1.0
[INFO] [stderr]   Downloaded try-lock v0.2.4
[INFO] [stderr]   Downloaded futures-io v0.3.25
[INFO] [stderr]   Downloaded mime v0.3.16
[INFO] [stderr]   Downloaded tokio-macros v1.8.2
[INFO] [stderr]   Downloaded hermit-abi v0.2.6
[INFO] [stderr]   Downloaded wasm-bindgen-futures v0.4.33
[INFO] [stderr]   Downloaded itoa v1.0.5
[INFO] [stderr]   Downloaded httpdate v1.0.2
[INFO] [stderr]   Downloaded num_cpus v1.15.0
[INFO] [stderr]   Downloaded thiserror-impl v1.0.38
[INFO] [stderr]   Downloaded wasm-bindgen-macro-support v0.2.83
[INFO] [stderr]   Downloaded percent-encoding v2.2.0
[INFO] [stderr]   Downloaded tinyvec_macros v0.1.0
[INFO] [stderr]   Downloaded tokio-native-tls v0.3.0
[INFO] [stderr]   Downloaded native-tls v0.2.11
[INFO] [stderr]   Downloaded tempfile v3.3.0
[INFO] [stderr]   Downloaded openssl-probe v0.1.5
[INFO] [stderr]   Downloaded futures-sink v0.3.25
[INFO] [stderr]   Downloaded futures-core v0.3.25
[INFO] [stderr]   Downloaded futures-task v0.3.25
[INFO] [stderr]   Downloaded form_urlencoded v1.1.0
[INFO] [stderr]   Downloaded tower-service v0.3.2
[INFO] [stderr]   Downloaded want v0.3.0
[INFO] [stderr]   Downloaded http-body v0.4.5
[INFO] [stderr]   Downloaded wasm-bindgen-backend v0.2.83
[INFO] [stderr]   Downloaded once_cell v1.17.0
[INFO] [stderr]   Downloaded security-framework-sys v2.8.0
[INFO] [stderr]   Downloaded core-foundation-sys v0.8.3
[INFO] [stderr]   Downloaded pkg-config v0.3.26
[INFO] [stderr]   Downloaded ipnet v2.7.1
[INFO] [stderr]   Downloaded httparse v1.8.0
[INFO] [stderr]   Downloaded slab v0.4.7
[INFO] [stderr]   Downloaded quote v1.0.23
[INFO] [stderr]   Downloaded signal-hook-registry v1.4.0
[INFO] [stderr]   Downloaded core-foundation v0.9.3
[INFO] [stderr]   Downloaded unicode-ident v1.0.6
[INFO] [stderr]   Downloaded pin-project-lite v0.2.9
[INFO] [stderr]   Downloaded parking_lot_core v0.9.6
[INFO] [stderr]   Downloaded smallvec v1.10.0
[INFO] [stderr]   Downloaded lock_api v0.4.9
[INFO] [stderr]   Downloaded log v0.4.17
[INFO] [stderr]   Downloaded thiserror v1.0.38
[INFO] [stderr]   Downloaded winreg v0.10.1
[INFO] [stderr]   Downloaded ryu v1.0.12
[INFO] [stderr]   Downloaded proc-macro2 v1.0.50
[INFO] [stderr]   Downloaded unicode-bidi v0.3.10
[INFO] [stderr]   Downloaded schannel v0.1.21
[INFO] [stderr]   Downloaded cc v1.0.78
[INFO] [stderr]   Downloaded tracing-core v0.1.30
[INFO] [stderr]   Downloaded indexmap v1.9.2
[INFO] [stderr]   Downloaded futures-channel v0.3.25
[INFO] [stderr]   Downloaded socket2 v0.4.7
[INFO] [stderr]   Downloaded mio v0.8.5
[INFO] [stderr]   Downloaded bytes v1.3.0
[INFO] [stderr]   Downloaded serde_derive v1.0.152
[INFO] [stderr]   Downloaded bumpalo v3.12.0
[INFO] [stderr]   Downloaded security-framework v2.8.1
[INFO] [stderr]   Downloaded openssl-sys v0.9.80
[INFO] [stderr]   Downloaded serde v1.0.152
[INFO] [stderr]   Downloaded js-sys v0.3.60
[INFO] [stderr]   Downloaded tracing v0.1.37
[INFO] [stderr]   Downloaded tokio-util v0.7.4
[INFO] [stderr]   Downloaded base64 v0.21.0
[INFO] [stderr]   Downloaded url v2.3.1
[INFO] [stderr]   Downloaded http v0.2.8
[INFO] [stderr]   Downloaded unicode-normalization v0.1.22
[INFO] [stderr]   Downloaded serde_json v1.0.91
[INFO] [stderr]   Downloaded reqwest v0.11.14
[INFO] [stderr]   Downloaded wasm-bindgen v0.2.83
[INFO] [stderr]   Downloaded h2 v0.3.15
[INFO] [stderr]   Downloaded futures-util v0.3.25
[INFO] [stderr]   Downloaded hyper v0.14.23
[INFO] [stderr]   Downloaded openssl v0.10.45
[INFO] [stderr]   Downloaded syn v1.0.107
[INFO] [stderr]   Downloaded idna v0.3.0
[INFO] [stderr]   Downloaded windows_x86_64_gnullvm v0.42.1
[INFO] [stderr]   Downloaded windows_aarch64_gnullvm v0.42.1
[INFO] [stderr]   Downloaded windows_x86_64_msvc v0.42.1
[INFO] [stderr]   Downloaded tokio v1.24.2
[INFO] [stderr]   Downloaded libc v0.2.139
[INFO] [stderr]   Downloaded windows_x86_64_gnu v0.42.1
[INFO] [stderr]   Downloaded windows_i686_msvc v0.42.1
[INFO] [stderr]   Downloaded web-sys v0.3.60
[INFO] [stderr]   Downloaded windows_aarch64_msvc v0.42.1
[INFO] [stderr]   Downloaded windows_i686_gnu v0.42.1
[INFO] [stderr]   Downloaded encoding_rs v0.8.31
[INFO] [stderr]   Downloaded windows-sys v0.42.0
[INFO] running `Command { std: "docker" "create" "-v" "/var/lib/crater-agent-workspace/builds/worker-1-tc1/source:/opt/rustwide/workdir:ro,Z" "-v" "/var/lib/crater-agent-workspace/builds/worker-1-tc1/target:/opt/rustwide/target:rw,Z" "-v" "/var/lib/crater-agent-workspace/cargo-home:/opt/rustwide/cargo-home:ro,Z" "-v" "/var/lib/crater-agent-workspace/rustup-home:/opt/rustwide/rustup-home:ro,Z" "-m" "1610612736" "--network" "none" "ghcr.io/rust-lang/crates-build-env/linux@sha256:77db811e55d90add9212f6832c23229e3de5f1c1f9905e8cb07319ea15df73ac" "sleep" "infinity", kill_on_drop: false }`
[INFO] [stdout] 08df05a9afa8b3bf4f2b8ce2b141effb1fa326fb75c2d5af3c8b5509e90682e1
[INFO] running `Command { std: "docker" "start" "08df05a9afa8b3bf4f2b8ce2b141effb1fa326fb75c2d5af3c8b5509e90682e1", kill_on_drop: false }`
[INFO] running `Command { std: "docker" "inspect" "08df05a9afa8b3bf4f2b8ce2b141effb1fa326fb75c2d5af3c8b5509e90682e1", kill_on_drop: false }`
[INFO] running `Command { std: "docker" "exec" "-e" "SOURCE_DIR=/opt/rustwide/workdir" "-e" "CARGO_HOME=/opt/rustwide/cargo-home" "-e" "RUSTUP_HOME=/opt/rustwide/rustup-home" "-e" "CARGO_TARGET_DIR=/opt/rustwide/target" "-w" "/opt/rustwide/workdir" "--user" "0:0" "08df05a9afa8b3bf4f2b8ce2b141effb1fa326fb75c2d5af3c8b5509e90682e1" "/opt/rustwide/cargo-home/bin/cargo" "+1.99.0-beta.8" "metadata" "--no-deps" "--format-version=1", kill_on_drop: false }`
[INFO] running `Command { std: "docker" "inspect" "08df05a9afa8b3bf4f2b8ce2b141effb1fa326fb75c2d5af3c8b5509e90682e1", kill_on_drop: false }`
[INFO] running `Command { std: "docker" "exec" "-e" "SOURCE_DIR=/opt/rustwide/workdir" "-e" "CARGO_HOME=/opt/rustwide/cargo-home" "-e" "RUSTUP_HOME=/opt/rustwide/rustup-home" "-e" "CARGO_TARGET_DIR=/opt/rustwide/target" "-e" "CARGO_INCREMENTAL=0" "-e" "RUST_BACKTRACE=full" "-e" "RUSTFLAGS=--cap-lints=warn" "-e" "RUSTDOCFLAGS=--cap-lints=warn" "-w" "/opt/rustwide/workdir" "--user" "0:0" "08df05a9afa8b3bf4f2b8ce2b141effb1fa326fb75c2d5af3c8b5509e90682e1" "/opt/rustwide/cargo-home/bin/cargo" "+1.99.0-beta.8" "build" "--frozen" "--message-format=json" "--release", kill_on_drop: false }`
[INFO] [stderr]    Compiling autocfg v1.1.0
[INFO] [stderr]    Compiling proc-macro2 v1.0.50
[INFO] [stderr]    Compiling quote v1.0.23
[INFO] [stderr]    Compiling unicode-ident v1.0.6
[INFO] [stderr]    Compiling libc v0.2.139
[INFO] [stderr]    Compiling cfg-if v1.0.0
[INFO] [stderr]    Compiling syn v1.0.107
[INFO] [stderr]    Compiling log v0.4.17
[INFO] [stderr]    Compiling pkg-config v0.3.26
[INFO] [stderr]    Compiling cc v1.0.78
[INFO] [stderr]    Compiling once_cell v1.17.0
[INFO] [stderr]    Compiling memchr v2.5.0
[INFO] [stderr]    Compiling pin-project-lite v0.2.9
[INFO] [stderr]    Compiling futures-core v0.3.25
[INFO] [stderr]    Compiling bytes v1.3.0
[INFO] [stderr]    Compiling tokio v1.24.2
[INFO] [stderr]    Compiling itoa v1.0.5
[INFO] [stderr]    Compiling num_cpus v1.15.0
[INFO] [stderr]    Compiling mio v0.8.5
[INFO] [stderr]    Compiling socket2 v0.4.7
[INFO] [stderr]    Compiling slab v0.4.7
[INFO] [stderr]    Compiling futures-task v0.3.25
[INFO] [stderr]    Compiling tracing-core v0.1.30
[INFO] [stderr]    Compiling openssl-sys v0.9.80
[INFO] [stderr]    Compiling indexmap v1.9.2
[INFO] [stderr]    Compiling futures-util v0.3.25
[INFO] [stderr]    Compiling serde_derive v1.0.152
[INFO] [stderr]    Compiling openssl v0.10.45
[INFO] [stderr]    Compiling foreign-types-shared v0.1.1
[INFO] [stderr]    Compiling fnv v1.0.7
[INFO] [stderr]    Compiling foreign-types v0.3.2
[INFO] [stderr]    Compiling http v0.2.8
[INFO] [stderr]    Compiling tracing v0.1.37
[INFO] [stderr]    Compiling serde v1.0.152
[INFO] [stderr]    Compiling pin-utils v0.1.0
[INFO] [stderr]    Compiling futures-io v0.3.25
[INFO] [stderr]    Compiling tinyvec_macros v0.1.0
[INFO] [stderr]    Compiling futures-sink v0.3.25
[INFO] [stderr]    Compiling httparse v1.8.0
[INFO] [stderr]    Compiling native-tls v0.2.11
[INFO] [stderr]    Compiling hashbrown v0.12.3
[INFO] [stderr]    Compiling futures-channel v0.3.25
[INFO] [stderr]    Compiling bitflags v1.3.2
[INFO] [stderr]    Compiling tinyvec v1.6.0
[INFO] [stderr]    Compiling percent-encoding v2.2.0
[INFO] [stderr]    Compiling openssl-probe v0.1.5
[INFO] [stderr]    Compiling try-lock v0.2.4
[INFO] [stderr]    Compiling want v0.3.0
[INFO] [stderr]    Compiling http-body v0.4.5
[INFO] [stderr]    Compiling form_urlencoded v1.1.0
[INFO] [stderr]    Compiling unicode-normalization v0.1.22
[INFO] [stderr]    Compiling encoding_rs v0.8.31
[INFO] [stderr]    Compiling ryu v1.0.12
[INFO] [stderr]    Compiling unicode-bidi v0.3.10
[INFO] [stderr]    Compiling serde_json v1.0.91
[INFO] [stderr]    Compiling tower-service v0.3.2
[INFO] [stderr]    Compiling httpdate v1.0.2
[INFO] [stderr]    Compiling thiserror v1.0.38
[INFO] [stderr]    Compiling idna v0.3.0
[INFO] [stderr]    Compiling mime v0.3.16
[INFO] [stderr]    Compiling ipnet v2.7.1
[INFO] [stderr]    Compiling url v2.3.1
[INFO] [stderr]    Compiling base64 v0.21.0
[INFO] [stderr]    Compiling openssl-macros v0.1.0
[INFO] [stderr]    Compiling thiserror-impl v1.0.38
[INFO] [stderr]    Compiling tokio-util v0.7.4
[INFO] [stderr]    Compiling h2 v0.3.15
[INFO] [stderr]    Compiling tokio-native-tls v0.3.0
[INFO] [stderr]    Compiling hyper v0.14.23
[INFO] [stderr]    Compiling serde_urlencoded v0.7.1
[INFO] [stderr]    Compiling hyper-tls v0.5.0
[INFO] [stderr]    Compiling reqwest v0.11.14
[INFO] [stderr]    Compiling krate v1.0.0 (/opt/rustwide/workdir)
[INFO] [stderr]     Finished `release` profile [optimized] target(s) in 1m 40s
[INFO] [stderr] warning: the following packages contain code that will be rejected by a future version of Rust: openssl v0.10.45
[INFO] [stderr] note: to see what the problems were, use the option `--future-incompat-report`, or run `cargo report future-incompatibilities --id 1`
[INFO] running `Command { std: "docker" "inspect" "08df05a9afa8b3bf4f2b8ce2b141effb1fa326fb75c2d5af3c8b5509e90682e1", kill_on_drop: false }`
[INFO] running `Command { std: "docker" "exec" "-e" "SOURCE_DIR=/opt/rustwide/workdir" "-e" "CARGO_HOME=/opt/rustwide/cargo-home" "-e" "RUSTUP_HOME=/opt/rustwide/rustup-home" "-e" "CARGO_TARGET_DIR=/opt/rustwide/target" "-e" "CARGO_INCREMENTAL=0" "-e" "RUST_BACKTRACE=full" "-e" "RUSTFLAGS=--cap-lints=warn" "-e" "RUSTDOCFLAGS=--cap-lints=warn" "-w" "/opt/rustwide/workdir" "--user" "0:0" "08df05a9afa8b3bf4f2b8ce2b141effb1fa326fb75c2d5af3c8b5509e90682e1" "/opt/rustwide/cargo-home/bin/cargo" "+1.99.0-beta.8" "test" "--frozen" "--no-run" "--message-format=json" "--release", kill_on_drop: false }`
[INFO] [stderr]    Compiling lock_api v0.4.9
[INFO] [stderr]    Compiling parking_lot_core v0.9.6
[INFO] [stderr]    Compiling smallvec v1.10.0
[INFO] [stderr]    Compiling scopeguard v1.1.0
[INFO] [stderr]    Compiling tokio v1.24.2
[INFO] [stderr]    Compiling signal-hook-registry v1.4.0
[INFO] [stderr]    Compiling tokio-macros v1.8.2
[INFO] [stderr]    Compiling parking_lot v0.12.1
[INFO] [stderr]    Compiling tokio-util v0.7.4
[INFO] [stderr]    Compiling tokio-native-tls v0.3.0
[INFO] [stderr]    Compiling h2 v0.3.15
[INFO] [stderr]    Compiling hyper v0.14.23
[INFO] [stderr]    Compiling hyper-tls v0.5.0
[INFO] [stderr]    Compiling reqwest v0.11.14
[INFO] [stderr]    Compiling krate v1.0.0 (/opt/rustwide/workdir)
[INFO] [stderr]     Finished `release` profile [optimized] target(s) in 47.45s
[INFO] [stderr] warning: the following packages contain code that will be rejected by a future version of Rust: openssl v0.10.45
[INFO] [stderr] note: to see what the problems were, use the option `--future-incompat-report`, or run `cargo report future-incompatibilities --id 1`
[INFO] running `Command { std: "docker" "inspect" "08df05a9afa8b3bf4f2b8ce2b141effb1fa326fb75c2d5af3c8b5509e90682e1", kill_on_drop: false }`
[INFO] running `Command { std: "docker" "exec" "-e" "SOURCE_DIR=/opt/rustwide/workdir" "-e" "CARGO_HOME=/opt/rustwide/cargo-home" "-e" "RUSTUP_HOME=/opt/rustwide/rustup-home" "-e" "CARGO_TARGET_DIR=/opt/rustwide/target" "-e" "CARGO_INCREMENTAL=0" "-e" "RUST_BACKTRACE=full" "-e" "RUSTFLAGS=--cap-lints=warn" "-e" "RUSTDOCFLAGS=--cap-lints=warn" "-w" "/opt/rustwide/workdir" "--user" "0:0" "08df05a9afa8b3bf4f2b8ce2b141effb1fa326fb75c2d5af3c8b5509e90682e1" "/opt/rustwide/cargo-home/bin/cargo" "+1.99.0-beta.8" "test" "--frozen" "--release", kill_on_drop: false }`
[INFO] [stderr]     Finished `release` profile [optimized] target(s) in 0.11s
[INFO] [stderr] warning: the following packages contain code that will be rejected by a future version of Rust: openssl v0.10.45
[INFO] [stderr] note: to see what the problems were, use the option `--future-incompat-report`, or run `cargo report future-incompatibilities --id 1`
[INFO] [stderr]      Running unittests src/lib.rs (/opt/rustwide/target/release/deps/krate-9ae925ea9412575a)
[INFO] [stdout] 
[INFO] [stdout] running 9 tests
[INFO] [stdout] test tests::test_get_async_errors_on_empty_user_agent ... ok
[INFO] [stdout] test tests::test_get_async_informs_operator_of_not_found_error ... FAILED
[INFO] [stdout] test tests::test_get_crate_basic ... FAILED
[INFO] [stdout] test tests::test_get_async_crate_basic ... FAILED
[INFO] [stdout] test tests::test_get_get_latest ... FAILED
[INFO] [stdout] test tests::test_get_features_for_version ... FAILED
[INFO] [stdout] test tests::test_get_async_latest_version_from_crate ... FAILED
[INFO] [stdout] test tests::test_get_features_for_wrong_version ... FAILED
[INFO] [stdout] test tests::test_edge_case_packages_without_data ... FAILED
[INFO] [stdout] 
[INFO] [stdout] failures:
[INFO] [stdout] 
[INFO] [stdout] ---- tests::test_get_async_informs_operator_of_not_found_error stdout ----
[INFO] [stdout] 
[INFO] [stdout] thread 'tests::test_get_async_informs_operator_of_not_found_error' (2012) panicked at src/lib.rs:268:9:
[INFO] [stdout] assertion `left == right` failed
[INFO] [stdout]   left: "error sending request for url (https://crates.io/api/v1/crates/tokioz): error trying to connect: dns error: failed to lookup address information: Temporary failure in name resolution"
[INFO] [stdout]  right: "Crate name is not found. Did you mispell the crate name?"
[INFO] [stdout] stack backtrace:
[INFO] [stdout]    0:     0x5b55b8b8e101 - <<std[70759c8f55707aa4]::sys::backtrace::BacktraceLock>::print::DisplayBacktrace as core[df12db4294e9bfd3]::fmt::Display>::fmt
[INFO] [stdout]    1:     0x5b55b8ba425a - core[df12db4294e9bfd3]::fmt::write
[INFO] [stdout]    2:     0x5b55b8b92c3c - <alloc[2182bb758b4b3781]::vec::Vec<u8> as core[df12db4294e9bfd3]::io::write::Write>::write_fmt
[INFO] [stdout]    3:     0x5b55b8b691a6 - std[70759c8f55707aa4]::panicking::default_hook::{closure#0}
[INFO] [stdout]    4:     0x5b55b8b85ec9 - std[70759c8f55707aa4]::panicking::default_hook
[INFO] [stdout]    5:     0x5b55b89d04d0 - test[9d35eded1c95d3be]::test_main_inner::<test[9d35eded1c95d3be]::test_main_static::{closure#0}>::{closure#0}
[INFO] [stdout]    6:     0x5b55b8b861f2 - std[70759c8f55707aa4]::panicking::panic_with_hook
[INFO] [stdout]    7:     0x5b55b8b69252 - std[70759c8f55707aa4]::panicking::panic_handler::{closure#0}
[INFO] [stdout]    8:     0x5b55b8b61cb9 - std[70759c8f55707aa4]::sys::backtrace::__rust_end_short_backtrace::<std[70759c8f55707aa4]::panicking::panic_handler::{closure#0}, !>
[INFO] [stdout]    9:     0x5b55b8b6a0dd - __rustc[8fa7c3cbc660c2b3]::rust_begin_unwind
[INFO] [stdout]   10:     0x5b55b8ba49bc - core[df12db4294e9bfd3]::panicking::panic_fmt
[INFO] [stdout]   11:     0x5b55b8ba48d3 - core[df12db4294e9bfd3]::panicking::assert_failed_inner
[INFO] [stdout]   12:     0x5b55b89c1164 - core[df12db4294e9bfd3]::panicking::assert_failed::<alloc[2182bb758b4b3781]::string::String, &str>
[INFO] [stdout]   13:     0x5b55b89b9796 - krate[43a15c8123ea2661]::tests::test_get_async_informs_operator_of_not_found_error::{closure#0}
[INFO] [stdout]   14:     0x5b55b89c0773 - <tokio[cb76945d25071061]::runtime::scheduler::current_thread::Context>::enter::<core[df12db4294e9bfd3]::task::poll::Poll<()>, <tokio[cb76945d25071061]::runtime::scheduler::current_thread::CoreGuard>::block_on<core[df12db4294e9bfd3]::pin::Pin<&mut core[df12db4294e9bfd3]::pin::Pin<&mut dyn core[df12db4294e9bfd3]::future::future::Future<Output = ()>>>>::{closure#0}::{closure#0}>
[INFO] [stdout]   15:     0x5b55b89b43ae - <tokio[cb76945d25071061]::macros::scoped_tls::ScopedKey<tokio[cb76945d25071061]::runtime::scheduler::current_thread::Context>>::set::<<tokio[cb76945d25071061]::runtime::scheduler::current_thread::CoreGuard>::enter<<tokio[cb76945d25071061]::runtime::scheduler::current_thread::CoreGuard>::block_on<core[df12db4294e9bfd3]::pin::Pin<&mut core[df12db4294e9bfd3]::pin::Pin<&mut dyn core[df12db4294e9bfd3]::future::future::Future<Output = ()>>>>::{closure#0}, core[df12db4294e9bfd3]::option::Option<()>>::{closure#0}, (alloc[2182bb758b4b3781]::boxed::Box<tokio[cb76945d25071061]::runtime::scheduler::current_thread::Core>, core[df12db4294e9bfd3]::option::Option<()>)>
[INFO] [stdout]   16:     0x5b55b89c04ab - <tokio[cb76945d25071061]::runtime::scheduler::current_thread::CurrentThread>::block_on::<core[df12db4294e9bfd3]::pin::Pin<&mut dyn core[df12db4294e9bfd3]::future::future::Future<Output = ()>>>
[INFO] [stdout]   17:     0x5b55b89c1342 - <tokio[cb76945d25071061]::runtime::runtime::Runtime>::block_on::<core[df12db4294e9bfd3]::pin::Pin<&mut dyn core[df12db4294e9bfd3]::future::future::Future<Output = ()>>>
[INFO] [stdout]   18:     0x5b55b89ba6db - krate[43a15c8123ea2661]::tests::test_get_async_informs_operator_of_not_found_error
[INFO] [stdout]   19:     0x5b55b89bcdd9 - <krate[43a15c8123ea2661]::tests::test_get_async_informs_operator_of_not_found_error::{closure#0} as core[df12db4294e9bfd3]::ops::function::FnOnce<()>>::call_once
[INFO] [stdout]   20:     0x5b55b89c37bb - test[9d35eded1c95d3be]::__rust_begin_short_backtrace::<core[df12db4294e9bfd3]::result::Result<(), alloc[2182bb758b4b3781]::string::String>, fn() -> core[df12db4294e9bfd3]::result::Result<(), alloc[2182bb758b4b3781]::string::String>>
[INFO] [stdout]   21:     0x5b55b89d0e25 - test[9d35eded1c95d3be]::run_test::{closure#0}
[INFO] [stdout]   22:     0x5b55b89ca6e4 - std[70759c8f55707aa4]::sys::backtrace::__rust_begin_short_backtrace::<test[9d35eded1c95d3be]::run_test::{closure#1}, ()>
[INFO] [stdout]   23:     0x5b55b89d3f82 - <std[70759c8f55707aa4]::thread::lifecycle::spawn_unchecked<test[9d35eded1c95d3be]::run_test::{closure#1}, ()>::{closure#1} as core[df12db4294e9bfd3]::ops::function::FnOnce<()>>::call_once::{shim:vtable#0}
[INFO] [stdout]   24:     0x5b55b8b8d629 - <std[70759c8f55707aa4]::sys::thread::unix::Thread>::new::thread_start
[INFO] [stdout]   25:     0x70ea509a0dfa - <unknown>
[INFO] [stdout]   26:     0x70ea50a343d4 - clone
[INFO] [stdout]   27:                0x0 - <unknown>
[INFO] [stdout] 
[INFO] [stdout] ---- tests::test_get_crate_basic stdout ----
[INFO] [stdout] 
[INFO] [stdout] thread 'tests::test_get_crate_basic' (2014) panicked at src/lib.rs:286:67:
[INFO] [stdout] called `Result::unwrap()` on an `Err` value: reqwest::Error { kind: Request, url: Url { scheme: "https", cannot_be_a_base: false, username: "", password: None, host: Some(Domain("crates.io")), port: None, path: "/api/v1/crates/is-interactive", query: None, fragment: None }, source: hyper::Error(Connect, ConnectError("dns error", Custom { kind: Uncategorized, error: "failed to lookup address information: Temporary failure in name resolution" })) }
[INFO] [stdout] stack backtrace:
[INFO] [stdout]    0:     0x5b55b8b8e101 - <<std[70759c8f55707aa4]::sys::backtrace::BacktraceLock>::print::DisplayBacktrace as core[df12db4294e9bfd3]::fmt::Display>::fmt
[INFO] [stdout]    1:     0x5b55b8ba425a - core[df12db4294e9bfd3]::fmt::write
[INFO] [stdout]    2:     0x5b55b8b92c3c - <alloc[2182bb758b4b3781]::vec::Vec<u8> as core[df12db4294e9bfd3]::io::write::Write>::write_fmt
[INFO] [stdout]    3:     0x5b55b8b691a6 - std[70759c8f55707aa4]::panicking::default_hook::{closure#0}
[INFO] [stdout]    4:     0x5b55b8b85ec9 - std[70759c8f55707aa4]::panicking::default_hook
[INFO] [stdout]    5:     0x5b55b89d04d0 - test[9d35eded1c95d3be]::test_main_inner::<test[9d35eded1c95d3be]::test_main_static::{closure#0}>::{closure#0}
[INFO] [stdout]    6:     0x5b55b8b861f2 - std[70759c8f55707aa4]::panicking::panic_with_hook
[INFO] [stdout]    7:     0x5b55b8b69252 - std[70759c8f55707aa4]::panicking::panic_handler::{closure#0}
[INFO] [stdout]    8:     0x5b55b8b61cb9 - std[70759c8f55707aa4]::sys::backtrace::__rust_end_short_backtrace::<std[70759c8f55707aa4]::panicking::panic_handler::{closure#0}, !>
[INFO] [stdout]    9:     0x5b55b8b6a0dd - __rustc[8fa7c3cbc660c2b3]::rust_begin_unwind
[INFO] [stdout]   10:     0x5b55b8ba49bc - core[df12db4294e9bfd3]::panicking::panic_fmt
[INFO] [stdout]   11:     0x5b55b8ba4792 - core[df12db4294e9bfd3]::result::unwrap_failed
[INFO] [stdout]   12:     0x5b55b89b9e16 - krate[43a15c8123ea2661]::tests::test_get_crate_basic
[INFO] [stdout]   13:     0x5b55b89bccf9 - <krate[43a15c8123ea2661]::tests::test_get_crate_basic::{closure#0} as core[df12db4294e9bfd3]::ops::function::FnOnce<()>>::call_once
[INFO] [stdout]   14:     0x5b55b89c37bb - test[9d35eded1c95d3be]::__rust_begin_short_backtrace::<core[df12db4294e9bfd3]::result::Result<(), alloc[2182bb758b4b3781]::string::String>, fn() -> core[df12db4294e9bfd3]::result::Result<(), alloc[2182bb758b4b3781]::string::String>>
[INFO] [stdout]   15:     0x5b55b89d0e25 - test[9d35eded1c95d3be]::run_test::{closure#0}
[INFO] [stdout]   16:     0x5b55b89ca6e4 - std[70759c8f55707aa4]::sys::backtrace::__rust_begin_short_backtrace::<test[9d35eded1c95d3be]::run_test::{closure#1}, ()>
[INFO] [stdout]   17:     0x5b55b89d3f82 - <std[70759c8f55707aa4]::thread::lifecycle::spawn_unchecked<test[9d35eded1c95d3be]::run_test::{closure#1}, ()>::{closure#1} as core[df12db4294e9bfd3]::ops::function::FnOnce<()>>::call_once::{shim:vtable#0}
[INFO] [stdout]   18:     0x5b55b8b8d629 - <std[70759c8f55707aa4]::sys::thread::unix::Thread>::new::thread_start
[INFO] [stdout]   19:     0x70ea509a0dfa - <unknown>
[INFO] [stdout]   20:     0x70ea50a343d4 - clone
[INFO] [stdout]   21:                0x0 - <unknown>
[INFO] [stdout] 
[INFO] [stdout] ---- tests::test_get_async_crate_basic stdout ----
[INFO] [stdout] 
[INFO] [stdout] thread 'tests::test_get_async_crate_basic' (2010) panicked at src/lib.rs:254:72:
[INFO] [stdout] called `Result::unwrap()` on an `Err` value: reqwest::Error { kind: Request, url: Url { scheme: "https", cannot_be_a_base: false, username: "", password: None, host: Some(Domain("crates.io")), port: None, path: "/api/v1/crates/is-wsl", query: None, fragment: None }, source: hyper::Error(Connect, ConnectError("dns error", Custom { kind: Uncategorized, error: "failed to lookup address information: Temporary failure in name resolution" })) }
[INFO] [stdout] stack backtrace:
[INFO] [stdout]    0:     0x5b55b8b8e101 - <<std[70759c8f55707aa4]::sys::backtrace::BacktraceLock>::print::DisplayBacktrace as core[df12db4294e9bfd3]::fmt::Display>::fmt
[INFO] [stdout]    1:     0x5b55b8ba425a - core[df12db4294e9bfd3]::fmt::write
[INFO] [stdout]    2:     0x5b55b8b92c3c - <alloc[2182bb758b4b3781]::vec::Vec<u8> as core[df12db4294e9bfd3]::io::write::Write>::write_fmt
[INFO] [stdout]    3:     0x5b55b8b691a6 - std[70759c8f55707aa4]::panicking::default_hook::{closure#0}
[INFO] [stdout]    4:     0x5b55b8b85ec9 - std[70759c8f55707aa4]::panicking::default_hook
[INFO] [stdout]    5:     0x5b55b89d04d0 - test[9d35eded1c95d3be]::test_main_inner::<test[9d35eded1c95d3be]::test_main_static::{closure#0}>::{closure#0}
[INFO] [stdout]    6:     0x5b55b8b861f2 - std[70759c8f55707aa4]::panicking::panic_with_hook
[INFO] [stdout]    7:     0x5b55b8b69252 - std[70759c8f55707aa4]::panicking::panic_handler::{closure#0}
[INFO] [stdout]    8:     0x5b55b8b61cb9 - std[70759c8f55707aa4]::sys::backtrace::__rust_end_short_backtrace::<std[70759c8f55707aa4]::panicking::panic_handler::{closure#0}, !>
[INFO] [stdout]    9:     0x5b55b8b6a0dd - __rustc[8fa7c3cbc660c2b3]::rust_begin_unwind
[INFO] [stdout]   10:     0x5b55b8ba49bc - core[df12db4294e9bfd3]::panicking::panic_fmt
[INFO] [stdout]   11:     0x5b55b8ba4792 - core[df12db4294e9bfd3]::result::unwrap_failed
[INFO] [stdout]   12:     0x5b55b89b8e28 - krate[43a15c8123ea2661]::tests::test_get_async_crate_basic::{closure#0}
[INFO] [stdout]   13:     0x5b55b89c0773 - <tokio[cb76945d25071061]::runtime::scheduler::current_thread::Context>::enter::<core[df12db4294e9bfd3]::task::poll::Poll<()>, <tokio[cb76945d25071061]::runtime::scheduler::current_thread::CoreGuard>::block_on<core[df12db4294e9bfd3]::pin::Pin<&mut core[df12db4294e9bfd3]::pin::Pin<&mut dyn core[df12db4294e9bfd3]::future::future::Future<Output = ()>>>>::{closure#0}::{closure#0}>
[INFO] [stdout]   14:     0x5b55b89b43ae - <tokio[cb76945d25071061]::macros::scoped_tls::ScopedKey<tokio[cb76945d25071061]::runtime::scheduler::current_thread::Context>>::set::<<tokio[cb76945d25071061]::runtime::scheduler::current_thread::CoreGuard>::enter<<tokio[cb76945d25071061]::runtime::scheduler::current_thread::CoreGuard>::block_on<core[df12db4294e9bfd3]::pin::Pin<&mut core[df12db4294e9bfd3]::pin::Pin<&mut dyn core[df12db4294e9bfd3]::future::future::Future<Output = ()>>>>::{closure#0}, core[df12db4294e9bfd3]::option::Option<()>>::{closure#0}, (alloc[2182bb758b4b3781]::boxed::Box<tokio[cb76945d25071061]::runtime::scheduler::current_thread::Core>, core[df12db4294e9bfd3]::option::Option<()>)>
[INFO] [stdout]   15:     0x5b55b89c04ab - <tokio[cb76945d25071061]::runtime::scheduler::current_thread::CurrentThread>::block_on::<core[df12db4294e9bfd3]::pin::Pin<&mut dyn core[df12db4294e9bfd3]::future::future::Future<Output = ()>>>
[INFO] [stdout]   16:     0x5b55b89c1342 - <tokio[cb76945d25071061]::runtime::runtime::Runtime>::block_on::<core[df12db4294e9bfd3]::pin::Pin<&mut dyn core[df12db4294e9bfd3]::future::future::Future<Output = ()>>>
[INFO] [stdout]   17:     0x5b55b89b9f1b - krate[43a15c8123ea2661]::tests::test_get_async_crate_basic
[INFO] [stdout]   18:     0x5b55b89bcd19 - <krate[43a15c8123ea2661]::tests::test_get_async_crate_basic::{closure#0} as core[df12db4294e9bfd3]::ops::function::FnOnce<()>>::call_once
[INFO] [stdout]   19:     0x5b55b89c37bb - test[9d35eded1c95d3be]::__rust_begin_short_backtrace::<core[df12db4294e9bfd3]::result::Result<(), alloc[2182bb758b4b3781]::string::String>, fn() -> core[df12db4294e9bfd3]::result::Result<(), alloc[2182bb758b4b3781]::string::String>>
[INFO] [stdout]   20:     0x5b55b89d0e25 - test[9d35eded1c95d3be]::run_test::{closure#0}
[INFO] [stdout]   21:     0x5b55b89ca6e4 - std[70759c8f55707aa4]::sys::backtrace::__rust_begin_short_backtrace::<test[9d35eded1c95d3be]::run_test::{closure#1}, ()>
[INFO] [stdout]   22:     0x5b55b89d3f82 - <std[70759c8f55707aa4]::thread::lifecycle::spawn_unchecked<test[9d35eded1c95d3be]::run_test::{closure#1}, ()>::{closure#1} as core[df12db4294e9bfd3]::ops::function::FnOnce<()>>::call_once::{shim:vtable#0}
[INFO] [stdout]   23:     0x5b55b8b8d629 - <std[70759c8f55707aa4]::sys::thread::unix::Thread>::new::thread_start
[INFO] [stdout]   24:     0x70ea509a0dfa - <unknown>
[INFO] [stdout]   25:     0x70ea50a343d4 - clone
[INFO] [stdout]   26:                0x0 - <unknown>
[INFO] [stdout] 
[INFO] [stdout] ---- tests::test_get_get_latest stdout ----
[INFO] [stdout] 
[INFO] [stdout] thread 'tests::test_get_get_latest' (2019) panicked at src/lib.rs:297:63:
[INFO] [stdout] called `Result::unwrap()` on an `Err` value: reqwest::Error { kind: Request, url: Url { scheme: "https", cannot_be_a_base: false, username: "", password: None, host: Some(Domain("crates.io")), port: None, path: "/api/v1/crates/syn", query: None, fragment: None }, source: hyper::Error(Connect, ConnectError("dns error", Custom { kind: Uncategorized, error: "failed to lookup address information: Temporary failure in name resolution" })) }
[INFO] [stdout] stack backtrace:
[INFO] [stdout]    0:     0x5b55b8b8e101 - <<std[70759c8f55707aa4]::sys::backtrace::BacktraceLock>::print::DisplayBacktrace as core[df12db4294e9bfd3]::fmt::Display>::fmt
[INFO] [stdout]    1:     0x5b55b8ba425a - core[df12db4294e9bfd3]::fmt::write
[INFO] [stdout]    2:     0x5b55b8b92c3c - <alloc[2182bb758b4b3781]::vec::Vec<u8> as core[df12db4294e9bfd3]::io::write::Write>::write_fmt
[INFO] [stdout]    3:     0x5b55b8b691a6 - std[70759c8f55707aa4]::panicking::default_hook::{closure#0}
[INFO] [stdout]    4:     0x5b55b8b85ec9 - std[70759c8f55707aa4]::panicking::default_hook
[INFO] [stdout]    5:     0x5b55b89d04d0 - test[9d35eded1c95d3be]::test_main_inner::<test[9d35eded1c95d3be]::test_main_static::{closure#0}>::{closure#0}
[INFO] [stdout]    6:     0x5b55b8b861f2 - std[70759c8f55707aa4]::panicking::panic_with_hook
[INFO] [stdout]    7:     0x5b55b8b69252 - std[70759c8f55707aa4]::panicking::panic_handler::{closure#0}
[INFO] [stdout]    8:     0x5b55b8b61cb9 - std[70759c8f55707aa4]::sys::backtrace::__rust_end_short_backtrace::<std[70759c8f55707aa4]::panicking::panic_handler::{closure#0}, !>
[INFO] [stdout]    9:     0x5b55b8b6a0dd - __rustc[8fa7c3cbc660c2b3]::rust_begin_unwind
[INFO] [stdout]   10:     0x5b55b8ba49bc - core[df12db4294e9bfd3]::panicking::panic_fmt
[INFO] [stdout]   11:     0x5b55b8ba4792 - core[df12db4294e9bfd3]::result::unwrap_failed
[INFO] [stdout]   12:     0x5b55b89b9bfe - krate[43a15c8123ea2661]::tests::test_get_get_latest
[INFO] [stdout]   13:     0x5b55b89bccd9 - <krate[43a15c8123ea2661]::tests::test_get_get_latest::{closure#0} as core[df12db4294e9bfd3]::ops::function::FnOnce<()>>::call_once
[INFO] [stdout]   14:     0x5b55b89c37bb - test[9d35eded1c95d3be]::__rust_begin_short_backtrace::<core[df12db4294e9bfd3]::result::Result<(), alloc[2182bb758b4b3781]::string::String>, fn() -> core[df12db4294e9bfd3]::result::Result<(), alloc[2182bb758b4b3781]::string::String>>
[INFO] [stdout]   15:     0x5b55b89d0e25 - test[9d35eded1c95d3be]::run_test::{closure#0}
[INFO] [stdout]   16:     0x5b55b89ca6e4 - std[70759c8f55707aa4]::sys::backtrace::__rust_begin_short_backtrace::<test[9d35eded1c95d3be]::run_test::{closure#1}, ()>
[INFO] [stdout]   17:     0x5b55b89d3f82 - <std[70759c8f55707aa4]::thread::lifecycle::spawn_unchecked<test[9d35eded1c95d3be]::run_test::{closure#1}, ()>::{closure#1} as core[df12db4294e9bfd3]::ops::function::FnOnce<()>>::call_once::{shim:vtable#0}
[INFO] [stdout]   18:     0x5b55b8b8d629 - <std[70759c8f55707aa4]::sys::thread::unix::Thread>::new::thread_start
[INFO] [stdout]   19:     0x70ea509a0dfa - <unknown>
[INFO] [stdout]   20:     0x70ea50a343d4 - clone
[INFO] [stdout]   21:                0x0 - <unknown>
[INFO] [stdout] 
[INFO] [stdout] ---- tests::test_get_features_for_version stdout ----
[INFO] [stdout] 
[INFO] [stdout] thread 'tests::test_get_features_for_version' (2015) panicked at src/lib.rs:303:65:
[INFO] [stdout] called `Result::unwrap()` on an `Err` value: reqwest::Error { kind: Request, url: Url { scheme: "https", cannot_be_a_base: false, username: "", password: None, host: Some(Domain("crates.io")), port: None, path: "/api/v1/crates/tokio", query: None, fragment: None }, source: hyper::Error(Connect, ConnectError("dns error", Custom { kind: Uncategorized, error: "failed to lookup address information: Temporary failure in name resolution" })) }
[INFO] [stdout] stack backtrace:
[INFO] [stdout]    0:     0x5b55b8b8e101 - <<std[70759c8f55707aa4]::sys::backtrace::BacktraceLock>::print::DisplayBacktrace as core[df12db4294e9bfd3]::fmt::Display>::fmt
[INFO] [stdout]    1:     0x5b55b8ba425a - core[df12db4294e9bfd3]::fmt::write
[INFO] [stdout]    2:     0x5b55b8b92c3c - <alloc[2182bb758b4b3781]::vec::Vec<u8> as core[df12db4294e9bfd3]::io::write::Write>::write_fmt
[INFO] [stdout]    3:     0x5b55b8b691a6 - std[70759c8f55707aa4]::panicking::default_hook::{closure#0}
[INFO] [stdout]    4:     0x5b55b8b85ec9 - std[70759c8f55707aa4]::panicking::default_hook
[INFO] [stdout]    5:     0x5b55b89d04d0 - test[9d35eded1c95d3be]::test_main_inner::<test[9d35eded1c95d3be]::test_main_static::{closure#0}>::{closure#0}
[INFO] [stdout]    6:     0x5b55b8b861f2 - std[70759c8f55707aa4]::panicking::panic_with_hook
[INFO] [stdout]    7:     0x5b55b8b69252 - std[70759c8f55707aa4]::panicking::panic_handler::{closure#0}
[INFO] [stdout]    8:     0x5b55b8b61cb9 - std[70759c8f55707aa4]::sys::backtrace::__rust_end_short_backtrace::<std[70759c8f55707aa4]::panicking::panic_handler::{closure#0}, !>
[INFO] [stdout]    9:     0x5b55b8b6a0dd - __rustc[8fa7c3cbc660c2b3]::rust_begin_unwind
[INFO] [stdout]   10:     0x5b55b8ba49bc - core[df12db4294e9bfd3]::panicking::panic_fmt
[INFO] [stdout]   11:     0x5b55b8ba4792 - core[df12db4294e9bfd3]::result::unwrap_failed
[INFO] [stdout]   12:     0x5b55b89ba102 - krate[43a15c8123ea2661]::tests::test_get_features_for_version
[INFO] [stdout]   13:     0x5b55b89bcd39 - <krate[43a15c8123ea2661]::tests::test_get_features_for_version::{closure#0} as core[df12db4294e9bfd3]::ops::function::FnOnce<()>>::call_once
[INFO] [stdout]   14:     0x5b55b89c37bb - test[9d35eded1c95d3be]::__rust_begin_short_backtrace::<core[df12db4294e9bfd3]::result::Result<(), alloc[2182bb758b4b3781]::string::String>, fn() -> core[df12db4294e9bfd3]::result::Result<(), alloc[2182bb758b4b3781]::string::String>>
[INFO] [stdout]   15:     0x5b55b89d0e25 - test[9d35eded1c95d3be]::run_test::{closure#0}
[INFO] [stdout]   16:     0x5b55b89ca6e4 - std[70759c8f55707aa4]::sys::backtrace::__rust_begin_short_backtrace::<test[9d35eded1c95d3be]::run_test::{closure#1}, ()>
[INFO] [stdout]   17:     0x5b55b89d3f82 - <std[70759c8f55707aa4]::thread::lifecycle::spawn_unchecked<test[9d35eded1c95d3be]::run_test::{closure#1}, ()>::{closure#1} as core[df12db4294e9bfd3]::ops::function::FnOnce<()>>::call_once::{shim:vtable#0}
[INFO] [stdout]   18:     0x5b55b8b8d629 - <std[70759c8f55707aa4]::sys::thread::unix::Thread>::new::thread_start
[INFO] [stdout]   19:     0x70ea509a0dfa - <unknown>
[INFO] [stdout]   20:     0x70ea50a343d4 - clone
[INFO] [stdout]   21:                0x0 - <unknown>
[INFO] [stdout] 
[INFO] [stdout] ---- tests::test_get_async_latest_version_from_crate stdout ----
[INFO] [stdout] 
[INFO] [stdout] thread 'tests::test_get_async_latest_version_from_crate' (2013) panicked at src/lib.rs:260:78:
[INFO] [stdout] called `Result::unwrap()` on an `Err` value: reqwest::Error { kind: Request, url: Url { scheme: "https", cannot_be_a_base: false, username: "", password: None, host: Some(Domain("crates.io")), port: None, path: "/api/v1/crates/tokio", query: None, fragment: None }, source: hyper::Error(Connect, ConnectError("dns error", Custom { kind: Uncategorized, error: "failed to lookup address information: Temporary failure in name resolution" })) }
[INFO] [stdout] stack backtrace:
[INFO] [stdout]    0:     0x5b55b8b8e101 - <<std[70759c8f55707aa4]::sys::backtrace::BacktraceLock>::print::DisplayBacktrace as core[df12db4294e9bfd3]::fmt::Display>::fmt
[INFO] [stdout]    1:     0x5b55b8ba425a - core[df12db4294e9bfd3]::fmt::write
[INFO] [stdout]    2:     0x5b55b8b92c3c - <alloc[2182bb758b4b3781]::vec::Vec<u8> as core[df12db4294e9bfd3]::io::write::Write>::write_fmt
[INFO] [stdout]    3:     0x5b55b8b691a6 - std[70759c8f55707aa4]::panicking::default_hook::{closure#0}
[INFO] [stdout]    4:     0x5b55b8b85ec9 - std[70759c8f55707aa4]::panicking::default_hook
[INFO] [stdout]    5:     0x5b55b89d04d0 - test[9d35eded1c95d3be]::test_main_inner::<test[9d35eded1c95d3be]::test_main_static::{closure#0}>::{closure#0}
[INFO] [stdout]    6:     0x5b55b8b861f2 - std[70759c8f55707aa4]::panicking::panic_with_hook
[INFO] [stdout]    7:     0x5b55b8b69252 - std[70759c8f55707aa4]::panicking::panic_handler::{closure#0}
[INFO] [stdout]    8:     0x5b55b8b61cb9 - std[70759c8f55707aa4]::sys::backtrace::__rust_end_short_backtrace::<std[70759c8f55707aa4]::panicking::panic_handler::{closure#0}, !>
[INFO] [stdout]    9:     0x5b55b8b6a0dd - __rustc[8fa7c3cbc660c2b3]::rust_begin_unwind
[INFO] [stdout]   10:     0x5b55b8ba49bc - core[df12db4294e9bfd3]::panicking::panic_fmt
[INFO] [stdout]   11:     0x5b55b8ba4792 - core[df12db4294e9bfd3]::result::unwrap_failed
[INFO] [stdout]   12:     0x5b55b89b912c - krate[43a15c8123ea2661]::tests::test_get_async_latest_version_from_crate::{closure#0}
[INFO] [stdout]   13:     0x5b55b89c0773 - <tokio[cb76945d25071061]::runtime::scheduler::current_thread::Context>::enter::<core[df12db4294e9bfd3]::task::poll::Poll<()>, <tokio[cb76945d25071061]::runtime::scheduler::current_thread::CoreGuard>::block_on<core[df12db4294e9bfd3]::pin::Pin<&mut core[df12db4294e9bfd3]::pin::Pin<&mut dyn core[df12db4294e9bfd3]::future::future::Future<Output = ()>>>>::{closure#0}::{closure#0}>
[INFO] [stdout]   14:     0x5b55b89b43ae - <tokio[cb76945d25071061]::macros::scoped_tls::ScopedKey<tokio[cb76945d25071061]::runtime::scheduler::current_thread::Context>>::set::<<tokio[cb76945d25071061]::runtime::scheduler::current_thread::CoreGuard>::enter<<tokio[cb76945d25071061]::runtime::scheduler::current_thread::CoreGuard>::block_on<core[df12db4294e9bfd3]::pin::Pin<&mut core[df12db4294e9bfd3]::pin::Pin<&mut dyn core[df12db4294e9bfd3]::future::future::Future<Output = ()>>>>::{closure#0}, core[df12db4294e9bfd3]::option::Option<()>>::{closure#0}, (alloc[2182bb758b4b3781]::boxed::Box<tokio[cb76945d25071061]::runtime::scheduler::current_thread::Core>, core[df12db4294e9bfd3]::option::Option<()>)>
[INFO] [stdout]   15:     0x5b55b89c04ab - <tokio[cb76945d25071061]::runtime::scheduler::current_thread::CurrentThread>::block_on::<core[df12db4294e9bfd3]::pin::Pin<&mut dyn core[df12db4294e9bfd3]::future::future::Future<Output = ()>>>
[INFO] [stdout]   16:     0x5b55b89c1342 - <tokio[cb76945d25071061]::runtime::runtime::Runtime>::block_on::<core[df12db4294e9bfd3]::pin::Pin<&mut dyn core[df12db4294e9bfd3]::future::future::Future<Output = ()>>>
[INFO] [stdout]   17:     0x5b55b89ba45b - krate[43a15c8123ea2661]::tests::test_get_async_latest_version_from_crate
[INFO] [stdout]   18:     0x5b55b89bcd99 - <krate[43a15c8123ea2661]::tests::test_get_async_latest_version_from_crate::{closure#0} as core[df12db4294e9bfd3]::ops::function::FnOnce<()>>::call_once
[INFO] [stdout]   19:     0x5b55b89c37bb - test[9d35eded1c95d3be]::__rust_begin_short_backtrace::<core[df12db4294e9bfd3]::result::Result<(), alloc[2182bb758b4b3781]::string::String>, fn() -> core[df12db4294e9bfd3]::result::Result<(), alloc[2182bb758b4b3781]::string::String>>
[INFO] [stdout]   20:     0x5b55b89d0e25 - test[9d35eded1c95d3be]::run_test::{closure#0}
[INFO] [stdout]   21:     0x5b55b89ca6e4 - std[70759c8f55707aa4]::sys::backtrace::__rust_begin_short_backtrace::<test[9d35eded1c95d3be]::run_test::{closure#1}, ()>
[INFO] [stdout]   22:     0x5b55b89d3f82 - <std[70759c8f55707aa4]::thread::lifecycle::spawn_unchecked<test[9d35eded1c95d3be]::run_test::{closure#1}, ()>::{closure#1} as core[df12db4294e9bfd3]::ops::function::FnOnce<()>>::call_once::{shim:vtable#0}
[INFO] [stdout]   23:     0x5b55b8b8d629 - <std[70759c8f55707aa4]::sys::thread::unix::Thread>::new::thread_start
[INFO] [stdout]   24:     0x70ea509a0dfa - <unknown>
[INFO] [stdout]   25:     0x70ea50a343d4 - clone
[INFO] [stdout]   26:                0x0 - <unknown>
[INFO] [stdout] 
[INFO] [stdout] ---- tests::test_get_features_for_wrong_version stdout ----
[INFO] [stdout] 
[INFO] [stdout] thread 'tests::test_get_features_for_wrong_version' (2016) panicked at src/lib.rs:310:74:
[INFO] [stdout] called `Result::unwrap()` on an `Err` value: reqwest::Error { kind: Request, url: Url { scheme: "https", cannot_be_a_base: false, username: "", password: None, host: Some(Domain("crates.io")), port: None, path: "/api/v1/crates/cargo-outdated", query: None, fragment: None }, source: hyper::Error(Connect, ConnectError("dns error", Custom { kind: Uncategorized, error: "failed to lookup address information: Temporary failure in name resolution" })) }
[INFO] [stdout] stack backtrace:
[INFO] [stdout]    0:     0x5b55b8b8e101 - <<std[70759c8f55707aa4]::sys::backtrace::BacktraceLock>::print::DisplayBacktrace as core[df12db4294e9bfd3]::fmt::Display>::fmt
[INFO] [stdout]    1:     0x5b55b8ba425a - core[df12db4294e9bfd3]::fmt::write
[INFO] [stdout]    2:     0x5b55b8b92c3c - <alloc[2182bb758b4b3781]::vec::Vec<u8> as core[df12db4294e9bfd3]::io::write::Write>::write_fmt
[INFO] [stdout]    3:     0x5b55b8b691a6 - std[70759c8f55707aa4]::panicking::default_hook::{closure#0}
[INFO] [stdout]    4:     0x5b55b8b85ec9 - std[70759c8f55707aa4]::panicking::default_hook
[INFO] [stdout]    5:     0x5b55b89d04d0 - test[9d35eded1c95d3be]::test_main_inner::<test[9d35eded1c95d3be]::test_main_static::{closure#0}>::{closure#0}
[INFO] [stdout]    6:     0x5b55b8b861f2 - std[70759c8f55707aa4]::panicking::panic_with_hook
[INFO] [stdout]    7:     0x5b55b8b69252 - std[70759c8f55707aa4]::panicking::panic_handler::{closure#0}
[INFO] [stdout]    8:     0x5b55b8b61cb9 - std[70759c8f55707aa4]::sys::backtrace::__rust_end_short_backtrace::<std[70759c8f55707aa4]::panicking::panic_handler::{closure#0}, !>
[INFO] [stdout]    9:     0x5b55b8b6a0dd - __rustc[8fa7c3cbc660c2b3]::rust_begin_unwind
[INFO] [stdout]   10:     0x5b55b8ba49bc - core[df12db4294e9bfd3]::panicking::panic_fmt
[INFO] [stdout]   11:     0x5b55b8ba4792 - core[df12db4294e9bfd3]::result::unwrap_failed
[INFO] [stdout]   12:     0x5b55b89ba2b4 - krate[43a15c8123ea2661]::tests::test_get_features_for_wrong_version
[INFO] [stdout]   13:     0x5b55b89bcd59 - <krate[43a15c8123ea2661]::tests::test_get_features_for_wrong_version::{closure#0} as core[df12db4294e9bfd3]::ops::function::FnOnce<()>>::call_once
[INFO] [stdout]   14:     0x5b55b89c37bb - test[9d35eded1c95d3be]::__rust_begin_short_backtrace::<core[df12db4294e9bfd3]::result::Result<(), alloc[2182bb758b4b3781]::string::String>, fn() -> core[df12db4294e9bfd3]::result::Result<(), alloc[2182bb758b4b3781]::string::String>>
[INFO] [stdout]   15:     0x5b55b89d0e25 - test[9d35eded1c95d3be]::run_test::{closure#0}
[INFO] [stdout]   16:     0x5b55b89ca6e4 - std[70759c8f55707aa4]::sys::backtrace::__rust_begin_short_backtrace::<test[9d35eded1c95d3be]::run_test::{closure#1}, ()>
[INFO] [stdout]   17:     0x5b55b89d3f82 - <std[70759c8f55707aa4]::thread::lifecycle::spawn_unchecked<test[9d35eded1c95d3be]::run_test::{closure#1}, ()>::{closure#1} as core[df12db4294e9bfd3]::ops::function::FnOnce<()>>::call_once::{shim:vtable#0}
[INFO] [stdout]   18:     0x5b55b8b8d629 - <std[70759c8f55707aa4]::sys::thread::unix::Thread>::new::thread_start
[INFO] [stdout]   19:     0x70ea509a0dfa - <unknown>
[INFO] [stdout]   20:     0x70ea50a343d4 - clone
[INFO] [stdout]   21:                0x0 - <unknown>
[INFO] [stdout] 
[INFO] [stdout] ---- tests::test_edge_case_packages_without_data stdout ----
[INFO] [stdout] 
[INFO] [stdout] thread 'tests::test_edge_case_packages_without_data' (2009) panicked at src/lib.rs:319:9:
[INFO] [stdout] assertion failed: krate.is_ok()
[INFO] [stdout] stack backtrace:
[INFO] [stdout]    0:     0x5b55b8b8e101 - <<std[70759c8f55707aa4]::sys::backtrace::BacktraceLock>::print::DisplayBacktrace as core[df12db4294e9bfd3]::fmt::Display>::fmt
[INFO] [stdout]    1:     0x5b55b8ba425a - core[df12db4294e9bfd3]::fmt::write
[INFO] [stdout]    2:     0x5b55b8b92c3c - <alloc[2182bb758b4b3781]::vec::Vec<u8> as core[df12db4294e9bfd3]::io::write::Write>::write_fmt
[INFO] [stdout]    3:     0x5b55b8b691a6 - std[70759c8f55707aa4]::panicking::default_hook::{closure#0}
[INFO] [stdout]    4:     0x5b55b8b85ec9 - std[70759c8f55707aa4]::panicking::default_hook
[INFO] [stdout]    5:     0x5b55b89d04d0 - test[9d35eded1c95d3be]::test_main_inner::<test[9d35eded1c95d3be]::test_main_static::{closure#0}>::{closure#0}
[INFO] [stdout]    6:     0x5b55b8b861f2 - std[70759c8f55707aa4]::panicking::panic_with_hook
[INFO] [stdout]    7:     0x5b55b8b69284 - std[70759c8f55707aa4]::panicking::panic_handler::{closure#0}
[INFO] [stdout]    8:     0x5b55b8b61cb9 - std[70759c8f55707aa4]::sys::backtrace::__rust_end_short_backtrace::<std[70759c8f55707aa4]::panicking::panic_handler::{closure#0}, !>
[INFO] [stdout]    9:     0x5b55b8b6a0dd - __rustc[8fa7c3cbc660c2b3]::rust_begin_unwind
[INFO] [stdout]   10:     0x5b55b8ba49bc - core[df12db4294e9bfd3]::panicking::panic_fmt
[INFO] [stdout]   11:     0x5b55b8ba4982 - core[df12db4294e9bfd3]::panicking::panic
[INFO] [stdout]   12:     0x5b55b89ba383 - krate[43a15c8123ea2661]::tests::test_edge_case_packages_without_data
[INFO] [stdout]   13:     0x5b55b89bcd79 - <krate[43a15c8123ea2661]::tests::test_edge_case_packages_without_data::{closure#0} as core[df12db4294e9bfd3]::ops::function::FnOnce<()>>::call_once
[INFO] [stdout]   14:     0x5b55b89c37bb - test[9d35eded1c95d3be]::__rust_begin_short_backtrace::<core[df12db4294e9bfd3]::result::Result<(), alloc[2182bb758b4b3781]::string::String>, fn() -> core[df12db4294e9bfd3]::result::Result<(), alloc[2182bb758b4b3781]::string::String>>
[INFO] [stdout]   15:     0x5b55b89d0e25 - test[9d35eded1c95d3be]::run_test::{closure#0}
[INFO] [stdout]   16:     0x5b55b89ca6e4 - std[70759c8f55707aa4]::sys::backtrace::__rust_begin_short_backtrace::<test[9d35eded1c95d3be]::run_test::{closure#1}, ()>
[INFO] [stdout]   17:     0x5b55b89d3f82 - <std[70759c8f55707aa4]::thread::lifecycle::spawn_unchecked<test[9d35eded1c95d3be]::run_test::{closure#1}, ()>::{closure#1} as core[df12db4294e9bfd3]::ops::function::FnOnce<()>>::call_once::{shim:vtable#0}
[INFO] [stdout]   18:     0x5b55b8b8d629 - <std[70759c8f55707aa4]::sys::thread::unix::Thread>::new::thread_start
[INFO] [stdout]   19:     0x70ea509a0dfa - <unknown>
[INFO] [stdout]   20:     0x70ea50a343d4 - clone
[INFO] [stdout]   21:                0x0 - <unknown>
[INFO] [stdout] 
[INFO] [stdout] 
[INFO] [stdout] failures:
[INFO] [stdout]     tests::test_edge_case_packages_without_data
[INFO] [stdout]     tests::test_get_async_crate_basic
[INFO] [stdout]     tests::test_get_async_informs_operator_of_not_found_error
[INFO] [stdout]     tests::test_get_async_latest_version_from_crate
[INFO] [stdout]     tests::test_get_crate_basic
[INFO] [stdout]     tests::test_get_features_for_version
[INFO] [stdout]     tests::test_get_features_for_wrong_version
[INFO] [stdout]     tests::test_get_get_latest
[INFO] [stdout] 
[INFO] [stdout] test result: FAILED. 1 passed; 8 failed; 0 ignored; 0 measured; 0 filtered out; finished in 0.10s
[INFO] [stdout] 
[INFO] [stderr] error: test failed, to rerun pass `--lib`
[INFO] running `Command { std: "docker" "inspect" "08df05a9afa8b3bf4f2b8ce2b141effb1fa326fb75c2d5af3c8b5509e90682e1", kill_on_drop: false }`
[INFO] running `Command { std: "docker" "rm" "-f" "08df05a9afa8b3bf4f2b8ce2b141effb1fa326fb75c2d5af3c8b5509e90682e1", kill_on_drop: false }`
[INFO] [stdout] 08df05a9afa8b3bf4f2b8ce2b141effb1fa326fb75c2d5af3c8b5509e90682e1
