[INFO] fetching crate kramer 3.0.0...
[INFO] testing kramer-3.0.0 against 1.100.0-beta.1+cargoflags=--release for beta-release-1.100-2
[INFO] extracting crate kramer 3.0.0 into /workspace/builds/worker-4-tc2/source
[INFO] started tweaking crates.io crate kramer 3.0.0
[INFO] finished tweaking crates.io crate kramer 3.0.0
[INFO] tweaked toml for crates.io crate kramer 3.0.0 written to /workspace/builds/worker-4-tc2/source/Cargo.toml
[INFO] validating manifest of crates.io crate kramer 3.0.0 on toolchain 1.100.0-beta.1
[INFO] running `Command { std: CARGO_HOME="/workspace/cargo-home" RUSTUP_HOME="/workspace/rustup-home" "/workspace/cargo-home/bin/cargo" "+1.100.0-beta.1" "metadata" "--manifest-path" "Cargo.toml" "--no-deps", kill_on_drop: false }`
[INFO] running `Command { std: CARGO_HOME="/workspace/cargo-home" RUSTUP_HOME="/workspace/rustup-home" "/workspace/cargo-home/bin/cargo" "+1.100.0-beta.1" "generate-lockfile" "--manifest-path" "Cargo.toml", kill_on_drop: false }`
[INFO] [stderr]     Updating crates.io index
[INFO] [stderr]      Locking 57 packages to highest compatible versions
[INFO] running `Command { std: CARGO_HOME="/workspace/cargo-home" RUSTUP_HOME="/workspace/rustup-home" "/workspace/cargo-home/bin/cargo" "+1.100.0-beta.1" "fetch" "--manifest-path" "Cargo.toml", kill_on_drop: false }`
[INFO] running `Command { std: "docker" "create" "-v" "/var/lib/crater-agent-workspace/builds/worker-4-tc2/source:/opt/rustwide/workdir:ro,Z" "-v" "/var/lib/crater-agent-workspace/builds/worker-4-tc2/target:/opt/rustwide/target:rw,Z" "-v" "/var/lib/crater-agent-workspace/cargo-home:/opt/rustwide/cargo-home:ro,Z" "-v" "/var/lib/crater-agent-workspace/rustup-home:/opt/rustwide/rustup-home:ro,Z" "-m" "1610612736" "--network" "none" "ghcr.io/rust-lang/crates-build-env/linux@sha256:77db811e55d90add9212f6832c23229e3de5f1c1f9905e8cb07319ea15df73ac" "sleep" "infinity", kill_on_drop: false }`
[INFO] [stdout] 4dc6a81c7d832fe5b5e96b68e8983cd59ceadf858666112de21f85aa4d2debb5
[INFO] running `Command { std: "docker" "start" "4dc6a81c7d832fe5b5e96b68e8983cd59ceadf858666112de21f85aa4d2debb5", kill_on_drop: false }`
[INFO] running `Command { std: "docker" "inspect" "4dc6a81c7d832fe5b5e96b68e8983cd59ceadf858666112de21f85aa4d2debb5", kill_on_drop: false }`
[INFO] running `Command { std: "docker" "exec" "-e" "SOURCE_DIR=/opt/rustwide/workdir" "-e" "CARGO_HOME=/opt/rustwide/cargo-home" "-e" "RUSTUP_HOME=/opt/rustwide/rustup-home" "-e" "CARGO_TARGET_DIR=/opt/rustwide/target" "-w" "/opt/rustwide/workdir" "--user" "0:0" "4dc6a81c7d832fe5b5e96b68e8983cd59ceadf858666112de21f85aa4d2debb5" "/opt/rustwide/cargo-home/bin/cargo" "+1.100.0-beta.1" "metadata" "--no-deps" "--format-version=1", kill_on_drop: false }`
[INFO] running `Command { std: "docker" "inspect" "4dc6a81c7d832fe5b5e96b68e8983cd59ceadf858666112de21f85aa4d2debb5", kill_on_drop: false }`
[INFO] running `Command { std: "docker" "exec" "-e" "SOURCE_DIR=/opt/rustwide/workdir" "-e" "CARGO_HOME=/opt/rustwide/cargo-home" "-e" "RUSTUP_HOME=/opt/rustwide/rustup-home" "-e" "CARGO_TARGET_DIR=/opt/rustwide/target" "-e" "CARGO_INCREMENTAL=0" "-e" "RUST_BACKTRACE=full" "-e" "RUSTFLAGS=--cap-lints=warn" "-e" "RUSTDOCFLAGS=--cap-lints=warn" "-w" "/opt/rustwide/workdir" "--user" "0:0" "4dc6a81c7d832fe5b5e96b68e8983cd59ceadf858666112de21f85aa4d2debb5" "/opt/rustwide/cargo-home/bin/cargo" "+1.100.0-beta.1" "build" "--frozen" "--message-format=json" "--release", kill_on_drop: false }`
[INFO] [stderr]    Compiling kramer v3.0.0 (/opt/rustwide/workdir)
[INFO] [stderr]     Finished `release` profile [optimized] target(s) in 0.46s
[INFO] running `Command { std: "docker" "inspect" "4dc6a81c7d832fe5b5e96b68e8983cd59ceadf858666112de21f85aa4d2debb5", kill_on_drop: false }`
[INFO] running `Command { std: "docker" "exec" "-e" "SOURCE_DIR=/opt/rustwide/workdir" "-e" "CARGO_HOME=/opt/rustwide/cargo-home" "-e" "RUSTUP_HOME=/opt/rustwide/rustup-home" "-e" "CARGO_TARGET_DIR=/opt/rustwide/target" "-e" "CARGO_INCREMENTAL=0" "-e" "RUST_BACKTRACE=full" "-e" "RUSTFLAGS=--cap-lints=warn" "-e" "RUSTDOCFLAGS=--cap-lints=warn" "-w" "/opt/rustwide/workdir" "--user" "0:0" "4dc6a81c7d832fe5b5e96b68e8983cd59ceadf858666112de21f85aa4d2debb5" "/opt/rustwide/cargo-home/bin/cargo" "+1.100.0-beta.1" "test" "--frozen" "--no-run" "--message-format=json" "--release", kill_on_drop: false }`
[INFO] [stderr]    Compiling kramer v3.0.0 (/opt/rustwide/workdir)
[INFO] [stderr]     Finished `release` profile [optimized] target(s) in 2.49s
[INFO] running `Command { std: "docker" "inspect" "4dc6a81c7d832fe5b5e96b68e8983cd59ceadf858666112de21f85aa4d2debb5", kill_on_drop: false }`
[INFO] running `Command { std: "docker" "exec" "-e" "SOURCE_DIR=/opt/rustwide/workdir" "-e" "CARGO_HOME=/opt/rustwide/cargo-home" "-e" "RUSTUP_HOME=/opt/rustwide/rustup-home" "-e" "CARGO_TARGET_DIR=/opt/rustwide/target" "-e" "CARGO_INCREMENTAL=0" "-e" "RUST_BACKTRACE=full" "-e" "RUSTFLAGS=--cap-lints=warn" "-e" "RUSTDOCFLAGS=--cap-lints=warn" "-w" "/opt/rustwide/workdir" "--user" "0:0" "4dc6a81c7d832fe5b5e96b68e8983cd59ceadf858666112de21f85aa4d2debb5" "/opt/rustwide/cargo-home/bin/cargo" "+1.100.0-beta.1" "test" "--frozen" "--release", kill_on_drop: false }`
[INFO] [stderr]     Finished `release` profile [optimized] target(s) in 0.05s
[INFO] [stderr]      Running unittests src/lib.rs (/opt/rustwide/target/release/build/kramer/2cd579d7396a2a36/out/kramer-2cd579d7396a2a36)
[INFO] [stdout] 
[INFO] [stdout] running 62 tests
[INFO] [stdout] test fmt_tests::test_brpop_timeout_multi_fmt ... ok
[INFO] [stdout] test fmt_tests::test_hdel_many ... ok
[INFO] [stdout] test fmt_tests::test_hdel_single ... ok
[INFO] [stdout] test fmt_tests::test_hexists ... ok
[INFO] [stdout] test fmt_tests::test_hgetall ... ok
[INFO] [stdout] test fmt_tests::test_auth_user ... ok
[INFO] [stdout] test fmt_tests::test_hlen ... ok
[INFO] [stdout] test fmt_tests::test_echo ... ok
[INFO] [stdout] test fmt_tests::test_append_fmt ... ok
[INFO] [stdout] test fmt_tests::test_blpop_timeout_multi_fmt ... ok
[INFO] [stdout] test fmt_tests::test_brpop_timeout_fmt ... ok
[INFO] [stdout] test fmt_tests::test_del_fmt ... ok
[INFO] [stdout] test fmt_tests::test_del_fmt_multi ... ok
[INFO] [stdout] test fmt_tests::test_blpop_timeout_multi_many_fmt ... ok
[INFO] [stdout] test fmt_tests::test_blpop_timeout_fmt ... ok
[INFO] [stdout] test fmt_tests::test_auth_password ... ok
[INFO] [stdout] test fmt_tests::test_hset_many ... ok
[INFO] [stdout] test fmt_tests::test_hset_single ... ok
[INFO] [stdout] test fmt_tests::test_keys_fmt ... ok
[INFO] [stdout] test fmt_tests::test_lindex ... ok
[INFO] [stdout] test fmt_tests::test_linsert_after ... ok
[INFO] [stdout] test fmt_tests::test_get_fmt ... ok
[INFO] [stdout] test fmt_tests::test_hstrlen ... ok
[INFO] [stdout] test fmt_tests::test_llen_fmt ... ok
[INFO] [stdout] test fmt_tests::test_decr_fmt ... ok
[INFO] [stdout] test fmt_tests::test_linsert_before ... ok
[INFO] [stdout] test fmt_tests::test_ltrim ... ok
[INFO] [stdout] test fmt_tests::test_msetnx ... ok
[INFO] [stdout] test fmt_tests::test_rpop_fmt ... ok
[INFO] [stdout] test fmt_tests::test_macro_write ... ok
[INFO] [stdout] test fmt_tests::test_mset ... ok
[INFO] [stdout] test fmt_tests::test_lrem_fmt ... ok
[INFO] [stdout] test fmt_tests::test_lpop_fmt ... ok
[INFO] [stdout] test fmt_tests::test_set_fmt ... ok
[INFO] [stdout] test fmt_tests::test_set_fmt_duration ... ok
[INFO] [stdout] test fmt_tests::test_rpushx_fmt ... ok
[INFO] [stdout] test fmt_tests::test_hvals ... ok
[INFO] [stdout] test fmt_tests::test_lset ... ok
[INFO] [stdout] test sets::tests::test_sadd_multi ... ok
[INFO] [stdout] test modifiers::tests::test_humanize ... ok
[INFO] [stdout] test sets::tests::test_sdiff_multi ... ok
[INFO] [stdout] test fmt_tests::test_lpush_fmt ... ok
[INFO] [stdout] test sets::tests::test_sdiff_single ... ok
[INFO] [stdout] test sets::tests::test_sinter_multi ... ok
[INFO] [stdout] test sets::tests::test_sinter_single ... ok
[INFO] [stdout] test sets::tests::test_smembers_multi ... ok
[INFO] [stdout] test fmt_tests::test_set_fmt_if_exists ... ok
[INFO] [stdout] test fmt_tests::test_rpush_fmt ... ok
[INFO] [stdout] test sets::tests::test_sadd_single ... ok
[INFO] [stdout] test fmt_tests::test_rpush_fmt_multi ... ok
[INFO] [stdout] test sets::tests::test_scard_multi ... ok
[INFO] [stdout] test fmt_tests::test_lpushx_fmt ... ok
[INFO] [stdout] test strings::tests::test_set_present ... ok
[INFO] [stdout] test fmt_tests::test_lrange_fmt ... ok
[INFO] [stdout] test strings::tests::test_strlen_present ... ok
[INFO] [stdout] test fmt_tests::test_lrem ... ok
[INFO] [stdout] test sets::tests::test_srem_multi ... ok
[INFO] [stdout] test sets::tests::test_srem_single ... ok
[INFO] [stdout] test fmt_tests::test_brpop_timeout_multi_many_fmt ... ok
[INFO] [stdout] test fmt_tests::test_hget ... ok
[INFO] [stdout] test fmt_tests::test_set_fmt_if_not_exists ... ok
[INFO] [stdout] test fmt_tests::test_hincrby ... ok
[INFO] [stdout] 
[INFO] [stdout] test result: ok. 62 passed; 0 failed; 0 ignored; 0 measured; 0 filtered out; finished in 0.04s
[INFO] [stdout] 
[INFO] [stderr]      Running tests/execute_async_test.rs (/opt/rustwide/target/release/build/kramer/be9201a0cae07332/out/execute_async_test-be9201a0cae07332)
[INFO] [stdout] 
[INFO] [stdout] running 0 tests
[INFO] [stdout] 
[INFO] [stdout] test result: ok. 0 passed; 0 failed; 0 ignored; 0 measured; 0 filtered out; finished in 0.00s
[INFO] [stdout] 
[INFO] [stderr]      Running tests/execute_sync_test.rs (/opt/rustwide/target/release/build/kramer/b34cd9862c7b1973/out/execute_sync_test-b34cd9862c7b1973)
[INFO] [stdout] 
[INFO] [stdout] running 16 tests
[INFO] [stdout] test sync_test_auth_password ... ignored
[INFO] [stdout] test test_diff_some ... FAILED
[INFO] [stdout] test test_sadd_multi ... FAILED
[INFO] [stdout] test test_ismember_some ... FAILED
[INFO] [stdout] test test_srem_multi ... FAILED
[INFO] [stdout] test test_inter_some ... FAILED
[INFO] [stdout] test test_srem_single ... FAILED
[INFO] [stdout] test test_smembers_multi ... FAILED
[INFO] [stdout] test test_strlen_present ... FAILED
[INFO] [stdout] test test_union_multi ... FAILED
[INFO] [stdout] test test_scard ... FAILED
[INFO] [stdout] test test_ismember_none ... FAILED
[INFO] [stdout] test test_sadd_single ... FAILED
[INFO] [stdout] test test_union_single ... FAILED
[INFO] [stdout] test test_inter_none ... FAILED
[INFO] [stdout] test test_diff_none ... FAILED
[INFO] [stdout] 
[INFO] [stdout] failures:
[INFO] [stdout] 
[INFO] [stdout] ---- test_diff_some stdout ----
[INFO] [stdout] 
[INFO] [stdout] thread 'test_diff_some' (291) panicked at tests/execute_sync_test.rs:172:63:
[INFO] [stdout] connection: Os { code: 111, kind: ConnectionRefused, message: "Connection refused" }
[INFO] [stdout] stack backtrace:
[INFO] [stdout]    0:     0x5c7f600ceb21 - <<std[617be2ca0a6fd877]::sys::backtrace::BacktraceLock>::print::DisplayBacktrace as core[a373ad73a504971]::fmt::Display>::fmt
[INFO] [stdout]    1:     0x5c7f600e3aca - core[a373ad73a504971]::fmt::write
[INFO] [stdout]    2:     0x5c7f600d30fc - <alloc[2e1b2a31b91974c5]::vec::Vec<u8> as core[a373ad73a504971]::io::write::Write>::write_fmt
[INFO] [stdout]    3:     0x5c7f600aa806 - std[617be2ca0a6fd877]::panicking::default_hook::{closure#0}
[INFO] [stdout]    4:     0x5c7f600c6c99 - std[617be2ca0a6fd877]::panicking::default_hook
[INFO] [stdout]    5:     0x5c7f60062760 - test[aada8e7e76ba119b]::test_main_inner::{closure#0}
[INFO] [stdout]    6:     0x5c7f600c6e52 - std[617be2ca0a6fd877]::panicking::panic_with_hook
[INFO] [stdout]    7:     0x5c7f600aa8b2 - std[617be2ca0a6fd877]::panicking::panic_handler::{closure#0}
[INFO] [stdout]    8:     0x5c7f600a3519 - std[617be2ca0a6fd877]::sys::backtrace::__rust_end_short_backtrace::<std[617be2ca0a6fd877]::panicking::panic_handler::{closure#0}, !>
[INFO] [stdout]    9:     0x5c7f600ab6ad - __rustc[ea4f61d10b84890b]::rust_begin_unwind
[INFO] [stdout]   10:     0x5c7f600e41fc - core[a373ad73a504971]::panicking::panic_fmt
[INFO] [stdout]   11:     0x5c7f600e3fd2 - core[a373ad73a504971]::result::unwrap_failed
[INFO] [stdout]   12:     0x5c7f6004f9b4 - <execute_sync_test[13fed1cd148d76e4]::test_diff_some::{closure#0} as core[a373ad73a504971]::ops::function::FnOnce<()>>::call_once
[INFO] [stdout]   13:     0x5c7f60055bab - test[aada8e7e76ba119b]::__rust_begin_short_backtrace::<core[a373ad73a504971]::result::Result<(), alloc[2e1b2a31b91974c5]::string::String>, fn() -> core[a373ad73a504971]::result::Result<(), alloc[2e1b2a31b91974c5]::string::String>>
[INFO] [stdout]   14:     0x5c7f60062d85 - test[aada8e7e76ba119b]::run_test::{closure#0}
[INFO] [stdout]   15:     0x5c7f6005c674 - std[617be2ca0a6fd877]::sys::backtrace::__rust_begin_short_backtrace::<test[aada8e7e76ba119b]::run_test::{closure#1}, ()>
[INFO] [stdout]   16:     0x5c7f60065e12 - <std[617be2ca0a6fd877]::thread::lifecycle::spawn_unchecked<test[aada8e7e76ba119b]::run_test::{closure#1}, ()>::{closure#1} as core[a373ad73a504971]::ops::function::FnOnce<()>>::call_once::{shim:vtable#0}
[INFO] [stdout]   17:     0x5c7f600cde5f - <std[617be2ca0a6fd877]::sys::thread::unix::Thread>::new::thread_start
[INFO] [stdout]   18:     0x7cabed276dfa - <unknown>
[INFO] [stdout]   19:     0x7cabed30a3d4 - clone
[INFO] [stdout]   20:                0x0 - <unknown>
[INFO] [stdout] 
[INFO] [stdout] ---- test_sadd_multi stdout ----
[INFO] [stdout] 
[INFO] [stdout] thread 'test_sadd_multi' (296) panicked at tests/execute_sync_test.rs:72:63:
[INFO] [stdout] connection: Os { code: 111, kind: ConnectionRefused, message: "Connection refused" }
[INFO] [stdout] stack backtrace:
[INFO] [stdout]    0:     0x5c7f600ceb21 - <<std[617be2ca0a6fd877]::sys::backtrace::BacktraceLock>::print::DisplayBacktrace as core[a373ad73a504971]::fmt::Display>::fmt
[INFO] [stdout]    1:     0x5c7f600e3aca - core[a373ad73a504971]::fmt::write
[INFO] [stdout]    2:     0x5c7f600d30fc - <alloc[2e1b2a31b91974c5]::vec::Vec<u8> as core[a373ad73a504971]::io::write::Write>::write_fmt
[INFO] [stdout]    3:     0x5c7f600aa806 - std[617be2ca0a6fd877]::panicking::default_hook::{closure#0}
[INFO] [stdout]    4:     0x5c7f600c6c99 - std[617be2ca0a6fd877]::panicking::default_hook
[INFO] [stdout]    5:     0x5c7f60062760 - test[aada8e7e76ba119b]::test_main_inner::{closure#0}
[INFO] [stdout]    6:     0x5c7f600c6e52 - std[617be2ca0a6fd877]::panicking::panic_with_hook
[INFO] [stdout]    7:     0x5c7f600aa8b2 - std[617be2ca0a6fd877]::panicking::panic_handler::{closure#0}
[INFO] [stdout]    8:     0x5c7f600a3519 - std[617be2ca0a6fd877]::sys::backtrace::__rust_end_short_backtrace::<std[617be2ca0a6fd877]::panicking::panic_handler::{closure#0}, !>
[INFO] [stdout]    9:     0x5c7f600ab6ad - __rustc[ea4f61d10b84890b]::rust_begin_unwind
[INFO] [stdout]   10:     0x5c7f600e41fc - core[a373ad73a504971]::panicking::panic_fmt
[INFO] [stdout]   11:     0x5c7f600e3fd2 - core[a373ad73a504971]::result::unwrap_failed
[INFO] [stdout]   12:     0x5c7f60051148 - <execute_sync_test[13fed1cd148d76e4]::test_sadd_multi::{closure#0} as core[a373ad73a504971]::ops::function::FnOnce<()>>::call_once
[INFO] [stdout]   13:     0x5c7f60055bab - test[aada8e7e76ba119b]::__rust_begin_short_backtrace::<core[a373ad73a504971]::result::Result<(), alloc[2e1b2a31b91974c5]::string::String>, fn() -> core[a373ad73a504971]::result::Result<(), alloc[2e1b2a31b91974c5]::string::String>>
[INFO] [stdout]   14:     0x5c7f60062d85 - test[aada8e7e76ba119b]::run_test::{closure#0}
[INFO] [stdout]   15:     0x5c7f6005c674 - std[617be2ca0a6fd877]::sys::backtrace::__rust_begin_short_backtrace::<test[aada8e7e76ba119b]::run_test::{closure#1}, ()>
[INFO] [stdout]   16:     0x5c7f60065e12 - <std[617be2ca0a6fd877]::thread::lifecycle::spawn_unchecked<test[aada8e7e76ba119b]::run_test::{closure#1}, ()>::{closure#1} as core[a373ad73a504971]::ops::function::FnOnce<()>>::call_once::{shim:vtable#0}
[INFO] [stdout]   17:     0x5c7f600cde5f - <std[617be2ca0a6fd877]::sys::thread::unix::Thread>::new::thread_start
[INFO] [stdout]   18:     0x7cabed276dfa - <unknown>
[INFO] [stdout]   19:     0x7cabed30a3d4 - clone
[INFO] [stdout]   20:                0x0 - <unknown>
[INFO] [stdout] 
[INFO] [stdout] ---- test_ismember_some stdout ----
[INFO] [stdout] 
[INFO] [stdout] thread 'test_ismember_some' (295) panicked at tests/execute_sync_test.rs:185:63:
[INFO] [stdout] connection: Os { code: 111, kind: ConnectionRefused, message: "Connection refused" }
[INFO] [stdout] stack backtrace:
[INFO] [stdout]    0:     0x5c7f600ceb21 - <<std[617be2ca0a6fd877]::sys::backtrace::BacktraceLock>::print::DisplayBacktrace as core[a373ad73a504971]::fmt::Display>::fmt
[INFO] [stdout]    1:     0x5c7f600e3aca - core[a373ad73a504971]::fmt::write
[INFO] [stdout]    2:     0x5c7f600d30fc - <alloc[2e1b2a31b91974c5]::vec::Vec<u8> as core[a373ad73a504971]::io::write::Write>::write_fmt
[INFO] [stdout]    3:     0x5c7f600aa806 - std[617be2ca0a6fd877]::panicking::default_hook::{closure#0}
[INFO] [stdout]    4:     0x5c7f600c6c99 - std[617be2ca0a6fd877]::panicking::default_hook
[INFO] [stdout]    5:     0x5c7f60062760 - test[aada8e7e76ba119b]::test_main_inner::{closure#0}
[INFO] [stdout]    6:     0x5c7f600c6e52 - std[617be2ca0a6fd877]::panicking::panic_with_hook
[INFO] [stdout]    7:     0x5c7f600aa8b2 - std[617be2ca0a6fd877]::panicking::panic_handler::{closure#0}
[INFO] [stdout]    8:     0x5c7f600a3519 - std[617be2ca0a6fd877]::sys::backtrace::__rust_end_short_backtrace::<std[617be2ca0a6fd877]::panicking::panic_handler::{closure#0}, !>
[INFO] [stdout]    9:     0x5c7f600ab6ad - __rustc[ea4f61d10b84890b]::rust_begin_unwind
[INFO] [stdout]   10:     0x5c7f600e41fc - core[a373ad73a504971]::panicking::panic_fmt
[INFO] [stdout]   11:     0x5c7f600e3fd2 - core[a373ad73a504971]::result::unwrap_failed
[INFO] [stdout]   12:     0x5c7f60053a6f - <execute_sync_test[13fed1cd148d76e4]::test_ismember_some::{closure#0} as core[a373ad73a504971]::ops::function::FnOnce<()>>::call_once
[INFO] [stdout]   13:     0x5c7f60055bab - test[aada8e7e76ba119b]::__rust_begin_short_backtrace::<core[a373ad73a504971]::result::Result<(), alloc[2e1b2a31b91974c5]::string::String>, fn() -> core[a373ad73a504971]::result::Result<(), alloc[2e1b2a31b91974c5]::string::String>>
[INFO] [stdout]   14:     0x5c7f60062d85 - test[aada8e7e76ba119b]::run_test::{closure#0}
[INFO] [stdout]   15:     0x5c7f6005c674 - std[617be2ca0a6fd877]::sys::backtrace::__rust_begin_short_backtrace::<test[aada8e7e76ba119b]::run_test::{closure#1}, ()>
[INFO] [stdout]   16:     0x5c7f60065e12 - <std[617be2ca0a6fd877]::thread::lifecycle::spawn_unchecked<test[aada8e7e76ba119b]::run_test::{closure#1}, ()>::{closure#1} as core[a373ad73a504971]::ops::function::FnOnce<()>>::call_once::{shim:vtable#0}
[INFO] [stdout]   17:     0x5c7f600cde5f - <std[617be2ca0a6fd877]::sys::thread::unix::Thread>::new::thread_start
[INFO] [stdout]   18:     0x7cabed276dfa - <unknown>
[INFO] [stdout]   19:     0x7cabed30a3d4 - clone
[INFO] [stdout]   20:                0x0 - <unknown>
[INFO] [stdout] 
[INFO] [stdout] ---- test_srem_multi stdout ----
[INFO] [stdout] 
[INFO] [stdout] thread 'test_srem_multi' (300) panicked at tests/execute_sync_test.rs:105:63:
[INFO] [stdout] connection: Os { code: 111, kind: ConnectionRefused, message: "Connection refused" }
[INFO] [stdout] stack backtrace:
[INFO] [stdout]    0:     0x5c7f600ceb21 - <<std[617be2ca0a6fd877]::sys::backtrace::BacktraceLock>::print::DisplayBacktrace as core[a373ad73a504971]::fmt::Display>::fmt
[INFO] [stdout]    1:     0x5c7f600e3aca - core[a373ad73a504971]::fmt::write
[INFO] [stdout]    2:     0x5c7f600d30fc - <alloc[2e1b2a31b91974c5]::vec::Vec<u8> as core[a373ad73a504971]::io::write::Write>::write_fmt
[INFO] [stdout]    3:     0x5c7f600aa806 - std[617be2ca0a6fd877]::panicking::default_hook::{closure#0}
[INFO] [stdout]    4:     0x5c7f600c6c99 - std[617be2ca0a6fd877]::panicking::default_hook
[INFO] [stdout]    5:     0x5c7f60062760 - test[aada8e7e76ba119b]::test_main_inner::{closure#0}
[INFO] [stdout]    6:     0x5c7f600c6e52 - std[617be2ca0a6fd877]::panicking::panic_with_hook
[INFO] [stdout]    7:     0x5c7f600aa8b2 - std[617be2ca0a6fd877]::panicking::panic_handler::{closure#0}
[INFO] [stdout]    8:     0x5c7f600a3519 - std[617be2ca0a6fd877]::sys::backtrace::__rust_end_short_backtrace::<std[617be2ca0a6fd877]::panicking::panic_handler::{closure#0}, !>
[INFO] [stdout]    9:     0x5c7f600ab6ad - __rustc[ea4f61d10b84890b]::rust_begin_unwind
[INFO] [stdout]   10:     0x5c7f600e41fc - core[a373ad73a504971]::panicking::panic_fmt
[INFO] [stdout]   11:     0x5c7f600e3fd2 - core[a373ad73a504971]::result::unwrap_failed
[INFO] [stdout]   12:     0x5c7f60051858 - <execute_sync_test[13fed1cd148d76e4]::test_srem_multi::{closure#0} as core[a373ad73a504971]::ops::function::FnOnce<()>>::call_once
[INFO] [stdout]   13:     0x5c7f60055bab - test[aada8e7e76ba119b]::__rust_begin_short_backtrace::<core[a373ad73a504971]::result::Result<(), alloc[2e1b2a31b91974c5]::string::String>, fn() -> core[a373ad73a504971]::result::Result<(), alloc[2e1b2a31b91974c5]::string::String>>
[INFO] [stdout]   14:     0x5c7f60062d85 - test[aada8e7e76ba119b]::run_test::{closure#0}
[INFO] [stdout]   15:     0x5c7f6005c674 - std[617be2ca0a6fd877]::sys::backtrace::__rust_begin_short_backtrace::<test[aada8e7e76ba119b]::run_test::{closure#1}, ()>
[INFO] [stdout]   16:     0x5c7f60065e12 - <std[617be2ca0a6fd877]::thread::lifecycle::spawn_unchecked<test[aada8e7e76ba119b]::run_test::{closure#1}, ()>::{closure#1} as core[a373ad73a504971]::ops::function::FnOnce<()>>::call_once::{shim:vtable#0}
[INFO] [stdout]   17:     0x5c7f600cde5f - <std[617be2ca0a6fd877]::sys::thread::unix::Thread>::new::thread_start
[INFO] [stdout]   18:     0x7cabed276dfa - <unknown>
[INFO] [stdout]   19:     0x7cabed30a3d4 - clone
[INFO] [stdout]   20:                0x0 - <unknown>
[INFO] [stdout] 
[INFO] [stdout] ---- test_inter_some stdout ----
[INFO] [stdout] 
[INFO] [stdout] thread 'test_inter_some' (293) panicked at tests/execute_sync_test.rs:250:63:
[INFO] [stdout] connection: Os { code: 111, kind: ConnectionRefused, message: "Connection refused" }
[INFO] [stdout] stack backtrace:
[INFO] [stdout]    0:     0x5c7f600ceb21 - <<std[617be2ca0a6fd877]::sys::backtrace::BacktraceLock>::print::DisplayBacktrace as core[a373ad73a504971]::fmt::Display>::fmt
[INFO] [stdout]    1:     0x5c7f600e3aca - core[a373ad73a504971]::fmt::write
[INFO] [stdout]    2:     0x5c7f600d30fc - <alloc[2e1b2a31b91974c5]::vec::Vec<u8> as core[a373ad73a504971]::io::write::Write>::write_fmt
[INFO] [stdout]    3:     0x5c7f600aa806 - std[617be2ca0a6fd877]::panicking::default_hook::{closure#0}
[INFO] [stdout]    4:     0x5c7f600c6c99 - std[617be2ca0a6fd877]::panicking::default_hook
[INFO] [stdout]    5:     0x5c7f60062760 - test[aada8e7e76ba119b]::test_main_inner::{closure#0}
[INFO] [stdout]    6:     0x5c7f600c6e52 - std[617be2ca0a6fd877]::panicking::panic_with_hook
[INFO] [stdout]    7:     0x5c7f600aa8b2 - std[617be2ca0a6fd877]::panicking::panic_handler::{closure#0}
[INFO] [stdout]    8:     0x5c7f600a3519 - std[617be2ca0a6fd877]::sys::backtrace::__rust_end_short_backtrace::<std[617be2ca0a6fd877]::panicking::panic_handler::{closure#0}, !>
[INFO] [stdout]    9:     0x5c7f600ab6ad - __rustc[ea4f61d10b84890b]::rust_begin_unwind
[INFO] [stdout]   10:     0x5c7f600e41fc - core[a373ad73a504971]::panicking::panic_fmt
[INFO] [stdout]   11:     0x5c7f600e3fd2 - core[a373ad73a504971]::result::unwrap_failed
[INFO] [stdout]   12:     0x5c7f60050c20 - <execute_sync_test[13fed1cd148d76e4]::test_inter_some::{closure#0} as core[a373ad73a504971]::ops::function::FnOnce<()>>::call_once
[INFO] [stdout]   13:     0x5c7f60055bab - test[aada8e7e76ba119b]::__rust_begin_short_backtrace::<core[a373ad73a504971]::result::Result<(), alloc[2e1b2a31b91974c5]::string::String>, fn() -> core[a373ad73a504971]::result::Result<(), alloc[2e1b2a31b91974c5]::string::String>>
[INFO] [stdout]   14:     0x5c7f60062d85 - test[aada8e7e76ba119b]::run_test::{closure#0}
[INFO] [stdout]   15:     0x5c7f6005c674 - std[617be2ca0a6fd877]::sys::backtrace::__rust_begin_short_backtrace::<test[aada8e7e76ba119b]::run_test::{closure#1}, ()>
[INFO] [stdout]   16:     0x5c7f60065e12 - <std[617be2ca0a6fd877]::thread::lifecycle::spawn_unchecked<test[aada8e7e76ba119b]::run_test::{closure#1}, ()>::{closure#1} as core[a373ad73a504971]::ops::function::FnOnce<()>>::call_once::{shim:vtable#0}
[INFO] [stdout]   17:     0x5c7f600cde5f - <std[617be2ca0a6fd877]::sys::thread::unix::Thread>::new::thread_start
[INFO] [stdout]   18:     0x7cabed276dfa - <unknown>
[INFO] [stdout]   19:     0x7cabed30a3d4 - clone
[INFO] [stdout]   20:                0x0 - <unknown>
[INFO] [stdout] 
[INFO] [stdout] ---- test_srem_single stdout ----
[INFO] [stdout] 
[INFO] [stdout] thread 'test_srem_single' (301) panicked at tests/execute_sync_test.rs:95:63:
[INFO] [stdout] connection: Os { code: 111, kind: ConnectionRefused, message: "Connection refused" }
[INFO] [stdout] stack backtrace:
[INFO] [stdout]    0:     0x5c7f600ceb21 - <<std[617be2ca0a6fd877]::sys::backtrace::BacktraceLock>::print::DisplayBacktrace as core[a373ad73a504971]::fmt::Display>::fmt
[INFO] [stdout]    1:     0x5c7f600e3aca - core[a373ad73a504971]::fmt::write
[INFO] [stdout]    2:     0x5c7f600d30fc - <alloc[2e1b2a31b91974c5]::vec::Vec<u8> as core[a373ad73a504971]::io::write::Write>::write_fmt
[INFO] [stdout]    3:     0x5c7f600aa806 - std[617be2ca0a6fd877]::panicking::default_hook::{closure#0}
[INFO] [stdout]    4:     0x5c7f600c6c99 - std[617be2ca0a6fd877]::panicking::default_hook
[INFO] [stdout]    5:     0x5c7f60062760 - test[aada8e7e76ba119b]::test_main_inner::{closure#0}
[INFO] [stdout]    6:     0x5c7f600c6e52 - std[617be2ca0a6fd877]::panicking::panic_with_hook
[INFO] [stdout]    7:     0x5c7f600aa8b2 - std[617be2ca0a6fd877]::panicking::panic_handler::{closure#0}
[INFO] [stdout]    8:     0x5c7f600a3519 - std[617be2ca0a6fd877]::sys::backtrace::__rust_end_short_backtrace::<std[617be2ca0a6fd877]::panicking::panic_handler::{closure#0}, !>
[INFO] [stdout]    9:     0x5c7f600ab6ad - __rustc[ea4f61d10b84890b]::rust_begin_unwind
[INFO] [stdout]   10:     0x5c7f600e41fc - core[a373ad73a504971]::panicking::panic_fmt
[INFO] [stdout]   11:     0x5c7f600e3fd2 - core[a373ad73a504971]::result::unwrap_failed
[INFO] [stdout]   12:     0x5c7f600521ff - <execute_sync_test[13fed1cd148d76e4]::test_srem_single::{closure#0} as core[a373ad73a504971]::ops::function::FnOnce<()>>::call_once
[INFO] [stdout]   13:     0x5c7f60055bab - test[aada8e7e76ba119b]::__rust_begin_short_backtrace::<core[a373ad73a504971]::result::Result<(), alloc[2e1b2a31b91974c5]::string::String>, fn() -> core[a373ad73a504971]::result::Result<(), alloc[2e1b2a31b91974c5]::string::String>>
[INFO] [stdout]   14:     0x5c7f60062d85 - test[aada8e7e76ba119b]::run_test::{closure#0}
[INFO] [stdout]   15:     0x5c7f6005c674 - std[617be2ca0a6fd877]::sys::backtrace::__rust_begin_short_backtrace::<test[aada8e7e76ba119b]::run_test::{closure#1}, ()>
[INFO] [stdout]   16:     0x5c7f60065e12 - <std[617be2ca0a6fd877]::thread::lifecycle::spawn_unchecked<test[aada8e7e76ba119b]::run_test::{closure#1}, ()>::{closure#1} as core[a373ad73a504971]::ops::function::FnOnce<()>>::call_once::{shim:vtable#0}
[INFO] [stdout]   17:     0x5c7f600cde5f - <std[617be2ca0a6fd877]::sys::thread::unix::Thread>::new::thread_start
[INFO] [stdout]   18:     0x7cabed276dfa - <unknown>
[INFO] [stdout]   19:     0x7cabed30a3d4 - clone
[INFO] [stdout]   20:                0x0 - <unknown>
[INFO] [stdout] 
[INFO] [stdout] ---- test_smembers_multi stdout ----
[INFO] [stdout] 
[INFO] [stdout] thread 'test_smembers_multi' (299) panicked at tests/execute_sync_test.rs:81:63:
[INFO] [stdout] connection: Os { code: 111, kind: ConnectionRefused, message: "Connection refused" }
[INFO] [stdout] stack backtrace:
[INFO] [stdout]    0:     0x5c7f600ceb21 - <<std[617be2ca0a6fd877]::sys::backtrace::BacktraceLock>::print::DisplayBacktrace as core[a373ad73a504971]::fmt::Display>::fmt
[INFO] [stdout]    1:     0x5c7f600e3aca - core[a373ad73a504971]::fmt::write
[INFO] [stdout]    2:     0x5c7f600d30fc - <alloc[2e1b2a31b91974c5]::vec::Vec<u8> as core[a373ad73a504971]::io::write::Write>::write_fmt
[INFO] [stdout]    3:     0x5c7f600aa806 - std[617be2ca0a6fd877]::panicking::default_hook::{closure#0}
[INFO] [stdout]    4:     0x5c7f600c6c99 - std[617be2ca0a6fd877]::panicking::default_hook
[INFO] [stdout]    5:     0x5c7f60062760 - test[aada8e7e76ba119b]::test_main_inner::{closure#0}
[INFO] [stdout]    6:     0x5c7f600c6e52 - std[617be2ca0a6fd877]::panicking::panic_with_hook
[INFO] [stdout]    7:     0x5c7f600aa8b2 - std[617be2ca0a6fd877]::panicking::panic_handler::{closure#0}
[INFO] [stdout]    8:     0x5c7f600a3519 - std[617be2ca0a6fd877]::sys::backtrace::__rust_end_short_backtrace::<std[617be2ca0a6fd877]::panicking::panic_handler::{closure#0}, !>
[INFO] [stdout]    9:     0x5c7f600ab6ad - __rustc[ea4f61d10b84890b]::rust_begin_unwind
[INFO] [stdout]   10:     0x5c7f600e41fc - core[a373ad73a504971]::panicking::panic_fmt
[INFO] [stdout]   11:     0x5c7f600e3fd2 - core[a373ad73a504971]::result::unwrap_failed
[INFO] [stdout]   12:     0x5c7f6005412d - <execute_sync_test[13fed1cd148d76e4]::test_smembers_multi::{closure#0} as core[a373ad73a504971]::ops::function::FnOnce<()>>::call_once
[INFO] [stdout]   13:     0x5c7f60055bab - test[aada8e7e76ba119b]::__rust_begin_short_backtrace::<core[a373ad73a504971]::result::Result<(), alloc[2e1b2a31b91974c5]::string::String>, fn() -> core[a373ad73a504971]::result::Result<(), alloc[2e1b2a31b91974c5]::string::String>>
[INFO] [stdout]   14:     0x5c7f60062d85 - test[aada8e7e76ba119b]::run_test::{closure#0}
[INFO] [stdout]   15:     0x5c7f6005c674 - std[617be2ca0a6fd877]::sys::backtrace::__rust_begin_short_backtrace::<test[aada8e7e76ba119b]::run_test::{closure#1}, ()>
[INFO] [stdout]   16:     0x5c7f60065e12 - <std[617be2ca0a6fd877]::thread::lifecycle::spawn_unchecked<test[aada8e7e76ba119b]::run_test::{closure#1}, ()>::{closure#1} as core[a373ad73a504971]::ops::function::FnOnce<()>>::call_once::{shim:vtable#0}
[INFO] [stdout]   17:     0x5c7f600cde5f - <std[617be2ca0a6fd877]::sys::thread::unix::Thread>::new::thread_start
[INFO] [stdout]   18:     0x7cabed276dfa - <unknown>
[INFO] [stdout]   19:     0x7cabed30a3d4 - clone
[INFO] [stdout]   20:                0x0 - <unknown>
[INFO] [stdout] 
[INFO] [stdout] ---- test_strlen_present stdout ----
[INFO] [stdout] 
[INFO] [stdout] thread 'test_strlen_present' (302) panicked at tests/execute_sync_test.rs:47:63:
[INFO] [stdout] connection: Os { code: 111, kind: ConnectionRefused, message: "Connection refused" }
[INFO] [stdout] stack backtrace:
[INFO] [stdout]    0:     0x5c7f600ceb21 - <<std[617be2ca0a6fd877]::sys::backtrace::BacktraceLock>::print::DisplayBacktrace as core[a373ad73a504971]::fmt::Display>::fmt
[INFO] [stdout]    1:     0x5c7f600e3aca - core[a373ad73a504971]::fmt::write
[INFO] [stdout]    2:     0x5c7f600d30fc - <alloc[2e1b2a31b91974c5]::vec::Vec<u8> as core[a373ad73a504971]::io::write::Write>::write_fmt
[INFO] [stdout]    3:     0x5c7f600aa806 - std[617be2ca0a6fd877]::panicking::default_hook::{closure#0}
[INFO] [stdout]    4:     0x5c7f600c6c99 - std[617be2ca0a6fd877]::panicking::default_hook
[INFO] [stdout]    5:     0x5c7f60062760 - test[aada8e7e76ba119b]::test_main_inner::{closure#0}
[INFO] [stdout]    6:     0x5c7f600c6e52 - std[617be2ca0a6fd877]::panicking::panic_with_hook
[INFO] [stdout]    7:     0x5c7f600aa8b2 - std[617be2ca0a6fd877]::panicking::panic_handler::{closure#0}
[INFO] [stdout]    8:     0x5c7f600a3519 - std[617be2ca0a6fd877]::sys::backtrace::__rust_end_short_backtrace::<std[617be2ca0a6fd877]::panicking::panic_handler::{closure#0}, !>
[INFO] [stdout]    9:     0x5c7f600ab6ad - __rustc[ea4f61d10b84890b]::rust_begin_unwind
[INFO] [stdout]   10:     0x5c7f600e41fc - core[a373ad73a504971]::panicking::panic_fmt
[INFO] [stdout]   11:     0x5c7f600e3fd2 - core[a373ad73a504971]::result::unwrap_failed
[INFO] [stdout]   12:     0x5c7f6005461d - <execute_sync_test[13fed1cd148d76e4]::test_strlen_present::{closure#0} as core[a373ad73a504971]::ops::function::FnOnce<()>>::call_once
[INFO] [stdout]   13:     0x5c7f60055bab - test[aada8e7e76ba119b]::__rust_begin_short_backtrace::<core[a373ad73a504971]::result::Result<(), alloc[2e1b2a31b91974c5]::string::String>, fn() -> core[a373ad73a504971]::result::Result<(), alloc[2e1b2a31b91974c5]::string::String>>
[INFO] [stdout]   14:     0x5c7f60062d85 - test[aada8e7e76ba119b]::run_test::{closure#0}
[INFO] [stdout]   15:     0x5c7f6005c674 - std[617be2ca0a6fd877]::sys::backtrace::__rust_begin_short_backtrace::<test[aada8e7e76ba119b]::run_test::{closure#1}, ()>
[INFO] [stdout]   16:     0x5c7f60065e12 - <std[617be2ca0a6fd877]::thread::lifecycle::spawn_unchecked<test[aada8e7e76ba119b]::run_test::{closure#1}, ()>::{closure#1} as core[a373ad73a504971]::ops::function::FnOnce<()>>::call_once::{shim:vtable#0}
[INFO] [stdout]   17:     0x5c7f600cde5f - <std[617be2ca0a6fd877]::sys::thread::unix::Thread>::new::thread_start
[INFO] [stdout]   18:     0x7cabed276dfa - <unknown>
[INFO] [stdout]   19:     0x7cabed30a3d4 - clone
[INFO] [stdout]   20:                0x0 - <unknown>
[INFO] [stdout] 
[INFO] [stdout] ---- test_union_multi stdout ----
[INFO] [stdout] 
[INFO] [stdout] thread 'test_union_multi' (303) panicked at tests/execute_sync_test.rs:127:63:
[INFO] [stdout] connection: Os { code: 111, kind: ConnectionRefused, message: "Connection refused" }
[INFO] [stdout] stack backtrace:
[INFO] [stdout]    0:     0x5c7f600ceb21 - <<std[617be2ca0a6fd877]::sys::backtrace::BacktraceLock>::print::DisplayBacktrace as core[a373ad73a504971]::fmt::Display>::fmt
[INFO] [stdout]    1:     0x5c7f600e3aca - core[a373ad73a504971]::fmt::write
[INFO] [stdout]    2:     0x5c7f600d30fc - <alloc[2e1b2a31b91974c5]::vec::Vec<u8> as core[a373ad73a504971]::io::write::Write>::write_fmt
[INFO] [stdout]    3:     0x5c7f600aa806 - std[617be2ca0a6fd877]::panicking::default_hook::{closure#0}
[INFO] [stdout]    4:     0x5c7f600c6c99 - std[617be2ca0a6fd877]::panicking::default_hook
[INFO] [stdout]    5:     0x5c7f60062760 - test[aada8e7e76ba119b]::test_main_inner::{closure#0}
[INFO] [stdout]    6:     0x5c7f600c6e52 - std[617be2ca0a6fd877]::panicking::panic_with_hook
[INFO] [stdout]    7:     0x5c7f600aa8b2 - std[617be2ca0a6fd877]::panicking::panic_handler::{closure#0}
[INFO] [stdout]    8:     0x5c7f600a3519 - std[617be2ca0a6fd877]::sys::backtrace::__rust_end_short_backtrace::<std[617be2ca0a6fd877]::panicking::panic_handler::{closure#0}, !>
[INFO] [stdout]    9:     0x5c7f600ab6ad - __rustc[ea4f61d10b84890b]::rust_begin_unwind
[INFO] [stdout]   10:     0x5c7f600e41fc - core[a373ad73a504971]::panicking::panic_fmt
[INFO] [stdout]   11:     0x5c7f600e3fd2 - core[a373ad73a504971]::result::unwrap_failed
[INFO] [stdout]   12:     0x5c7f60052a50 - <execute_sync_test[13fed1cd148d76e4]::test_union_multi::{closure#0} as core[a373ad73a504971]::ops::function::FnOnce<()>>::call_once
[INFO] [stdout]   13:     0x5c7f60055bab - test[aada8e7e76ba119b]::__rust_begin_short_backtrace::<core[a373ad73a504971]::result::Result<(), alloc[2e1b2a31b91974c5]::string::String>, fn() -> core[a373ad73a504971]::result::Result<(), alloc[2e1b2a31b91974c5]::string::String>>
[INFO] [stdout]   14:     0x5c7f60062d85 - test[aada8e7e76ba119b]::run_test::{closure#0}
[INFO] [stdout]   15:     0x5c7f6005c674 - std[617be2ca0a6fd877]::sys::backtrace::__rust_begin_short_backtrace::<test[aada8e7e76ba119b]::run_test::{closure#1}, ()>
[INFO] [stdout]   16:     0x5c7f60065e12 - <std[617be2ca0a6fd877]::thread::lifecycle::spawn_unchecked<test[aada8e7e76ba119b]::run_test::{closure#1}, ()>::{closure#1} as core[a373ad73a504971]::ops::function::FnOnce<()>>::call_once::{shim:vtable#0}
[INFO] [stdout]   17:     0x5c7f600cde5f - <std[617be2ca0a6fd877]::sys::thread::unix::Thread>::new::thread_start
[INFO] [stdout]   18:     0x7cabed276dfa - <unknown>
[INFO] [stdout]   19:     0x7cabed30a3d4 - clone
[INFO] [stdout]   20:                0x0 - <unknown>
[INFO] [stdout] 
[INFO] [stdout] ---- test_scard stdout ----
[INFO] [stdout] 
[INFO] [stdout] thread 'test_scard' (298) panicked at tests/execute_sync_test.rs:148:63:
[INFO] [stdout] connection: Os { code: 111, kind: ConnectionRefused, message: "Connection refused" }
[INFO] [stdout] stack backtrace:
[INFO] [stdout]    0:     0x5c7f600ceb21 - <<std[617be2ca0a6fd877]::sys::backtrace::BacktraceLock>::print::DisplayBacktrace as core[a373ad73a504971]::fmt::Display>::fmt
[INFO] [stdout]    1:     0x5c7f600e3aca - core[a373ad73a504971]::fmt::write
[INFO] [stdout]    2:     0x5c7f600d30fc - <alloc[2e1b2a31b91974c5]::vec::Vec<u8> as core[a373ad73a504971]::io::write::Write>::write_fmt
[INFO] [stdout]    3:     0x5c7f600aa806 - std[617be2ca0a6fd877]::panicking::default_hook::{closure#0}
[INFO] [stdout]    4:     0x5c7f600c6c99 - std[617be2ca0a6fd877]::panicking::default_hook
[INFO] [stdout]    5:     0x5c7f60062760 - test[aada8e7e76ba119b]::test_main_inner::{closure#0}
[INFO] [stdout]    6:     0x5c7f600c6e52 - std[617be2ca0a6fd877]::panicking::panic_with_hook
[INFO] [stdout]    7:     0x5c7f600aa8b2 - std[617be2ca0a6fd877]::panicking::panic_handler::{closure#0}
[INFO] [stdout]    8:     0x5c7f600a3519 - std[617be2ca0a6fd877]::sys::backtrace::__rust_end_short_backtrace::<std[617be2ca0a6fd877]::panicking::panic_handler::{closure#0}, !>
[INFO] [stdout]    9:     0x5c7f600ab6ad - __rustc[ea4f61d10b84890b]::rust_begin_unwind
[INFO] [stdout]   10:     0x5c7f600e41fc - core[a373ad73a504971]::panicking::panic_fmt
[INFO] [stdout]   11:     0x5c7f600e3fd2 - core[a373ad73a504971]::result::unwrap_failed
[INFO] [stdout]   12:     0x5c7f6004e873 - <execute_sync_test[13fed1cd148d76e4]::test_scard::{closure#0} as core[a373ad73a504971]::ops::function::FnOnce<()>>::call_once
[INFO] [stdout]   13:     0x5c7f60055bab - test[aada8e7e76ba119b]::__rust_begin_short_backtrace::<core[a373ad73a504971]::result::Result<(), alloc[2e1b2a31b91974c5]::string::String>, fn() -> core[a373ad73a504971]::result::Result<(), alloc[2e1b2a31b91974c5]::string::String>>
[INFO] [stdout]   14:     0x5c7f60062d85 - test[aada8e7e76ba119b]::run_test::{closure#0}
[INFO] [stdout]   15:     0x5c7f6005c674 - std[617be2ca0a6fd877]::sys::backtrace::__rust_begin_short_backtrace::<test[aada8e7e76ba119b]::run_test::{closure#1}, ()>
[INFO] [stdout]   16:     0x5c7f60065e12 - <std[617be2ca0a6fd877]::thread::lifecycle::spawn_unchecked<test[aada8e7e76ba119b]::run_test::{closure#1}, ()>::{closure#1} as core[a373ad73a504971]::ops::function::FnOnce<()>>::call_once::{shim:vtable#0}
[INFO] [stdout]   17:     0x5c7f600cde5f - <std[617be2ca0a6fd877]::sys::thread::unix::Thread>::new::thread_start
[INFO] [stdout]   18:     0x7cabed276dfa - <unknown>
[INFO] [stdout]   19:     0x7cabed30a3d4 - clone
[INFO] [stdout]   20:                0x0 - <unknown>
[INFO] [stdout] 
[INFO] [stdout] ---- test_ismember_none stdout ----
[INFO] [stdout] 
[INFO] [stdout] thread 'test_ismember_none' (294) panicked at tests/execute_sync_test.rs:195:63:
[INFO] [stdout] connection: Os { code: 111, kind: ConnectionRefused, message: "Connection refused" }
[INFO] [stdout] stack backtrace:
[INFO] [stdout]    0:     0x5c7f600ceb21 - <<std[617be2ca0a6fd877]::sys::backtrace::BacktraceLock>::print::DisplayBacktrace as core[a373ad73a504971]::fmt::Display>::fmt
[INFO] [stdout]    1:     0x5c7f600e3aca - core[a373ad73a504971]::fmt::write
[INFO] [stdout]    2:     0x5c7f600d30fc - <alloc[2e1b2a31b91974c5]::vec::Vec<u8> as core[a373ad73a504971]::io::write::Write>::write_fmt
[INFO] [stdout]    3:     0x5c7f600aa806 - std[617be2ca0a6fd877]::panicking::default_hook::{closure#0}
[INFO] [stdout]    4:     0x5c7f600c6c99 - std[617be2ca0a6fd877]::panicking::default_hook
[INFO] [stdout]    5:     0x5c7f60062760 - test[aada8e7e76ba119b]::test_main_inner::{closure#0}
[INFO] [stdout]    6:     0x5c7f600c6e52 - std[617be2ca0a6fd877]::panicking::panic_with_hook
[INFO] [stdout]    7:     0x5c7f600aa8b2 - std[617be2ca0a6fd877]::panicking::panic_handler::{closure#0}
[INFO] [stdout]    8:     0x5c7f600a3519 - std[617be2ca0a6fd877]::sys::backtrace::__rust_end_short_backtrace::<std[617be2ca0a6fd877]::panicking::panic_handler::{closure#0}, !>
[INFO] [stdout]    9:     0x5c7f600ab6ad - __rustc[ea4f61d10b84890b]::rust_begin_unwind
[INFO] [stdout]   10:     0x5c7f600e41fc - core[a373ad73a504971]::panicking::panic_fmt
[INFO] [stdout]   11:     0x5c7f600e3fd2 - core[a373ad73a504971]::result::unwrap_failed
[INFO] [stdout]   12:     0x5c7f60053548 - <execute_sync_test[13fed1cd148d76e4]::test_ismember_none::{closure#0} as core[a373ad73a504971]::ops::function::FnOnce<()>>::call_once
[INFO] [stdout]   13:     0x5c7f60055bab - test[aada8e7e76ba119b]::__rust_begin_short_backtrace::<core[a373ad73a504971]::result::Result<(), alloc[2e1b2a31b91974c5]::string::String>, fn() -> core[a373ad73a504971]::result::Result<(), alloc[2e1b2a31b91974c5]::string::String>>
[INFO] [stdout]   14:     0x5c7f60062d85 - test[aada8e7e76ba119b]::run_test::{closure#0}
[INFO] [stdout]   15:     0x5c7f6005c674 - std[617be2ca0a6fd877]::sys::backtrace::__rust_begin_short_backtrace::<test[aada8e7e76ba119b]::run_test::{closure#1}, ()>
[INFO] [stdout]   16:     0x5c7f60065e12 - <std[617be2ca0a6fd877]::thread::lifecycle::spawn_unchecked<test[aada8e7e76ba119b]::run_test::{closure#1}, ()>::{closure#1} as core[a373ad73a504971]::ops::function::FnOnce<()>>::call_once::{shim:vtable#0}
[INFO] [stdout]   17:     0x5c7f600cde5f - <std[617be2ca0a6fd877]::sys::thread::unix::Thread>::new::thread_start
[INFO] [stdout]   18:     0x7cabed276dfa - <unknown>
[INFO] [stdout]   19:     0x7cabed30a3d4 - clone
[INFO] [stdout]   20:                0x0 - <unknown>
[INFO] [stdout] 
[INFO] [stdout] ---- test_sadd_single stdout ----
[INFO] [stdout] 
[INFO] [stdout] thread 'test_sadd_single' (297) panicked at tests/execute_sync_test.rs:62:63:
[INFO] [stdout] connection: Os { code: 111, kind: ConnectionRefused, message: "Connection refused" }
[INFO] [stdout] stack backtrace:
[INFO] [stdout]    0:     0x5c7f600ceb21 - <<std[617be2ca0a6fd877]::sys::backtrace::BacktraceLock>::print::DisplayBacktrace as core[a373ad73a504971]::fmt::Display>::fmt
[INFO] [stdout]    1:     0x5c7f600e3aca - core[a373ad73a504971]::fmt::write
[INFO] [stdout]    2:     0x5c7f600d30fc - <alloc[2e1b2a31b91974c5]::vec::Vec<u8> as core[a373ad73a504971]::io::write::Write>::write_fmt
[INFO] [stdout]    3:     0x5c7f600aa806 - std[617be2ca0a6fd877]::panicking::default_hook::{closure#0}
[INFO] [stdout]    4:     0x5c7f600c6c99 - std[617be2ca0a6fd877]::panicking::default_hook
[INFO] [stdout]    5:     0x5c7f60062760 - test[aada8e7e76ba119b]::test_main_inner::{closure#0}
[INFO] [stdout]    6:     0x5c7f600c6e52 - std[617be2ca0a6fd877]::panicking::panic_with_hook
[INFO] [stdout]    7:     0x5c7f600aa8b2 - std[617be2ca0a6fd877]::panicking::panic_handler::{closure#0}
[INFO] [stdout]    8:     0x5c7f600a3519 - std[617be2ca0a6fd877]::sys::backtrace::__rust_end_short_backtrace::<std[617be2ca0a6fd877]::panicking::panic_handler::{closure#0}, !>
[INFO] [stdout]    9:     0x5c7f600ab6ad - __rustc[ea4f61d10b84890b]::rust_begin_unwind
[INFO] [stdout]   10:     0x5c7f600e41fc - core[a373ad73a504971]::panicking::panic_fmt
[INFO] [stdout]   11:     0x5c7f600e3fd2 - core[a373ad73a504971]::result::unwrap_failed
[INFO] [stdout]   12:     0x5c7f60051cb8 - <execute_sync_test[13fed1cd148d76e4]::test_sadd_single::{closure#0} as core[a373ad73a504971]::ops::function::FnOnce<()>>::call_once
[INFO] [stdout]   13:     0x5c7f60055bab - test[aada8e7e76ba119b]::__rust_begin_short_backtrace::<core[a373ad73a504971]::result::Result<(), alloc[2e1b2a31b91974c5]::string::String>, fn() -> core[a373ad73a504971]::result::Result<(), alloc[2e1b2a31b91974c5]::string::String>>
[INFO] [stdout]   14:     0x5c7f60062d85 - test[aada8e7e76ba119b]::run_test::{closure#0}
[INFO] [stdout]   15:     0x5c7f6005c674 - std[617be2ca0a6fd877]::sys::backtrace::__rust_begin_short_backtrace::<test[aada8e7e76ba119b]::run_test::{closure#1}, ()>
[INFO] [stdout]   16:     0x5c7f60065e12 - <std[617be2ca0a6fd877]::thread::lifecycle::spawn_unchecked<test[aada8e7e76ba119b]::run_test::{closure#1}, ()>::{closure#1} as core[a373ad73a504971]::ops::function::FnOnce<()>>::call_once::{shim:vtable#0}
[INFO] [stdout]   17:     0x5c7f600cde5f - <std[617be2ca0a6fd877]::sys::thread::unix::Thread>::new::thread_start
[INFO] [stdout]   18:     0x7cabed276dfa - <unknown>
[INFO] [stdout]   19:     0x7cabed30a3d4 - clone
[INFO] [stdout]   20:                0x0 - <unknown>
[INFO] [stdout] 
[INFO] [stdout] ---- test_union_single stdout ----
[INFO] [stdout] 
[INFO] [stdout] thread 'test_union_single' (304) panicked at tests/execute_sync_test.rs:116:63:
[INFO] [stdout] connection: Os { code: 111, kind: ConnectionRefused, message: "Connection refused" }
[INFO] [stdout] stack backtrace:
[INFO] [stdout]    0:     0x5c7f600ceb21 - <<std[617be2ca0a6fd877]::sys::backtrace::BacktraceLock>::print::DisplayBacktrace as core[a373ad73a504971]::fmt::Display>::fmt
[INFO] [stdout]    1:     0x5c7f600e3aca - core[a373ad73a504971]::fmt::write
[INFO] [stdout]    2:     0x5c7f600d30fc - <alloc[2e1b2a31b91974c5]::vec::Vec<u8> as core[a373ad73a504971]::io::write::Write>::write_fmt
[INFO] [stdout]    3:     0x5c7f600aa806 - std[617be2ca0a6fd877]::panicking::default_hook::{closure#0}
[INFO] [stdout]    4:     0x5c7f600c6c99 - std[617be2ca0a6fd877]::panicking::default_hook
[INFO] [stdout]    5:     0x5c7f60062760 - test[aada8e7e76ba119b]::test_main_inner::{closure#0}
[INFO] [stdout]    6:     0x5c7f600c6e52 - std[617be2ca0a6fd877]::panicking::panic_with_hook
[INFO] [stdout]    7:     0x5c7f600aa8b2 - std[617be2ca0a6fd877]::panicking::panic_handler::{closure#0}
[INFO] [stdout]    8:     0x5c7f600a3519 - std[617be2ca0a6fd877]::sys::backtrace::__rust_end_short_backtrace::<std[617be2ca0a6fd877]::panicking::panic_handler::{closure#0}, !>
[INFO] [stdout]    9:     0x5c7f600ab6ad - __rustc[ea4f61d10b84890b]::rust_begin_unwind
[INFO] [stdout]   10:     0x5c7f600e41fc - core[a373ad73a504971]::panicking::panic_fmt
[INFO] [stdout]   11:     0x5c7f600e3fd2 - core[a373ad73a504971]::result::unwrap_failed
[INFO] [stdout]   12:     0x5c7f60053139 - <execute_sync_test[13fed1cd148d76e4]::test_union_single::{closure#0} as core[a373ad73a504971]::ops::function::FnOnce<()>>::call_once
[INFO] [stdout]   13:     0x5c7f60055bab - test[aada8e7e76ba119b]::__rust_begin_short_backtrace::<core[a373ad73a504971]::result::Result<(), alloc[2e1b2a31b91974c5]::string::String>, fn() -> core[a373ad73a504971]::result::Result<(), alloc[2e1b2a31b91974c5]::string::String>>
[INFO] [stdout]   14:     0x5c7f60062d85 - test[aada8e7e76ba119b]::run_test::{closure#0}
[INFO] [stdout]   15:     0x5c7f6005c674 - std[617be2ca0a6fd877]::sys::backtrace::__rust_begin_short_backtrace::<test[aada8e7e76ba119b]::run_test::{closure#1}, ()>
[INFO] [stdout]   16:     0x5c7f60065e12 - <std[617be2ca0a6fd877]::thread::lifecycle::spawn_unchecked<test[aada8e7e76ba119b]::run_test::{closure#1}, ()>::{closure#1} as core[a373ad73a504971]::ops::function::FnOnce<()>>::call_once::{shim:vtable#0}
[INFO] [stdout]   17:     0x5c7f600cde5f - <std[617be2ca0a6fd877]::sys::thread::unix::Thread>::new::thread_start
[INFO] [stdout]   18:     0x7cabed276dfa - <unknown>
[INFO] [stdout]   19:     0x7cabed30a3d4 - clone
[INFO] [stdout]   20:                0x0 - <unknown>
[INFO] [stdout] 
[INFO] [stdout] ---- test_inter_none stdout ----
[INFO] [stdout] 
[INFO] [stdout] thread 'test_inter_none' (292) panicked at tests/execute_sync_test.rs:204:63:
[INFO] [stdout] connection: Os { code: 111, kind: ConnectionRefused, message: "Connection refused" }
[INFO] [stdout] stack backtrace:
[INFO] [stdout]    0:     0x5c7f600ceb21 - <<std[617be2ca0a6fd877]::sys::backtrace::BacktraceLock>::print::DisplayBacktrace as core[a373ad73a504971]::fmt::Display>::fmt
[INFO] [stdout]    1:     0x5c7f600e3aca - core[a373ad73a504971]::fmt::write
[INFO] [stdout]    2:     0x5c7f600d30fc - <alloc[2e1b2a31b91974c5]::vec::Vec<u8> as core[a373ad73a504971]::io::write::Write>::write_fmt
[INFO] [stdout]    3:     0x5c7f600aa806 - std[617be2ca0a6fd877]::panicking::default_hook::{closure#0}
[INFO] [stdout]    4:     0x5c7f600c6c99 - std[617be2ca0a6fd877]::panicking::default_hook
[INFO] [stderr] error: test failed, to rerun pass `--test execute_sync_test`
[INFO] [stdout]    5:     0x5c7f60062760 - test[aada8e7e76ba119b]::test_main_inner::{closure#0}
[INFO] [stdout]    6:     0x5c7f600c6e52 - std[617be2ca0a6fd877]::panicking::panic_with_hook
[INFO] [stdout]    7:     0x5c7f600aa8b2 - std[617be2ca0a6fd877]::panicking::panic_handler::{closure#0}
[INFO] [stdout]    8:     0x5c7f600a3519 - std[617be2ca0a6fd877]::sys::backtrace::__rust_end_short_backtrace::<std[617be2ca0a6fd877]::panicking::panic_handler::{closure#0}, !>
[INFO] [stdout]    9:     0x5c7f600ab6ad - __rustc[ea4f61d10b84890b]::rust_begin_unwind
[INFO] [stdout]   10:     0x5c7f600e41fc - core[a373ad73a504971]::panicking::panic_fmt
[INFO] [stdout]   11:     0x5c7f600e3fd2 - core[a373ad73a504971]::result::unwrap_failed
[INFO] [stdout]   12:     0x5c7f60050259 - <execute_sync_test[13fed1cd148d76e4]::test_inter_none::{closure#0} as core[a373ad73a504971]::ops::function::FnOnce<()>>::call_once
[INFO] [stdout]   13:     0x5c7f60055bab - test[aada8e7e76ba119b]::__rust_begin_short_backtrace::<core[a373ad73a504971]::result::Result<(), alloc[2e1b2a31b91974c5]::string::String>, fn() -> core[a373ad73a504971]::result::Result<(), alloc[2e1b2a31b91974c5]::string::String>>
[INFO] [stdout]   14:     0x5c7f60062d85 - test[aada8e7e76ba119b]::run_test::{closure#0}
[INFO] [stdout]   15:     0x5c7f6005c674 - std[617be2ca0a6fd877]::sys::backtrace::__rust_begin_short_backtrace::<test[aada8e7e76ba119b]::run_test::{closure#1}, ()>
[INFO] [stdout]   16:     0x5c7f60065e12 - <std[617be2ca0a6fd877]::thread::lifecycle::spawn_unchecked<test[aada8e7e76ba119b]::run_test::{closure#1}, ()>::{closure#1} as core[a373ad73a504971]::ops::function::FnOnce<()>>::call_once::{shim:vtable#0}
[INFO] [stdout]   17:     0x5c7f600cde5f - <std[617be2ca0a6fd877]::sys::thread::unix::Thread>::new::thread_start
[INFO] [stdout]   18:     0x7cabed276dfa - <unknown>
[INFO] [stdout]   19:     0x7cabed30a3d4 - clone
[INFO] [stdout]   20:                0x0 - <unknown>
[INFO] [stdout] 
[INFO] [stdout] ---- test_diff_none stdout ----
[INFO] [stdout] 
[INFO] [stdout] thread 'test_diff_none' (290) panicked at tests/execute_sync_test.rs:159:63:
[INFO] [stdout] connection: Os { code: 111, kind: ConnectionRefused, message: "Connection refused" }
[INFO] [stdout] stack backtrace:
[INFO] [stdout]    0:     0x5c7f600ceb21 - <<std[617be2ca0a6fd877]::sys::backtrace::BacktraceLock>::print::DisplayBacktrace as core[a373ad73a504971]::fmt::Display>::fmt
[INFO] [stdout]    1:     0x5c7f600e3aca - core[a373ad73a504971]::fmt::write
[INFO] [stdout]    2:     0x5c7f600d30fc - <alloc[2e1b2a31b91974c5]::vec::Vec<u8> as core[a373ad73a504971]::io::write::Write>::write_fmt
[INFO] [stdout]    3:     0x5c7f600aa806 - std[617be2ca0a6fd877]::panicking::default_hook::{closure#0}
[INFO] [stdout]    4:     0x5c7f600c6c99 - std[617be2ca0a6fd877]::panicking::default_hook
[INFO] [stdout]    5:     0x5c7f60062760 - test[aada8e7e76ba119b]::test_main_inner::{closure#0}
[INFO] [stdout]    6:     0x5c7f600c6e52 - std[617be2ca0a6fd877]::panicking::panic_with_hook
[INFO] [stdout]    7:     0x5c7f600aa8b2 - std[617be2ca0a6fd877]::panicking::panic_handler::{closure#0}
[INFO] [stdout]    8:     0x5c7f600a3519 - std[617be2ca0a6fd877]::sys::backtrace::__rust_end_short_backtrace::<std[617be2ca0a6fd877]::panicking::panic_handler::{closure#0}, !>
[INFO] [stdout]    9:     0x5c7f600ab6ad - __rustc[ea4f61d10b84890b]::rust_begin_unwind
[INFO] [stdout]   10:     0x5c7f600e41fc - core[a373ad73a504971]::panicking::panic_fmt
[INFO] [stdout]   11:     0x5c7f600e3fd2 - core[a373ad73a504971]::result::unwrap_failed
[INFO] [stdout]   12:     0x5c7f6004f26d - <execute_sync_test[13fed1cd148d76e4]::test_diff_none::{closure#0} as core[a373ad73a504971]::ops::function::FnOnce<()>>::call_once
[INFO] [stdout]   13:     0x5c7f60055bab - test[aada8e7e76ba119b]::__rust_begin_short_backtrace::<core[a373ad73a504971]::result::Result<(), alloc[2e1b2a31b91974c5]::string::String>, fn() -> core[a373ad73a504971]::result::Result<(), alloc[2e1b2a31b91974c5]::string::String>>
[INFO] [stdout]   14:     0x5c7f60062d85 - test[aada8e7e76ba119b]::run_test::{closure#0}
[INFO] [stdout]   15:     0x5c7f6005c674 - std[617be2ca0a6fd877]::sys::backtrace::__rust_begin_short_backtrace::<test[aada8e7e76ba119b]::run_test::{closure#1}, ()>
[INFO] [stdout]   16:     0x5c7f60065e12 - <std[617be2ca0a6fd877]::thread::lifecycle::spawn_unchecked<test[aada8e7e76ba119b]::run_test::{closure#1}, ()>::{closure#1} as core[a373ad73a504971]::ops::function::FnOnce<()>>::call_once::{shim:vtable#0}
[INFO] [stdout]   17:     0x5c7f600cde5f - <std[617be2ca0a6fd877]::sys::thread::unix::Thread>::new::thread_start
[INFO] [stdout]   18:     0x7cabed276dfa - <unknown>
[INFO] [stdout]   19:     0x7cabed30a3d4 - clone
[INFO] [stdout]   20:                0x0 - <unknown>
[INFO] [stdout] 
[INFO] [stdout] 
[INFO] [stdout] failures:
[INFO] [stdout]     test_diff_none
[INFO] [stdout]     test_diff_some
[INFO] [stdout]     test_inter_none
[INFO] [stdout]     test_inter_some
[INFO] [stdout]     test_ismember_none
[INFO] [stdout]     test_ismember_some
[INFO] [stdout]     test_sadd_multi
[INFO] [stdout]     test_sadd_single
[INFO] [stdout]     test_scard
[INFO] [stdout]     test_smembers_multi
[INFO] [stdout]     test_srem_multi
[INFO] [stdout]     test_srem_single
[INFO] [stdout]     test_strlen_present
[INFO] [stdout]     test_union_multi
[INFO] [stdout]     test_union_single
[INFO] [stdout] 
[INFO] [stdout] test result: FAILED. 0 passed; 15 failed; 1 ignored; 0 measured; 0 filtered out; finished in 0.05s
[INFO] [stdout] 
[INFO] running `Command { std: "docker" "inspect" "4dc6a81c7d832fe5b5e96b68e8983cd59ceadf858666112de21f85aa4d2debb5", kill_on_drop: false }`
[INFO] running `Command { std: "docker" "rm" "-f" "4dc6a81c7d832fe5b5e96b68e8983cd59ceadf858666112de21f85aa4d2debb5", kill_on_drop: false }`
[INFO] [stdout] 4dc6a81c7d832fe5b5e96b68e8983cd59ceadf858666112de21f85aa4d2debb5
