[INFO] fetching crate kpack 0.1.0...
[INFO] testing kpack-0.1.0 against 1.99.0-beta.8+cargoflags=--release for beta-release-1.100-2
[INFO] extracting crate kpack 0.1.0 into /workspace/builds/worker-0-tc1/source
[INFO] started tweaking crates.io crate kpack 0.1.0
[INFO] finished tweaking crates.io crate kpack 0.1.0
[INFO] tweaked toml for crates.io crate kpack 0.1.0 written to /workspace/builds/worker-0-tc1/source/Cargo.toml
[INFO] validating manifest of crates.io crate kpack 0.1.0 on toolchain 1.99.0-beta.8
[INFO] running `Command { std: CARGO_HOME="/workspace/cargo-home" RUSTUP_HOME="/workspace/rustup-home" "/workspace/cargo-home/bin/cargo" "+1.99.0-beta.8" "metadata" "--manifest-path" "Cargo.toml" "--no-deps", kill_on_drop: false }`
[INFO] crate crates.io crate kpack 0.1.0 already has a lockfile, it will not be regenerated
[INFO] running `Command { std: CARGO_HOME="/workspace/cargo-home" RUSTUP_HOME="/workspace/rustup-home" "/workspace/cargo-home/bin/cargo" "+1.99.0-beta.8" "fetch" "--manifest-path" "Cargo.toml", kill_on_drop: false }`
[INFO] running `Command { std: "docker" "create" "-v" "/var/lib/crater-agent-workspace/builds/worker-0-tc1/source:/opt/rustwide/workdir:ro,Z" "-v" "/var/lib/crater-agent-workspace/builds/worker-0-tc1/target:/opt/rustwide/target:rw,Z" "-v" "/var/lib/crater-agent-workspace/cargo-home:/opt/rustwide/cargo-home:ro,Z" "-v" "/var/lib/crater-agent-workspace/rustup-home:/opt/rustwide/rustup-home:ro,Z" "-m" "1610612736" "--network" "none" "ghcr.io/rust-lang/crates-build-env/linux@sha256:77db811e55d90add9212f6832c23229e3de5f1c1f9905e8cb07319ea15df73ac" "sleep" "infinity", kill_on_drop: false }`
[INFO] [stdout] b6c851a25d423566ed7803a17c5ec623129dfa8333aca2dc13ff5a15e51587e2
[INFO] running `Command { std: "docker" "start" "b6c851a25d423566ed7803a17c5ec623129dfa8333aca2dc13ff5a15e51587e2", kill_on_drop: false }`
[INFO] running `Command { std: "docker" "inspect" "b6c851a25d423566ed7803a17c5ec623129dfa8333aca2dc13ff5a15e51587e2", kill_on_drop: false }`
[INFO] running `Command { std: "docker" "exec" "-e" "SOURCE_DIR=/opt/rustwide/workdir" "-e" "CARGO_HOME=/opt/rustwide/cargo-home" "-e" "RUSTUP_HOME=/opt/rustwide/rustup-home" "-e" "CARGO_TARGET_DIR=/opt/rustwide/target" "-w" "/opt/rustwide/workdir" "--user" "0:0" "b6c851a25d423566ed7803a17c5ec623129dfa8333aca2dc13ff5a15e51587e2" "/opt/rustwide/cargo-home/bin/cargo" "+1.99.0-beta.8" "metadata" "--no-deps" "--format-version=1", kill_on_drop: false }`
[INFO] running `Command { std: "docker" "inspect" "b6c851a25d423566ed7803a17c5ec623129dfa8333aca2dc13ff5a15e51587e2", kill_on_drop: false }`
[INFO] running `Command { std: "docker" "exec" "-e" "SOURCE_DIR=/opt/rustwide/workdir" "-e" "CARGO_HOME=/opt/rustwide/cargo-home" "-e" "RUSTUP_HOME=/opt/rustwide/rustup-home" "-e" "CARGO_TARGET_DIR=/opt/rustwide/target" "-e" "CARGO_INCREMENTAL=0" "-e" "RUST_BACKTRACE=full" "-e" "RUSTFLAGS=--cap-lints=warn" "-e" "RUSTDOCFLAGS=--cap-lints=warn" "-w" "/opt/rustwide/workdir" "--user" "0:0" "b6c851a25d423566ed7803a17c5ec623129dfa8333aca2dc13ff5a15e51587e2" "/opt/rustwide/cargo-home/bin/cargo" "+1.99.0-beta.8" "build" "--frozen" "--message-format=json" "--release", kill_on_drop: false }`
[INFO] [stderr]    Compiling kpack v0.1.0 (/opt/rustwide/workdir)
[INFO] [stderr]     Finished `release` profile [optimized] target(s) in 0.24s
[INFO] running `Command { std: "docker" "inspect" "b6c851a25d423566ed7803a17c5ec623129dfa8333aca2dc13ff5a15e51587e2", kill_on_drop: false }`
[INFO] running `Command { std: "docker" "exec" "-e" "SOURCE_DIR=/opt/rustwide/workdir" "-e" "CARGO_HOME=/opt/rustwide/cargo-home" "-e" "RUSTUP_HOME=/opt/rustwide/rustup-home" "-e" "CARGO_TARGET_DIR=/opt/rustwide/target" "-e" "CARGO_INCREMENTAL=0" "-e" "RUST_BACKTRACE=full" "-e" "RUSTFLAGS=--cap-lints=warn" "-e" "RUSTDOCFLAGS=--cap-lints=warn" "-w" "/opt/rustwide/workdir" "--user" "0:0" "b6c851a25d423566ed7803a17c5ec623129dfa8333aca2dc13ff5a15e51587e2" "/opt/rustwide/cargo-home/bin/cargo" "+1.99.0-beta.8" "test" "--frozen" "--no-run" "--message-format=json" "--release", kill_on_drop: false }`
[INFO] [stderr]    Compiling kpack v0.1.0 (/opt/rustwide/workdir)
[INFO] [stderr]     Finished `release` profile [optimized] target(s) in 0.47s
[INFO] running `Command { std: "docker" "inspect" "b6c851a25d423566ed7803a17c5ec623129dfa8333aca2dc13ff5a15e51587e2", kill_on_drop: false }`
[INFO] running `Command { std: "docker" "exec" "-e" "SOURCE_DIR=/opt/rustwide/workdir" "-e" "CARGO_HOME=/opt/rustwide/cargo-home" "-e" "RUSTUP_HOME=/opt/rustwide/rustup-home" "-e" "CARGO_TARGET_DIR=/opt/rustwide/target" "-e" "CARGO_INCREMENTAL=0" "-e" "RUST_BACKTRACE=full" "-e" "RUSTFLAGS=--cap-lints=warn" "-e" "RUSTDOCFLAGS=--cap-lints=warn" "-w" "/opt/rustwide/workdir" "--user" "0:0" "b6c851a25d423566ed7803a17c5ec623129dfa8333aca2dc13ff5a15e51587e2" "/opt/rustwide/cargo-home/bin/cargo" "+1.99.0-beta.8" "test" "--frozen" "--release", kill_on_drop: false }`
[INFO] [stderr]     Finished `release` profile [optimized] target(s) in 0.01s
[INFO] [stderr]      Running unittests src/lib.rs (/opt/rustwide/target/release/deps/kpack-464e0837bd897ce4)
[INFO] [stdout] 
[INFO] [stdout] running 8 tests
[INFO] [stdout] test tests::test_advanced_kpack_archive_reconstruction ... ok
[INFO] [stdout] test tests::test_execute_seed_and_patch ... ok
[INFO] [stdout] test tests::test_execute_lit ... ok
[INFO] [stdout] test tests::test_execute_rle ... ok
[INFO] [stdout] test tests::test_execute_delta ... ok
[INFO] [stdout] test tests::test_execute_rs ... ok
[INFO] [stdout] test tests::test_execute_xor ... ok
[INFO] [stderr]    Doc-tests kpack
[INFO] [stdout] test tests::test_execute_dict ... ok
[INFO] [stdout] 
[INFO] [stdout] test result: ok. 8 passed; 0 failed; 0 ignored; 0 measured; 0 filtered out; finished in 0.00s
[INFO] [stdout] 
[INFO] [stdout] 
[INFO] [stdout] running 9 tests
[INFO] [stdout] test src/lib.rs - execute_lit (line 79) - compile ... FAILED
[INFO] [stdout] test src/lib.rs - execute_rle (line 98) - compile ... FAILED
[INFO] [stdout] test src/lib.rs - Opcode::from_u8 (line 49) - compile ... ok
[INFO] [stdout] test src/lib.rs - execute_seed (line 188) - compile ... FAILED
[INFO] [stdout] test src/lib.rs - execute_dict (line 230) - compile ... FAILED
[INFO] [stdout] test src/lib.rs - execute_rs (line 318) - compile ... FAILED
[INFO] [stdout] test src/lib.rs - execute_delta (line 118) - compile ... FAILED
[INFO] [stdout] test src/lib.rs - execute_xor (line 285) - compile ... FAILED
[INFO] [stdout] test src/lib.rs - execute (line 346) - compile ... FAILED
[INFO] [stdout] 
[INFO] [stdout] failures:
[INFO] [stdout] 
[INFO] [stdout] ---- src/lib.rs - execute_lit (line 79) stdout ----
[INFO] [stdout] error[E0308]: mismatched types
[INFO] [stdout]    --> src/lib.rs:84:9
[INFO] [stdout]     |
[INFO] [stdout]  84 | execute(Opcode::Lit, 4, &payload, &mut output, None);
[INFO] [stdout]     | ------- ^^^^^^^^^^^ expected `&Opcode`, found `Opcode`
[INFO] [stdout]     | |
[INFO] [stdout]     | arguments to this function are incorrect
[INFO] [stdout]     |
[INFO] [stdout] note: function defined here
[INFO] [stdout]    --> src/lib.rs:352:8
[INFO] [stdout]     |
[INFO] [stdout] 352 | pub fn execute(
[INFO] [stdout]     |        ^^^^^^^
[INFO] [stdout] help: consider borrowing here
[INFO] [stdout]     |
[INFO] [stdout]  84 | execute(&Opcode::Lit, 4, &payload, &mut output, None);
[INFO] [stdout]     |         +
[INFO] [stdout] 
[INFO] [stdout] error: aborting due to 1 previous error
[INFO] [stdout] 
[INFO] [stdout] For more information about this error, try `rustc --explain E0308`.
[INFO] [stdout] Couldn't compile the test.
[INFO] [stdout] ---- src/lib.rs - execute_rle (line 98) stdout ----
[INFO] [stdout] error[E0308]: mismatched types
[INFO] [stdout]    --> src/lib.rs:103:9
[INFO] [stdout]     |
[INFO] [stdout] 103 | execute(Opcode::Rle, 10, &payload, &mut output, None);
[INFO] [stdout]     | ------- ^^^^^^^^^^^ expected `&Opcode`, found `Opcode`
[INFO] [stdout]     | |
[INFO] [stdout]     | arguments to this function are incorrect
[INFO] [stdout]     |
[INFO] [stdout] note: function defined here
[INFO] [stdout]    --> src/lib.rs:352:8
[INFO] [stdout]     |
[INFO] [stdout] 352 | pub fn execute(
[INFO] [stdout]     |        ^^^^^^^
[INFO] [stdout] help: consider borrowing here
[INFO] [stdout]     |
[INFO] [stdout] 103 | execute(&Opcode::Rle, 10, &payload, &mut output, None);
[INFO] [stdout]     |         +
[INFO] [stdout] 
[INFO] [stdout] error: aborting due to 1 previous error
[INFO] [stdout] 
[INFO] [stdout] For more information about this error, try `rustc --explain E0308`.
[INFO] [stdout] Couldn't compile the test.
[INFO] [stdout] ---- src/lib.rs - execute_seed (line 188) stdout ----
[INFO] [stdout] error[E0308]: mismatched types
[INFO] [stdout]    --> src/lib.rs:193:9
[INFO] [stdout]     |
[INFO] [stdout] 193 | execute(Opcode::Seed, 42, &payload, &mut output, None);
[INFO] [stderr] error: doctest failed, to rerun pass `--doc`
[INFO] [stdout]     | ------- ^^^^^^^^^^^^ expected `&Opcode`, found `Opcode`
[INFO] [stdout]     | |
[INFO] [stdout]     | arguments to this function are incorrect
[INFO] [stdout]     |
[INFO] [stdout] note: function defined here
[INFO] [stdout]    --> src/lib.rs:352:8
[INFO] [stdout]     |
[INFO] [stdout] 352 | pub fn execute(
[INFO] [stdout]     |        ^^^^^^^
[INFO] [stdout] help: consider borrowing here
[INFO] [stdout]     |
[INFO] [stdout] 193 | execute(&Opcode::Seed, 42, &payload, &mut output, None);
[INFO] [stdout]     |         +
[INFO] [stdout] 
[INFO] [stdout] error: aborting due to 1 previous error
[INFO] [stdout] 
[INFO] [stdout] For more information about this error, try `rustc --explain E0308`.
[INFO] [stdout] Couldn't compile the test.
[INFO] [stdout] ---- src/lib.rs - execute_dict (line 230) stdout ----
[INFO] [stdout] error[E0308]: mismatched types
[INFO] [stdout]    --> src/lib.rs:236:9
[INFO] [stdout]     |
[INFO] [stdout] 236 | execute(Opcode::Dict, 4, &payload, &mut output, Some(dict));
[INFO] [stdout]     | ------- ^^^^^^^^^^^^ expected `&Opcode`, found `Opcode`
[INFO] [stdout]     | |
[INFO] [stdout]     | arguments to this function are incorrect
[INFO] [stdout]     |
[INFO] [stdout] note: function defined here
[INFO] [stdout]    --> src/lib.rs:352:8
[INFO] [stdout]     |
[INFO] [stdout] 352 | pub fn execute(
[INFO] [stdout]     |        ^^^^^^^
[INFO] [stdout] help: consider borrowing here
[INFO] [stdout]     |
[INFO] [stdout] 236 | execute(&Opcode::Dict, 4, &payload, &mut output, Some(dict));
[INFO] [stdout]     |         +
[INFO] [stdout] 
[INFO] [stdout] error: aborting due to 1 previous error
[INFO] [stdout] 
[INFO] [stdout] For more information about this error, try `rustc --explain E0308`.
[INFO] [stdout] Couldn't compile the test.
[INFO] [stdout] ---- src/lib.rs - execute_rs (line 318) stdout ----
[INFO] [stdout] error[E0308]: mismatched types
[INFO] [stdout]    --> src/lib.rs:323:9
[INFO] [stdout]     |
[INFO] [stdout] 323 | execute(Opcode::Rs, 1, &payload, &mut output, None);
[INFO] [stdout]     | ------- ^^^^^^^^^^ expected `&Opcode`, found `Opcode`
[INFO] [stdout]     | |
[INFO] [stdout]     | arguments to this function are incorrect
[INFO] [stdout]     |
[INFO] [stdout] note: function defined here
[INFO] [stdout]    --> src/lib.rs:352:8
[INFO] [stdout]     |
[INFO] [stdout] 352 | pub fn execute(
[INFO] [stdout]     |        ^^^^^^^
[INFO] [stdout] help: consider borrowing here
[INFO] [stdout]     |
[INFO] [stdout] 323 | execute(&Opcode::Rs, 1, &payload, &mut output, None);
[INFO] [stdout]     |         +
[INFO] [stdout] 
[INFO] [stdout] error: aborting due to 1 previous error
[INFO] [stdout] 
[INFO] [stdout] For more information about this error, try `rustc --explain E0308`.
[INFO] [stdout] Couldn't compile the test.
[INFO] [stdout] ---- src/lib.rs - execute_delta (line 118) stdout ----
[INFO] [stdout] error[E0061]: this function takes 5 arguments but 4 arguments were supplied
[INFO] [stdout]    --> src/lib.rs:124:1
[INFO] [stdout]     |
[INFO] [stdout] 124 | execute(Opcode::Delta, &payload, &mut output, Some(&reference));
[INFO] [stdout]     | ^^^^^^^--------------------------------------------------------
[INFO] [stdout]     |        ||              |
[INFO] [stdout]     |        ||              expected `u32`, found `&[{integer}; 5]`
[INFO] [stdout]     |        |expected `&Opcode`, found `Opcode`
[INFO] [stdout]     |        argument #5 of type `Option<&[u8]>` is missing
[INFO] [stdout]     |
[INFO] [stdout] note: expected `&mut [u8]`, found `Option<&[{integer}; 4]>`
[INFO] [stdout]    --> src/lib.rs:124:47
[INFO] [stdout]     |
[INFO] [stdout] 124 | execute(Opcode::Delta, &payload, &mut output, Some(&reference));
[INFO] [stdout]     |                                               ^^^^^^^^^^^^^^^^
[INFO] [stdout]     = note: expected mutable reference `&mut [u8]`
[INFO] [stdout]                             found enum `Option<&[{integer}; 4]>`
[INFO] [stdout] note: function defined here
[INFO] [stdout]    --> src/lib.rs:352:8
[INFO] [stdout]     |
[INFO] [stdout] 352 | pub fn execute(
[INFO] [stdout]     |        ^^^^^^^
[INFO] [stdout] help: consider borrowing here
[INFO] [stdout]     |
[INFO] [stdout] 124 | execute(&Opcode::Delta, &payload, &mut output, Some(&reference));
[INFO] [stdout]     |         +
[INFO] [stdout] help: provide the argument
[INFO] [stdout]     |
[INFO] [stdout] 124 - execute(Opcode::Delta, &payload, &mut output, Some(&reference));
[INFO] [stdout] 124 + execute(/* &Opcode */, /* u32 */, &mut output, /* &mut [u8] */, /* Option<&[u8]> */);
[INFO] [stdout]     |
[INFO] [stdout] 
[INFO] [stdout] error: aborting due to 1 previous error
[INFO] [stdout] 
[INFO] [stdout] For more information about this error, try `rustc --explain E0061`.
[INFO] [stdout] Couldn't compile the test.
[INFO] [stdout] ---- src/lib.rs - execute_xor (line 285) stdout ----
[INFO] [stdout] error[E0308]: mismatched types
[INFO] [stdout]    --> src/lib.rs:290:9
[INFO] [stdout]     |
[INFO] [stdout] 290 | execute(Opcode::Xor, 0b11111111, &payload, &mut output, None);
[INFO] [stdout]     | ------- ^^^^^^^^^^^ expected `&Opcode`, found `Opcode`
[INFO] [stdout]     | |
[INFO] [stdout]     | arguments to this function are incorrect
[INFO] [stdout]     |
[INFO] [stdout] note: function defined here
[INFO] [stdout]    --> src/lib.rs:352:8
[INFO] [stdout]     |
[INFO] [stdout] 352 | pub fn execute(
[INFO] [stdout]     |        ^^^^^^^
[INFO] [stdout] help: consider borrowing here
[INFO] [stdout]     |
[INFO] [stdout] 290 | execute(&Opcode::Xor, 0b11111111, &payload, &mut output, None);
[INFO] [stdout]     |         +
[INFO] [stdout] 
[INFO] [stdout] error: aborting due to 1 previous error
[INFO] [stdout] 
[INFO] [stdout] For more information about this error, try `rustc --explain E0308`.
[INFO] [stdout] Couldn't compile the test.
[INFO] [stdout] ---- src/lib.rs - execute (line 346) stdout ----
[INFO] [stdout] error[E0308]: mismatched types
[INFO] [stdout]    --> src/lib.rs:351:9
[INFO] [stdout]     |
[INFO] [stdout] 351 | execute(Opcode::Lit, 4, &payload, &mut output, None);
[INFO] [stdout]     | ------- ^^^^^^^^^^^ expected `&Opcode`, found `Opcode`
[INFO] [stdout]     | |
[INFO] [stdout]     | arguments to this function are incorrect
[INFO] [stdout]     |
[INFO] [stdout] note: function defined here
[INFO] [stdout]    --> src/lib.rs:352:8
[INFO] [stdout]     |
[INFO] [stdout] 352 | pub fn execute(
[INFO] [stdout]     |        ^^^^^^^
[INFO] [stdout] help: consider borrowing here
[INFO] [stdout]     |
[INFO] [stdout] 351 | execute(&Opcode::Lit, 4, &payload, &mut output, None);
[INFO] [stdout]     |         +
[INFO] [stdout] 
[INFO] [stdout] error: aborting due to 1 previous error
[INFO] [stdout] 
[INFO] [stdout] For more information about this error, try `rustc --explain E0308`.
[INFO] [stdout] Couldn't compile the test.
[INFO] [stdout] 
[INFO] [stdout] failures:
[INFO] [stdout]     src/lib.rs - execute (line 346)
[INFO] [stdout]     src/lib.rs - execute_delta (line 118)
[INFO] [stdout]     src/lib.rs - execute_dict (line 230)
[INFO] [stdout]     src/lib.rs - execute_lit (line 79)
[INFO] [stdout]     src/lib.rs - execute_rle (line 98)
[INFO] [stdout]     src/lib.rs - execute_rs (line 318)
[INFO] [stdout]     src/lib.rs - execute_seed (line 188)
[INFO] [stdout]     src/lib.rs - execute_xor (line 285)
[INFO] [stdout] 
[INFO] [stdout] test result: FAILED. 1 passed; 8 failed; 0 ignored; 0 measured; 0 filtered out; finished in 0.21s
[INFO] [stdout] 
[INFO] [stdout] all doctests ran in 0.34s; merged doctests compilation took 0.13s
[INFO] running `Command { std: "docker" "inspect" "b6c851a25d423566ed7803a17c5ec623129dfa8333aca2dc13ff5a15e51587e2", kill_on_drop: false }`
[INFO] running `Command { std: "docker" "rm" "-f" "b6c851a25d423566ed7803a17c5ec623129dfa8333aca2dc13ff5a15e51587e2", kill_on_drop: false }`
[INFO] [stdout] b6c851a25d423566ed7803a17c5ec623129dfa8333aca2dc13ff5a15e51587e2
