[INFO] fetching crate kovi-plugin-expand-lagrange 0.8.1...
[INFO] testing kovi-plugin-expand-lagrange-0.8.1 against 1.100.0-beta.1+cargoflags=--release for beta-release-1.100-2
[INFO] extracting crate kovi-plugin-expand-lagrange 0.8.1 into /workspace/builds/worker-7-tc2/source
[INFO] started tweaking crates.io crate kovi-plugin-expand-lagrange 0.8.1
[INFO] finished tweaking crates.io crate kovi-plugin-expand-lagrange 0.8.1
[INFO] tweaked toml for crates.io crate kovi-plugin-expand-lagrange 0.8.1 written to /workspace/builds/worker-7-tc2/source/Cargo.toml
[INFO] validating manifest of crates.io crate kovi-plugin-expand-lagrange 0.8.1 on toolchain 1.100.0-beta.1
[INFO] running `Command { std: CARGO_HOME="/workspace/cargo-home" RUSTUP_HOME="/workspace/rustup-home" "/workspace/cargo-home/bin/cargo" "+1.100.0-beta.1" "metadata" "--manifest-path" "Cargo.toml" "--no-deps", kill_on_drop: false }`
[INFO] crate crates.io crate kovi-plugin-expand-lagrange 0.8.1 already has a lockfile, it will not be regenerated
[INFO] running `Command { std: CARGO_HOME="/workspace/cargo-home" RUSTUP_HOME="/workspace/rustup-home" "/workspace/cargo-home/bin/cargo" "+1.100.0-beta.1" "fetch" "--manifest-path" "Cargo.toml", kill_on_drop: false }`
[INFO] running `Command { std: "docker" "create" "-v" "/var/lib/crater-agent-workspace/builds/worker-7-tc2/source:/opt/rustwide/workdir:ro,Z" "-v" "/var/lib/crater-agent-workspace/builds/worker-7-tc2/target:/opt/rustwide/target:rw,Z" "-v" "/var/lib/crater-agent-workspace/cargo-home:/opt/rustwide/cargo-home:ro,Z" "-v" "/var/lib/crater-agent-workspace/rustup-home:/opt/rustwide/rustup-home:ro,Z" "-m" "1610612736" "--network" "none" "ghcr.io/rust-lang/crates-build-env/linux@sha256:77db811e55d90add9212f6832c23229e3de5f1c1f9905e8cb07319ea15df73ac" "sleep" "infinity", kill_on_drop: false }`
[INFO] [stdout] 4290300eefb5e3ef24968967baf32f472792f8b4d1a83b85aea7067f72513139
[INFO] running `Command { std: "docker" "start" "4290300eefb5e3ef24968967baf32f472792f8b4d1a83b85aea7067f72513139", kill_on_drop: false }`
[INFO] running `Command { std: "docker" "inspect" "4290300eefb5e3ef24968967baf32f472792f8b4d1a83b85aea7067f72513139", kill_on_drop: false }`
[INFO] running `Command { std: "docker" "exec" "-e" "SOURCE_DIR=/opt/rustwide/workdir" "-e" "CARGO_HOME=/opt/rustwide/cargo-home" "-e" "RUSTUP_HOME=/opt/rustwide/rustup-home" "-e" "CARGO_TARGET_DIR=/opt/rustwide/target" "-w" "/opt/rustwide/workdir" "--user" "0:0" "4290300eefb5e3ef24968967baf32f472792f8b4d1a83b85aea7067f72513139" "/opt/rustwide/cargo-home/bin/cargo" "+1.100.0-beta.1" "metadata" "--no-deps" "--format-version=1", kill_on_drop: false }`
[INFO] running `Command { std: "docker" "inspect" "4290300eefb5e3ef24968967baf32f472792f8b4d1a83b85aea7067f72513139", kill_on_drop: false }`
[INFO] running `Command { std: "docker" "exec" "-e" "SOURCE_DIR=/opt/rustwide/workdir" "-e" "CARGO_HOME=/opt/rustwide/cargo-home" "-e" "RUSTUP_HOME=/opt/rustwide/rustup-home" "-e" "CARGO_TARGET_DIR=/opt/rustwide/target" "-e" "CARGO_INCREMENTAL=0" "-e" "RUST_BACKTRACE=full" "-e" "RUSTFLAGS=--cap-lints=warn" "-e" "RUSTDOCFLAGS=--cap-lints=warn" "-w" "/opt/rustwide/workdir" "--user" "0:0" "4290300eefb5e3ef24968967baf32f472792f8b4d1a83b85aea7067f72513139" "/opt/rustwide/cargo-home/bin/cargo" "+1.100.0-beta.1" "build" "--frozen" "--message-format=json" "--release", kill_on_drop: false }`
[INFO] [stderr]    Compiling syn v2.0.117
[INFO] [stderr]    Compiling futures-sink v0.3.32
[INFO] [stderr]    Compiling proc-macro2-diagnostics v0.10.1
[INFO] [stderr]    Compiling parking_lot_core v0.9.12
[INFO] [stderr]    Compiling yansi v1.0.1
[INFO] [stderr]    Compiling toml_parser v1.1.2+spec-1.1.0
[INFO] [stderr]    Compiling rand_chacha v0.9.0
[INFO] [stderr]    Compiling getrandom v0.4.2
[INFO] [stderr]    Compiling futures-channel v0.3.32
[INFO] [stderr]    Compiling toml_datetime v0.7.5+spec-1.1.0
[INFO] [stderr]    Compiling socket2 v0.6.4
[INFO] [stderr]    Compiling parking_lot v0.12.5
[INFO] [stderr]    Compiling mio v1.2.1
[INFO] [stderr]    Compiling ahash v0.8.12
[INFO] [stderr]    Compiling toml_writer v1.1.1+spec-1.1.0
[INFO] [stderr]    Compiling anstream v1.0.0
[INFO] [stderr]    Compiling sha1 v0.10.6
[INFO] [stderr]    Compiling tempfile v3.27.0
[INFO] [stderr]    Compiling console v0.15.11
[INFO] [stderr]    Compiling fuzzy-matcher v0.3.7
[INFO] [stderr]    Compiling rand v0.9.4
[INFO] [stderr]    Compiling env_filter v1.0.1
[INFO] [stderr]    Compiling http v1.4.2
[INFO] [stderr]    Compiling aliasable v0.1.3
[INFO] [stderr]    Compiling toml v0.9.12+spec-1.1.0
[INFO] [stderr]    Compiling env_logger v0.11.10
[INFO] [stderr]    Compiling serde_json v1.0.150
[INFO] [stderr]    Compiling toml_edit v0.23.10+spec-1.0.0
[INFO] [stderr]    Compiling futures-macro v0.3.32
[INFO] [stderr]    Compiling serde_derive v1.0.228
[INFO] [stderr]    Compiling thiserror-impl v2.0.18
[INFO] [stderr]    Compiling futures-util v0.3.32
[INFO] [stderr]    Compiling thiserror-impl v1.0.69
[INFO] [stderr]    Compiling tokio-macros v2.7.0
[INFO] [stderr]    Compiling thiserror v2.0.18
[INFO] [stderr]    Compiling ouroboros_macro v0.18.5
[INFO] [stderr]    Compiling tungstenite v0.26.2
[INFO] [stderr]    Compiling tokio v1.52.3
[INFO] [stderr]    Compiling thiserror v1.0.69
[INFO] [stderr]    Compiling dialoguer v0.11.0
[INFO] [stderr]    Compiling kovi-macros v0.5.3
[INFO] [stderr]    Compiling async-trait v0.1.89
[INFO] [stderr]    Compiling ouroboros v0.18.5
[INFO] [stderr]    Compiling serde v1.0.228
[INFO] [stderr]    Compiling futures-executor v0.3.32
[INFO] [stderr]    Compiling chrono v0.4.45
[INFO] [stderr]    Compiling futures v0.3.32
[INFO] [stderr]    Compiling croner v2.2.0
[INFO] [stderr]    Compiling tokio-tungstenite v0.26.2
[INFO] [stderr]    Compiling kovi v0.13.0
[INFO] [stderr]    Compiling kovi-onebot v0.13.1
[INFO] [stderr]    Compiling kovi-plugin-expand-lagrange v0.8.1 (/opt/rustwide/workdir)
[INFO] [stderr]     Finished `release` profile [optimized] target(s) in 1m 28s
[INFO] running `Command { std: "docker" "inspect" "4290300eefb5e3ef24968967baf32f472792f8b4d1a83b85aea7067f72513139", kill_on_drop: false }`
[INFO] running `Command { std: "docker" "exec" "-e" "SOURCE_DIR=/opt/rustwide/workdir" "-e" "CARGO_HOME=/opt/rustwide/cargo-home" "-e" "RUSTUP_HOME=/opt/rustwide/rustup-home" "-e" "CARGO_TARGET_DIR=/opt/rustwide/target" "-e" "CARGO_INCREMENTAL=0" "-e" "RUST_BACKTRACE=full" "-e" "RUSTFLAGS=--cap-lints=warn" "-e" "RUSTDOCFLAGS=--cap-lints=warn" "-w" "/opt/rustwide/workdir" "--user" "0:0" "4290300eefb5e3ef24968967baf32f472792f8b4d1a83b85aea7067f72513139" "/opt/rustwide/cargo-home/bin/cargo" "+1.100.0-beta.1" "test" "--frozen" "--no-run" "--message-format=json" "--release", kill_on_drop: false }`
[INFO] [stderr]    Compiling kovi-plugin-expand-lagrange v0.8.1 (/opt/rustwide/workdir)
[INFO] [stderr]     Finished `release` profile [optimized] target(s) in 0.54s
[INFO] running `Command { std: "docker" "inspect" "4290300eefb5e3ef24968967baf32f472792f8b4d1a83b85aea7067f72513139", kill_on_drop: false }`
[INFO] running `Command { std: "docker" "exec" "-e" "SOURCE_DIR=/opt/rustwide/workdir" "-e" "CARGO_HOME=/opt/rustwide/cargo-home" "-e" "RUSTUP_HOME=/opt/rustwide/rustup-home" "-e" "CARGO_TARGET_DIR=/opt/rustwide/target" "-e" "CARGO_INCREMENTAL=0" "-e" "RUST_BACKTRACE=full" "-e" "RUSTFLAGS=--cap-lints=warn" "-e" "RUSTDOCFLAGS=--cap-lints=warn" "-w" "/opt/rustwide/workdir" "--user" "0:0" "4290300eefb5e3ef24968967baf32f472792f8b4d1a83b85aea7067f72513139" "/opt/rustwide/cargo-home/bin/cargo" "+1.100.0-beta.1" "test" "--frozen" "--release", kill_on_drop: false }`
[INFO] [stderr]     Finished `release` profile [optimized] target(s) in 0.15s
[INFO] [stderr]      Running unittests src/lib.rs (/opt/rustwide/target/release/build/kovi-plugin-expand-lagrange/15d7542f76a8576c/out/kovi_plugin_expand_lagrange-15d7542f76a8576c)
[INFO] [stderr]    Doc-tests kovi_plugin_expand_lagrange
[INFO] [stdout] 
[INFO] [stdout] running 0 tests
[INFO] [stdout] 
[INFO] [stdout] test result: ok. 0 passed; 0 failed; 0 ignored; 0 measured; 0 filtered out; finished in 0.00s
[INFO] [stdout] 
[INFO] [stdout] 
[INFO] [stdout] running 2 tests
[INFO] [stdout] test src/lib.rs - RuntimeBot::send_forward_msg (line 158) ... FAILED
[INFO] [stdout] test src/lib.rs - LagrangeVec::add_forward_node (line 393) ... FAILED
[INFO] [stdout] 
[INFO] [stdout] failures:
[INFO] [stdout] 
[INFO] [stdout] ---- src/lib.rs - RuntimeBot::send_forward_msg (line 158) stdout ----
[INFO] [stdout] error[E0425]: cannot find value `bot` in this scope
[INFO] [stdout]    --> src/lib.rs:162:11
[INFO] [stdout]     |
[INFO] [stdout] 162 | let res = bot.send_forward_msg(nodes).await.unwrap();
[INFO] [stdout]     |           ^^^ not found in this scope
[INFO] [stdout] 
[INFO] [stdout] error[E0425]: cannot find value `bot` in this scope
[INFO] [stdout]    --> src/lib.rs:165:1
[INFO] [stdout]     |
[INFO] [stdout] 165 | bot.send_private_msg(bot.main_admin, Message::new().add_forward_resid(resid));
[INFO] [stdout]     | ^^^ not found in this scope
[INFO] [stdout] 
[INFO] [stdout] error[E0425]: cannot find value `bot` in this scope
[INFO] [stdout]    --> src/lib.rs:165:22
[INFO] [stdout]     |
[INFO] [stdout] 165 | bot.send_private_msg(bot.main_admin, Message::new().add_forward_resid(resid));
[INFO] [stdout]     |                      ^^^ not found in this scope
[INFO] [stdout] 
[INFO] [stdout] error[E0728]: `await` is only allowed inside `async` functions and blocks
[INFO] [stdout]    --> src/lib.rs:162:39
[INFO] [stdout]     |
[INFO] [stdout] 158 | fn main() { #[allow(non_snake_case)] fn _doctest_main_src_lib_rs_158_0() {
[INFO] [stdout]     |                                      ----------------------------------- this is not `async`
[INFO] [stdout] ...
[INFO] [stdout] 162 | let res = bot.send_forward_msg(nodes).await.unwrap();
[INFO] [stdout]     |                                       ^^^^^ only allowed inside `async` functions and blocks
[INFO] [stdout] 
[INFO] [stdout] error[E0599]: no method named `add_forward_node` found for struct `Vec<_>` in the current scope
[INFO] [stdout]    --> src/lib.rs:160:6
[INFO] [stdout]     |
[INFO] [stdout] 159 | let nodes = Vec::new()
[INFO] [stdout] 160 |     .add_forward_node("10000", "测试", Message::from("some"))
[INFO] [stdout]     |      ^^^^^^^^^^^^^^^^
[INFO] [stdout]     |
[INFO] [stdout]    ::: src/lib.rs:402:8
[INFO] [stdout]     |
[INFO] [stdout] 402 |     fn add_forward_node(self, uin: &str, name: &str, content: OneBotMessage) -> Vec<OneBotSegment>;
[INFO] [stdout]     |        ---------------- the method is available for `Vec<_>` here
[INFO] [stdout]     |
[INFO] [stdout]     = help: items from traits can only be used if the trait is in scope
[INFO] [stdout] help: trait `LagrangeVec` which provides `add_forward_node` is implemented but not in scope; perhaps you want to import it
[INFO] [stdout]     |
[INFO] [stdout] 158 + use kovi_plugin_expand_lagrange::LagrangeVec;
[INFO] [stdout]     |
[INFO] [stdout] help: there is a method `push_forward_node` with a similar name
[INFO] [stdout]     |
[INFO] [stdout] 160 -     .add_forward_node("10000", "测试", Message::from("some"))
[INFO] [stdout] 160 +     .push_forward_node("10000", "测试", Message::from("some"))
[INFO] [stdout]     |
[INFO] [stdout] 
[INFO] [stdout] error[E0433]: cannot find type `Message` in this scope
[INFO] [stdout]    --> src/lib.rs:160:38
[INFO] [stdout]     |
[INFO] [stdout] 160 |     .add_forward_node("10000", "测试", Message::from("some"))
[INFO] [stdout]     |                                        ^^^^^^^ use of undeclared type `Message`
[INFO] [stdout] 
[INFO] [stdout] error[E0433]: cannot find type `Message` in this scope
[INFO] [stdout]    --> src/lib.rs:161:39
[INFO] [stdout]     |
[INFO] [stdout] 161 |     .add_forward_node("10000", "测试2", Message::from("some"));
[INFO] [stdout]     |                                         ^^^^^^^ use of undeclared type `Message`
[INFO] [stdout] 
[INFO] [stdout] error[E0433]: cannot find type `Message` in this scope
[INFO] [stdout]    --> src/lib.rs:165:38
[INFO] [stdout]     |
[INFO] [stdout] 165 | bot.send_private_msg(bot.main_admin, Message::new().add_forward_resid(resid));
[INFO] [stdout]     |                                      ^^^^^^^ use of undeclared type `Message`
[INFO] [stdout] 
[INFO] [stdout] error: aborting due to 8 previous errors
[INFO] [stdout] 
[INFO] [stdout] Some errors have detailed explanations: E0425, E0433, E0599, E0728.
[INFO] [stdout] For more information about an error, try `rustc --explain E0425`.
[INFO] [stdout] Couldn't compile the test.
[INFO] [stdout] ---- src/lib.rs - LagrangeVec::add_forward_node (line 393) stdout ----
[INFO] [stdout] error[E0425]: cannot find value `bot` in this scope
[INFO] [stdout]    --> src/lib.rs:397:11
[INFO] [stdout]     |
[INFO] [stdout] 397 | let res = bot.send_forward_msg(nodes).await.unwrap();
[INFO] [stdout]     |           ^^^ not found in this scope
[INFO] [stdout] 
[INFO] [stdout] error[E0425]: cannot find value `bot` in this scope
[INFO] [stdout]    --> src/lib.rs:400:1
[INFO] [stdout]     |
[INFO] [stdout] 400 | bot.send_private_msg(bot.main_admin, Message::new().add_forward_resid(resid));
[INFO] [stdout]     | ^^^ not found in this scope
[INFO] [stdout] 
[INFO] [stdout] error[E0425]: cannot find value `bot` in this scope
[INFO] [stdout]    --> src/lib.rs:400:22
[INFO] [stdout]     |
[INFO] [stdout] 400 | bot.send_private_msg(bot.main_admin, Message::new().add_forward_resid(resid));
[INFO] [stdout]     |                      ^^^ not found in this scope
[INFO] [stdout] 
[INFO] [stdout] error[E0728]: `await` is only allowed inside `async` functions and blocks
[INFO] [stdout]    --> src/lib.rs:397:39
[INFO] [stdout]     |
[INFO] [stdout] 393 | fn main() { #[allow(non_snake_case)] fn _doctest_main_src_lib_rs_393_0() {
[INFO] [stdout]     |                                      ----------------------------------- this is not `async`
[INFO] [stdout] ...
[INFO] [stdout] 397 | let res = bot.send_forward_msg(nodes).await.unwrap();
[INFO] [stdout]     |                                       ^^^^^ only allowed inside `async` functions and blocks
[INFO] [stdout] 
[INFO] [stdout] error[E0599]: no method named `add_forward_node` found for struct `Vec<_>` in the current scope
[INFO] [stdout]    --> src/lib.rs:395:6
[INFO] [stdout]     |
[INFO] [stdout] 394 | let nodes = Vec::new()
[INFO] [stdout] 395 |     .add_forward_node("10000", "测试", Message::from("some"))
[INFO] [stdout]     |      ^^^^^^^^^^^^^^^^
[INFO] [stdout]     |
[INFO] [stdout]    ::: src/lib.rs:402:8
[INFO] [stdout]     |
[INFO] [stdout] 402 |     fn add_forward_node(self, uin: &str, name: &str, content: OneBotMessage) -> Vec<OneBotSegment>;
[INFO] [stdout]     |        ---------------- the method is available for `Vec<_>` here
[INFO] [stdout]     |
[INFO] [stdout]     = help: items from traits can only be used if the trait is in scope
[INFO] [stdout] help: trait `LagrangeVec` which provides `add_forward_node` is implemented but not in scope; perhaps you want to import it
[INFO] [stdout]     |
[INFO] [stdout] 393 + use kovi_plugin_expand_lagrange::LagrangeVec;
[INFO] [stdout]     |
[INFO] [stdout] help: there is a method `push_forward_node` with a similar name
[INFO] [stdout]     |
[INFO] [stdout] 395 -     .add_forward_node("10000", "测试", Message::from("some"))
[INFO] [stdout] 395 +     .push_forward_node("10000", "测试", Message::from("some"))
[INFO] [stdout]     |
[INFO] [stdout] 
[INFO] [stdout] error[E0433]: cannot find type `Message` in this scope
[INFO] [stdout]    --> src/lib.rs:395:38
[INFO] [stdout]     |
[INFO] [stdout] 395 |     .add_forward_node("10000", "测试", Message::from("some"))
[INFO] [stdout]     |                                        ^^^^^^^ use of undeclared type `Message`
[INFO] [stdout] 
[INFO] [stdout] error[E0433]: cannot find type `Message` in this scope
[INFO] [stdout]    --> src/lib.rs:396:39
[INFO] [stdout]     |
[INFO] [stdout] 396 |     .add_forward_node("10000", "测试2", Message::from("some"));
[INFO] [stdout]     |                                         ^^^^^^^ use of undeclared type `Message`
[INFO] [stdout] 
[INFO] [stdout] error[E0433]: cannot find type `Message` in this scope
[INFO] [stdout]    --> src/lib.rs:400:38
[INFO] [stdout]     |
[INFO] [stdout] 400 | bot.send_private_msg(bot.main_admin, Message::new().add_forward_resid(resid));
[INFO] [stdout]     |                                      ^^^^^^^ use of undeclared type `Message`
[INFO] [stdout] 
[INFO] [stdout] error: aborting due to 8 previous errors
[INFO] [stdout] 
[INFO] [stdout] Some errors have detailed explanations: E0425, E0433, E0599, E0728.
[INFO] [stdout] For more information about an error, try `rustc --explain E0425`.
[INFO] [stdout] Couldn't compile the test.
[INFO] [stdout] 
[INFO] [stdout] failures:
[INFO] [stdout]     src/lib.rs - LagrangeVec::add_forward_node (line 393)
[INFO] [stdout]     src/lib.rs - RuntimeBot::send_forward_msg (line 158)
[INFO] [stdout] 
[INFO] [stdout] test result: FAILED. 0 passed; 2 failed; 0 ignored; 0 measured; 0 filtered out; finished in 0.41s
[INFO] [stdout] 
[INFO] [stderr] error: doctest failed, to rerun pass `--doc`
[INFO] running `Command { std: "docker" "inspect" "4290300eefb5e3ef24968967baf32f472792f8b4d1a83b85aea7067f72513139", kill_on_drop: false }`
[INFO] running `Command { std: "docker" "rm" "-f" "4290300eefb5e3ef24968967baf32f472792f8b4d1a83b85aea7067f72513139", kill_on_drop: false }`
[INFO] [stdout] 4290300eefb5e3ef24968967baf32f472792f8b4d1a83b85aea7067f72513139
