[INFO] fetching crate kotva-sync-wasm 0.1.0...
[INFO] testing kotva-sync-wasm-0.1.0 against 1.99.0-beta.8+cargoflags=--release for beta-release-1.100-2
[INFO] extracting crate kotva-sync-wasm 0.1.0 into /workspace/builds/worker-4-tc1/source
[INFO] started tweaking crates.io crate kotva-sync-wasm 0.1.0
[INFO] removed 0 missing tests
[INFO] finished tweaking crates.io crate kotva-sync-wasm 0.1.0
[INFO] tweaked toml for crates.io crate kotva-sync-wasm 0.1.0 written to /workspace/builds/worker-4-tc1/source/Cargo.toml
[INFO] validating manifest of crates.io crate kotva-sync-wasm 0.1.0 on toolchain 1.99.0-beta.8
[INFO] running `Command { std: CARGO_HOME="/workspace/cargo-home" RUSTUP_HOME="/workspace/rustup-home" "/workspace/cargo-home/bin/cargo" "+1.99.0-beta.8" "metadata" "--manifest-path" "Cargo.toml" "--no-deps", kill_on_drop: false }`
[INFO] crate crates.io crate kotva-sync-wasm 0.1.0 already has a lockfile, it will not be regenerated
[INFO] running `Command { std: CARGO_HOME="/workspace/cargo-home" RUSTUP_HOME="/workspace/rustup-home" "/workspace/cargo-home/bin/cargo" "+1.99.0-beta.8" "fetch" "--manifest-path" "Cargo.toml", kill_on_drop: false }`
[INFO] [stderr]     Updating crates.io index
[INFO] [stderr]  Downloading crates ...
[INFO] [stderr]   Downloaded ml-kem v0.3.2
[INFO] [stderr]   Downloaded kem v0.3.0
[INFO] [stderr]   Downloaded x-wing v0.1.0
[INFO] [stderr]   Downloaded sha3 v0.12.0
[INFO] [stderr]   Downloaded module-lattice v0.2.3
[INFO] [stderr]   Downloaded kotva-sync v0.1.0
[INFO] [stderr]   Downloaded ml-dsa v0.1.1
[INFO] [stderr]   Downloaded kotva-core v0.2.0
[INFO] [stderr]   Downloaded sha3 v0.11.0
[INFO] running `Command { std: "docker" "create" "-v" "/var/lib/crater-agent-workspace/builds/worker-4-tc1/source:/opt/rustwide/workdir:ro,Z" "-v" "/var/lib/crater-agent-workspace/builds/worker-4-tc1/target:/opt/rustwide/target:rw,Z" "-v" "/var/lib/crater-agent-workspace/cargo-home:/opt/rustwide/cargo-home:ro,Z" "-v" "/var/lib/crater-agent-workspace/rustup-home:/opt/rustwide/rustup-home:ro,Z" "-m" "1610612736" "--network" "none" "ghcr.io/rust-lang/crates-build-env/linux@sha256:77db811e55d90add9212f6832c23229e3de5f1c1f9905e8cb07319ea15df73ac" "sleep" "infinity", kill_on_drop: false }`
[INFO] [stdout] 22709664db362ac12fa42630ac62bcb2e8acba373f387feb29e6e526201279c6
[INFO] running `Command { std: "docker" "start" "22709664db362ac12fa42630ac62bcb2e8acba373f387feb29e6e526201279c6", kill_on_drop: false }`
[INFO] running `Command { std: "docker" "inspect" "22709664db362ac12fa42630ac62bcb2e8acba373f387feb29e6e526201279c6", kill_on_drop: false }`
[INFO] running `Command { std: "docker" "exec" "-e" "SOURCE_DIR=/opt/rustwide/workdir" "-e" "CARGO_HOME=/opt/rustwide/cargo-home" "-e" "RUSTUP_HOME=/opt/rustwide/rustup-home" "-e" "CARGO_TARGET_DIR=/opt/rustwide/target" "-w" "/opt/rustwide/workdir" "--user" "0:0" "22709664db362ac12fa42630ac62bcb2e8acba373f387feb29e6e526201279c6" "/opt/rustwide/cargo-home/bin/cargo" "+1.99.0-beta.8" "metadata" "--no-deps" "--format-version=1", kill_on_drop: false }`
[INFO] running `Command { std: "docker" "inspect" "22709664db362ac12fa42630ac62bcb2e8acba373f387feb29e6e526201279c6", kill_on_drop: false }`
[INFO] running `Command { std: "docker" "exec" "-e" "SOURCE_DIR=/opt/rustwide/workdir" "-e" "CARGO_HOME=/opt/rustwide/cargo-home" "-e" "RUSTUP_HOME=/opt/rustwide/rustup-home" "-e" "CARGO_TARGET_DIR=/opt/rustwide/target" "-e" "CARGO_INCREMENTAL=0" "-e" "RUST_BACKTRACE=full" "-e" "RUSTFLAGS=--cap-lints=warn" "-e" "RUSTDOCFLAGS=--cap-lints=warn" "-w" "/opt/rustwide/workdir" "--user" "0:0" "22709664db362ac12fa42630ac62bcb2e8acba373f387feb29e6e526201279c6" "/opt/rustwide/cargo-home/bin/cargo" "+1.99.0-beta.8" "build" "--frozen" "--message-format=json" "--release", kill_on_drop: false }`
[INFO] [stderr]    Compiling getrandom v0.4.3
[INFO] [stderr]    Compiling keccak v0.2.0
[INFO] [stderr]    Compiling wasm-bindgen-shared v0.2.126
[INFO] [stderr]    Compiling zerocopy v0.8.55
[INFO] [stderr]    Compiling sponge-cursor v0.1.0
[INFO] [stderr]    Compiling hybrid-array v0.4.13
[INFO] [stderr]    Compiling curve25519-dalek v5.0.0
[INFO] [stderr]    Compiling const-oid v0.10.2
[INFO] [stderr]    Compiling getrandom v0.2.17
[INFO] [stderr]    Compiling cc v1.3.0
[INFO] [stderr]    Compiling syn v2.0.119
[INFO] [stderr]    Compiling syn v3.0.3
[INFO] [stderr]    Compiling bumpalo v3.20.3
[INFO] [stderr]    Compiling unicode-normalization v0.1.25
[INFO] [stderr]    Compiling wasm-bindgen v0.2.126
[INFO] [stderr]    Compiling once_cell v1.21.4
[INFO] [stderr]    Compiling rand_core v0.6.4
[INFO] [stderr]    Compiling ff v0.13.1
[INFO] [stderr]    Compiling group v0.13.0
[INFO] [stderr]    Compiling crypto-common v0.2.2
[INFO] [stderr]    Compiling block-buffer v0.12.1
[INFO] [stderr]    Compiling module-lattice v0.2.3
[INFO] [stderr]    Compiling blake3 v1.8.5
[INFO] [stderr]    Compiling digest v0.11.3
[INFO] [stderr]    Compiling kem v0.3.0
[INFO] [stderr]    Compiling shake v0.1.0
[INFO] [stderr]    Compiling sha3 v0.11.0
[INFO] [stderr]    Compiling signature v3.0.0
[INFO] [stderr]    Compiling sha3 v0.12.0
[INFO] [stderr]    Compiling ml-kem v0.3.2
[INFO] [stderr]    Compiling serde_derive v1.0.229
[INFO] [stderr]    Compiling wasm-bindgen-macro-support v0.2.126
[INFO] [stderr]    Compiling zeroize_derive v1.5.0
[INFO] [stderr]    Compiling curve25519-dalek-derive v0.1.1
[INFO] [stderr]    Compiling zerocopy-derive v0.8.55
[INFO] [stderr]    Compiling thiserror-impl v1.0.69
[INFO] [stderr]    Compiling serde v1.0.229
[INFO] [stderr]    Compiling zeroize v1.9.0
[INFO] [stderr]    Compiling generic-array v0.14.7
[INFO] [stderr]    Compiling der v0.7.10
[INFO] [stderr]    Compiling der v0.8.1
[INFO] [stderr]    Compiling thiserror v1.0.69
[INFO] [stderr]    Compiling crypto-common v0.1.7
[INFO] [stderr]    Compiling block-buffer v0.10.4
[INFO] [stderr]    Compiling inout v0.1.4
[INFO] [stderr]    Compiling crypto-bigint v0.5.5
[INFO] [stderr]    Compiling cipher v0.4.4
[INFO] [stderr]    Compiling universal-hash v0.5.1
[INFO] [stderr]    Compiling aead v0.5.2
[INFO] [stderr]    Compiling digest v0.10.7
[INFO] [stderr]    Compiling polyval v0.6.2
[INFO] [stderr]    Compiling poly1305 v0.8.0
[INFO] [stderr]    Compiling sec1 v0.7.3
[INFO] [stderr]    Compiling chacha20 v0.9.1
[INFO] [stderr]    Compiling aes v0.8.4
[INFO] [stderr]    Compiling ctr v0.9.2
[INFO] [stderr]    Compiling x25519-dalek v3.0.0
[INFO] [stderr]    Compiling ghash v0.5.1
[INFO] [stderr]    Compiling x-wing v0.1.0
[INFO] [stderr]    Compiling hmac v0.12.1
[INFO] [stderr]    Compiling curve25519-dalek v4.1.3
[INFO] [stderr]    Compiling sha2 v0.10.9
[INFO] [stderr]    Compiling hkdf v0.12.4
[INFO] [stderr]    Compiling chacha20poly1305 v0.10.1
[INFO] [stderr]    Compiling elliptic-curve v0.13.8
[INFO] [stderr]    Compiling spki v0.8.0
[INFO] [stderr]    Compiling aes-gcm v0.10.3
[INFO] [stderr]    Compiling pkcs8 v0.11.0
[INFO] [stderr]    Compiling primeorder v0.13.6
[INFO] [stderr]    Compiling p256 v0.13.2
[INFO] [stderr]    Compiling ml-dsa v0.1.1
[INFO] [stderr]    Compiling wasm-bindgen-macro v0.2.126
[INFO] [stderr]    Compiling x25519-dalek v2.0.1
[INFO] [stderr]    Compiling ed25519-dalek v2.2.0
[INFO] [stderr]    Compiling hpke v0.12.0
[INFO] [stderr]    Compiling half v2.7.1
[INFO] [stderr]    Compiling ciborium-ll v0.2.2
[INFO] [stderr]    Compiling ciborium v0.2.2
[INFO] [stderr]    Compiling kotva-core v0.2.0
[INFO] [stderr]    Compiling kotva-sync v0.1.0
[INFO] [stderr]    Compiling kotva-sync-wasm v0.1.0 (/opt/rustwide/workdir)
[INFO] [stderr]     Finished `release` profile [optimized] target(s) in 59.83s
[INFO] running `Command { std: "docker" "inspect" "22709664db362ac12fa42630ac62bcb2e8acba373f387feb29e6e526201279c6", kill_on_drop: false }`
[INFO] running `Command { std: "docker" "exec" "-e" "SOURCE_DIR=/opt/rustwide/workdir" "-e" "CARGO_HOME=/opt/rustwide/cargo-home" "-e" "RUSTUP_HOME=/opt/rustwide/rustup-home" "-e" "CARGO_TARGET_DIR=/opt/rustwide/target" "-e" "CARGO_INCREMENTAL=0" "-e" "RUST_BACKTRACE=full" "-e" "RUSTFLAGS=--cap-lints=warn" "-e" "RUSTDOCFLAGS=--cap-lints=warn" "-w" "/opt/rustwide/workdir" "--user" "0:0" "22709664db362ac12fa42630ac62bcb2e8acba373f387feb29e6e526201279c6" "/opt/rustwide/cargo-home/bin/cargo" "+1.99.0-beta.8" "test" "--frozen" "--no-run" "--message-format=json" "--release", kill_on_drop: false }`
[INFO] [stderr]    Compiling kotva-sync-wasm v0.1.0 (/opt/rustwide/workdir)
[INFO] [stderr]     Finished `release` profile [optimized] target(s) in 7.66s
[INFO] running `Command { std: "docker" "inspect" "22709664db362ac12fa42630ac62bcb2e8acba373f387feb29e6e526201279c6", kill_on_drop: false }`
[INFO] running `Command { std: "docker" "exec" "-e" "SOURCE_DIR=/opt/rustwide/workdir" "-e" "CARGO_HOME=/opt/rustwide/cargo-home" "-e" "RUSTUP_HOME=/opt/rustwide/rustup-home" "-e" "CARGO_TARGET_DIR=/opt/rustwide/target" "-e" "CARGO_INCREMENTAL=0" "-e" "RUST_BACKTRACE=full" "-e" "RUSTFLAGS=--cap-lints=warn" "-e" "RUSTDOCFLAGS=--cap-lints=warn" "-w" "/opt/rustwide/workdir" "--user" "0:0" "22709664db362ac12fa42630ac62bcb2e8acba373f387feb29e6e526201279c6" "/opt/rustwide/cargo-home/bin/cargo" "+1.99.0-beta.8" "test" "--frozen" "--release", kill_on_drop: false }`
[INFO] [stderr]     Finished `release` profile [optimized] target(s) in 0.13s
[INFO] [stderr]      Running unittests src/lib.rs (/opt/rustwide/target/release/deps/kotva_sync_wasm-91942cb71a3ba2cc)
[INFO] [stdout] 
[INFO] [stdout] running 7 tests
[INFO] [stdout] test tests::attach_signature_refuses_an_envelope_that_does_not_verify ... ok
[INFO] [stdout] test err::tests::a_refusal_carries_the_registry_code_name_and_action ... ok
[INFO] [stdout] test tests::tagged_values_do_not_collapse_text_and_bytes ... ok
[INFO] [stdout] test tests::op_json_round_trips_through_canonical_cbor ... ok
[INFO] [stdout] test tests::there_is_no_way_to_hand_this_crate_a_private_key ... ok
[INFO] [stdout] test err::tests::a_binding_failure_is_distinguishable_from_a_substrate_refusal ... ok
[INFO] [stdout] test tests::negative_integers_survive_the_boundary ... ok
[INFO] [stderr]      Running tests/native_trace.rs (/opt/rustwide/target/release/deps/native_trace-300a1253c45122b8)
[INFO] [stdout] 
[INFO] [stdout] test result: ok. 7 passed; 0 failed; 0 ignored; 0 measured; 0 filtered out; finished in 0.00s
[INFO] [stdout] 
[INFO] [stdout] 
[INFO] [stdout] running 1 test
[INFO] [stdout] test native_trace_matches_the_committed_artifact ... FAILED
[INFO] [stdout] 
[INFO] [stdout] failures:
[INFO] [stdout] 
[INFO] [stdout] ---- native_trace_matches_the_committed_artifact stdout ----
[INFO] [stdout] 
[INFO] [stdout] thread 'native_trace_matches_the_committed_artifact' (1517) panicked at tests/native_trace.rs:1084:5:
[INFO] [stdout] the frozen vectors are missing at /opt/rustwide/workdir/../../conformance/vectors/sync_vectors.json. This test IS the native half of the cross-surface proof; the vectors live in this same repo, so an absent file means a broken worktree, never a missing sibling.
[INFO] [stdout] stack backtrace:
[INFO] [stdout]    0:     0x55a75bc188d1 - <<std[70759c8f55707aa4]::sys::backtrace::BacktraceLock>::print::DisplayBacktrace as core[df12db4294e9bfd3]::fmt::Display>::fmt
[INFO] [stdout]    1:     0x55a75bc2e0aa - core[df12db4294e9bfd3]::fmt::write
[INFO] [stdout]    2:     0x55a75bc1cd8c - <alloc[2182bb758b4b3781]::vec::Vec<u8> as core[df12db4294e9bfd3]::io::write::Write>::write_fmt
[INFO] [stdout]    3:     0x55a75bbf47d6 - std[70759c8f55707aa4]::panicking::default_hook::{closure#0}
[INFO] [stdout]    4:     0x55a75bc10ad9 - std[70759c8f55707aa4]::panicking::default_hook
[INFO] [stdout]    5:     0x55a75bb34b00 - test[9d35eded1c95d3be]::test_main_inner::<test[9d35eded1c95d3be]::test_main_static::{closure#0}>::{closure#0}
[INFO] [stdout]    6:     0x55a75bc10c92 - std[70759c8f55707aa4]::panicking::panic_with_hook
[INFO] [stdout]    7:     0x55a75bbf4882 - std[70759c8f55707aa4]::panicking::panic_handler::{closure#0}
[INFO] [stdout]    8:     0x55a75bbed479 - std[70759c8f55707aa4]::sys::backtrace::__rust_end_short_backtrace::<std[70759c8f55707aa4]::panicking::panic_handler::{closure#0}, !>
[INFO] [stdout]    9:     0x55a75bbf547d - __rustc[8fa7c3cbc660c2b3]::rust_begin_unwind
[INFO] [stdout]   10:     0x55a75bc2e7dc - core[df12db4294e9bfd3]::panicking::panic_fmt
[INFO] [stdout]   11:     0x55a75bb02d9b - <native_trace[23d1cee622d68d9]::native_trace_matches_the_committed_artifact::{closure#0} as core[df12db4294e9bfd3]::ops::function::FnOnce<()>>::call_once
[INFO] [stdout]   12:     0x55a75bb27deb - test[9d35eded1c95d3be]::__rust_begin_short_backtrace::<core[df12db4294e9bfd3]::result::Result<(), alloc[2182bb758b4b3781]::string::String>, fn() -> core[df12db4294e9bfd3]::result::Result<(), alloc[2182bb758b4b3781]::string::String>>
[INFO] [stdout]   13:     0x55a75bb35455 - test[9d35eded1c95d3be]::run_test::{closure#0}
[INFO] [stdout]   14:     0x55a75bb2ed14 - std[70759c8f55707aa4]::sys::backtrace::__rust_begin_short_backtrace::<test[9d35eded1c95d3be]::run_test::{closure#1}, ()>
[INFO] [stdout]   15:     0x55a75bb385b2 - <std[70759c8f55707aa4]::thread::lifecycle::spawn_unchecked<test[9d35eded1c95d3be]::run_test::{closure#1}, ()>::{closure#1} as core[df12db4294e9bfd3]::ops::function::FnOnce<()>>::call_once::{shim:vtable#0}
[INFO] [stdout]   16:     0x55a75bc17c49 - <std[70759c8f55707aa4]::sys::thread::unix::Thread>::new::thread_start
[INFO] [stdout]   17:     0x765b0ff4fdfa - <unknown>
[INFO] [stdout]   18:     0x765b0ffe33d4 - clone
[INFO] [stdout]   19:                0x0 - <unknown>
[INFO] [stdout] 
[INFO] [stdout] 
[INFO] [stdout] failures:
[INFO] [stdout]     native_trace_matches_the_committed_artifact
[INFO] [stdout] 
[INFO] [stdout] test result: FAILED. 0 passed; 1 failed; 0 ignored; 0 measured; 0 filtered out; finished in 0.01s
[INFO] [stdout] 
[INFO] [stderr] error: test failed, to rerun pass `--test native_trace`
[INFO] running `Command { std: "docker" "inspect" "22709664db362ac12fa42630ac62bcb2e8acba373f387feb29e6e526201279c6", kill_on_drop: false }`
[INFO] running `Command { std: "docker" "rm" "-f" "22709664db362ac12fa42630ac62bcb2e8acba373f387feb29e6e526201279c6", kill_on_drop: false }`
[INFO] [stdout] 22709664db362ac12fa42630ac62bcb2e8acba373f387feb29e6e526201279c6
