[INFO] fetching crate kotoba-jsonnet 0.1.22...
[INFO] testing kotoba-jsonnet-0.1.22 against 1.100.0-beta.1+cargoflags=--release for beta-release-1.100-2
[INFO] extracting crate kotoba-jsonnet 0.1.22 into /workspace/builds/worker-6-tc2/source
[INFO] started tweaking crates.io crate kotoba-jsonnet 0.1.22
[INFO] finished tweaking crates.io crate kotoba-jsonnet 0.1.22
[INFO] tweaked toml for crates.io crate kotoba-jsonnet 0.1.22 written to /workspace/builds/worker-6-tc2/source/Cargo.toml
[INFO] validating manifest of crates.io crate kotoba-jsonnet 0.1.22 on toolchain 1.100.0-beta.1
[INFO] running `Command { std: CARGO_HOME="/workspace/cargo-home" RUSTUP_HOME="/workspace/rustup-home" "/workspace/cargo-home/bin/cargo" "+1.100.0-beta.1" "metadata" "--manifest-path" "Cargo.toml" "--no-deps", kill_on_drop: false }`
[INFO] crate crates.io crate kotoba-jsonnet 0.1.22 already has a lockfile, it will not be regenerated
[INFO] running `Command { std: CARGO_HOME="/workspace/cargo-home" RUSTUP_HOME="/workspace/rustup-home" "/workspace/cargo-home/bin/cargo" "+1.100.0-beta.1" "fetch" "--manifest-path" "Cargo.toml", kill_on_drop: false }`
[INFO] running `Command { std: "docker" "create" "-v" "/var/lib/crater-agent-workspace/builds/worker-6-tc2/source:/opt/rustwide/workdir:ro,Z" "-v" "/var/lib/crater-agent-workspace/builds/worker-6-tc2/target:/opt/rustwide/target:rw,Z" "-v" "/var/lib/crater-agent-workspace/cargo-home:/opt/rustwide/cargo-home:ro,Z" "-v" "/var/lib/crater-agent-workspace/rustup-home:/opt/rustwide/rustup-home:ro,Z" "-m" "1610612736" "--network" "none" "ghcr.io/rust-lang/crates-build-env/linux@sha256:77db811e55d90add9212f6832c23229e3de5f1c1f9905e8cb07319ea15df73ac" "sleep" "infinity", kill_on_drop: false }`
[INFO] [stdout] 3341a14c88c5bb99131130c5d7233eff3056715c7adb22fcee0bb4c60bf78137
[INFO] running `Command { std: "docker" "start" "3341a14c88c5bb99131130c5d7233eff3056715c7adb22fcee0bb4c60bf78137", kill_on_drop: false }`
[INFO] running `Command { std: "docker" "inspect" "3341a14c88c5bb99131130c5d7233eff3056715c7adb22fcee0bb4c60bf78137", kill_on_drop: false }`
[INFO] running `Command { std: "docker" "exec" "-e" "SOURCE_DIR=/opt/rustwide/workdir" "-e" "CARGO_HOME=/opt/rustwide/cargo-home" "-e" "RUSTUP_HOME=/opt/rustwide/rustup-home" "-e" "CARGO_TARGET_DIR=/opt/rustwide/target" "-w" "/opt/rustwide/workdir" "--user" "0:0" "3341a14c88c5bb99131130c5d7233eff3056715c7adb22fcee0bb4c60bf78137" "/opt/rustwide/cargo-home/bin/cargo" "+1.100.0-beta.1" "metadata" "--no-deps" "--format-version=1", kill_on_drop: false }`
[INFO] running `Command { std: "docker" "inspect" "3341a14c88c5bb99131130c5d7233eff3056715c7adb22fcee0bb4c60bf78137", kill_on_drop: false }`
[INFO] running `Command { std: "docker" "exec" "-e" "SOURCE_DIR=/opt/rustwide/workdir" "-e" "CARGO_HOME=/opt/rustwide/cargo-home" "-e" "RUSTUP_HOME=/opt/rustwide/rustup-home" "-e" "CARGO_TARGET_DIR=/opt/rustwide/target" "-e" "CARGO_INCREMENTAL=0" "-e" "RUST_BACKTRACE=full" "-e" "RUSTFLAGS=--cap-lints=warn" "-e" "RUSTDOCFLAGS=--cap-lints=warn" "-w" "/opt/rustwide/workdir" "--user" "0:0" "3341a14c88c5bb99131130c5d7233eff3056715c7adb22fcee0bb4c60bf78137" "/opt/rustwide/cargo-home/bin/cargo" "+1.100.0-beta.1" "build" "--frozen" "--message-format=json" "--release", kill_on_drop: false }`
[INFO] [stderr]    Compiling find-msvc-tools v0.1.2
[INFO] [stderr]    Compiling parking_lot_core v0.9.11
[INFO] [stderr]    Compiling quote v1.0.40
[INFO] [stderr]    Compiling lock_api v0.4.13
[INFO] [stderr]    Compiling serde_core v1.0.225
[INFO] [stderr]    Compiling log v0.4.28
[INFO] [stderr]    Compiling getrandom v0.2.16
[INFO] [stderr]    Compiling openssl v0.10.73
[INFO] [stderr]    Compiling tracing v0.1.41
[INFO] [stderr]    Compiling bitflags v2.9.4
[INFO] [stderr]    Compiling memchr v2.7.5
[INFO] [stderr]    Compiling serde v1.0.225
[INFO] [stderr]    Compiling native-tls v0.2.14
[INFO] [stderr]    Compiling digest v0.10.7
[INFO] [stderr]    Compiling socket2 v0.5.10
[INFO] [stderr]    Compiling openssl-probe v0.1.6
[INFO] [stderr]    Compiling cc v1.2.38
[INFO] [stderr]    Compiling getrandom v0.3.3
[INFO] [stderr]    Compiling thiserror v2.0.16
[INFO] [stderr]    Compiling regex-syntax v0.8.6
[INFO] [stderr]    Compiling syn v2.0.106
[INFO] [stderr]    Compiling sha3 v0.10.8
[INFO] [stderr]    Compiling sha1 v0.10.6
[INFO] [stderr]    Compiling md-5 v0.10.6
[INFO] [stderr]    Compiling sha2 v0.10.9
[INFO] [stderr]    Compiling uuid v1.18.1
[INFO] [stderr]    Compiling parking_lot v0.12.4
[INFO] [stderr]    Compiling aho-corasick v1.1.3
[INFO] [stderr]    Compiling ring v0.17.14
[INFO] [stderr]    Compiling openssl-sys v0.9.109
[INFO] [stderr]    Compiling regex-automata v0.4.10
[INFO] [stderr]    Compiling serde_json v1.0.145
[INFO] [stderr]    Compiling synstructure v0.13.2
[INFO] [stderr]    Compiling zerofrom-derive v0.1.6
[INFO] [stderr]    Compiling yoke-derive v0.8.0
[INFO] [stderr]    Compiling zerovec-derive v0.11.1
[INFO] [stderr]    Compiling displaydoc v0.2.5
[INFO] [stderr]    Compiling tokio-macros v2.5.0
[INFO] [stderr]    Compiling openssl-macros v0.1.1
[INFO] [stderr]    Compiling serde_derive v1.0.225
[INFO] [stderr]    Compiling thiserror-impl v2.0.16
[INFO] [stderr]    Compiling async-trait v0.1.89
[INFO] [stderr]    Compiling regex v1.11.2
[INFO] [stderr]    Compiling tokio v1.47.1
[INFO] [stderr]    Compiling zerofrom v0.1.6
[INFO] [stderr]    Compiling yoke v0.8.0
[INFO] [stderr]    Compiling zerovec v0.11.4
[INFO] [stderr]    Compiling zerotrie v0.2.2
[INFO] [stderr]    Compiling tinystr v0.8.1
[INFO] [stderr]    Compiling potential_utf v0.1.3
[INFO] [stderr]    Compiling icu_collections v2.0.0
[INFO] [stderr]    Compiling icu_locale_core v2.0.0
[INFO] [stderr]    Compiling icu_provider v2.0.0
[INFO] [stderr]    Compiling icu_properties v2.0.1
[INFO] [stderr]    Compiling icu_normalizer v2.0.0
[INFO] [stderr]    Compiling serde_urlencoded v0.7.1
[INFO] [stderr]    Compiling idna_adapter v1.2.1
[INFO] [stderr]    Compiling idna v1.1.0
[INFO] [stderr]    Compiling url v2.5.7
[INFO] [stderr]    Compiling tokio-util v0.7.16
[INFO] [stderr]    Compiling tokio-native-tls v0.3.1
[INFO] [stderr]    Compiling rustls v0.21.12
[INFO] [stderr]    Compiling h2 v0.3.27
[INFO] [stderr]    Compiling rustls-webpki v0.101.7
[INFO] [stderr]    Compiling sct v0.7.1
[INFO] [stderr]    Compiling hyper v0.14.32
[INFO] [stderr]    Compiling tokio-rustls v0.24.1
[INFO] [stderr]    Compiling hyper-rustls v0.24.2
[INFO] [stderr]    Compiling hyper-tls v0.5.0
[INFO] [stderr]    Compiling reqwest v0.11.27
[INFO] [stderr]    Compiling kotoba-jsonnet v0.1.22 (/opt/rustwide/workdir)
[INFO] [stdout] warning: unused variable: `left`
[INFO] [stdout]   --> src/eval/handlers.rs:50:58
[INFO] [stdout]    |
[INFO] [stdout] 50 |     fn eval_binary_op(&mut self, _context: &mut Context, left: JsonnetValue, op: BinaryOp, right: JsonnetValue) -> Result<JsonnetVal...
[INFO] [stdout]    |                                                          ^^^^ help: if this is intentional, prefix it with an underscore: `_left`
[INFO] [stdout]    |
[INFO] [stdout]    = note: `#[warn(unused_variables)]` (part of `#[warn(unused)]`) on by default
[INFO] [stdout] 
[INFO] [stdout] 
[INFO] [stdout] warning: unused variable: `right`
[INFO] [stdout]   --> src/eval/handlers.rs:50:92
[INFO] [stdout]    |
[INFO] [stdout] 50 | ...sonnetValue, op: BinaryOp, right: JsonnetValue) -> Result<JsonnetValue> {
[INFO] [stdout]    |                               ^^^^^ help: if this is intentional, prefix it with an underscore: `_right`
[INFO] [stdout] 
[INFO] [stdout] 
[INFO] [stdout] warning: unused variable: `args`
[INFO] [stdout]   --> src/eval/handlers.rs:76:77
[INFO] [stdout]    |
[INFO] [stdout] 76 |     fn call_builtin_function(&mut self, _context: &mut Context, name: &str, args: Vec<JsonnetValue>) -> Result<JsonnetValue> {
[INFO] [stdout]    |                                                                             ^^^^ help: if this is intentional, prefix it with an underscore: `_args`
[INFO] [stdout] 
[INFO] [stdout] 
[INFO] [stdout] warning: unused variable: `args`
[INFO] [stdout]     --> src/stdlib.rs:2918:38
[INFO] [stdout]      |
[INFO] [stdout] 2918 |     pub fn call_function(name: &str, args: Vec<JsonnetValue>) -> Result<JsonnetValue> {
[INFO] [stdout]      |                                      ^^^^ help: if this is intentional, prefix it with an underscore: `_args`
[INFO] [stdout] 
[INFO] [stdout] 
[INFO] [stdout] warning: variable does not need to be mutable
[INFO] [stdout]     --> src/stdlib.rs:3266:13
[INFO] [stdout]      |
[INFO] [stdout] 3266 |         let mut result: Vec<JsonnetValue> = a.iter()
[INFO] [stdout]      |             ----^^^^^^
[INFO] [stdout]      |             |
[INFO] [stdout]      |             help: remove this `mut`
[INFO] [stdout]      |
[INFO] [stdout]      = note: `#[warn(unused_mut)]` (part of `#[warn(unused)]`) on by default
[INFO] [stdout] 
[INFO] [stdout] 
[INFO] [stdout] warning: multiple associated functions are never used
[INFO] [stdout]     --> src/stdlib.rs:1253:8
[INFO] [stdout]      |
[INFO] [stdout] 1011 | impl StdLib {
[INFO] [stdout]      | ----------- associated functions in this implementation
[INFO] [stdout] ...
[INFO] [stdout] 1253 |     fn filter(args: Vec<JsonnetValue>) -> Result<JsonnetValue> {
[INFO] [stdout]      |        ^^^^^^
[INFO] [stdout] ...
[INFO] [stdout] 1263 |     fn map(args: Vec<JsonnetValue>) -> Result<JsonnetValue> {
[INFO] [stdout]      |        ^^^
[INFO] [stdout] ...
[INFO] [stdout] 1273 |     fn foldl(args: Vec<JsonnetValue>) -> Result<JsonnetValue> {
[INFO] [stdout]      |        ^^^^^
[INFO] [stdout] ...
[INFO] [stdout] 1283 |     fn foldr(args: Vec<JsonnetValue>) -> Result<JsonnetValue> {
[INFO] [stdout]      |        ^^^^^
[INFO] [stdout] ...
[INFO] [stdout] 1301 |     fn join(args: Vec<JsonnetValue>) -> Result<JsonnetValue> {
[INFO] [stdout]      |        ^^^^
[INFO] [stdout] ...
[INFO] [stdout] 2144 |     fn all(args: Vec<JsonnetValue>) -> Result<JsonnetValue> {
[INFO] [stdout]      |        ^^^
[INFO] [stdout] ...
[INFO] [stdout] 2155 |     fn any(args: Vec<JsonnetValue>) -> Result<JsonnetValue> {
[INFO] [stdout]      |        ^^^
[INFO] [stdout]      |
[INFO] [stdout]      = note: `#[warn(dead_code)]` (part of `#[warn(unused)]`) on by default
[INFO] [stdout] 
[INFO] [stdout] 
[INFO] [stdout] warning: call to `.clone()` on a reference in this situation does nothing
[INFO] [stdout]    --> src/stdlib.rs:953:53
[INFO] [stdout]     |
[INFO] [stdout] 953 |                 result.push(JsonnetValue::string(sep.clone()));
[INFO] [stdout]     |                                                     ^^^^^^^^ help: remove this redundant call
[INFO] [stdout]     |
[INFO] [stdout]     = note: the type `str` does not implement `Clone`, so calling `clone` on `&str` copies the reference, which does not do anything and can be removed
[INFO] [stdout]     = note: `#[warn(noop_method_call)]` on by default
[INFO] [stdout] 
[INFO] [stdout] 
[INFO] [stdout] warning: call to `.clone()` on a reference in this situation does nothing
[INFO] [stdout]     --> src/stdlib.rs:3668:53
[INFO] [stdout]      |
[INFO] [stdout] 3668 |                 result.push(JsonnetValue::string(sep.clone()));
[INFO] [stdout]      |                                                     ^^^^^^^^ help: remove this redundant call
[INFO] [stdout]      |
[INFO] [stdout]      = note: the type `str` does not implement `Clone`, so calling `clone` on `&str` copies the reference, which does not do anything and can be removed
[INFO] [stdout] 
[INFO] [stdout] 
[INFO] [stderr] warning: unused dependency `anyhow`
[INFO] [stderr]  --> Cargo.toml:1:15
[INFO] [stderr]   |
[INFO] [stderr] 1 | [dependencies.anyhow]
[INFO] [stderr]   |               ^^^^^^^
[INFO] [stderr]   |
[INFO] [stderr]   = note: `cargo::unused_dependencies` is set to `warn` by default
[INFO] [stderr] help: consider removing the dependency on `anyhow`
[INFO] [stderr] warning: unused dependency `async-trait`
[INFO] [stderr]  --> Cargo.toml:4:15
[INFO] [stderr]   |
[INFO] [stderr] 4 | [dependencies.async-trait]
[INFO] [stderr]   |               ^^^^^^^^^^^^
[INFO] [stderr]   |
[INFO] [stderr] help: consider removing the dependency on `async-trait`
[INFO] [stderr] warning: unused dependency `reqwest`
[INFO] [stderr]   --> Cargo.toml:22:15
[INFO] [stderr]    |
[INFO] [stderr] 22 | [dependencies.reqwest]
[INFO] [stderr]    |               ^^^^^^^^
[INFO] [stderr]    |
[INFO] [stderr] help: consider removing the dependency on `reqwest`
[INFO] [stderr] warning: unused dependency `uuid`
[INFO] [stderr]   --> Cargo.toml:53:15
[INFO] [stderr]    |
[INFO] [stderr] 53 | [dependencies.uuid]
[INFO] [stderr]    |               ^^^^^
[INFO] [stderr]    |
[INFO] [stderr] help: consider removing the dependency on `uuid`
[INFO] [stderr] warning: `kotoba-jsonnet` (manifest) generated 4 warnings
[INFO] [stderr]     Finished `release` profile [optimized] target(s) in 1m 27s
[INFO] running `Command { std: "docker" "inspect" "3341a14c88c5bb99131130c5d7233eff3056715c7adb22fcee0bb4c60bf78137", kill_on_drop: false }`
[INFO] running `Command { std: "docker" "exec" "-e" "SOURCE_DIR=/opt/rustwide/workdir" "-e" "CARGO_HOME=/opt/rustwide/cargo-home" "-e" "RUSTUP_HOME=/opt/rustwide/rustup-home" "-e" "CARGO_TARGET_DIR=/opt/rustwide/target" "-e" "CARGO_INCREMENTAL=0" "-e" "RUST_BACKTRACE=full" "-e" "RUSTFLAGS=--cap-lints=warn" "-e" "RUSTDOCFLAGS=--cap-lints=warn" "-w" "/opt/rustwide/workdir" "--user" "0:0" "3341a14c88c5bb99131130c5d7233eff3056715c7adb22fcee0bb4c60bf78137" "/opt/rustwide/cargo-home/bin/cargo" "+1.100.0-beta.1" "test" "--frozen" "--no-run" "--message-format=json" "--release", kill_on_drop: false }`
[INFO] [stdout] warning: unused variable: `left`
[INFO] [stdout]   --> src/eval/handlers.rs:50:58
[INFO] [stdout]    |
[INFO] [stdout] 50 |     fn eval_binary_op(&mut self, _context: &mut Context, left: JsonnetValue, op: BinaryOp, right: JsonnetValue) -> Result<JsonnetVal...
[INFO] [stdout]    |                                                          ^^^^ help: if this is intentional, prefix it with an underscore: `_left`
[INFO] [stdout]    |
[INFO] [stdout]    = note: `#[warn(unused_variables)]` (part of `#[warn(unused)]`) on by default
[INFO] [stdout] 
[INFO] [stdout] 
[INFO] [stdout] warning: unused variable: `right`
[INFO] [stdout]   --> src/eval/handlers.rs:50:92
[INFO] [stdout]    |
[INFO] [stdout] 50 | ...sonnetValue, op: BinaryOp, right: JsonnetValue) -> Result<JsonnetValue> {
[INFO] [stdout]    |                               ^^^^^ help: if this is intentional, prefix it with an underscore: `_right`
[INFO] [stdout] 
[INFO] [stdout] 
[INFO] [stdout] warning: unused variable: `args`
[INFO] [stdout]   --> src/eval/handlers.rs:76:77
[INFO] [stdout]    |
[INFO] [stdout] 76 |     fn call_builtin_function(&mut self, _context: &mut Context, name: &str, args: Vec<JsonnetValue>) -> Result<JsonnetValue> {
[INFO] [stdout]    |                                                                             ^^^^ help: if this is intentional, prefix it with an underscore: `_args`
[INFO] [stdout] 
[INFO] [stdout] 
[INFO] [stdout] warning: unused variable: `args`
[INFO] [stdout]     --> src/stdlib.rs:2918:38
[INFO] [stdout]      |
[INFO] [stdout] 2918 |     pub fn call_function(name: &str, args: Vec<JsonnetValue>) -> Result<JsonnetValue> {
[INFO] [stdout]      |                                      ^^^^ help: if this is intentional, prefix it with an underscore: `_args`
[INFO] [stdout] 
[INFO] [stdout] 
[INFO] [stdout] warning: variable does not need to be mutable
[INFO] [stdout]     --> src/stdlib.rs:3266:13
[INFO] [stdout]      |
[INFO] [stdout] 3266 |         let mut result: Vec<JsonnetValue> = a.iter()
[INFO] [stdout]      |             ----^^^^^^
[INFO] [stdout]      |             |
[INFO] [stdout]      |             help: remove this `mut`
[INFO] [stdout]      |
[INFO] [stdout]      = note: `#[warn(unused_mut)]` (part of `#[warn(unused)]`) on by default
[INFO] [stdout] 
[INFO] [stdout] 
[INFO] [stdout] warning: multiple associated functions are never used
[INFO] [stdout]     --> src/stdlib.rs:1253:8
[INFO] [stdout]      |
[INFO] [stdout] 1011 | impl StdLib {
[INFO] [stdout]      | ----------- associated functions in this implementation
[INFO] [stdout] ...
[INFO] [stdout] 1253 |     fn filter(args: Vec<JsonnetValue>) -> Result<JsonnetValue> {
[INFO] [stdout]      |        ^^^^^^
[INFO] [stdout] ...
[INFO] [stdout] 1263 |     fn map(args: Vec<JsonnetValue>) -> Result<JsonnetValue> {
[INFO] [stdout]      |        ^^^
[INFO] [stdout] ...
[INFO] [stdout] 1273 |     fn foldl(args: Vec<JsonnetValue>) -> Result<JsonnetValue> {
[INFO] [stdout]      |        ^^^^^
[INFO] [stdout] ...
[INFO] [stdout] 1283 |     fn foldr(args: Vec<JsonnetValue>) -> Result<JsonnetValue> {
[INFO] [stdout]      |        ^^^^^
[INFO] [stdout] ...
[INFO] [stdout] 1301 |     fn join(args: Vec<JsonnetValue>) -> Result<JsonnetValue> {
[INFO] [stdout]      |        ^^^^
[INFO] [stdout] ...
[INFO] [stdout] 2144 |     fn all(args: Vec<JsonnetValue>) -> Result<JsonnetValue> {
[INFO] [stdout]      |        ^^^
[INFO] [stdout] ...
[INFO] [stdout] 2155 |     fn any(args: Vec<JsonnetValue>) -> Result<JsonnetValue> {
[INFO] [stdout]      |        ^^^
[INFO] [stdout]      |
[INFO] [stdout]      = note: `#[warn(dead_code)]` (part of `#[warn(unused)]`) on by default
[INFO] [stdout] 
[INFO] [stdout] 
[INFO] [stdout] warning: call to `.clone()` on a reference in this situation does nothing
[INFO] [stdout]    --> src/stdlib.rs:953:53
[INFO] [stdout]     |
[INFO] [stdout] 953 |                 result.push(JsonnetValue::string(sep.clone()));
[INFO] [stdout]     |                                                     ^^^^^^^^ help: remove this redundant call
[INFO] [stdout]     |
[INFO] [stdout]     = note: the type `str` does not implement `Clone`, so calling `clone` on `&str` copies the reference, which does not do anything and can be removed
[INFO] [stdout]     = note: `#[warn(noop_method_call)]` on by default
[INFO] [stdout] 
[INFO] [stdout] 
[INFO] [stdout] warning: call to `.clone()` on a reference in this situation does nothing
[INFO] [stdout]     --> src/stdlib.rs:3668:53
[INFO] [stdout]      |
[INFO] [stdout] 3668 |                 result.push(JsonnetValue::string(sep.clone()));
[INFO] [stdout]      |                                                     ^^^^^^^^ help: remove this redundant call
[INFO] [stdout]      |
[INFO] [stdout]      = note: the type `str` does not implement `Clone`, so calling `clone` on `&str` copies the reference, which does not do anything and can be removed
[INFO] [stdout] 
[INFO] [stdout] 
[INFO] [stderr]    Compiling kotoba-jsonnet v0.1.22 (/opt/rustwide/workdir)
[INFO] [stdout] warning: unused variable: `left`
[INFO] [stdout]   --> src/eval/handlers.rs:50:58
[INFO] [stdout]    |
[INFO] [stdout] 50 |     fn eval_binary_op(&mut self, _context: &mut Context, left: JsonnetValue, op: BinaryOp, right: JsonnetValue) -> Result<JsonnetVal...
[INFO] [stdout]    |                                                          ^^^^ help: if this is intentional, prefix it with an underscore: `_left`
[INFO] [stdout]    |
[INFO] [stdout]    = note: `#[warn(unused_variables)]` (part of `#[warn(unused)]`) on by default
[INFO] [stdout] 
[INFO] [stdout] 
[INFO] [stdout] warning: unused variable: `right`
[INFO] [stdout]   --> src/eval/handlers.rs:50:92
[INFO] [stdout]    |
[INFO] [stdout] 50 | ...sonnetValue, op: BinaryOp, right: JsonnetValue) -> Result<JsonnetValue> {
[INFO] [stdout]    |                               ^^^^^ help: if this is intentional, prefix it with an underscore: `_right`
[INFO] [stdout] 
[INFO] [stdout] 
[INFO] [stdout] warning: unused variable: `args`
[INFO] [stdout]   --> src/eval/handlers.rs:76:77
[INFO] [stdout]    |
[INFO] [stdout] 76 |     fn call_builtin_function(&mut self, _context: &mut Context, name: &str, args: Vec<JsonnetValue>) -> Result<JsonnetValue> {
[INFO] [stdout]    |                                                                             ^^^^ help: if this is intentional, prefix it with an underscore: `_args`
[INFO] [stdout] 
[INFO] [stdout] 
[INFO] [stdout] warning: unused variable: `expr`
[INFO] [stdout]    --> src/parser.rs:660:50
[INFO] [stdout]     |
[INFO] [stdout] 660 |                     Stmt::Expr(Expr::ArrayComp { expr, var, array, cond }) => {
[INFO] [stdout]     |                                                  ^^^^ help: try ignoring the field: `expr: _`
[INFO] [stdout] 
[INFO] [stdout] 
[INFO] [stdout] warning: unused variable: `array`
[INFO] [stdout]    --> src/parser.rs:660:61
[INFO] [stdout]     |
[INFO] [stdout] 660 |                     Stmt::Expr(Expr::ArrayComp { expr, var, array, cond }) => {
[INFO] [stdout]     |                                                             ^^^^^ help: try ignoring the field: `array: _`
[INFO] [stdout] 
[INFO] [stdout] 
[INFO] [stdout] warning: unused variable: `args`
[INFO] [stdout]     --> src/stdlib.rs:2918:38
[INFO] [stdout]      |
[INFO] [stdout] 2918 |     pub fn call_function(name: &str, args: Vec<JsonnetValue>) -> Result<JsonnetValue> {
[INFO] [stdout]      |                                      ^^^^ help: if this is intentional, prefix it with an underscore: `_args`
[INFO] [stdout] 
[INFO] [stdout] 
[INFO] [stdout] warning: variable does not need to be mutable
[INFO] [stdout]     --> src/stdlib.rs:3266:13
[INFO] [stdout]      |
[INFO] [stdout] 3266 |         let mut result: Vec<JsonnetValue> = a.iter()
[INFO] [stdout]      |             ----^^^^^^
[INFO] [stdout]      |             |
[INFO] [stdout]      |             help: remove this `mut`
[INFO] [stdout]      |
[INFO] [stdout]      = note: `#[warn(unused_mut)]` (part of `#[warn(unused)]`) on by default
[INFO] [stdout] 
[INFO] [stdout] 
[INFO] [stdout] warning: multiple associated functions are never used
[INFO] [stdout]     --> src/stdlib.rs:1253:8
[INFO] [stdout]      |
[INFO] [stdout] 1011 | impl StdLib {
[INFO] [stdout]      | ----------- associated functions in this implementation
[INFO] [stdout] ...
[INFO] [stdout] 1253 |     fn filter(args: Vec<JsonnetValue>) -> Result<JsonnetValue> {
[INFO] [stdout]      |        ^^^^^^
[INFO] [stdout] ...
[INFO] [stdout] 1263 |     fn map(args: Vec<JsonnetValue>) -> Result<JsonnetValue> {
[INFO] [stdout]      |        ^^^
[INFO] [stdout] ...
[INFO] [stdout] 1273 |     fn foldl(args: Vec<JsonnetValue>) -> Result<JsonnetValue> {
[INFO] [stdout]      |        ^^^^^
[INFO] [stdout] ...
[INFO] [stdout] 1283 |     fn foldr(args: Vec<JsonnetValue>) -> Result<JsonnetValue> {
[INFO] [stdout]      |        ^^^^^
[INFO] [stdout] ...
[INFO] [stdout] 1301 |     fn join(args: Vec<JsonnetValue>) -> Result<JsonnetValue> {
[INFO] [stdout]      |        ^^^^
[INFO] [stdout] ...
[INFO] [stdout] 2144 |     fn all(args: Vec<JsonnetValue>) -> Result<JsonnetValue> {
[INFO] [stdout]      |        ^^^
[INFO] [stdout] ...
[INFO] [stdout] 2155 |     fn any(args: Vec<JsonnetValue>) -> Result<JsonnetValue> {
[INFO] [stdout]      |        ^^^
[INFO] [stdout]      |
[INFO] [stdout]      = note: `#[warn(dead_code)]` (part of `#[warn(unused)]`) on by default
[INFO] [stdout] 
[INFO] [stdout] 
[INFO] [stdout] warning: call to `.clone()` on a reference in this situation does nothing
[INFO] [stdout]    --> src/stdlib.rs:953:53
[INFO] [stdout]     |
[INFO] [stdout] 953 |                 result.push(JsonnetValue::string(sep.clone()));
[INFO] [stdout]     |                                                     ^^^^^^^^ help: remove this redundant call
[INFO] [stdout]     |
[INFO] [stdout]     = note: the type `str` does not implement `Clone`, so calling `clone` on `&str` copies the reference, which does not do anything and can be removed
[INFO] [stdout]     = note: `#[warn(noop_method_call)]` on by default
[INFO] [stdout] 
[INFO] [stdout] 
[INFO] [stdout] warning: call to `.clone()` on a reference in this situation does nothing
[INFO] [stdout]     --> src/stdlib.rs:3668:53
[INFO] [stdout]      |
[INFO] [stdout] 3668 |                 result.push(JsonnetValue::string(sep.clone()));
[INFO] [stdout]      |                                                     ^^^^^^^^ help: remove this redundant call
[INFO] [stdout]      |
[INFO] [stdout]      = note: the type `str` does not implement `Clone`, so calling `clone` on `&str` copies the reference, which does not do anything and can be removed
[INFO] [stdout] 
[INFO] [stdout] 
[INFO] [stderr] warning: unused dependency `anyhow`
[INFO] [stderr]  --> Cargo.toml:1:15
[INFO] [stderr]   |
[INFO] [stderr] 1 | [dependencies.anyhow]
[INFO] [stderr]   |               ^^^^^^^
[INFO] [stderr]   |
[INFO] [stderr]   = note: `cargo::unused_dependencies` is set to `warn` by default
[INFO] [stderr] help: consider removing the dependency on `anyhow`
[INFO] [stderr] warning: unused dependency `async-trait`
[INFO] [stderr]  --> Cargo.toml:4:15
[INFO] [stderr]   |
[INFO] [stderr] 4 | [dependencies.async-trait]
[INFO] [stderr]   |               ^^^^^^^^^^^^
[INFO] [stderr]   |
[INFO] [stderr] help: consider removing the dependency on `async-trait`
[INFO] [stderr] warning: unused dependency `reqwest`
[INFO] [stderr]   --> Cargo.toml:22:15
[INFO] [stderr]    |
[INFO] [stderr] 22 | [dependencies.reqwest]
[INFO] [stderr]    |               ^^^^^^^^
[INFO] [stderr]    |
[INFO] [stderr] help: consider removing the dependency on `reqwest`
[INFO] [stderr] warning: unused dependency `uuid`
[INFO] [stderr]   --> Cargo.toml:53:15
[INFO] [stderr]    |
[INFO] [stderr] 53 | [dependencies.uuid]
[INFO] [stderr]    |               ^^^^^
[INFO] [stderr]    |
[INFO] [stderr] help: consider removing the dependency on `uuid`
[INFO] [stderr] warning: `kotoba-jsonnet` (manifest) generated 4 warnings
[INFO] [stderr]     Finished `release` profile [optimized] target(s) in 3.01s
[INFO] running `Command { std: "docker" "inspect" "3341a14c88c5bb99131130c5d7233eff3056715c7adb22fcee0bb4c60bf78137", kill_on_drop: false }`
[INFO] running `Command { std: "docker" "exec" "-e" "SOURCE_DIR=/opt/rustwide/workdir" "-e" "CARGO_HOME=/opt/rustwide/cargo-home" "-e" "RUSTUP_HOME=/opt/rustwide/rustup-home" "-e" "CARGO_TARGET_DIR=/opt/rustwide/target" "-e" "CARGO_INCREMENTAL=0" "-e" "RUST_BACKTRACE=full" "-e" "RUSTFLAGS=--cap-lints=warn" "-e" "RUSTDOCFLAGS=--cap-lints=warn" "-w" "/opt/rustwide/workdir" "--user" "0:0" "3341a14c88c5bb99131130c5d7233eff3056715c7adb22fcee0bb4c60bf78137" "/opt/rustwide/cargo-home/bin/cargo" "+1.100.0-beta.1" "test" "--frozen" "--release", kill_on_drop: false }`
[INFO] [stderr] warning: unused variable: `left`
[INFO] [stderr]   --> src/eval/handlers.rs:50:58
[INFO] [stderr]    |
[INFO] [stderr] 50 |     fn eval_binary_op(&mut self, _context: &mut Context, left: JsonnetValue, op: BinaryOp, right: JsonnetValue) -> Result<JsonnetVal...
[INFO] [stderr]    |                                                          ^^^^ help: if this is intentional, prefix it with an underscore: `_left`
[INFO] [stderr]    |
[INFO] [stderr]    = note: `#[warn(unused_variables)]` (part of `#[warn(unused)]`) on by default
[INFO] [stderr] 
[INFO] [stderr] warning: unused variable: `right`
[INFO] [stderr]   --> src/eval/handlers.rs:50:92
[INFO] [stderr]    |
[INFO] [stderr] 50 | ...sonnetValue, op: BinaryOp, right: JsonnetValue) -> Result<JsonnetValue> {
[INFO] [stderr]    |                               ^^^^^ help: if this is intentional, prefix it with an underscore: `_right`
[INFO] [stderr] 
[INFO] [stderr] warning: unused variable: `args`
[INFO] [stderr]   --> src/eval/handlers.rs:76:77
[INFO] [stderr]    |
[INFO] [stderr] 76 |     fn call_builtin_function(&mut self, _context: &mut Context, name: &str, args: Vec<JsonnetValue>) -> Result<JsonnetValue> {
[INFO] [stderr]    |                                                                             ^^^^ help: if this is intentional, prefix it with an underscore: `_args`
[INFO] [stderr] 
[INFO] [stderr] warning: unused variable: `args`
[INFO] [stderr]     --> src/stdlib.rs:2918:38
[INFO] [stderr]      |
[INFO] [stderr] 2918 |     pub fn call_function(name: &str, args: Vec<JsonnetValue>) -> Result<JsonnetValue> {
[INFO] [stderr]      |                                      ^^^^ help: if this is intentional, prefix it with an underscore: `_args`
[INFO] [stderr] 
[INFO] [stderr] warning: variable does not need to be mutable
[INFO] [stderr]     --> src/stdlib.rs:3266:13
[INFO] [stderr]      |
[INFO] [stderr] 3266 |         let mut result: Vec<JsonnetValue> = a.iter()
[INFO] [stderr]      |             ----^^^^^^
[INFO] [stderr]      |             |
[INFO] [stderr]      |             help: remove this `mut`
[INFO] [stderr]      |
[INFO] [stderr]      = note: `#[warn(unused_mut)]` (part of `#[warn(unused)]`) on by default
[INFO] [stderr] 
[INFO] [stderr] warning: multiple associated functions are never used
[INFO] [stderr]     --> src/stdlib.rs:1253:8
[INFO] [stderr]      |
[INFO] [stderr] 1011 | impl StdLib {
[INFO] [stderr]      | ----------- associated functions in this implementation
[INFO] [stderr] ...
[INFO] [stderr] 1253 |     fn filter(args: Vec<JsonnetValue>) -> Result<JsonnetValue> {
[INFO] [stderr]      |        ^^^^^^
[INFO] [stderr] ...
[INFO] [stderr] 1263 |     fn map(args: Vec<JsonnetValue>) -> Result<JsonnetValue> {
[INFO] [stderr]      |        ^^^
[INFO] [stderr] ...
[INFO] [stderr] 1273 |     fn foldl(args: Vec<JsonnetValue>) -> Result<JsonnetValue> {
[INFO] [stderr]      |        ^^^^^
[INFO] [stderr] ...
[INFO] [stderr] 1283 |     fn foldr(args: Vec<JsonnetValue>) -> Result<JsonnetValue> {
[INFO] [stderr]      |        ^^^^^
[INFO] [stderr] ...
[INFO] [stderr] 1301 |     fn join(args: Vec<JsonnetValue>) -> Result<JsonnetValue> {
[INFO] [stderr]      |        ^^^^
[INFO] [stderr] ...
[INFO] [stderr] 2144 |     fn all(args: Vec<JsonnetValue>) -> Result<JsonnetValue> {
[INFO] [stderr]      |        ^^^
[INFO] [stderr] ...
[INFO] [stderr] 2155 |     fn any(args: Vec<JsonnetValue>) -> Result<JsonnetValue> {
[INFO] [stderr]      |        ^^^
[INFO] [stderr]      |
[INFO] [stderr]      = note: `#[warn(dead_code)]` (part of `#[warn(unused)]`) on by default
[INFO] [stderr] 
[INFO] [stderr] warning: call to `.clone()` on a reference in this situation does nothing
[INFO] [stderr]    --> src/stdlib.rs:953:53
[INFO] [stderr]     |
[INFO] [stderr] 953 |                 result.push(JsonnetValue::string(sep.clone()));
[INFO] [stderr]     |                                                     ^^^^^^^^ help: remove this redundant call
[INFO] [stderr]     |
[INFO] [stderr]     = note: the type `str` does not implement `Clone`, so calling `clone` on `&str` copies the reference, which does not do anything and can be removed
[INFO] [stderr]     = note: `#[warn(noop_method_call)]` on by default
[INFO] [stderr] 
[INFO] [stderr] warning: call to `.clone()` on a reference in this situation does nothing
[INFO] [stderr]     --> src/stdlib.rs:3668:53
[INFO] [stderr]      |
[INFO] [stderr] 3668 |                 result.push(JsonnetValue::string(sep.clone()));
[INFO] [stderr]      |                                                     ^^^^^^^^ help: remove this redundant call
[INFO] [stderr]      |
[INFO] [stderr]      = note: the type `str` does not implement `Clone`, so calling `clone` on `&str` copies the reference, which does not do anything and can be removed
[INFO] [stderr] 
[INFO] [stderr] warning: unused variable: `expr`
[INFO] [stderr]    --> src/parser.rs:660:50
[INFO] [stderr]     |
[INFO] [stderr] 660 |                     Stmt::Expr(Expr::ArrayComp { expr, var, array, cond }) => {
[INFO] [stderr]     |                                                  ^^^^ help: try ignoring the field: `expr: _`
[INFO] [stderr] 
[INFO] [stderr] warning: unused variable: `array`
[INFO] [stderr]    --> src/parser.rs:660:61
[INFO] [stderr]     |
[INFO] [stderr] 660 |                     Stmt::Expr(Expr::ArrayComp { expr, var, array, cond }) => {
[INFO] [stderr]     |                                                             ^^^^^ help: try ignoring the field: `array: _`
[INFO] [stderr] 
[INFO] [stderr] warning: `kotoba-jsonnet` (lib) generated 8 warnings (run `cargo fix --lib -p kotoba-jsonnet` to apply 7 suggestions)
[INFO] [stderr] warning: `kotoba-jsonnet` (lib test) generated 10 warnings (8 duplicates) (run `cargo fix --lib -p kotoba-jsonnet --tests` to apply 2 suggestions)
[INFO] [stderr] warning: unused dependency `anyhow`
[INFO] [stderr]  --> Cargo.toml:1:15
[INFO] [stderr]   |
[INFO] [stderr] 1 | [dependencies.anyhow]
[INFO] [stderr]   |               ^^^^^^^
[INFO] [stderr]   |
[INFO] [stderr]   = note: `cargo::unused_dependencies` is set to `warn` by default
[INFO] [stderr] help: consider removing the dependency on `anyhow`
[INFO] [stderr] warning: unused dependency `async-trait`
[INFO] [stderr]  --> Cargo.toml:4:15
[INFO] [stderr]   |
[INFO] [stderr] 4 | [dependencies.async-trait]
[INFO] [stderr]   |               ^^^^^^^^^^^^
[INFO] [stderr]   |
[INFO] [stderr] help: consider removing the dependency on `async-trait`
[INFO] [stderr] warning: unused dependency `reqwest`
[INFO] [stderr]   --> Cargo.toml:22:15
[INFO] [stderr]    |
[INFO] [stderr] 22 | [dependencies.reqwest]
[INFO] [stderr]    |               ^^^^^^^^
[INFO] [stderr]    |
[INFO] [stderr] help: consider removing the dependency on `reqwest`
[INFO] [stderr] warning: unused dependency `uuid`
[INFO] [stderr]   --> Cargo.toml:53:15
[INFO] [stderr]    |
[INFO] [stderr] 53 | [dependencies.uuid]
[INFO] [stderr]    |               ^^^^^
[INFO] [stderr]    |
[INFO] [stderr] help: consider removing the dependency on `uuid`
[INFO] [stderr] warning: `kotoba-jsonnet` (manifest) generated 4 warnings
[INFO] [stderr]     Finished `release` profile [optimized] target(s) in 0.09s
[INFO] [stderr]      Running unittests src/lib.rs (/opt/rustwide/target/release/build/kotoba-jsonnet/902aec109d797fec/out/kotoba_jsonnet-902aec109d797fec)
[INFO] [stdout] 
[INFO] [stdout] running 53 tests
[INFO] [stdout] test lexer::tests::test_identifiers ... ok
[INFO] [stdout] test lexer::tests::test_basic_tokens ... ok
[INFO] [stdout] test lexer::tests::test_keywords ... ok
[INFO] [stdout] test lexer::tests::test_numbers ... ok
[INFO] [stdout] test lexer::tests::test_operators ... ok
[INFO] [stdout] test lexer::tests::test_punctuation ... ok
[INFO] [stdout] test lexer::tests::test_strings ... ok
[INFO] [stdout] test lexer::tests::test_whitespace_and_comments ... ok
[INFO] [stdout] test parser::tests::test_parse_array ... ok
[INFO] [stdout] test parser::tests::test_parse_array_comprehension ... ok
[INFO] [stdout] test parser::tests::test_parse_binary_op ... ok
[INFO] [stdout] test parser::tests::test_parse_boolean ... ok
[INFO] [stdout] test parser::tests::test_parse_conditional ... ok
[INFO] [stdout] test parser::tests::test_parse_null ... ok
[INFO] [stdout] test parser::tests::test_parse_number ... ok
[INFO] [stdout] test parser::tests::test_parse_object ... ok
[INFO] [stdout] test parser::tests::test_parse_object_quoted_fields ... ok
[INFO] [stdout] test parser::tests::test_parse_string ... ok
[INFO] [stdout] test tests::test_arithmetic ... FAILED
[INFO] [stdout] test tests::test_array_creation ... FAILED
[INFO] [stdout] test tests::test_array_find ... FAILED
[INFO] [stdout] test tests::test_array_comprehension ... FAILED
[INFO] [stdout] test tests::test_array_predicates ... FAILED
[INFO] [stdout] test tests::test_local_variables ... FAILED
[INFO] [stdout] test tests::test_comparison_operators ... FAILED
[INFO] [stdout] test tests::test_number_evaluation ... FAILED
[INFO] [stdout] test tests::test_basic_evaluation ... FAILED
[INFO] [stdout] test tests::test_object_field_access ... FAILED
[INFO] [stdout] test tests::test_complex_expressions ... FAILED
[INFO] [stdout] test tests::test_boolean_evaluation ... FAILED
[INFO] [stdout] test tests::test_core_functions ... FAILED
[INFO] [stdout] test tests::test_phase6_final_touches ... FAILED
[INFO] [stdout] test tests::test_set_functions ... FAILED
[INFO] [stdout] test tests::test_stdlib_functions ... FAILED
[INFO] [stdout] test tests::test_hash_functions ... FAILED
[INFO] [stdout] test tests::test_local_expressions ... FAILED
[INFO] [stdout] test tests::test_ascii_case_functions ... FAILED
[INFO] [stdout] test tests::test_logical_operators ... FAILED
[INFO] [stdout] test tests::test_null_evaluation ... FAILED
[INFO] [stdout] test tests::test_array_index_access ... FAILED
[INFO] [stdout] test tests::test_object_creation ... FAILED
[INFO] [stdout] test tests::test_conditional ... FAILED
[INFO] [stdout] test tests::test_phase4_advanced_features ... FAILED
[INFO] [stdout] test tests::test_phase5_remaining_core ... FAILED
[INFO] [stdout] test tests::test_extended_array_string_functions ... FAILED
[INFO] [stdout] test tests::test_function_calls ... FAILED
[INFO] [stdout] test tests::test_stdlib_length ... FAILED
[INFO] [stdout] test tests::test_function_definition ... FAILED
[INFO] [stdout] test tests::test_string_interpolation ... FAILED
[INFO] [stdout] test tests::test_string_interpolation_complex ... FAILED
[INFO] [stdout] test tests::test_string_utilities ... FAILED
[INFO] [stdout] test tests::test_to_json ... FAILED
[INFO] [stdout] test tests::test_trace_function ... FAILED
[INFO] [stdout] 
[INFO] [stdout] failures:
[INFO] [stderr] error: test failed, to rerun pass `--lib`
[INFO] [stdout] 
[INFO] [stdout] ---- tests::test_arithmetic stdout ----
[INFO] [stdout] 
[INFO] [stdout] thread 'tests::test_arithmetic' (1860) panicked at src/lib.rs:165:13:
[INFO] [stdout] Expected number value
[INFO] [stdout] stack backtrace:
[INFO] [stdout]    0:     0x576707917fa1 - <<std[617be2ca0a6fd877]::sys::backtrace::BacktraceLock>::print::DisplayBacktrace as core[a373ad73a504971]::fmt::Display>::fmt
[INFO] [stdout]    1:     0x57670792d10a - core[a373ad73a504971]::fmt::write
[INFO] [stdout]    2:     0x57670791c1bc - <alloc[2e1b2a31b91974c5]::vec::Vec<u8> as core[a373ad73a504971]::io::write::Write>::write_fmt
[INFO] [stdout]    3:     0x5767078f4406 - std[617be2ca0a6fd877]::panicking::default_hook::{closure#0}
[INFO] [stdout]    4:     0x576707910639 - std[617be2ca0a6fd877]::panicking::default_hook
[INFO] [stdout]    5:     0x5767078aaaf0 - test[aada8e7e76ba119b]::test_main_inner::{closure#0}
[INFO] [stdout]    6:     0x5767079107f2 - std[617be2ca0a6fd877]::panicking::panic_with_hook
[INFO] [stdout]    7:     0x5767078f44e4 - std[617be2ca0a6fd877]::panicking::panic_handler::{closure#0}
[INFO] [stdout]    8:     0x5767078ed1c9 - std[617be2ca0a6fd877]::sys::backtrace::__rust_end_short_backtrace::<std[617be2ca0a6fd877]::panicking::panic_handler::{closure#0}, !>
[INFO] [stdout]    9:     0x5767078f50bd - __rustc[ea4f61d10b84890b]::rust_begin_unwind
[INFO] [stdout]   10:     0x57670792d83c - core[a373ad73a504971]::panicking::panic_fmt
[INFO] [stdout]   11:     0x576707875d22 - <kotoba_jsonnet[e4eba29a7de8801b]::tests::test_arithmetic::{closure#0} as core[a373ad73a504971]::ops::function::FnOnce<()>>::call_once
[INFO] [stdout]   12:     0x57670789df3b - test[aada8e7e76ba119b]::__rust_begin_short_backtrace::<core[a373ad73a504971]::result::Result<(), alloc[2e1b2a31b91974c5]::string::String>, fn() -> core[a373ad73a504971]::result::Result<(), alloc[2e1b2a31b91974c5]::string::String>>
[INFO] [stdout]   13:     0x5767078ab115 - test[aada8e7e76ba119b]::run_test::{closure#0}
[INFO] [stdout]   14:     0x5767078a4a04 - std[617be2ca0a6fd877]::sys::backtrace::__rust_begin_short_backtrace::<test[aada8e7e76ba119b]::run_test::{closure#1}, ()>
[INFO] [stdout]   15:     0x5767078ae1a2 - <std[617be2ca0a6fd877]::thread::lifecycle::spawn_unchecked<test[aada8e7e76ba119b]::run_test::{closure#1}, ()>::{closure#1} as core[a373ad73a504971]::ops::function::FnOnce<()>>::call_once::{shim:vtable#0}
[INFO] [stdout]   16:     0x5767079177ff - <std[617be2ca0a6fd877]::sys::thread::unix::Thread>::new::thread_start
[INFO] [stdout]   17:     0x7b43beb5bdfa - <unknown>
[INFO] [stdout]   18:     0x7b43bebef3d4 - clone
[INFO] [stdout]   19:                0x0 - <unknown>
[INFO] [stdout] 
[INFO] [stdout] ---- tests::test_array_creation stdout ----
[INFO] [stdout] 
[INFO] [stdout] thread 'tests::test_array_creation' (1862) panicked at src/lib.rs:276:13:
[INFO] [stdout] Expected array value
[INFO] [stdout] stack backtrace:
[INFO] [stdout]    0:     0x576707917fa1 - <<std[617be2ca0a6fd877]::sys::backtrace::BacktraceLock>::print::DisplayBacktrace as core[a373ad73a504971]::fmt::Display>::fmt
[INFO] [stdout]    1:     0x57670792d10a - core[a373ad73a504971]::fmt::write
[INFO] [stdout]    2:     0x57670791c1bc - <alloc[2e1b2a31b91974c5]::vec::Vec<u8> as core[a373ad73a504971]::io::write::Write>::write_fmt
[INFO] [stdout]    3:     0x5767078f4406 - std[617be2ca0a6fd877]::panicking::default_hook::{closure#0}
[INFO] [stdout]    4:     0x576707910639 - std[617be2ca0a6fd877]::panicking::default_hook
[INFO] [stdout]    5:     0x5767078aaaf0 - test[aada8e7e76ba119b]::test_main_inner::{closure#0}
[INFO] [stdout]    6:     0x5767079107f2 - std[617be2ca0a6fd877]::panicking::panic_with_hook
[INFO] [stdout]    7:     0x5767078f44e4 - std[617be2ca0a6fd877]::panicking::panic_handler::{closure#0}
[INFO] [stdout]    8:     0x5767078ed1c9 - std[617be2ca0a6fd877]::sys::backtrace::__rust_end_short_backtrace::<std[617be2ca0a6fd877]::panicking::panic_handler::{closure#0}, !>
[INFO] [stdout]    9:     0x5767078f50bd - __rustc[ea4f61d10b84890b]::rust_begin_unwind
[INFO] [stdout]   10:     0x57670792d83c - core[a373ad73a504971]::panicking::panic_fmt
[INFO] [stdout]   11:     0x57670787752e - <kotoba_jsonnet[e4eba29a7de8801b]::tests::test_array_creation::{closure#0} as core[a373ad73a504971]::ops::function::FnOnce<()>>::call_once
[INFO] [stdout]   12:     0x57670789df3b - test[aada8e7e76ba119b]::__rust_begin_short_backtrace::<core[a373ad73a504971]::result::Result<(), alloc[2e1b2a31b91974c5]::string::String>, fn() -> core[a373ad73a504971]::result::Result<(), alloc[2e1b2a31b91974c5]::string::String>>
[INFO] [stdout]   13:     0x5767078ab115 - test[aada8e7e76ba119b]::run_test::{closure#0}
[INFO] [stdout]   14:     0x5767078a4a04 - std[617be2ca0a6fd877]::sys::backtrace::__rust_begin_short_backtrace::<test[aada8e7e76ba119b]::run_test::{closure#1}, ()>
[INFO] [stdout]   15:     0x5767078ae1a2 - <std[617be2ca0a6fd877]::thread::lifecycle::spawn_unchecked<test[aada8e7e76ba119b]::run_test::{closure#1}, ()>::{closure#1} as core[a373ad73a504971]::ops::function::FnOnce<()>>::call_once::{shim:vtable#0}
[INFO] [stdout]   16:     0x5767079177ff - <std[617be2ca0a6fd877]::sys::thread::unix::Thread>::new::thread_start
[INFO] [stdout]   17:     0x7b43beb5bdfa - <unknown>
[INFO] [stdout]   18:     0x7b43bebef3d4 - clone
[INFO] [stdout]   19:                0x0 - <unknown>
[INFO] [stdout] 
[INFO] [stdout] ---- tests::test_array_find stdout ----
[INFO] [stdout] find result: Ok(String("std.find([1, 2, 3, 2, 1], 2)"))
[INFO] [stdout] 
[INFO] [stdout] thread 'tests::test_array_find' (1863) panicked at src/lib.rs:440:13:
[INFO] [stdout] Expected array value
[INFO] [stdout] stack backtrace:
[INFO] [stdout]    0:     0x576707917fa1 - <<std[617be2ca0a6fd877]::sys::backtrace::BacktraceLock>::print::DisplayBacktrace as core[a373ad73a504971]::fmt::Display>::fmt
[INFO] [stdout]    1:     0x57670792d10a - core[a373ad73a504971]::fmt::write
[INFO] [stdout]    2:     0x57670791c1bc - <alloc[2e1b2a31b91974c5]::vec::Vec<u8> as core[a373ad73a504971]::io::write::Write>::write_fmt
[INFO] [stdout]    3:     0x5767078f4406 - std[617be2ca0a6fd877]::panicking::default_hook::{closure#0}
[INFO] [stdout]    4:     0x576707910639 - std[617be2ca0a6fd877]::panicking::default_hook
[INFO] [stdout]    5:     0x5767078aaaf0 - test[aada8e7e76ba119b]::test_main_inner::{closure#0}
[INFO] [stdout]    6:     0x5767079107f2 - std[617be2ca0a6fd877]::panicking::panic_with_hook
[INFO] [stdout]    7:     0x5767078f44e4 - std[617be2ca0a6fd877]::panicking::panic_handler::{closure#0}
[INFO] [stdout]    8:     0x5767078ed1c9 - std[617be2ca0a6fd877]::sys::backtrace::__rust_end_short_backtrace::<std[617be2ca0a6fd877]::panicking::panic_handler::{closure#0}, !>
[INFO] [stdout]    9:     0x5767078f50bd - __rustc[ea4f61d10b84890b]::rust_begin_unwind
[INFO] [stdout]   10:     0x57670792d83c - core[a373ad73a504971]::panicking::panic_fmt
[INFO] [stdout]   11:     0x57670787606b - <kotoba_jsonnet[e4eba29a7de8801b]::tests::test_array_find::{closure#0} as core[a373ad73a504971]::ops::function::FnOnce<()>>::call_once
[INFO] [stdout]   12:     0x57670789df3b - test[aada8e7e76ba119b]::__rust_begin_short_backtrace::<core[a373ad73a504971]::result::Result<(), alloc[2e1b2a31b91974c5]::string::String>, fn() -> core[a373ad73a504971]::result::Result<(), alloc[2e1b2a31b91974c5]::string::String>>
[INFO] [stdout]   13:     0x5767078ab115 - test[aada8e7e76ba119b]::run_test::{closure#0}
[INFO] [stdout]   14:     0x5767078a4a04 - std[617be2ca0a6fd877]::sys::backtrace::__rust_begin_short_backtrace::<test[aada8e7e76ba119b]::run_test::{closure#1}, ()>
[INFO] [stdout]   15:     0x5767078ae1a2 - <std[617be2ca0a6fd877]::thread::lifecycle::spawn_unchecked<test[aada8e7e76ba119b]::run_test::{closure#1}, ()>::{closure#1} as core[a373ad73a504971]::ops::function::FnOnce<()>>::call_once::{shim:vtable#0}
[INFO] [stdout]   16:     0x5767079177ff - <std[617be2ca0a6fd877]::sys::thread::unix::Thread>::new::thread_start
[INFO] [stdout]   17:     0x7b43beb5bdfa - <unknown>
[INFO] [stdout]   18:     0x7b43bebef3d4 - clone
[INFO] [stdout]   19:                0x0 - <unknown>
[INFO] [stdout] 
[INFO] [stdout] ---- tests::test_array_comprehension stdout ----
[INFO] [stdout] 
[INFO] [stdout] thread 'tests::test_array_comprehension' (1861) panicked at src/lib.rs:314:13:
[INFO] [stdout] Expected array value
[INFO] [stdout] stack backtrace:
[INFO] [stdout]    0:     0x576707917fa1 - <<std[617be2ca0a6fd877]::sys::backtrace::BacktraceLock>::print::DisplayBacktrace as core[a373ad73a504971]::fmt::Display>::fmt
[INFO] [stdout]    1:     0x57670792d10a - core[a373ad73a504971]::fmt::write
[INFO] [stdout]    2:     0x57670791c1bc - <alloc[2e1b2a31b91974c5]::vec::Vec<u8> as core[a373ad73a504971]::io::write::Write>::write_fmt
[INFO] [stdout]    3:     0x5767078f4406 - std[617be2ca0a6fd877]::panicking::default_hook::{closure#0}
[INFO] [stdout]    4:     0x576707910639 - std[617be2ca0a6fd877]::panicking::default_hook
[INFO] [stdout]    5:     0x5767078aaaf0 - test[aada8e7e76ba119b]::test_main_inner::{closure#0}
[INFO] [stdout]    6:     0x5767079107f2 - std[617be2ca0a6fd877]::panicking::panic_with_hook
[INFO] [stdout]    7:     0x5767078f44e4 - std[617be2ca0a6fd877]::panicking::panic_handler::{closure#0}
[INFO] [stdout]    8:     0x5767078ed1c9 - std[617be2ca0a6fd877]::sys::backtrace::__rust_end_short_backtrace::<std[617be2ca0a6fd877]::panicking::panic_handler::{closure#0}, !>
[INFO] [stdout]    9:     0x5767078f50bd - __rustc[ea4f61d10b84890b]::rust_begin_unwind
[INFO] [stdout]   10:     0x57670792d83c - core[a373ad73a504971]::panicking::panic_fmt
[INFO] [stdout]   11:     0x57670787cc59 - <kotoba_jsonnet[e4eba29a7de8801b]::tests::test_array_comprehension::{closure#0} as core[a373ad73a504971]::ops::function::FnOnce<()>>::call_once
[INFO] [stdout]   12:     0x57670789df3b - test[aada8e7e76ba119b]::__rust_begin_short_backtrace::<core[a373ad73a504971]::result::Result<(), alloc[2e1b2a31b91974c5]::string::String>, fn() -> core[a373ad73a504971]::result::Result<(), alloc[2e1b2a31b91974c5]::string::String>>
[INFO] [stdout]   13:     0x5767078ab115 - test[aada8e7e76ba119b]::run_test::{closure#0}
[INFO] [stdout]   14:     0x5767078a4a04 - std[617be2ca0a6fd877]::sys::backtrace::__rust_begin_short_backtrace::<test[aada8e7e76ba119b]::run_test::{closure#1}, ()>
[INFO] [stdout]   15:     0x5767078ae1a2 - <std[617be2ca0a6fd877]::thread::lifecycle::spawn_unchecked<test[aada8e7e76ba119b]::run_test::{closure#1}, ()>::{closure#1} as core[a373ad73a504971]::ops::function::FnOnce<()>>::call_once::{shim:vtable#0}
[INFO] [stdout]   16:     0x5767079177ff - <std[617be2ca0a6fd877]::sys::thread::unix::Thread>::new::thread_start
[INFO] [stdout]   17:     0x7b43beb5bdfa - <unknown>
[INFO] [stdout]   18:     0x7b43bebef3d4 - clone
[INFO] [stdout]   19:                0x0 - <unknown>
[INFO] [stdout] 
[INFO] [stdout] ---- tests::test_array_predicates stdout ----
[INFO] [stdout] all result: Ok(String("std.all([true, true, true])"))
[INFO] [stdout] 
[INFO] [stdout] thread 'tests::test_array_predicates' (1865) panicked at src/lib.rs:465:9:
[INFO] [stdout] assertion `left == right` failed
[INFO] [stdout]   left: String("std.all([true, true, true])")
[INFO] [stdout]  right: Boolean(true)
[INFO] [stdout] stack backtrace:
[INFO] [stdout]    0:     0x576707917fa1 - <<std[617be2ca0a6fd877]::sys::backtrace::BacktraceLock>::print::DisplayBacktrace as core[a373ad73a504971]::fmt::Display>::fmt
[INFO] [stdout]    1:     0x57670792d10a - core[a373ad73a504971]::fmt::write
[INFO] [stdout]    2:     0x57670791c1bc - <alloc[2e1b2a31b91974c5]::vec::Vec<u8> as core[a373ad73a504971]::io::write::Write>::write_fmt
[INFO] [stdout]    3:     0x5767078f4406 - std[617be2ca0a6fd877]::panicking::default_hook::{closure#0}
[INFO] [stdout]    4:     0x576707910639 - std[617be2ca0a6fd877]::panicking::default_hook
[INFO] [stdout]    5:     0x5767078aaaf0 - test[aada8e7e76ba119b]::test_main_inner::{closure#0}
[INFO] [stdout]    6:     0x5767079107f2 - std[617be2ca0a6fd877]::panicking::panic_with_hook
[INFO] [stdout]    7:     0x5767078f44b2 - std[617be2ca0a6fd877]::panicking::panic_handler::{closure#0}
[INFO] [stdout]    8:     0x5767078ed1c9 - std[617be2ca0a6fd877]::sys::backtrace::__rust_end_short_backtrace::<std[617be2ca0a6fd877]::panicking::panic_handler::{closure#0}, !>
[INFO] [stdout]    9:     0x5767078f50bd - __rustc[ea4f61d10b84890b]::rust_begin_unwind
[INFO] [stdout]   10:     0x57670792d83c - core[a373ad73a504971]::panicking::panic_fmt
[INFO] [stdout]   11:     0x57670792d753 - core[a373ad73a504971]::panicking::assert_failed_inner
[INFO] [stdout]   12:     0x5767078992ae - core[a373ad73a504971]::panicking::assert_failed::<kotoba_jsonnet[e4eba29a7de8801b]::value::JsonnetValue, kotoba_jsonnet[e4eba29a7de8801b]::value::JsonnetValue>
[INFO] [stdout]   13:     0x57670787a2c3 - <kotoba_jsonnet[e4eba29a7de8801b]::tests::test_array_predicates::{closure#0} as core[a373ad73a504971]::ops::function::FnOnce<()>>::call_once
[INFO] [stdout]   14:     0x57670789df3b - test[aada8e7e76ba119b]::__rust_begin_short_backtrace::<core[a373ad73a504971]::result::Result<(), alloc[2e1b2a31b91974c5]::string::String>, fn() -> core[a373ad73a504971]::result::Result<(), alloc[2e1b2a31b91974c5]::string::String>>
[INFO] [stdout]   15:     0x5767078ab115 - test[aada8e7e76ba119b]::run_test::{closure#0}
[INFO] [stdout]   16:     0x5767078a4a04 - std[617be2ca0a6fd877]::sys::backtrace::__rust_begin_short_backtrace::<test[aada8e7e76ba119b]::run_test::{closure#1}, ()>
[INFO] [stdout]   17:     0x5767078ae1a2 - <std[617be2ca0a6fd877]::thread::lifecycle::spawn_unchecked<test[aada8e7e76ba119b]::run_test::{closure#1}, ()>::{closure#1} as core[a373ad73a504971]::ops::function::FnOnce<()>>::call_once::{shim:vtable#0}
[INFO] [stdout]   18:     0x5767079177ff - <std[617be2ca0a6fd877]::sys::thread::unix::Thread>::new::thread_start
[INFO] [stdout]   19:     0x7b43beb5bdfa - <unknown>
[INFO] [stdout]   20:     0x7b43bebef3d4 - clone
[INFO] [stdout]   21:                0x0 - <unknown>
[INFO] [stdout] 
[INFO] [stdout] ---- tests::test_local_variables stdout ----
[INFO] [stdout] 
[INFO] [stdout] thread 'tests::test_local_variables' (1878) panicked at src/lib.rs:131:13:
[INFO] [stdout] Expected number value
[INFO] [stdout] stack backtrace:
[INFO] [stdout]    0:     0x576707917fa1 - <<std[617be2ca0a6fd877]::sys::backtrace::BacktraceLock>::print::DisplayBacktrace as core[a373ad73a504971]::fmt::Display>::fmt
[INFO] [stdout]    1:     0x57670792d10a - core[a373ad73a504971]::fmt::write
[INFO] [stdout]    2:     0x57670791c1bc - <alloc[2e1b2a31b91974c5]::vec::Vec<u8> as core[a373ad73a504971]::io::write::Write>::write_fmt
[INFO] [stdout]    3:     0x5767078f4406 - std[617be2ca0a6fd877]::panicking::default_hook::{closure#0}
[INFO] [stdout]    4:     0x576707910639 - std[617be2ca0a6fd877]::panicking::default_hook
[INFO] [stdout]    5:     0x5767078aaaf0 - test[aada8e7e76ba119b]::test_main_inner::{closure#0}
[INFO] [stdout]    6:     0x5767079107f2 - std[617be2ca0a6fd877]::panicking::panic_with_hook
[INFO] [stdout]    7:     0x5767078f44e4 - std[617be2ca0a6fd877]::panicking::panic_handler::{closure#0}
[INFO] [stdout]    8:     0x5767078ed1c9 - std[617be2ca0a6fd877]::sys::backtrace::__rust_end_short_backtrace::<std[617be2ca0a6fd877]::panicking::panic_handler::{closure#0}, !>
[INFO] [stdout]    9:     0x5767078f50bd - __rustc[ea4f61d10b84890b]::rust_begin_unwind
[INFO] [stdout]   10:     0x57670792d83c - core[a373ad73a504971]::panicking::panic_fmt
[INFO] [stdout]   11:     0x57670787980f - <kotoba_jsonnet[e4eba29a7de8801b]::tests::test_local_variables::{closure#0} as core[a373ad73a504971]::ops::function::FnOnce<()>>::call_once
[INFO] [stdout]   12:     0x57670789df3b - test[aada8e7e76ba119b]::__rust_begin_short_backtrace::<core[a373ad73a504971]::result::Result<(), alloc[2e1b2a31b91974c5]::string::String>, fn() -> core[a373ad73a504971]::result::Result<(), alloc[2e1b2a31b91974c5]::string::String>>
[INFO] [stdout]   13:     0x5767078ab115 - test[aada8e7e76ba119b]::run_test::{closure#0}
[INFO] [stdout]   14:     0x5767078a4a04 - std[617be2ca0a6fd877]::sys::backtrace::__rust_begin_short_backtrace::<test[aada8e7e76ba119b]::run_test::{closure#1}, ()>
[INFO] [stdout]   15:     0x5767078ae1a2 - <std[617be2ca0a6fd877]::thread::lifecycle::spawn_unchecked<test[aada8e7e76ba119b]::run_test::{closure#1}, ()>::{closure#1} as core[a373ad73a504971]::ops::function::FnOnce<()>>::call_once::{shim:vtable#0}
[INFO] [stdout]   16:     0x5767079177ff - <std[617be2ca0a6fd877]::sys::thread::unix::Thread>::new::thread_start
[INFO] [stdout]   17:     0x7b43beb5bdfa - <unknown>
[INFO] [stdout]   18:     0x7b43bebef3d4 - clone
[INFO] [stdout]   19:                0x0 - <unknown>
[INFO] [stdout] 
[INFO] [stdout] ---- tests::test_comparison_operators stdout ----
[INFO] [stdout] 
[INFO] [stdout] thread 'tests::test_comparison_operators' (1869) panicked at src/lib.rs:174:9:
[INFO] [stdout] assertion `left == right` failed
[INFO] [stdout]   left: String("5 == 5")
[INFO] [stdout]  right: Boolean(true)
[INFO] [stdout] stack backtrace:
[INFO] [stdout]    0:     0x576707917fa1 - <<std[617be2ca0a6fd877]::sys::backtrace::BacktraceLock>::print::DisplayBacktrace as core[a373ad73a504971]::fmt::Display>::fmt
[INFO] [stdout]    1:     0x57670792d10a - core[a373ad73a504971]::fmt::write
[INFO] [stdout]    2:     0x57670791c1bc - <alloc[2e1b2a31b91974c5]::vec::Vec<u8> as core[a373ad73a504971]::io::write::Write>::write_fmt
[INFO] [stdout]    3:     0x5767078f4406 - std[617be2ca0a6fd877]::panicking::default_hook::{closure#0}
[INFO] [stdout]    4:     0x576707910639 - std[617be2ca0a6fd877]::panicking::default_hook
[INFO] [stdout]    5:     0x5767078aaaf0 - test[aada8e7e76ba119b]::test_main_inner::{closure#0}
[INFO] [stdout]    6:     0x5767079107f2 - std[617be2ca0a6fd877]::panicking::panic_with_hook
[INFO] [stdout]    7:     0x5767078f44b2 - std[617be2ca0a6fd877]::panicking::panic_handler::{closure#0}
[INFO] [stdout]    8:     0x5767078ed1c9 - std[617be2ca0a6fd877]::sys::backtrace::__rust_end_short_backtrace::<std[617be2ca0a6fd877]::panicking::panic_handler::{closure#0}, !>
[INFO] [stdout]    9:     0x5767078f50bd - __rustc[ea4f61d10b84890b]::rust_begin_unwind
[INFO] [stdout]   10:     0x57670792d83c - core[a373ad73a504971]::panicking::panic_fmt
[INFO] [stdout]   11:     0x57670792d753 - core[a373ad73a504971]::panicking::assert_failed_inner
[INFO] [stdout]   12:     0x5767078992ae - core[a373ad73a504971]::panicking::assert_failed::<kotoba_jsonnet[e4eba29a7de8801b]::value::JsonnetValue, kotoba_jsonnet[e4eba29a7de8801b]::value::JsonnetValue>
[INFO] [stdout]   13:     0x57670787ec27 - <kotoba_jsonnet[e4eba29a7de8801b]::tests::test_comparison_operators::{closure#0} as core[a373ad73a504971]::ops::function::FnOnce<()>>::call_once
[INFO] [stdout]   14:     0x57670789df3b - test[aada8e7e76ba119b]::__rust_begin_short_backtrace::<core[a373ad73a504971]::result::Result<(), alloc[2e1b2a31b91974c5]::string::String>, fn() -> core[a373ad73a504971]::result::Result<(), alloc[2e1b2a31b91974c5]::string::String>>
[INFO] [stdout]   15:     0x5767078ab115 - test[aada8e7e76ba119b]::run_test::{closure#0}
[INFO] [stdout]   16:     0x5767078a4a04 - std[617be2ca0a6fd877]::sys::backtrace::__rust_begin_short_backtrace::<test[aada8e7e76ba119b]::run_test::{closure#1}, ()>
[INFO] [stdout]   17:     0x5767078ae1a2 - <std[617be2ca0a6fd877]::thread::lifecycle::spawn_unchecked<test[aada8e7e76ba119b]::run_test::{closure#1}, ()>::{closure#1} as core[a373ad73a504971]::ops::function::FnOnce<()>>::call_once::{shim:vtable#0}
[INFO] [stdout]   18:     0x5767079177ff - <std[617be2ca0a6fd877]::sys::thread::unix::Thread>::new::thread_start
[INFO] [stdout]   19:     0x7b43beb5bdfa - <unknown>
[INFO] [stdout]   20:     0x7b43bebef3d4 - clone
[INFO] [stdout]   21:                0x0 - <unknown>
[INFO] [stdout] 
[INFO] [stdout] ---- tests::test_number_evaluation stdout ----
[INFO] [stdout] 
[INFO] [stdout] thread 'tests::test_number_evaluation' (1881) panicked at src/lib.rs:103:13:
[INFO] [stdout] Expected number value
[INFO] [stdout] stack backtrace:
[INFO] [stdout]    0:     0x576707917fa1 - <<std[617be2ca0a6fd877]::sys::backtrace::BacktraceLock>::print::DisplayBacktrace as core[a373ad73a504971]::fmt::Display>::fmt
[INFO] [stdout]    1:     0x57670792d10a - core[a373ad73a504971]::fmt::write
[INFO] [stdout]    2:     0x57670791c1bc - <alloc[2e1b2a31b91974c5]::vec::Vec<u8> as core[a373ad73a504971]::io::write::Write>::write_fmt
[INFO] [stdout]    3:     0x5767078f4406 - std[617be2ca0a6fd877]::panicking::default_hook::{closure#0}
[INFO] [stdout]    4:     0x576707910639 - std[617be2ca0a6fd877]::panicking::default_hook
[INFO] [stdout]    5:     0x5767078aaaf0 - test[aada8e7e76ba119b]::test_main_inner::{closure#0}
[INFO] [stdout]    6:     0x5767079107f2 - std[617be2ca0a6fd877]::panicking::panic_with_hook
[INFO] [stdout]    7:     0x5767078f44e4 - std[617be2ca0a6fd877]::panicking::panic_handler::{closure#0}
[INFO] [stdout]    8:     0x5767078ed1c9 - std[617be2ca0a6fd877]::sys::backtrace::__rust_end_short_backtrace::<std[617be2ca0a6fd877]::panicking::panic_handler::{closure#0}, !>
[INFO] [stdout]    9:     0x5767078f50bd - __rustc[ea4f61d10b84890b]::rust_begin_unwind
[INFO] [stdout]   10:     0x57670792d83c - core[a373ad73a504971]::panicking::panic_fmt
[INFO] [stdout]   11:     0x57670787c0f2 - <kotoba_jsonnet[e4eba29a7de8801b]::tests::test_number_evaluation::{closure#0} as core[a373ad73a504971]::ops::function::FnOnce<()>>::call_once
[INFO] [stdout]   12:     0x57670789df3b - test[aada8e7e76ba119b]::__rust_begin_short_backtrace::<core[a373ad73a504971]::result::Result<(), alloc[2e1b2a31b91974c5]::string::String>, fn() -> core[a373ad73a504971]::result::Result<(), alloc[2e1b2a31b91974c5]::string::String>>
[INFO] [stdout]   13:     0x5767078ab115 - test[aada8e7e76ba119b]::run_test::{closure#0}
[INFO] [stdout]   14:     0x5767078a4a04 - std[617be2ca0a6fd877]::sys::backtrace::__rust_begin_short_backtrace::<test[aada8e7e76ba119b]::run_test::{closure#1}, ()>
[INFO] [stdout]   15:     0x5767078ae1a2 - <std[617be2ca0a6fd877]::thread::lifecycle::spawn_unchecked<test[aada8e7e76ba119b]::run_test::{closure#1}, ()>::{closure#1} as core[a373ad73a504971]::ops::function::FnOnce<()>>::call_once::{shim:vtable#0}
[INFO] [stdout]   16:     0x5767079177ff - <std[617be2ca0a6fd877]::sys::thread::unix::Thread>::new::thread_start
[INFO] [stdout]   17:     0x7b43beb5bdfa - <unknown>
[INFO] [stdout]   18:     0x7b43bebef3d4 - clone
[INFO] [stdout]   19:                0x0 - <unknown>
[INFO] [stdout] 
[INFO] [stdout] ---- tests::test_basic_evaluation stdout ----
[INFO] [stdout] 
[INFO] [stdout] thread 'tests::test_basic_evaluation' (1867) panicked at src/lib.rs:90:13:
[INFO] [stdout] assertion `left == right` failed
[INFO] [stdout]   left: "\"Hello, World!\""
[INFO] [stdout]  right: "Hello, World!"
[INFO] [stdout] stack backtrace:
[INFO] [stdout]    0:     0x576707917fa1 - <<std[617be2ca0a6fd877]::sys::backtrace::BacktraceLock>::print::DisplayBacktrace as core[a373ad73a504971]::fmt::Display>::fmt
[INFO] [stdout]    1:     0x57670792d10a - core[a373ad73a504971]::fmt::write
[INFO] [stdout]    2:     0x57670791c1bc - <alloc[2e1b2a31b91974c5]::vec::Vec<u8> as core[a373ad73a504971]::io::write::Write>::write_fmt
[INFO] [stdout]    3:     0x5767078f4406 - std[617be2ca0a6fd877]::panicking::default_hook::{closure#0}
[INFO] [stdout]    4:     0x576707910639 - std[617be2ca0a6fd877]::panicking::default_hook
[INFO] [stdout]    5:     0x5767078aaaf0 - test[aada8e7e76ba119b]::test_main_inner::{closure#0}
[INFO] [stdout]    6:     0x5767079107f2 - std[617be2ca0a6fd877]::panicking::panic_with_hook
[INFO] [stdout]    7:     0x5767078f44b2 - std[617be2ca0a6fd877]::panicking::panic_handler::{closure#0}
[INFO] [stdout]    8:     0x5767078ed1c9 - std[617be2ca0a6fd877]::sys::backtrace::__rust_end_short_backtrace::<std[617be2ca0a6fd877]::panicking::panic_handler::{closure#0}, !>
[INFO] [stdout]    9:     0x5767078f50bd - __rustc[ea4f61d10b84890b]::rust_begin_unwind
[INFO] [stdout]   10:     0x57670792d83c - core[a373ad73a504971]::panicking::panic_fmt
[INFO] [stdout]   11:     0x57670792d753 - core[a373ad73a504971]::panicking::assert_failed_inner
[INFO] [stdout]   12:     0x576707899248 - core[a373ad73a504971]::panicking::assert_failed::<alloc[2e1b2a31b91974c5]::string::String, &str>
[INFO] [stdout]   13:     0x57670787a5bd - <kotoba_jsonnet[e4eba29a7de8801b]::tests::test_basic_evaluation::{closure#0} as core[a373ad73a504971]::ops::function::FnOnce<()>>::call_once
[INFO] [stdout]   14:     0x57670789df3b - test[aada8e7e76ba119b]::__rust_begin_short_backtrace::<core[a373ad73a504971]::result::Result<(), alloc[2e1b2a31b91974c5]::string::String>, fn() -> core[a373ad73a504971]::result::Result<(), alloc[2e1b2a31b91974c5]::string::String>>
[INFO] [stdout]   15:     0x5767078ab115 - test[aada8e7e76ba119b]::run_test::{closure#0}
[INFO] [stdout]   16:     0x5767078a4a04 - std[617be2ca0a6fd877]::sys::backtrace::__rust_begin_short_backtrace::<test[aada8e7e76ba119b]::run_test::{closure#1}, ()>
[INFO] [stdout]   17:     0x5767078ae1a2 - <std[617be2ca0a6fd877]::thread::lifecycle::spawn_unchecked<test[aada8e7e76ba119b]::run_test::{closure#1}, ()>::{closure#1} as core[a373ad73a504971]::ops::function::FnOnce<()>>::call_once::{shim:vtable#0}
[INFO] [stdout]   18:     0x5767079177ff - <std[617be2ca0a6fd877]::sys::thread::unix::Thread>::new::thread_start
[INFO] [stdout]   19:     0x7b43beb5bdfa - <unknown>
[INFO] [stdout]   20:     0x7b43bebef3d4 - clone
[INFO] [stdout]   21:                0x0 - <unknown>
[INFO] [stdout] 
[INFO] [stdout] ---- tests::test_object_field_access stdout ----
[INFO] [stdout] 
[INFO] [stdout] thread 'tests::test_object_field_access' (1883) panicked at src/lib.rs:245:9:
[INFO] [stdout] assertion `left == right` failed
[INFO] [stdout]   left: String("{ name: \"test\", value: 123 }.name")
[INFO] [stdout]  right: String("test")
[INFO] [stdout] stack backtrace:
[INFO] [stdout]    0:     0x576707917fa1 - <<std[617be2ca0a6fd877]::sys::backtrace::BacktraceLock>::print::DisplayBacktrace as core[a373ad73a504971]::fmt::Display>::fmt
[INFO] [stdout]    1:     0x57670792d10a - core[a373ad73a504971]::fmt::write
[INFO] [stdout]    2:     0x57670791c1bc - <alloc[2e1b2a31b91974c5]::vec::Vec<u8> as core[a373ad73a504971]::io::write::Write>::write_fmt
[INFO] [stdout]    3:     0x5767078f4406 - std[617be2ca0a6fd877]::panicking::default_hook::{closure#0}
[INFO] [stdout]    4:     0x576707910639 - std[617be2ca0a6fd877]::panicking::default_hook
[INFO] [stdout]    5:     0x5767078aaaf0 - test[aada8e7e76ba119b]::test_main_inner::{closure#0}
[INFO] [stdout]    6:     0x5767079107f2 - std[617be2ca0a6fd877]::panicking::panic_with_hook
[INFO] [stdout]    7:     0x5767078f44b2 - std[617be2ca0a6fd877]::panicking::panic_handler::{closure#0}
[INFO] [stdout]    8:     0x5767078ed1c9 - std[617be2ca0a6fd877]::sys::backtrace::__rust_end_short_backtrace::<std[617be2ca0a6fd877]::panicking::panic_handler::{closure#0}, !>
[INFO] [stdout]    9:     0x5767078f50bd - __rustc[ea4f61d10b84890b]::rust_begin_unwind
[INFO] [stdout]   10:     0x57670792d83c - core[a373ad73a504971]::panicking::panic_fmt
[INFO] [stdout]   11:     0x57670792d753 - core[a373ad73a504971]::panicking::assert_failed_inner
[INFO] [stdout]   12:     0x5767078992ae - core[a373ad73a504971]::panicking::assert_failed::<kotoba_jsonnet[e4eba29a7de8801b]::value::JsonnetValue, kotoba_jsonnet[e4eba29a7de8801b]::value::JsonnetValue>
[INFO] [stdout]   13:     0x57670787ded5 - <kotoba_jsonnet[e4eba29a7de8801b]::tests::test_object_field_access::{closure#0} as core[a373ad73a504971]::ops::function::FnOnce<()>>::call_once
[INFO] [stdout]   14:     0x57670789df3b - test[aada8e7e76ba119b]::__rust_begin_short_backtrace::<core[a373ad73a504971]::result::Result<(), alloc[2e1b2a31b91974c5]::string::String>, fn() -> core[a373ad73a504971]::result::Result<(), alloc[2e1b2a31b91974c5]::string::String>>
[INFO] [stdout]   15:     0x5767078ab115 - test[aada8e7e76ba119b]::run_test::{closure#0}
[INFO] [stdout]   16:     0x5767078a4a04 - std[617be2ca0a6fd877]::sys::backtrace::__rust_begin_short_backtrace::<test[aada8e7e76ba119b]::run_test::{closure#1}, ()>
[INFO] [stdout]   17:     0x5767078ae1a2 - <std[617be2ca0a6fd877]::thread::lifecycle::spawn_unchecked<test[aada8e7e76ba119b]::run_test::{closure#1}, ()>::{closure#1} as core[a373ad73a504971]::ops::function::FnOnce<()>>::call_once::{shim:vtable#0}
[INFO] [stdout]   18:     0x5767079177ff - <std[617be2ca0a6fd877]::sys::thread::unix::Thread>::new::thread_start
[INFO] [stdout]   19:     0x7b43beb5bdfa - <unknown>
[INFO] [stdout]   20:     0x7b43bebef3d4 - clone
[INFO] [stdout]   21:                0x0 - <unknown>
[INFO] [stdout] 
[INFO] [stdout] ---- tests::test_complex_expressions stdout ----
[INFO] [stdout] 
[INFO] [stdout] thread 'tests::test_complex_expressions' (1870) panicked at src/lib.rs:1135:17:
[INFO] [stdout] Expected object value
[INFO] [stdout] stack backtrace:
[INFO] [stdout]    0:     0x576707917fa1 - <<std[617be2ca0a6fd877]::sys::backtrace::BacktraceLock>::print::DisplayBacktrace as core[a373ad73a504971]::fmt::Display>::fmt
[INFO] [stdout]    1:     0x57670792d10a - core[a373ad73a504971]::fmt::write
[INFO] [stdout]    2:     0x57670791c1bc - <alloc[2e1b2a31b91974c5]::vec::Vec<u8> as core[a373ad73a504971]::io::write::Write>::write_fmt
[INFO] [stdout]    3:     0x5767078f4406 - std[617be2ca0a6fd877]::panicking::default_hook::{closure#0}
[INFO] [stdout]    4:     0x576707910639 - std[617be2ca0a6fd877]::panicking::default_hook
[INFO] [stdout]    5:     0x5767078aaaf0 - test[aada8e7e76ba119b]::test_main_inner::{closure#0}
[INFO] [stdout]    6:     0x5767079107f2 - std[617be2ca0a6fd877]::panicking::panic_with_hook
[INFO] [stdout]    7:     0x5767078f44e4 - std[617be2ca0a6fd877]::panicking::panic_handler::{closure#0}
[INFO] [stdout]    8:     0x5767078ed1c9 - std[617be2ca0a6fd877]::sys::backtrace::__rust_end_short_backtrace::<std[617be2ca0a6fd877]::panicking::panic_handler::{closure#0}, !>
[INFO] [stdout]    9:     0x5767078f50bd - __rustc[ea4f61d10b84890b]::rust_begin_unwind
[INFO] [stdout]   10:     0x57670792d83c - core[a373ad73a504971]::panicking::panic_fmt
[INFO] [stdout]   11:     0x57670787d669 - <kotoba_jsonnet[e4eba29a7de8801b]::tests::test_complex_expressions::{closure#0} as core[a373ad73a504971]::ops::function::FnOnce<()>>::call_once
[INFO] [stdout]   12:     0x57670789df3b - test[aada8e7e76ba119b]::__rust_begin_short_backtrace::<core[a373ad73a504971]::result::Result<(), alloc[2e1b2a31b91974c5]::string::String>, fn() -> core[a373ad73a504971]::result::Result<(), alloc[2e1b2a31b91974c5]::string::String>>
[INFO] [stdout]   13:     0x5767078ab115 - test[aada8e7e76ba119b]::run_test::{closure#0}
[INFO] [stdout]   14:     0x5767078a4a04 - std[617be2ca0a6fd877]::sys::backtrace::__rust_begin_short_backtrace::<test[aada8e7e76ba119b]::run_test::{closure#1}, ()>
[INFO] [stdout]   15:     0x5767078ae1a2 - <std[617be2ca0a6fd877]::thread::lifecycle::spawn_unchecked<test[aada8e7e76ba119b]::run_test::{closure#1}, ()>::{closure#1} as core[a373ad73a504971]::ops::function::FnOnce<()>>::call_once::{shim:vtable#0}
[INFO] [stdout]   16:     0x5767079177ff - <std[617be2ca0a6fd877]::sys::thread::unix::Thread>::new::thread_start
[INFO] [stdout]   17:     0x7b43beb5bdfa - <unknown>
[INFO] [stdout]   18:     0x7b43bebef3d4 - clone
[INFO] [stdout]   19:                0x0 - <unknown>
[INFO] [stdout] 
[INFO] [stdout] ---- tests::test_boolean_evaluation stdout ----
[INFO] [stdout] 
[INFO] [stdout] thread 'tests::test_boolean_evaluation' (1868) panicked at src/lib.rs:111:9:
[INFO] [stdout] assertion `left == right` failed
[INFO] [stdout]   left: String("true")
[INFO] [stdout]  right: Boolean(true)
[INFO] [stdout] stack backtrace:
[INFO] [stdout]    0:     0x576707917fa1 - <<std[617be2ca0a6fd877]::sys::backtrace::BacktraceLock>::print::DisplayBacktrace as core[a373ad73a504971]::fmt::Display>::fmt
[INFO] [stdout]    1:     0x57670792d10a - core[a373ad73a504971]::fmt::write
[INFO] [stdout]    2:     0x57670791c1bc - <alloc[2e1b2a31b91974c5]::vec::Vec<u8> as core[a373ad73a504971]::io::write::Write>::write_fmt
[INFO] [stdout]    3:     0x5767078f4406 - std[617be2ca0a6fd877]::panicking::default_hook::{closure#0}
[INFO] [stdout]    4:     0x576707910639 - std[617be2ca0a6fd877]::panicking::default_hook
[INFO] [stdout]    5:     0x5767078aaaf0 - test[aada8e7e76ba119b]::test_main_inner::{closure#0}
[INFO] [stdout]    6:     0x5767079107f2 - std[617be2ca0a6fd877]::panicking::panic_with_hook
[INFO] [stdout]    7:     0x5767078f44b2 - std[617be2ca0a6fd877]::panicking::panic_handler::{closure#0}
[INFO] [stdout]    8:     0x5767078ed1c9 - std[617be2ca0a6fd877]::sys::backtrace::__rust_end_short_backtrace::<std[617be2ca0a6fd877]::panicking::panic_handler::{closure#0}, !>
[INFO] [stdout]    9:     0x5767078f50bd - __rustc[ea4f61d10b84890b]::rust_begin_unwind
[INFO] [stdout]   10:     0x57670792d83c - core[a373ad73a504971]::panicking::panic_fmt
[INFO] [stdout]   11:     0x57670792d753 - core[a373ad73a504971]::panicking::assert_failed_inner
[INFO] [stdout]   12:     0x5767078992ae - core[a373ad73a504971]::panicking::assert_failed::<kotoba_jsonnet[e4eba29a7de8801b]::value::JsonnetValue, kotoba_jsonnet[e4eba29a7de8801b]::value::JsonnetValue>
[INFO] [stdout]   13:     0x57670787c77c - <kotoba_jsonnet[e4eba29a7de8801b]::tests::test_boolean_evaluation::{closure#0} as core[a373ad73a504971]::ops::function::FnOnce<()>>::call_once
[INFO] [stdout]   14:     0x57670789df3b - test[aada8e7e76ba119b]::__rust_begin_short_backtrace::<core[a373ad73a504971]::result::Result<(), alloc[2e1b2a31b91974c5]::string::String>, fn() -> core[a373ad73a504971]::result::Result<(), alloc[2e1b2a31b91974c5]::string::String>>
[INFO] [stdout]   15:     0x5767078ab115 - test[aada8e7e76ba119b]::run_test::{closure#0}
[INFO] [stdout]   16:     0x5767078a4a04 - std[617be2ca0a6fd877]::sys::backtrace::__rust_begin_short_backtrace::<test[aada8e7e76ba119b]::run_test::{closure#1}, ()>
[INFO] [stdout]   17:     0x5767078ae1a2 - <std[617be2ca0a6fd877]::thread::lifecycle::spawn_unchecked<test[aada8e7e76ba119b]::run_test::{closure#1}, ()>::{closure#1} as core[a373ad73a504971]::ops::function::FnOnce<()>>::call_once::{shim:vtable#0}
[INFO] [stdout]   18:     0x5767079177ff - <std[617be2ca0a6fd877]::sys::thread::unix::Thread>::new::thread_start
[INFO] [stdout]   19:     0x7b43beb5bdfa - <unknown>
[INFO] [stdout]   20:     0x7b43bebef3d4 - clone
[INFO] [stdout]   21:                0x0 - <unknown>
[INFO] [stdout] 
[INFO] [stdout] ---- tests::test_core_functions stdout ----
[INFO] [stdout] id result: Ok(String("std.id(42)"))
[INFO] [stdout] 
[INFO] [stdout] thread 'tests::test_core_functions' (1872) panicked at src/lib.rs:490:9:
[INFO] [stdout] assertion `left == right` failed
[INFO] [stdout]   left: String("std.id(42)")
[INFO] [stdout]  right: Number(42.0)
[INFO] [stdout] stack backtrace:
[INFO] [stdout]    0:     0x576707917fa1 - <<std[617be2ca0a6fd877]::sys::backtrace::BacktraceLock>::print::DisplayBacktrace as core[a373ad73a504971]::fmt::Display>::fmt
[INFO] [stdout]    1:     0x57670792d10a - core[a373ad73a504971]::fmt::write
[INFO] [stdout]    2:     0x57670791c1bc - <alloc[2e1b2a31b91974c5]::vec::Vec<u8> as core[a373ad73a504971]::io::write::Write>::write_fmt
[INFO] [stdout]    3:     0x5767078f4406 - std[617be2ca0a6fd877]::panicking::default_hook::{closure#0}
[INFO] [stdout]    4:     0x576707910639 - std[617be2ca0a6fd877]::panicking::default_hook
[INFO] [stdout]    5:     0x5767078aaaf0 - test[aada8e7e76ba119b]::test_main_inner::{closure#0}
[INFO] [stdout]    6:     0x5767079107f2 - std[617be2ca0a6fd877]::panicking::panic_with_hook
[INFO] [stdout]    7:     0x5767078f44b2 - std[617be2ca0a6fd877]::panicking::panic_handler::{closure#0}
[INFO] [stdout]    8:     0x5767078ed1c9 - std[617be2ca0a6fd877]::sys::backtrace::__rust_end_short_backtrace::<std[617be2ca0a6fd877]::panicking::panic_handler::{closure#0}, !>
[INFO] [stdout]    9:     0x5767078f50bd - __rustc[ea4f61d10b84890b]::rust_begin_unwind
[INFO] [stdout]   10:     0x57670792d83c - core[a373ad73a504971]::panicking::panic_fmt
[INFO] [stdout]   11:     0x57670792d753 - core[a373ad73a504971]::panicking::assert_failed_inner
[INFO] [stdout]   12:     0x5767078992ae - core[a373ad73a504971]::panicking::assert_failed::<kotoba_jsonnet[e4eba29a7de8801b]::value::JsonnetValue, kotoba_jsonnet[e4eba29a7de8801b]::value::JsonnetValue>
[INFO] [stdout]   13:     0x5767078781e2 - <kotoba_jsonnet[e4eba29a7de8801b]::tests::test_core_functions::{closure#0} as core[a373ad73a504971]::ops::function::FnOnce<()>>::call_once
[INFO] [stdout]   14:     0x57670789df3b - test[aada8e7e76ba119b]::__rust_begin_short_backtrace::<core[a373ad73a504971]::result::Result<(), alloc[2e1b2a31b91974c5]::string::String>, fn() -> core[a373ad73a504971]::result::Result<(), alloc[2e1b2a31b91974c5]::string::String>>
[INFO] [stdout]   15:     0x5767078ab115 - test[aada8e7e76ba119b]::run_test::{closure#0}
[INFO] [stdout]   16:     0x5767078a4a04 - std[617be2ca0a6fd877]::sys::backtrace::__rust_begin_short_backtrace::<test[aada8e7e76ba119b]::run_test::{closure#1}, ()>
[INFO] [stdout]   17:     0x5767078ae1a2 - <std[617be2ca0a6fd877]::thread::lifecycle::spawn_unchecked<test[aada8e7e76ba119b]::run_test::{closure#1}, ()>::{closure#1} as core[a373ad73a504971]::ops::function::FnOnce<()>>::call_once::{shim:vtable#0}
[INFO] [stdout]   18:     0x5767079177ff - <std[617be2ca0a6fd877]::sys::thread::unix::Thread>::new::thread_start
[INFO] [stdout]   19:     0x7b43beb5bdfa - <unknown>
[INFO] [stdout]   20:     0x7b43bebef3d4 - clone
[INFO] [stdout]   21:                0x0 - <unknown>
[INFO] [stdout] 
[INFO] [stdout] ---- tests::test_phase6_final_touches stdout ----
[INFO] [stdout] 
[INFO] [stdout] thread 'tests::test_phase6_final_touches' (1886) panicked at src/lib.rs:784:38:
[INFO] [stdout] called `Result::unwrap()` on an `Err` value: TypeError { message: "Expected array, got string" }
[INFO] [stdout] stack backtrace:
[INFO] [stdout]    0:     0x576707917fa1 - <<std[617be2ca0a6fd877]::sys::backtrace::BacktraceLock>::print::DisplayBacktrace as core[a373ad73a504971]::fmt::Display>::fmt
[INFO] [stdout]    1:     0x57670792d10a - core[a373ad73a504971]::fmt::write
[INFO] [stdout]    2:     0x57670791c1bc - <alloc[2e1b2a31b91974c5]::vec::Vec<u8> as core[a373ad73a504971]::io::write::Write>::write_fmt
[INFO] [stdout]    3:     0x5767078f4406 - std[617be2ca0a6fd877]::panicking::default_hook::{closure#0}
[INFO] [stdout]    4:     0x576707910639 - std[617be2ca0a6fd877]::panicking::default_hook
[INFO] [stdout]    5:     0x5767078aaaf0 - test[aada8e7e76ba119b]::test_main_inner::{closure#0}
[INFO] [stdout]    6:     0x5767079107f2 - std[617be2ca0a6fd877]::panicking::panic_with_hook
[INFO] [stdout]    7:     0x5767078f44b2 - std[617be2ca0a6fd877]::panicking::panic_handler::{closure#0}
[INFO] [stdout]    8:     0x5767078ed1c9 - std[617be2ca0a6fd877]::sys::backtrace::__rust_end_short_backtrace::<std[617be2ca0a6fd877]::panicking::panic_handler::{closure#0}, !>
[INFO] [stdout]    9:     0x5767078f50bd - __rustc[ea4f61d10b84890b]::rust_begin_unwind
[INFO] [stdout]   10:     0x57670792d83c - core[a373ad73a504971]::panicking::panic_fmt
[INFO] [stdout]   11:     0x57670792d612 - core[a373ad73a504971]::result::unwrap_failed
[INFO] [stdout]   12:     0x576707873001 - kotoba_jsonnet[e4eba29a7de8801b]::tests::test_phase6_final_touches
[INFO] [stdout]   13:     0x57670787eea9 - <kotoba_jsonnet[e4eba29a7de8801b]::tests::test_phase6_final_touches::{closure#0} as core[a373ad73a504971]::ops::function::FnOnce<()>>::call_once
[INFO] [stdout]   14:     0x57670789df3b - test[aada8e7e76ba119b]::__rust_begin_short_backtrace::<core[a373ad73a504971]::result::Result<(), alloc[2e1b2a31b91974c5]::string::String>, fn() -> core[a373ad73a504971]::result::Result<(), alloc[2e1b2a31b91974c5]::string::String>>
[INFO] [stdout]   15:     0x5767078ab115 - test[aada8e7e76ba119b]::run_test::{closure#0}
[INFO] [stdout]   16:     0x5767078a4a04 - std[617be2ca0a6fd877]::sys::backtrace::__rust_begin_short_backtrace::<test[aada8e7e76ba119b]::run_test::{closure#1}, ()>
[INFO] [stdout]   17:     0x5767078ae1a2 - <std[617be2ca0a6fd877]::thread::lifecycle::spawn_unchecked<test[aada8e7e76ba119b]::run_test::{closure#1}, ()>::{closure#1} as core[a373ad73a504971]::ops::function::FnOnce<()>>::call_once::{shim:vtable#0}
[INFO] [stdout]   18:     0x5767079177ff - <std[617be2ca0a6fd877]::sys::thread::unix::Thread>::new::thread_start
[INFO] [stdout]   19:     0x7b43beb5bdfa - <unknown>
[INFO] [stdout]   20:     0x7b43bebef3d4 - clone
[INFO] [stdout]   21:                0x0 - <unknown>
[INFO] [stdout] 
[INFO] [stdout] ---- tests::test_set_functions stdout ----
[INFO] [stdout] 
[INFO] [stdout] thread 'tests::test_set_functions' (1887) panicked at src/lib.rs:619:18:
[INFO] [stdout] Expected array
[INFO] [stdout] stack backtrace:
[INFO] [stdout]    0:     0x576707917fa1 - <<std[617be2ca0a6fd877]::sys::backtrace::BacktraceLock>::print::DisplayBacktrace as core[a373ad73a504971]::fmt::Display>::fmt
[INFO] [stdout]    1:     0x57670792d10a - core[a373ad73a504971]::fmt::write
[INFO] [stdout]    2:     0x57670791c1bc - <alloc[2e1b2a31b91974c5]::vec::Vec<u8> as core[a373ad73a504971]::io::write::Write>::write_fmt
[INFO] [stdout]    3:     0x5767078f4406 - std[617be2ca0a6fd877]::panicking::default_hook::{closure#0}
[INFO] [stdout]    4:     0x576707910639 - std[617be2ca0a6fd877]::panicking::default_hook
[INFO] [stdout]    5:     0x5767078aaaf0 - test[aada8e7e76ba119b]::test_main_inner::{closure#0}
[INFO] [stdout]    6:     0x5767079107f2 - std[617be2ca0a6fd877]::panicking::panic_with_hook
[INFO] [stdout]    7:     0x5767078f44e4 - std[617be2ca0a6fd877]::panicking::panic_handler::{closure#0}
[INFO] [stdout]    8:     0x5767078ed1c9 - std[617be2ca0a6fd877]::sys::backtrace::__rust_end_short_backtrace::<std[617be2ca0a6fd877]::panicking::panic_handler::{closure#0}, !>
[INFO] [stdout]    9:     0x5767078f50bd - __rustc[ea4f61d10b84890b]::rust_begin_unwind
[INFO] [stdout]   10:     0x57670792d83c - core[a373ad73a504971]::panicking::panic_fmt
[INFO] [stdout]   11:     0x576707876c61 - <kotoba_jsonnet[e4eba29a7de8801b]::tests::test_set_functions::{closure#0} as core[a373ad73a504971]::ops::function::FnOnce<()>>::call_once
[INFO] [stdout]   12:     0x57670789df3b - test[aada8e7e76ba119b]::__rust_begin_short_backtrace::<core[a373ad73a504971]::result::Result<(), alloc[2e1b2a31b91974c5]::string::String>, fn() -> core[a373ad73a504971]::result::Result<(), alloc[2e1b2a31b91974c5]::string::String>>
[INFO] [stdout]   13:     0x5767078ab115 - test[aada8e7e76ba119b]::run_test::{closure#0}
[INFO] [stdout]   14:     0x5767078a4a04 - std[617be2ca0a6fd877]::sys::backtrace::__rust_begin_short_backtrace::<test[aada8e7e76ba119b]::run_test::{closure#1}, ()>
[INFO] [stdout]   15:     0x5767078ae1a2 - <std[617be2ca0a6fd877]::thread::lifecycle::spawn_unchecked<test[aada8e7e76ba119b]::run_test::{closure#1}, ()>::{closure#1} as core[a373ad73a504971]::ops::function::FnOnce<()>>::call_once::{shim:vtable#0}
[INFO] [stdout]   16:     0x5767079177ff - <std[617be2ca0a6fd877]::sys::thread::unix::Thread>::new::thread_start
[INFO] [stdout]   17:     0x7b43beb5bdfa - <unknown>
[INFO] [stdout]   18:     0x7b43bebef3d4 - clone
[INFO] [stdout]   19:                0x0 - <unknown>
[INFO] [stdout] 
[INFO] [stdout] ---- tests::test_stdlib_functions stdout ----
[INFO] [stdout] 
[INFO] [stdout] thread 'tests::test_stdlib_functions' (1888) panicked at src/lib.rs:385:9:
[INFO] [stdout] assertion `left == right` failed
[INFO] [stdout]   left: String("std.length(\"hello\")")
[INFO] [stdout]  right: Number(5.0)
[INFO] [stdout] stack backtrace:
[INFO] [stdout]    0:     0x576707917fa1 - <<std[617be2ca0a6fd877]::sys::backtrace::BacktraceLock>::print::DisplayBacktrace as core[a373ad73a504971]::fmt::Display>::fmt
[INFO] [stdout]    1:     0x57670792d10a - core[a373ad73a504971]::fmt::write
[INFO] [stdout]    2:     0x57670791c1bc - <alloc[2e1b2a31b91974c5]::vec::Vec<u8> as core[a373ad73a504971]::io::write::Write>::write_fmt
[INFO] [stdout]    3:     0x5767078f4406 - std[617be2ca0a6fd877]::panicking::default_hook::{closure#0}
[INFO] [stdout]    4:     0x576707910639 - std[617be2ca0a6fd877]::panicking::default_hook
[INFO] [stdout]    5:     0x5767078aaaf0 - test[aada8e7e76ba119b]::test_main_inner::{closure#0}
[INFO] [stdout]    6:     0x5767079107f2 - std[617be2ca0a6fd877]::panicking::panic_with_hook
[INFO] [stdout]    7:     0x5767078f44b2 - std[617be2ca0a6fd877]::panicking::panic_handler::{closure#0}
[INFO] [stdout]    8:     0x5767078ed1c9 - std[617be2ca0a6fd877]::sys::backtrace::__rust_end_short_backtrace::<std[617be2ca0a6fd877]::panicking::panic_handler::{closure#0}, !>
[INFO] [stdout]    9:     0x5767078f50bd - __rustc[ea4f61d10b84890b]::rust_begin_unwind
[INFO] [stdout]   10:     0x57670792d83c - core[a373ad73a504971]::panicking::panic_fmt
[INFO] [stdout]   11:     0x57670792d753 - core[a373ad73a504971]::panicking::assert_failed_inner
[INFO] [stdout]   12:     0x5767078992ae - core[a373ad73a504971]::panicking::assert_failed::<kotoba_jsonnet[e4eba29a7de8801b]::value::JsonnetValue, kotoba_jsonnet[e4eba29a7de8801b]::value::JsonnetValue>
[INFO] [stdout]   13:     0x57670787a840 - <kotoba_jsonnet[e4eba29a7de8801b]::tests::test_stdlib_functions::{closure#0} as core[a373ad73a504971]::ops::function::FnOnce<()>>::call_once
[INFO] [stdout]   14:     0x57670789df3b - test[aada8e7e76ba119b]::__rust_begin_short_backtrace::<core[a373ad73a504971]::result::Result<(), alloc[2e1b2a31b91974c5]::string::String>, fn() -> core[a373ad73a504971]::result::Result<(), alloc[2e1b2a31b91974c5]::string::String>>
[INFO] [stdout]   15:     0x5767078ab115 - test[aada8e7e76ba119b]::run_test::{closure#0}
[INFO] [stdout]   16:     0x5767078a4a04 - std[617be2ca0a6fd877]::sys::backtrace::__rust_begin_short_backtrace::<test[aada8e7e76ba119b]::run_test::{closure#1}, ()>
[INFO] [stdout]   17:     0x5767078ae1a2 - <std[617be2ca0a6fd877]::thread::lifecycle::spawn_unchecked<test[aada8e7e76ba119b]::run_test::{closure#1}, ()>::{closure#1} as core[a373ad73a504971]::ops::function::FnOnce<()>>::call_once::{shim:vtable#0}
[INFO] [stdout]   18:     0x5767079177ff - <std[617be2ca0a6fd877]::sys::thread::unix::Thread>::new::thread_start
[INFO] [stdout]   19:     0x7b43beb5bdfa - <unknown>
[INFO] [stdout]   20:     0x7b43bebef3d4 - clone
[INFO] [stdout]   21:                0x0 - <unknown>
[INFO] [stdout] 
[INFO] [stdout] ---- tests::test_hash_functions stdout ----
[INFO] [stdout] sha256 result: Ok(String("std.sha256(\"hello\")"))
[INFO] [stdout] 
[INFO] [stdout] thread 'tests::test_hash_functions' (1876) panicked at src/lib.rs:549:17:
[INFO] [stdout] assertion `left == right` failed
[INFO] [stdout]   left: 19
[INFO] [stdout]  right: 64
[INFO] [stdout] stack backtrace:
[INFO] [stdout]    0:     0x576707917fa1 - <<std[617be2ca0a6fd877]::sys::backtrace::BacktraceLock>::print::DisplayBacktrace as core[a373ad73a504971]::fmt::Display>::fmt
[INFO] [stdout]    1:     0x57670792d10a - core[a373ad73a504971]::fmt::write
[INFO] [stdout]    2:     0x57670791c1bc - <alloc[2e1b2a31b91974c5]::vec::Vec<u8> as core[a373ad73a504971]::io::write::Write>::write_fmt
[INFO] [stdout]    3:     0x5767078f4406 - std[617be2ca0a6fd877]::panicking::default_hook::{closure#0}
[INFO] [stdout]    4:     0x576707910639 - std[617be2ca0a6fd877]::panicking::default_hook
[INFO] [stdout]    5:     0x5767078aaaf0 - test[aada8e7e76ba119b]::test_main_inner::{closure#0}
[INFO] [stdout]    6:     0x5767079107f2 - std[617be2ca0a6fd877]::panicking::panic_with_hook
[INFO] [stdout]    7:     0x5767078f44b2 - std[617be2ca0a6fd877]::panicking::panic_handler::{closure#0}
[INFO] [stdout]    8:     0x5767078ed1c9 - std[617be2ca0a6fd877]::sys::backtrace::__rust_end_short_backtrace::<std[617be2ca0a6fd877]::panicking::panic_handler::{closure#0}, !>
[INFO] [stdout]    9:     0x5767078f50bd - __rustc[ea4f61d10b84890b]::rust_begin_unwind
[INFO] [stdout]   10:     0x57670792d83c - core[a373ad73a504971]::panicking::panic_fmt
[INFO] [stdout]   11:     0x57670792d753 - core[a373ad73a504971]::panicking::assert_failed_inner
[INFO] [stdout]   12:     0x576707928d98 - core[a373ad73a504971]::panicking::assert_failed::<usize, usize>
[INFO] [stdout]   13:     0x576707879130 - <kotoba_jsonnet[e4eba29a7de8801b]::tests::test_hash_functions::{closure#0} as core[a373ad73a504971]::ops::function::FnOnce<()>>::call_once
[INFO] [stdout]   14:     0x57670789df3b - test[aada8e7e76ba119b]::__rust_begin_short_backtrace::<core[a373ad73a504971]::result::Result<(), alloc[2e1b2a31b91974c5]::string::String>, fn() -> core[a373ad73a504971]::result::Result<(), alloc[2e1b2a31b91974c5]::string::String>>
[INFO] [stdout]   15:     0x5767078ab115 - test[aada8e7e76ba119b]::run_test::{closure#0}
[INFO] [stdout]   16:     0x5767078a4a04 - std[617be2ca0a6fd877]::sys::backtrace::__rust_begin_short_backtrace::<test[aada8e7e76ba119b]::run_test::{closure#1}, ()>
[INFO] [stdout]   17:     0x5767078ae1a2 - <std[617be2ca0a6fd877]::thread::lifecycle::spawn_unchecked<test[aada8e7e76ba119b]::run_test::{closure#1}, ()>::{closure#1} as core[a373ad73a504971]::ops::function::FnOnce<()>>::call_once::{shim:vtable#0}
[INFO] [stdout]   18:     0x5767079177ff - <std[617be2ca0a6fd877]::sys::thread::unix::Thread>::new::thread_start
[INFO] [stdout]   19:     0x7b43beb5bdfa - <unknown>
[INFO] [stdout]   20:     0x7b43bebef3d4 - clone
[INFO] [stdout]   21:                0x0 - <unknown>
[INFO] [stdout] 
[INFO] [stdout] ---- tests::test_local_expressions stdout ----
[INFO] [stdout] 
[INFO] [stdout] thread 'tests::test_local_expressions' (1877) panicked at src/lib.rs:140:9:
[INFO] [stdout] assertion `left == right` failed
[INFO] [stdout]   left: String("local x = 10, y = 20; x + y")
[INFO] [stdout]  right: Number(30.0)
[INFO] [stdout] stack backtrace:
[INFO] [stdout]    0:     0x576707917fa1 - <<std[617be2ca0a6fd877]::sys::backtrace::BacktraceLock>::print::DisplayBacktrace as core[a373ad73a504971]::fmt::Display>::fmt
[INFO] [stdout]    1:     0x57670792d10a - core[a373ad73a504971]::fmt::write
[INFO] [stdout]    2:     0x57670791c1bc - <alloc[2e1b2a31b91974c5]::vec::Vec<u8> as core[a373ad73a504971]::io::write::Write>::write_fmt
[INFO] [stdout]    3:     0x5767078f4406 - std[617be2ca0a6fd877]::panicking::default_hook::{closure#0}
[INFO] [stdout]    4:     0x576707910639 - std[617be2ca0a6fd877]::panicking::default_hook
[INFO] [stdout]    5:     0x5767078aaaf0 - test[aada8e7e76ba119b]::test_main_inner::{closure#0}
[INFO] [stdout]    6:     0x5767079107f2 - std[617be2ca0a6fd877]::panicking::panic_with_hook
[INFO] [stdout]    7:     0x5767078f44b2 - std[617be2ca0a6fd877]::panicking::panic_handler::{closure#0}
[INFO] [stdout]    8:     0x5767078ed1c9 - std[617be2ca0a6fd877]::sys::backtrace::__rust_end_short_backtrace::<std[617be2ca0a6fd877]::panicking::panic_handler::{closure#0}, !>
[INFO] [stdout]    9:     0x5767078f50bd - __rustc[ea4f61d10b84890b]::rust_begin_unwind
[INFO] [stdout]   10:     0x57670792d83c - core[a373ad73a504971]::panicking::panic_fmt
[INFO] [stdout]   11:     0x57670792d753 - core[a373ad73a504971]::panicking::assert_failed_inner
[INFO] [stdout]   12:     0x5767078992ae - core[a373ad73a504971]::panicking::assert_failed::<kotoba_jsonnet[e4eba29a7de8801b]::value::JsonnetValue, kotoba_jsonnet[e4eba29a7de8801b]::value::JsonnetValue>
[INFO] [stdout]   13:     0x57670787b6c5 - <kotoba_jsonnet[e4eba29a7de8801b]::tests::test_local_expressions::{closure#0} as core[a373ad73a504971]::ops::function::FnOnce<()>>::call_once
[INFO] [stdout]   14:     0x57670789df3b - test[aada8e7e76ba119b]::__rust_begin_short_backtrace::<core[a373ad73a504971]::result::Result<(), alloc[2e1b2a31b91974c5]::string::String>, fn() -> core[a373ad73a504971]::result::Result<(), alloc[2e1b2a31b91974c5]::string::String>>
[INFO] [stdout]   15:     0x5767078ab115 - test[aada8e7e76ba119b]::run_test::{closure#0}
[INFO] [stdout]   16:     0x5767078a4a04 - std[617be2ca0a6fd877]::sys::backtrace::__rust_begin_short_backtrace::<test[aada8e7e76ba119b]::run_test::{closure#1}, ()>
[INFO] [stdout]   17:     0x5767078ae1a2 - <std[617be2ca0a6fd877]::thread::lifecycle::spawn_unchecked<test[aada8e7e76ba119b]::run_test::{closure#1}, ()>::{closure#1} as core[a373ad73a504971]::ops::function::FnOnce<()>>::call_once::{shim:vtable#0}
[INFO] [stdout]   18:     0x5767079177ff - <std[617be2ca0a6fd877]::sys::thread::unix::Thread>::new::thread_start
[INFO] [stdout]   19:     0x7b43beb5bdfa - <unknown>
[INFO] [stdout]   20:     0x7b43bebef3d4 - clone
[INFO] [stdout]   21:                0x0 - <unknown>
[INFO] [stdout] 
[INFO] [stdout] ---- tests::test_ascii_case_functions stdout ----
[INFO] [stdout] 
[INFO] [stdout] thread 'tests::test_ascii_case_functions' (1866) panicked at src/lib.rs:594:9:
[INFO] [stdout] assertion `left == right` failed
[INFO] [stdout]   left: String("std.asciiLower(\"HELLO World 123\")")
[INFO] [stdout]  right: String("hello world 123")
[INFO] [stdout] stack backtrace:
[INFO] [stdout]    0:     0x576707917fa1 - <<std[617be2ca0a6fd877]::sys::backtrace::BacktraceLock>::print::DisplayBacktrace as core[a373ad73a504971]::fmt::Display>::fmt
[INFO] [stdout]    1:     0x57670792d10a - core[a373ad73a504971]::fmt::write
[INFO] [stdout]    2:     0x57670791c1bc - <alloc[2e1b2a31b91974c5]::vec::Vec<u8> as core[a373ad73a504971]::io::write::Write>::write_fmt
[INFO] [stdout]    3:     0x5767078f4406 - std[617be2ca0a6fd877]::panicking::default_hook::{closure#0}
[INFO] [stdout]    4:     0x576707910639 - std[617be2ca0a6fd877]::panicking::default_hook
[INFO] [stdout]    5:     0x5767078aaaf0 - test[aada8e7e76ba119b]::test_main_inner::{closure#0}
[INFO] [stdout]    6:     0x5767079107f2 - std[617be2ca0a6fd877]::panicking::panic_with_hook
[INFO] [stdout]    7:     0x5767078f44b2 - std[617be2ca0a6fd877]::panicking::panic_handler::{closure#0}
[INFO] [stdout]    8:     0x5767078ed1c9 - std[617be2ca0a6fd877]::sys::backtrace::__rust_end_short_backtrace::<std[617be2ca0a6fd877]::panicking::panic_handler::{closure#0}, !>
[INFO] [stdout]    9:     0x5767078f50bd - __rustc[ea4f61d10b84890b]::rust_begin_unwind
[INFO] [stdout]   10:     0x57670792d83c - core[a373ad73a504971]::panicking::panic_fmt
[INFO] [stdout]   11:     0x57670792d753 - core[a373ad73a504971]::panicking::assert_failed_inner
[INFO] [stdout]   12:     0x5767078992ae - core[a373ad73a504971]::panicking::assert_failed::<kotoba_jsonnet[e4eba29a7de8801b]::value::JsonnetValue, kotoba_jsonnet[e4eba29a7de8801b]::value::JsonnetValue>
[INFO] [stdout]   13:     0x57670787e577 - <kotoba_jsonnet[e4eba29a7de8801b]::tests::test_ascii_case_functions::{closure#0} as core[a373ad73a504971]::ops::function::FnOnce<()>>::call_once
[INFO] [stdout]   14:     0x57670789df3b - test[aada8e7e76ba119b]::__rust_begin_short_backtrace::<core[a373ad73a504971]::result::Result<(), alloc[2e1b2a31b91974c5]::string::String>, fn() -> core[a373ad73a504971]::result::Result<(), alloc[2e1b2a31b91974c5]::string::String>>
[INFO] [stdout]   15:     0x5767078ab115 - test[aada8e7e76ba119b]::run_test::{closure#0}
[INFO] [stdout]   16:     0x5767078a4a04 - std[617be2ca0a6fd877]::sys::backtrace::__rust_begin_short_backtrace::<test[aada8e7e76ba119b]::run_test::{closure#1}, ()>
[INFO] [stdout]   17:     0x5767078ae1a2 - <std[617be2ca0a6fd877]::thread::lifecycle::spawn_unchecked<test[aada8e7e76ba119b]::run_test::{closure#1}, ()>::{closure#1} as core[a373ad73a504971]::ops::function::FnOnce<()>>::call_once::{shim:vtable#0}
[INFO] [stdout]   18:     0x5767079177ff - <std[617be2ca0a6fd877]::sys::thread::unix::Thread>::new::thread_start
[INFO] [stdout]   19:     0x7b43beb5bdfa - <unknown>
[INFO] [stdout]   20:     0x7b43bebef3d4 - clone
[INFO] [stdout]   21:                0x0 - <unknown>
[INFO] [stdout] 
[INFO] [stdout] ---- tests::test_logical_operators stdout ----
[INFO] [stdout] 
[INFO] [stdout] thread 'tests::test_logical_operators' (1879) panicked at src/lib.rs:203:9:
[INFO] [stdout] assertion `left == right` failed
[INFO] [stdout]   left: String("true && true")
[INFO] [stdout]  right: Boolean(true)
[INFO] [stdout] stack backtrace:
[INFO] [stdout]    0:     0x576707917fa1 - <<std[617be2ca0a6fd877]::sys::backtrace::BacktraceLock>::print::DisplayBacktrace as core[a373ad73a504971]::fmt::Display>::fmt
[INFO] [stdout]    1:     0x57670792d10a - core[a373ad73a504971]::fmt::write
[INFO] [stdout]    2:     0x57670791c1bc - <alloc[2e1b2a31b91974c5]::vec::Vec<u8> as core[a373ad73a504971]::io::write::Write>::write_fmt
[INFO] [stdout]    3:     0x5767078f4406 - std[617be2ca0a6fd877]::panicking::default_hook::{closure#0}
[INFO] [stdout]    4:     0x576707910639 - std[617be2ca0a6fd877]::panicking::default_hook
[INFO] [stdout]    5:     0x5767078aaaf0 - test[aada8e7e76ba119b]::test_main_inner::{closure#0}
[INFO] [stdout]    6:     0x5767079107f2 - std[617be2ca0a6fd877]::panicking::panic_with_hook
[INFO] [stdout]    7:     0x5767078f44b2 - std[617be2ca0a6fd877]::panicking::panic_handler::{closure#0}
[INFO] [stdout]    8:     0x5767078ed1c9 - std[617be2ca0a6fd877]::sys::backtrace::__rust_end_short_backtrace::<std[617be2ca0a6fd877]::panicking::panic_handler::{closure#0}, !>
[INFO] [stdout]    9:     0x5767078f50bd - __rustc[ea4f61d10b84890b]::rust_begin_unwind
[INFO] [stdout]   10:     0x57670792d83c - core[a373ad73a504971]::panicking::panic_fmt
[INFO] [stdout]   11:     0x57670792d753 - core[a373ad73a504971]::panicking::assert_failed_inner
[INFO] [stdout]   12:     0x5767078992ae - core[a373ad73a504971]::panicking::assert_failed::<kotoba_jsonnet[e4eba29a7de8801b]::value::JsonnetValue, kotoba_jsonnet[e4eba29a7de8801b]::value::JsonnetValue>
[INFO] [stdout]   13:     0x57670787bd47 - <kotoba_jsonnet[e4eba29a7de8801b]::tests::test_logical_operators::{closure#0} as core[a373ad73a504971]::ops::function::FnOnce<()>>::call_once
[INFO] [stdout]   14:     0x57670789df3b - test[aada8e7e76ba119b]::__rust_begin_short_backtrace::<core[a373ad73a504971]::result::Result<(), alloc[2e1b2a31b91974c5]::string::String>, fn() -> core[a373ad73a504971]::result::Result<(), alloc[2e1b2a31b91974c5]::string::String>>
[INFO] [stdout]   15:     0x5767078ab115 - test[aada8e7e76ba119b]::run_test::{closure#0}
[INFO] [stdout]   16:     0x5767078a4a04 - std[617be2ca0a6fd877]::sys::backtrace::__rust_begin_short_backtrace::<test[aada8e7e76ba119b]::run_test::{closure#1}, ()>
[INFO] [stdout]   17:     0x5767078ae1a2 - <std[617be2ca0a6fd877]::thread::lifecycle::spawn_unchecked<test[aada8e7e76ba119b]::run_test::{closure#1}, ()>::{closure#1} as core[a373ad73a504971]::ops::function::FnOnce<()>>::call_once::{shim:vtable#0}
[INFO] [stdout]   18:     0x5767079177ff - <std[617be2ca0a6fd877]::sys::thread::unix::Thread>::new::thread_start
[INFO] [stdout]   19:     0x7b43beb5bdfa - <unknown>
[INFO] [stdout]   20:     0x7b43bebef3d4 - clone
[INFO] [stdout]   21:                0x0 - <unknown>
[INFO] [stdout] 
[INFO] [stdout] ---- tests::test_null_evaluation stdout ----
[INFO] [stdout] 
[INFO] [stdout] thread 'tests::test_null_evaluation' (1880) panicked at src/lib.rs:118:9:
[INFO] [stdout] assertion `left == right` failed
[INFO] [stdout]   left: String("null")
[INFO] [stdout]  right: Null
[INFO] [stdout] stack backtrace:
[INFO] [stdout]    0:     0x576707917fa1 - <<std[617be2ca0a6fd877]::sys::backtrace::BacktraceLock>::print::DisplayBacktrace as core[a373ad73a504971]::fmt::Display>::fmt
[INFO] [stdout]    1:     0x57670792d10a - core[a373ad73a504971]::fmt::write
[INFO] [stdout]    2:     0x57670791c1bc - <alloc[2e1b2a31b91974c5]::vec::Vec<u8> as core[a373ad73a504971]::io::write::Write>::write_fmt
[INFO] [stdout]    3:     0x5767078f4406 - std[617be2ca0a6fd877]::panicking::default_hook::{closure#0}
[INFO] [stdout]    4:     0x576707910639 - std[617be2ca0a6fd877]::panicking::default_hook
[INFO] [stdout]    5:     0x5767078aaaf0 - test[aada8e7e76ba119b]::test_main_inner::{closure#0}
[INFO] [stdout]    6:     0x5767079107f2 - std[617be2ca0a6fd877]::panicking::panic_with_hook
[INFO] [stdout]    7:     0x5767078f44b2 - std[617be2ca0a6fd877]::panicking::panic_handler::{closure#0}
[INFO] [stdout]    8:     0x5767078ed1c9 - std[617be2ca0a6fd877]::sys::backtrace::__rust_end_short_backtrace::<std[617be2ca0a6fd877]::panicking::panic_handler::{closure#0}, !>
[INFO] [stdout]    9:     0x5767078f50bd - __rustc[ea4f61d10b84890b]::rust_begin_unwind
[INFO] [stdout]   10:     0x57670792d83c - core[a373ad73a504971]::panicking::panic_fmt
[INFO] [stdout]   11:     0x57670792d753 - core[a373ad73a504971]::panicking::assert_failed_inner
[INFO] [stdout]   12:     0x5767078992ae - core[a373ad73a504971]::panicking::assert_failed::<kotoba_jsonnet[e4eba29a7de8801b]::value::JsonnetValue, kotoba_jsonnet[e4eba29a7de8801b]::value::JsonnetValue>
[INFO] [stdout]   13:     0x57670787997c - <kotoba_jsonnet[e4eba29a7de8801b]::tests::test_null_evaluation::{closure#0} as core[a373ad73a504971]::ops::function::FnOnce<()>>::call_once
[INFO] [stdout]   14:     0x57670789df3b - test[aada8e7e76ba119b]::__rust_begin_short_backtrace::<core[a373ad73a504971]::result::Result<(), alloc[2e1b2a31b91974c5]::string::String>, fn() -> core[a373ad73a504971]::result::Result<(), alloc[2e1b2a31b91974c5]::string::String>>
[INFO] [stdout]   15:     0x5767078ab115 - test[aada8e7e76ba119b]::run_test::{closure#0}
[INFO] [stdout]   16:     0x5767078a4a04 - std[617be2ca0a6fd877]::sys::backtrace::__rust_begin_short_backtrace::<test[aada8e7e76ba119b]::run_test::{closure#1}, ()>
[INFO] [stdout]   17:     0x5767078ae1a2 - <std[617be2ca0a6fd877]::thread::lifecycle::spawn_unchecked<test[aada8e7e76ba119b]::run_test::{closure#1}, ()>::{closure#1} as core[a373ad73a504971]::ops::function::FnOnce<()>>::call_once::{shim:vtable#0}
[INFO] [stdout]   18:     0x5767079177ff - <std[617be2ca0a6fd877]::sys::thread::unix::Thread>::new::thread_start
[INFO] [stdout]   19:     0x7b43beb5bdfa - <unknown>
[INFO] [stdout]   20:     0x7b43bebef3d4 - clone
[INFO] [stdout]   21:                0x0 - <unknown>
[INFO] [stdout] 
[INFO] [stdout] ---- tests::test_array_index_access stdout ----
[INFO] [stdout] 
[INFO] [stdout] thread 'tests::test_array_index_access' (1864) panicked at src/lib.rs:285:9:
[INFO] [stdout] assertion `left == right` failed
[INFO] [stdout]   left: String("[10, 20, 30][1]")
[INFO] [stdout]  right: Number(20.0)
[INFO] [stdout] stack backtrace:
[INFO] [stdout]    0:     0x576707917fa1 - <<std[617be2ca0a6fd877]::sys::backtrace::BacktraceLock>::print::DisplayBacktrace as core[a373ad73a504971]::fmt::Display>::fmt
[INFO] [stdout]    1:     0x57670792d10a - core[a373ad73a504971]::fmt::write
[INFO] [stdout]    2:     0x57670791c1bc - <alloc[2e1b2a31b91974c5]::vec::Vec<u8> as core[a373ad73a504971]::io::write::Write>::write_fmt
[INFO] [stdout]    3:     0x5767078f4406 - std[617be2ca0a6fd877]::panicking::default_hook::{closure#0}
[INFO] [stdout]    4:     0x576707910639 - std[617be2ca0a6fd877]::panicking::default_hook
[INFO] [stdout]    5:     0x5767078aaaf0 - test[aada8e7e76ba119b]::test_main_inner::{closure#0}
[INFO] [stdout]    6:     0x5767079107f2 - std[617be2ca0a6fd877]::panicking::panic_with_hook
[INFO] [stdout]    7:     0x5767078f44b2 - std[617be2ca0a6fd877]::panicking::panic_handler::{closure#0}
[INFO] [stdout]    8:     0x5767078ed1c9 - std[617be2ca0a6fd877]::sys::backtrace::__rust_end_short_backtrace::<std[617be2ca0a6fd877]::panicking::panic_handler::{closure#0}, !>
[INFO] [stdout]    9:     0x5767078f50bd - __rustc[ea4f61d10b84890b]::rust_begin_unwind
[INFO] [stdout]   10:     0x57670792d83c - core[a373ad73a504971]::panicking::panic_fmt
[INFO] [stdout]   11:     0x57670792d753 - core[a373ad73a504971]::panicking::assert_failed_inner
[INFO] [stdout]   12:     0x5767078992ae - core[a373ad73a504971]::panicking::assert_failed::<kotoba_jsonnet[e4eba29a7de8801b]::value::JsonnetValue, kotoba_jsonnet[e4eba29a7de8801b]::value::JsonnetValue>
[INFO] [stdout]   13:     0x57670787c4e7 - <kotoba_jsonnet[e4eba29a7de8801b]::tests::test_array_index_access::{closure#0} as core[a373ad73a504971]::ops::function::FnOnce<()>>::call_once
[INFO] [stdout]   14:     0x57670789df3b - test[aada8e7e76ba119b]::__rust_begin_short_backtrace::<core[a373ad73a504971]::result::Result<(), alloc[2e1b2a31b91974c5]::string::String>, fn() -> core[a373ad73a504971]::result::Result<(), alloc[2e1b2a31b91974c5]::string::String>>
[INFO] [stdout]   15:     0x5767078ab115 - test[aada8e7e76ba119b]::run_test::{closure#0}
[INFO] [stdout]   16:     0x5767078a4a04 - std[617be2ca0a6fd877]::sys::backtrace::__rust_begin_short_backtrace::<test[aada8e7e76ba119b]::run_test::{closure#1}, ()>
[INFO] [stdout]   17:     0x5767078ae1a2 - <std[617be2ca0a6fd877]::thread::lifecycle::spawn_unchecked<test[aada8e7e76ba119b]::run_test::{closure#1}, ()>::{closure#1} as core[a373ad73a504971]::ops::function::FnOnce<()>>::call_once::{shim:vtable#0}
[INFO] [stdout]   18:     0x5767079177ff - <std[617be2ca0a6fd877]::sys::thread::unix::Thread>::new::thread_start
[INFO] [stdout]   19:     0x7b43beb5bdfa - <unknown>
[INFO] [stdout]   20:     0x7b43bebef3d4 - clone
[INFO] [stdout]   21:                0x0 - <unknown>
[INFO] [stdout] 
[INFO] [stdout] ---- tests::test_object_creation stdout ----
[INFO] [stdout] 
[INFO] [stdout] thread 'tests::test_object_creation' (1882) panicked at src/lib.rs:236:13:
[INFO] [stdout] Expected object value
[INFO] [stdout] stack backtrace:
[INFO] [stdout]    0:     0x576707917fa1 - <<std[617be2ca0a6fd877]::sys::backtrace::BacktraceLock>::print::DisplayBacktrace as core[a373ad73a504971]::fmt::Display>::fmt
[INFO] [stdout]    1:     0x57670792d10a - core[a373ad73a504971]::fmt::write
[INFO] [stdout]    2:     0x57670791c1bc - <alloc[2e1b2a31b91974c5]::vec::Vec<u8> as core[a373ad73a504971]::io::write::Write>::write_fmt
[INFO] [stdout]    3:     0x5767078f4406 - std[617be2ca0a6fd877]::panicking::default_hook::{closure#0}
[INFO] [stdout]    4:     0x576707910639 - std[617be2ca0a6fd877]::panicking::default_hook
[INFO] [stdout]    5:     0x5767078aaaf0 - test[aada8e7e76ba119b]::test_main_inner::{closure#0}
[INFO] [stdout]    6:     0x5767079107f2 - std[617be2ca0a6fd877]::panicking::panic_with_hook
[INFO] [stdout]    7:     0x5767078f44e4 - std[617be2ca0a6fd877]::panicking::panic_handler::{closure#0}
[INFO] [stdout]    8:     0x5767078ed1c9 - std[617be2ca0a6fd877]::sys::backtrace::__rust_end_short_backtrace::<std[617be2ca0a6fd877]::panicking::panic_handler::{closure#0}, !>
[INFO] [stdout]    9:     0x5767078f50bd - __rustc[ea4f61d10b84890b]::rust_begin_unwind
[INFO] [stdout]   10:     0x57670792d83c - core[a373ad73a504971]::panicking::panic_fmt
[INFO] [stdout]   11:     0x576707879daf - <kotoba_jsonnet[e4eba29a7de8801b]::tests::test_object_creation::{closure#0} as core[a373ad73a504971]::ops::function::FnOnce<()>>::call_once
[INFO] [stdout]   12:     0x57670789df3b - test[aada8e7e76ba119b]::__rust_begin_short_backtrace::<core[a373ad73a504971]::result::Result<(), alloc[2e1b2a31b91974c5]::string::String>, fn() -> core[a373ad73a504971]::result::Result<(), alloc[2e1b2a31b91974c5]::string::String>>
[INFO] [stdout]   13:     0x5767078ab115 - test[aada8e7e76ba119b]::run_test::{closure#0}
[INFO] [stdout]   14:     0x5767078a4a04 - std[617be2ca0a6fd877]::sys::backtrace::__rust_begin_short_backtrace::<test[aada8e7e76ba119b]::run_test::{closure#1}, ()>
[INFO] [stdout]   15:     0x5767078ae1a2 - <std[617be2ca0a6fd877]::thread::lifecycle::spawn_unchecked<test[aada8e7e76ba119b]::run_test::{closure#1}, ()>::{closure#1} as core[a373ad73a504971]::ops::function::FnOnce<()>>::call_once::{shim:vtable#0}
[INFO] [stdout]   16:     0x5767079177ff - <std[617be2ca0a6fd877]::sys::thread::unix::Thread>::new::thread_start
[INFO] [stdout]   17:     0x7b43beb5bdfa - <unknown>
[INFO] [stdout]   18:     0x7b43bebef3d4 - clone
[INFO] [stdout]   19:                0x0 - <unknown>
[INFO] [stdout] 
[INFO] [stdout] ---- tests::test_conditional stdout ----
[INFO] [stdout] 
[INFO] [stdout] thread 'tests::test_conditional' (1871) panicked at src/lib.rs:1049:13:
[INFO] [stdout] assertion `left == right` failed
[INFO] [stdout]   left: "if true then \"yes\" else \"no\""
[INFO] [stdout]  right: "yes"
[INFO] [stdout] stack backtrace:
[INFO] [stdout]    0:     0x576707917fa1 - <<std[617be2ca0a6fd877]::sys::backtrace::BacktraceLock>::print::DisplayBacktrace as core[a373ad73a504971]::fmt::Display>::fmt
[INFO] [stdout]    1:     0x57670792d10a - core[a373ad73a504971]::fmt::write
[INFO] [stdout]    2:     0x57670791c1bc - <alloc[2e1b2a31b91974c5]::vec::Vec<u8> as core[a373ad73a504971]::io::write::Write>::write_fmt
[INFO] [stdout]    3:     0x5767078f4406 - std[617be2ca0a6fd877]::panicking::default_hook::{closure#0}
[INFO] [stdout]    4:     0x576707910639 - std[617be2ca0a6fd877]::panicking::default_hook
[INFO] [stdout]    5:     0x5767078aaaf0 - test[aada8e7e76ba119b]::test_main_inner::{closure#0}
[INFO] [stdout]    6:     0x5767079107f2 - std[617be2ca0a6fd877]::panicking::panic_with_hook
[INFO] [stdout]    7:     0x5767078f44b2 - std[617be2ca0a6fd877]::panicking::panic_handler::{closure#0}
[INFO] [stdout]    8:     0x5767078ed1c9 - std[617be2ca0a6fd877]::sys::backtrace::__rust_end_short_backtrace::<std[617be2ca0a6fd877]::panicking::panic_handler::{closure#0}, !>
[INFO] [stdout]    9:     0x5767078f50bd - __rustc[ea4f61d10b84890b]::rust_begin_unwind
[INFO] [stdout]   10:     0x57670792d83c - core[a373ad73a504971]::panicking::panic_fmt
[INFO] [stdout]   11:     0x57670792d753 - core[a373ad73a504971]::panicking::assert_failed_inner
[INFO] [stdout]   12:     0x576707899248 - core[a373ad73a504971]::panicking::assert_failed::<alloc[2e1b2a31b91974c5]::string::String, &str>
[INFO] [stdout]   13:     0x5767078762a1 - <kotoba_jsonnet[e4eba29a7de8801b]::tests::test_conditional::{closure#0} as core[a373ad73a504971]::ops::function::FnOnce<()>>::call_once
[INFO] [stdout]   14:     0x57670789df3b - test[aada8e7e76ba119b]::__rust_begin_short_backtrace::<core[a373ad73a504971]::result::Result<(), alloc[2e1b2a31b91974c5]::string::String>, fn() -> core[a373ad73a504971]::result::Result<(), alloc[2e1b2a31b91974c5]::string::String>>
[INFO] [stdout]   15:     0x5767078ab115 - test[aada8e7e76ba119b]::run_test::{closure#0}
[INFO] [stdout]   16:     0x5767078a4a04 - std[617be2ca0a6fd877]::sys::backtrace::__rust_begin_short_backtrace::<test[aada8e7e76ba119b]::run_test::{closure#1}, ()>
[INFO] [stdout]   17:     0x5767078ae1a2 - <std[617be2ca0a6fd877]::thread::lifecycle::spawn_unchecked<test[aada8e7e76ba119b]::run_test::{closure#1}, ()>::{closure#1} as core[a373ad73a504971]::ops::function::FnOnce<()>>::call_once::{shim:vtable#0}
[INFO] [stdout]   18:     0x5767079177ff - <std[617be2ca0a6fd877]::sys::thread::unix::Thread>::new::thread_start
[INFO] [stdout]   19:     0x7b43beb5bdfa - <unknown>
[INFO] [stdout]   20:     0x7b43bebef3d4 - clone
[INFO] [stdout]   21:                0x0 - <unknown>
[INFO] [stdout] 
[INFO] [stdout] ---- tests::test_phase4_advanced_features stdout ----
[INFO] [stdout] 
[INFO] [stdout] thread 'tests::test_phase4_advanced_features' (1884) panicked at src/lib.rs:734:9:
[INFO] [stdout] assertion failed: ini_str.contains("[database]")
[INFO] [stdout] stack backtrace:
[INFO] [stdout]    0:     0x576707917fa1 - <<std[617be2ca0a6fd877]::sys::backtrace::BacktraceLock>::print::DisplayBacktrace as core[a373ad73a504971]::fmt::Display>::fmt
[INFO] [stdout]    1:     0x57670792d10a - core[a373ad73a504971]::fmt::write
[INFO] [stdout]    2:     0x57670791c1bc - <alloc[2e1b2a31b91974c5]::vec::Vec<u8> as core[a373ad73a504971]::io::write::Write>::write_fmt
[INFO] [stdout]    3:     0x5767078f4406 - std[617be2ca0a6fd877]::panicking::default_hook::{closure#0}
[INFO] [stdout]    4:     0x576707910639 - std[617be2ca0a6fd877]::panicking::default_hook
[INFO] [stdout]    5:     0x5767078aaaf0 - test[aada8e7e76ba119b]::test_main_inner::{closure#0}
[INFO] [stdout]    6:     0x5767079107f2 - std[617be2ca0a6fd877]::panicking::panic_with_hook
[INFO] [stdout]    7:     0x5767078f44e4 - std[617be2ca0a6fd877]::panicking::panic_handler::{closure#0}
[INFO] [stdout]    8:     0x5767078ed1c9 - std[617be2ca0a6fd877]::sys::backtrace::__rust_end_short_backtrace::<std[617be2ca0a6fd877]::panicking::panic_handler::{closure#0}, !>
[INFO] [stdout]    9:     0x5767078f50bd - __rustc[ea4f61d10b84890b]::rust_begin_unwind
[INFO] [stdout]   10:     0x57670792d83c - core[a373ad73a504971]::panicking::panic_fmt
[INFO] [stdout]   11:     0x57670792d802 - core[a373ad73a504971]::panicking::panic
[INFO] [stdout]   12:     0x576707881359 - <kotoba_jsonnet[e4eba29a7de8801b]::tests::test_phase4_advanced_features::{closure#0} as core[a373ad73a504971]::ops::function::FnOnce<()>>::call_once
[INFO] [stdout]   13:     0x57670789df3b - test[aada8e7e76ba119b]::__rust_begin_short_backtrace::<core[a373ad73a504971]::result::Result<(), alloc[2e1b2a31b91974c5]::string::String>, fn() -> core[a373ad73a504971]::result::Result<(), alloc[2e1b2a31b91974c5]::string::String>>
[INFO] [stdout]   14:     0x5767078ab115 - test[aada8e7e76ba119b]::run_test::{closure#0}
[INFO] [stdout]   15:     0x5767078a4a04 - std[617be2ca0a6fd877]::sys::backtrace::__rust_begin_short_backtrace::<test[aada8e7e76ba119b]::run_test::{closure#1}, ()>
[INFO] [stdout]   16:     0x5767078ae1a2 - <std[617be2ca0a6fd877]::thread::lifecycle::spawn_unchecked<test[aada8e7e76ba119b]::run_test::{closure#1}, ()>::{closure#1} as core[a373ad73a504971]::ops::function::FnOnce<()>>::call_once::{shim:vtable#0}
[INFO] [stdout]   17:     0x5767079177ff - <std[617be2ca0a6fd877]::sys::thread::unix::Thread>::new::thread_start
[INFO] [stdout]   18:     0x7b43beb5bdfa - <unknown>
[INFO] [stdout]   19:     0x7b43bebef3d4 - clone
[INFO] [stdout]   20:                0x0 - <unknown>
[INFO] [stdout] 
[INFO] [stdout] ---- tests::test_phase5_remaining_core stdout ----
[INFO] [stdout] 
[INFO] [stdout] thread 'tests::test_phase5_remaining_core' (1885) panicked at src/lib.rs:979:38:
[INFO] [stdout] called `Result::unwrap()` on an `Err` value: TypeError { message: "Expected array, got string" }
[INFO] [stdout] stack backtrace:
[INFO] [stdout]    0:     0x576707917fa1 - <<std[617be2ca0a6fd877]::sys::backtrace::BacktraceLock>::print::DisplayBacktrace as core[a373ad73a504971]::fmt::Display>::fmt
[INFO] [stdout]    1:     0x57670792d10a - core[a373ad73a504971]::fmt::write
[INFO] [stdout]    2:     0x57670791c1bc - <alloc[2e1b2a31b91974c5]::vec::Vec<u8> as core[a373ad73a504971]::io::write::Write>::write_fmt
[INFO] [stdout]    3:     0x5767078f4406 - std[617be2ca0a6fd877]::panicking::default_hook::{closure#0}
[INFO] [stdout]    4:     0x576707910639 - std[617be2ca0a6fd877]::panicking::default_hook
[INFO] [stdout]    5:     0x5767078aaaf0 - test[aada8e7e76ba119b]::test_main_inner::{closure#0}
[INFO] [stdout]    6:     0x5767079107f2 - std[617be2ca0a6fd877]::panicking::panic_with_hook
[INFO] [stdout]    7:     0x5767078f44b2 - std[617be2ca0a6fd877]::panicking::panic_handler::{closure#0}
[INFO] [stdout]    8:     0x5767078ed1c9 - std[617be2ca0a6fd877]::sys::backtrace::__rust_end_short_backtrace::<std[617be2ca0a6fd877]::panicking::panic_handler::{closure#0}, !>
[INFO] [stdout]    9:     0x5767078f50bd - __rustc[ea4f61d10b84890b]::rust_begin_unwind
[INFO] [stdout]   10:     0x57670792d83c - core[a373ad73a504971]::panicking::panic_fmt
[INFO] [stdout]   11:     0x57670792d612 - core[a373ad73a504971]::result::unwrap_failed
[INFO] [stdout]   12:     0x57670788035e - <kotoba_jsonnet[e4eba29a7de8801b]::tests::test_phase5_remaining_core::{closure#0} as core[a373ad73a504971]::ops::function::FnOnce<()>>::call_once
[INFO] [stdout]   13:     0x57670789df3b - test[aada8e7e76ba119b]::__rust_begin_short_backtrace::<core[a373ad73a504971]::result::Result<(), alloc[2e1b2a31b91974c5]::string::String>, fn() -> core[a373ad73a504971]::result::Result<(), alloc[2e1b2a31b91974c5]::string::String>>
[INFO] [stdout]   14:     0x5767078ab115 - test[aada8e7e76ba119b]::run_test::{closure#0}
[INFO] [stdout]   15:     0x5767078a4a04 - std[617be2ca0a6fd877]::sys::backtrace::__rust_begin_short_backtrace::<test[aada8e7e76ba119b]::run_test::{closure#1}, ()>
[INFO] [stdout]   16:     0x5767078ae1a2 - <std[617be2ca0a6fd877]::thread::lifecycle::spawn_unchecked<test[aada8e7e76ba119b]::run_test::{closure#1}, ()>::{closure#1} as core[a373ad73a504971]::ops::function::FnOnce<()>>::call_once::{shim:vtable#0}
[INFO] [stdout]   17:     0x5767079177ff - <std[617be2ca0a6fd877]::sys::thread::unix::Thread>::new::thread_start
[INFO] [stdout]   18:     0x7b43beb5bdfa - <unknown>
[INFO] [stdout]   19:     0x7b43bebef3d4 - clone
[INFO] [stdout]   20:                0x0 - <unknown>
[INFO] [stdout] 
[INFO] [stdout] ---- tests::test_extended_array_string_functions stdout ----
[INFO] [stdout] 
[INFO] [stdout] thread 'tests::test_extended_array_string_functions' (1873) panicked at src/lib.rs:684:18:
[INFO] [stdout] Expected array
[INFO] [stdout] stack backtrace:
[INFO] [stdout]    0:     0x576707917fa1 - <<std[617be2ca0a6fd877]::sys::backtrace::BacktraceLock>::print::DisplayBacktrace as core[a373ad73a504971]::fmt::Display>::fmt
[INFO] [stdout]    1:     0x57670792d10a - core[a373ad73a504971]::fmt::write
[INFO] [stdout]    2:     0x57670791c1bc - <alloc[2e1b2a31b91974c5]::vec::Vec<u8> as core[a373ad73a504971]::io::write::Write>::write_fmt
[INFO] [stdout]    3:     0x5767078f4406 - std[617be2ca0a6fd877]::panicking::default_hook::{closure#0}
[INFO] [stdout]    4:     0x576707910639 - std[617be2ca0a6fd877]::panicking::default_hook
[INFO] [stdout]    5:     0x5767078aaaf0 - test[aada8e7e76ba119b]::test_main_inner::{closure#0}
[INFO] [stdout]    6:     0x5767079107f2 - std[617be2ca0a6fd877]::panicking::panic_with_hook
[INFO] [stdout]    7:     0x5767078f44e4 - std[617be2ca0a6fd877]::panicking::panic_handler::{closure#0}
[INFO] [stdout]    8:     0x5767078ed1c9 - std[617be2ca0a6fd877]::sys::backtrace::__rust_end_short_backtrace::<std[617be2ca0a6fd877]::panicking::panic_handler::{closure#0}, !>
[INFO] [stdout]    9:     0x5767078f50bd - __rustc[ea4f61d10b84890b]::rust_begin_unwind
[INFO] [stdout]   10:     0x57670792d83c - core[a373ad73a504971]::panicking::panic_fmt
[INFO] [stdout]   11:     0x576707882f39 - <kotoba_jsonnet[e4eba29a7de8801b]::tests::test_extended_array_string_functions::{closure#0} as core[a373ad73a504971]::ops::function::FnOnce<()>>::call_once
[INFO] [stdout]   12:     0x57670789df3b - test[aada8e7e76ba119b]::__rust_begin_short_backtrace::<core[a373ad73a504971]::result::Result<(), alloc[2e1b2a31b91974c5]::string::String>, fn() -> core[a373ad73a504971]::result::Result<(), alloc[2e1b2a31b91974c5]::string::String>>
[INFO] [stdout]   13:     0x5767078ab115 - test[aada8e7e76ba119b]::run_test::{closure#0}
[INFO] [stdout]   14:     0x5767078a4a04 - std[617be2ca0a6fd877]::sys::backtrace::__rust_begin_short_backtrace::<test[aada8e7e76ba119b]::run_test::{closure#1}, ()>
[INFO] [stdout]   15:     0x5767078ae1a2 - <std[617be2ca0a6fd877]::thread::lifecycle::spawn_unchecked<test[aada8e7e76ba119b]::run_test::{closure#1}, ()>::{closure#1} as core[a373ad73a504971]::ops::function::FnOnce<()>>::call_once::{shim:vtable#0}
[INFO] [stdout]   16:     0x5767079177ff - <std[617be2ca0a6fd877]::sys::thread::unix::Thread>::new::thread_start
[INFO] [stdout]   17:     0x7b43beb5bdfa - <unknown>
[INFO] [stdout]   18:     0x7b43bebef3d4 - clone
[INFO] [stdout]   19:                0x0 - <unknown>
[INFO] [stdout] 
[INFO] [stdout] ---- tests::test_function_calls stdout ----
[INFO] [stdout] 
[INFO] [stdout] thread 'tests::test_function_calls' (1874) panicked at src/lib.rs:356:9:
[INFO] [stdout] assertion `left == right` failed
[INFO] [stdout]   left: String("local multiply = function(a, b, c) a * b * c; multiply(2, 3, 4)")
[INFO] [stdout]  right: Number(24.0)
[INFO] [stdout] stack backtrace:
[INFO] [stdout]    0:     0x576707917fa1 - <<std[617be2ca0a6fd877]::sys::backtrace::BacktraceLock>::print::DisplayBacktrace as core[a373ad73a504971]::fmt::Display>::fmt
[INFO] [stdout]    1:     0x57670792d10a - core[a373ad73a504971]::fmt::write
[INFO] [stdout]    2:     0x57670791c1bc - <alloc[2e1b2a31b91974c5]::vec::Vec<u8> as core[a373ad73a504971]::io::write::Write>::write_fmt
[INFO] [stdout]    3:     0x5767078f4406 - std[617be2ca0a6fd877]::panicking::default_hook::{closure#0}
[INFO] [stdout]    4:     0x576707910639 - std[617be2ca0a6fd877]::panicking::default_hook
[INFO] [stdout]    5:     0x5767078aaaf0 - test[aada8e7e76ba119b]::test_main_inner::{closure#0}
[INFO] [stdout]    6:     0x5767079107f2 - std[617be2ca0a6fd877]::panicking::panic_with_hook
[INFO] [stdout]    7:     0x5767078f44b2 - std[617be2ca0a6fd877]::panicking::panic_handler::{closure#0}
[INFO] [stdout]    8:     0x5767078ed1c9 - std[617be2ca0a6fd877]::sys::backtrace::__rust_end_short_backtrace::<std[617be2ca0a6fd877]::panicking::panic_handler::{closure#0}, !>
[INFO] [stdout]    9:     0x5767078f50bd - __rustc[ea4f61d10b84890b]::rust_begin_unwind
[INFO] [stdout]   10:     0x57670792d83c - core[a373ad73a504971]::panicking::panic_fmt
[INFO] [stdout]   11:     0x57670792d753 - core[a373ad73a504971]::panicking::assert_failed_inner
[INFO] [stdout]   12:     0x5767078992ae - core[a373ad73a504971]::panicking::assert_failed::<kotoba_jsonnet[e4eba29a7de8801b]::value::JsonnetValue, kotoba_jsonnet[e4eba29a7de8801b]::value::JsonnetValue>
[INFO] [stdout]   13:     0x5767078787b7 - <kotoba_jsonnet[e4eba29a7de8801b]::tests::test_function_calls::{closure#0} as core[a373ad73a504971]::ops::function::FnOnce<()>>::call_once
[INFO] [stdout]   14:     0x57670789df3b - test[aada8e7e76ba119b]::__rust_begin_short_backtrace::<core[a373ad73a504971]::result::Result<(), alloc[2e1b2a31b91974c5]::string::String>, fn() -> core[a373ad73a504971]::result::Result<(), alloc[2e1b2a31b91974c5]::string::String>>
[INFO] [stdout]   15:     0x5767078ab115 - test[aada8e7e76ba119b]::run_test::{closure#0}
[INFO] [stdout]   16:     0x5767078a4a04 - std[617be2ca0a6fd877]::sys::backtrace::__rust_begin_short_backtrace::<test[aada8e7e76ba119b]::run_test::{closure#1}, ()>
[INFO] [stdout]   17:     0x5767078ae1a2 - <std[617be2ca0a6fd877]::thread::lifecycle::spawn_unchecked<test[aada8e7e76ba119b]::run_test::{closure#1}, ()>::{closure#1} as core[a373ad73a504971]::ops::function::FnOnce<()>>::call_once::{shim:vtable#0}
[INFO] [stdout]   18:     0x5767079177ff - <std[617be2ca0a6fd877]::sys::thread::unix::Thread>::new::thread_start
[INFO] [stdout]   19:     0x7b43beb5bdfa - <unknown>
[INFO] [stdout]   20:     0x7b43bebef3d4 - clone
[INFO] [stdout]   21:                0x0 - <unknown>
[INFO] [stdout] 
[INFO] [stdout] ---- tests::test_stdlib_length stdout ----
[INFO] [stdout] 
[INFO] [stdout] thread 'tests::test_stdlib_length' (1889) panicked at src/lib.rs:376:13:
[INFO] [stdout] Expected number value
[INFO] [stdout] stack backtrace:
[INFO] [stdout]    0:     0x576707917fa1 - <<std[617be2ca0a6fd877]::sys::backtrace::BacktraceLock>::print::DisplayBacktrace as core[a373ad73a504971]::fmt::Display>::fmt
[INFO] [stdout]    1:     0x57670792d10a - core[a373ad73a504971]::fmt::write
[INFO] [stdout]    2:     0x57670791c1bc - <alloc[2e1b2a31b91974c5]::vec::Vec<u8> as core[a373ad73a504971]::io::write::Write>::write_fmt
[INFO] [stdout]    3:     0x5767078f4406 - std[617be2ca0a6fd877]::panicking::default_hook::{closure#0}
[INFO] [stdout]    4:     0x576707910639 - std[617be2ca0a6fd877]::panicking::default_hook
[INFO] [stdout]    5:     0x5767078aaaf0 - test[aada8e7e76ba119b]::test_main_inner::{closure#0}
[INFO] [stdout]    6:     0x5767079107f2 - std[617be2ca0a6fd877]::panicking::panic_with_hook
[INFO] [stdout]    7:     0x5767078f44e4 - std[617be2ca0a6fd877]::panicking::panic_handler::{closure#0}
[INFO] [stdout]    8:     0x5767078ed1c9 - std[617be2ca0a6fd877]::sys::backtrace::__rust_end_short_backtrace::<std[617be2ca0a6fd877]::panicking::panic_handler::{closure#0}, !>
[INFO] [stdout]    9:     0x5767078f50bd - __rustc[ea4f61d10b84890b]::rust_begin_unwind
[INFO] [stdout]   10:     0x57670792d83c - core[a373ad73a504971]::panicking::panic_fmt
[INFO] [stdout]   11:     0x5767078772c2 - <kotoba_jsonnet[e4eba29a7de8801b]::tests::test_stdlib_length::{closure#0} as core[a373ad73a504971]::ops::function::FnOnce<()>>::call_once
[INFO] [stdout]   12:     0x57670789df3b - test[aada8e7e76ba119b]::__rust_begin_short_backtrace::<core[a373ad73a504971]::result::Result<(), alloc[2e1b2a31b91974c5]::string::String>, fn() -> core[a373ad73a504971]::result::Result<(), alloc[2e1b2a31b91974c5]::string::String>>
[INFO] [stdout]   13:     0x5767078ab115 - test[aada8e7e76ba119b]::run_test::{closure#0}
[INFO] [stdout]   14:     0x5767078a4a04 - std[617be2ca0a6fd877]::sys::backtrace::__rust_begin_short_backtrace::<test[aada8e7e76ba119b]::run_test::{closure#1}, ()>
[INFO] [stdout]   15:     0x5767078ae1a2 - <std[617be2ca0a6fd877]::thread::lifecycle::spawn_unchecked<test[aada8e7e76ba119b]::run_test::{closure#1}, ()>::{closure#1} as core[a373ad73a504971]::ops::function::FnOnce<()>>::call_once::{shim:vtable#0}
[INFO] [stdout]   16:     0x5767079177ff - <std[617be2ca0a6fd877]::sys::thread::unix::Thread>::new::thread_start
[INFO] [stdout]   17:     0x7b43beb5bdfa - <unknown>
[INFO] [stdout]   18:     0x7b43bebef3d4 - clone
[INFO] [stdout]   19:                0x0 - <unknown>
[INFO] [stdout] 
[INFO] [stdout] ---- tests::test_function_definition stdout ----
[INFO] [stdout] 
[INFO] [stdout] thread 'tests::test_function_definition' (1875) panicked at src/lib.rs:347:13:
[INFO] [stdout] Expected number value
[INFO] [stdout] stack backtrace:
[INFO] [stdout]    0:     0x576707917fa1 - <<std[617be2ca0a6fd877]::sys::backtrace::BacktraceLock>::print::DisplayBacktrace as core[a373ad73a504971]::fmt::Display>::fmt
[INFO] [stdout]    1:     0x57670792d10a - core[a373ad73a504971]::fmt::write
[INFO] [stdout]    2:     0x57670791c1bc - <alloc[2e1b2a31b91974c5]::vec::Vec<u8> as core[a373ad73a504971]::io::write::Write>::write_fmt
[INFO] [stdout]    3:     0x5767078f4406 - std[617be2ca0a6fd877]::panicking::default_hook::{closure#0}
[INFO] [stdout]    4:     0x576707910639 - std[617be2ca0a6fd877]::panicking::default_hook
[INFO] [stdout]    5:     0x5767078aaaf0 - test[aada8e7e76ba119b]::test_main_inner::{closure#0}
[INFO] [stdout]    6:     0x5767079107f2 - std[617be2ca0a6fd877]::panicking::panic_with_hook
[INFO] [stdout]    7:     0x5767078f44e4 - std[617be2ca0a6fd877]::panicking::panic_handler::{closure#0}
[INFO] [stdout]    8:     0x5767078ed1c9 - std[617be2ca0a6fd877]::sys::backtrace::__rust_end_short_backtrace::<std[617be2ca0a6fd877]::panicking::panic_handler::{closure#0}, !>
[INFO] [stdout]    9:     0x5767078f50bd - __rustc[ea4f61d10b84890b]::rust_begin_unwind
[INFO] [stdout]   10:     0x57670792d83c - core[a373ad73a504971]::panicking::panic_fmt
[INFO] [stdout]   11:     0x57670787d902 - <kotoba_jsonnet[e4eba29a7de8801b]::tests::test_function_definition::{closure#0} as core[a373ad73a504971]::ops::function::FnOnce<()>>::call_once
[INFO] [stdout]   12:     0x57670789df3b - test[aada8e7e76ba119b]::__rust_begin_short_backtrace::<core[a373ad73a504971]::result::Result<(), alloc[2e1b2a31b91974c5]::string::String>, fn() -> core[a373ad73a504971]::result::Result<(), alloc[2e1b2a31b91974c5]::string::String>>
[INFO] [stdout]   13:     0x5767078ab115 - test[aada8e7e76ba119b]::run_test::{closure#0}
[INFO] [stdout]   14:     0x5767078a4a04 - std[617be2ca0a6fd877]::sys::backtrace::__rust_begin_short_backtrace::<test[aada8e7e76ba119b]::run_test::{closure#1}, ()>
[INFO] [stdout]   15:     0x5767078ae1a2 - <std[617be2ca0a6fd877]::thread::lifecycle::spawn_unchecked<test[aada8e7e76ba119b]::run_test::{closure#1}, ()>::{closure#1} as core[a373ad73a504971]::ops::function::FnOnce<()>>::call_once::{shim:vtable#0}
[INFO] [stdout]   16:     0x5767079177ff - <std[617be2ca0a6fd877]::sys::thread::unix::Thread>::new::thread_start
[INFO] [stdout]   17:     0x7b43beb5bdfa - <unknown>
[INFO] [stdout]   18:     0x7b43bebef3d4 - clone
[INFO] [stdout]   19:                0x0 - <unknown>
[INFO] [stdout] 
[INFO] [stdout] ---- tests::test_string_interpolation stdout ----
[INFO] [stdout] 
[INFO] [stdout] thread 'tests::test_string_interpolation' (1890) panicked at src/lib.rs:1060:13:
[INFO] [stdout] assertion `left == right` failed
[INFO] [stdout]   left: "local name = \"World\"; \"Hello, %(name)s!\""
[INFO] [stdout]  right: "Hello, World!"
[INFO] [stdout] stack backtrace:
[INFO] [stdout]    0:     0x576707917fa1 - <<std[617be2ca0a6fd877]::sys::backtrace::BacktraceLock>::print::DisplayBacktrace as core[a373ad73a504971]::fmt::Display>::fmt
[INFO] [stdout]    1:     0x57670792d10a - core[a373ad73a504971]::fmt::write
[INFO] [stdout]    2:     0x57670791c1bc - <alloc[2e1b2a31b91974c5]::vec::Vec<u8> as core[a373ad73a504971]::io::write::Write>::write_fmt
[INFO] [stdout]    3:     0x5767078f4406 - std[617be2ca0a6fd877]::panicking::default_hook::{closure#0}
[INFO] [stdout]    4:     0x576707910639 - std[617be2ca0a6fd877]::panicking::default_hook
[INFO] [stdout]    5:     0x5767078aaaf0 - test[aada8e7e76ba119b]::test_main_inner::{closure#0}
[INFO] [stdout]    6:     0x5767079107f2 - std[617be2ca0a6fd877]::panicking::panic_with_hook
[INFO] [stdout]    7:     0x5767078f44b2 - std[617be2ca0a6fd877]::panicking::panic_handler::{closure#0}
[INFO] [stdout]    8:     0x5767078ed1c9 - std[617be2ca0a6fd877]::sys::backtrace::__rust_end_short_backtrace::<std[617be2ca0a6fd877]::panicking::panic_handler::{closure#0}, !>
[INFO] [stdout]    9:     0x5767078f50bd - __rustc[ea4f61d10b84890b]::rust_begin_unwind
[INFO] [stdout]   10:     0x57670792d83c - core[a373ad73a504971]::panicking::panic_fmt
[INFO] [stdout]   11:     0x57670792d753 - core[a373ad73a504971]::panicking::assert_failed_inner
[INFO] [stdout]   12:     0x576707899248 - core[a373ad73a504971]::panicking::assert_failed::<alloc[2e1b2a31b91974c5]::string::String, &str>
[INFO] [stdout]   13:     0x57670787f00d - <kotoba_jsonnet[e4eba29a7de8801b]::tests::test_string_interpolation::{closure#0} as core[a373ad73a504971]::ops::function::FnOnce<()>>::call_once
[INFO] [stdout]   14:     0x57670789df3b - test[aada8e7e76ba119b]::__rust_begin_short_backtrace::<core[a373ad73a504971]::result::Result<(), alloc[2e1b2a31b91974c5]::string::String>, fn() -> core[a373ad73a504971]::result::Result<(), alloc[2e1b2a31b91974c5]::string::String>>
[INFO] [stdout]   15:     0x5767078ab115 - test[aada8e7e76ba119b]::run_test::{closure#0}
[INFO] [stdout]   16:     0x5767078a4a04 - std[617be2ca0a6fd877]::sys::backtrace::__rust_begin_short_backtrace::<test[aada8e7e76ba119b]::run_test::{closure#1}, ()>
[INFO] [stdout]   17:     0x5767078ae1a2 - <std[617be2ca0a6fd877]::thread::lifecycle::spawn_unchecked<test[aada8e7e76ba119b]::run_test::{closure#1}, ()>::{closure#1} as core[a373ad73a504971]::ops::function::FnOnce<()>>::call_once::{shim:vtable#0}
[INFO] [stdout]   18:     0x5767079177ff - <std[617be2ca0a6fd877]::sys::thread::unix::Thread>::new::thread_start
[INFO] [stdout]   19:     0x7b43beb5bdfa - <unknown>
[INFO] [stdout]   20:     0x7b43bebef3d4 - clone
[INFO] [stdout]   21:                0x0 - <unknown>
[INFO] [stdout] 
[INFO] [stdout] ---- tests::test_string_interpolation_complex stdout ----
[INFO] [stdout] 
[INFO] [stdout] thread 'tests::test_string_interpolation_complex' (1891) panicked at src/lib.rs:1071:9:
[INFO] [stdout] assertion `left == right` failed
[INFO] [stdout]   left: String("local a = \"hello\", b = \"world\"; \"%(a)s %(b)s\"")
[INFO] [stdout]  right: String("hello world")
[INFO] [stdout] stack backtrace:
[INFO] [stdout]    0:     0x576707917fa1 - <<std[617be2ca0a6fd877]::sys::backtrace::BacktraceLock>::print::DisplayBacktrace as core[a373ad73a504971]::fmt::Display>::fmt
[INFO] [stdout]    1:     0x57670792d10a - core[a373ad73a504971]::fmt::write
[INFO] [stdout]    2:     0x57670791c1bc - <alloc[2e1b2a31b91974c5]::vec::Vec<u8> as core[a373ad73a504971]::io::write::Write>::write_fmt
[INFO] [stdout]    3:     0x5767078f4406 - std[617be2ca0a6fd877]::panicking::default_hook::{closure#0}
[INFO] [stdout]    4:     0x576707910639 - std[617be2ca0a6fd877]::panicking::default_hook
[INFO] [stdout]    5:     0x5767078aaaf0 - test[aada8e7e76ba119b]::test_main_inner::{closure#0}
[INFO] [stdout]    6:     0x5767079107f2 - std[617be2ca0a6fd877]::panicking::panic_with_hook
[INFO] [stdout]    7:     0x5767078f44b2 - std[617be2ca0a6fd877]::panicking::panic_handler::{closure#0}
[INFO] [stdout]    8:     0x5767078ed1c9 - std[617be2ca0a6fd877]::sys::backtrace::__rust_end_short_backtrace::<std[617be2ca0a6fd877]::panicking::panic_handler::{closure#0}, !>
[INFO] [stdout]    9:     0x5767078f50bd - __rustc[ea4f61d10b84890b]::rust_begin_unwind
[INFO] [stdout]   10:     0x57670792d83c - core[a373ad73a504971]::panicking::panic_fmt
[INFO] [stdout]   11:     0x57670792d753 - core[a373ad73a504971]::panicking::assert_failed_inner
[INFO] [stdout]   12:     0x5767078992ae - core[a373ad73a504971]::panicking::assert_failed::<kotoba_jsonnet[e4eba29a7de8801b]::value::JsonnetValue, kotoba_jsonnet[e4eba29a7de8801b]::value::JsonnetValue>
[INFO] [stdout]   13:     0x57670788244d - <kotoba_jsonnet[e4eba29a7de8801b]::tests::test_string_interpolation_complex::{closure#0} as core[a373ad73a504971]::ops::function::FnOnce<()>>::call_once
[INFO] [stdout]   14:     0x57670789df3b - test[aada8e7e76ba119b]::__rust_begin_short_backtrace::<core[a373ad73a504971]::result::Result<(), alloc[2e1b2a31b91974c5]::string::String>, fn() -> core[a373ad73a504971]::result::Result<(), alloc[2e1b2a31b91974c5]::string::String>>
[INFO] [stdout]   15:     0x5767078ab115 - test[aada8e7e76ba119b]::run_test::{closure#0}
[INFO] [stdout]   16:     0x5767078a4a04 - std[617be2ca0a6fd877]::sys::backtrace::__rust_begin_short_backtrace::<test[aada8e7e76ba119b]::run_test::{closure#1}, ()>
[INFO] [stdout]   17:     0x5767078ae1a2 - <std[617be2ca0a6fd877]::thread::lifecycle::spawn_unchecked<test[aada8e7e76ba119b]::run_test::{closure#1}, ()>::{closure#1} as core[a373ad73a504971]::ops::function::FnOnce<()>>::call_once::{shim:vtable#0}
[INFO] [stdout]   18:     0x5767079177ff - <std[617be2ca0a6fd877]::sys::thread::unix::Thread>::new::thread_start
[INFO] [stdout]   19:     0x7b43beb5bdfa - <unknown>
[INFO] [stdout]   20:     0x7b43bebef3d4 - clone
[INFO] [stdout]   21:                0x0 - <unknown>
[INFO] [stdout] 
[INFO] [stdout] ---- tests::test_string_utilities stdout ----
[INFO] [stdout] toLower result: Ok(String("std.toLower(\"HELLO\")"))
[INFO] [stdout] 
[INFO] [stdout] thread 'tests::test_string_utilities' (1892) panicked at src/lib.rs:405:9:
[INFO] [stdout] assertion `left == right` failed
[INFO] [stdout]   left: String("std.toLower(\"HELLO\")")
[INFO] [stdout]  right: String("hello")
[INFO] [stdout] stack backtrace:
[INFO] [stdout]    0:     0x576707917fa1 - <<std[617be2ca0a6fd877]::sys::backtrace::BacktraceLock>::print::DisplayBacktrace as core[a373ad73a504971]::fmt::Display>::fmt
[INFO] [stdout]    1:     0x57670792d10a - core[a373ad73a504971]::fmt::write
[INFO] [stdout]    2:     0x57670791c1bc - <alloc[2e1b2a31b91974c5]::vec::Vec<u8> as core[a373ad73a504971]::io::write::Write>::write_fmt
[INFO] [stdout]    3:     0x5767078f4406 - std[617be2ca0a6fd877]::panicking::default_hook::{closure#0}
[INFO] [stdout]    4:     0x576707910639 - std[617be2ca0a6fd877]::panicking::default_hook
[INFO] [stdout]    5:     0x5767078aaaf0 - test[aada8e7e76ba119b]::test_main_inner::{closure#0}
[INFO] [stdout]    6:     0x5767079107f2 - std[617be2ca0a6fd877]::panicking::panic_with_hook
[INFO] [stdout]    7:     0x5767078f44b2 - std[617be2ca0a6fd877]::panicking::panic_handler::{closure#0}
[INFO] [stdout]    8:     0x5767078ed1c9 - std[617be2ca0a6fd877]::sys::backtrace::__rust_end_short_backtrace::<std[617be2ca0a6fd877]::panicking::panic_handler::{closure#0}, !>
[INFO] [stdout]    9:     0x5767078f50bd - __rustc[ea4f61d10b84890b]::rust_begin_unwind
[INFO] [stdout]   10:     0x57670792d83c - core[a373ad73a504971]::panicking::panic_fmt
[INFO] [stdout]   11:     0x57670792d753 - core[a373ad73a504971]::panicking::assert_failed_inner
[INFO] [stdout]   12:     0x5767078992ae - core[a373ad73a504971]::panicking::assert_failed::<kotoba_jsonnet[e4eba29a7de8801b]::value::JsonnetValue, kotoba_jsonnet[e4eba29a7de8801b]::value::JsonnetValue>
[INFO] [stdout]   13:     0x57670787afa9 - <kotoba_jsonnet[e4eba29a7de8801b]::tests::test_string_utilities::{closure#0} as core[a373ad73a504971]::ops::function::FnOnce<()>>::call_once
[INFO] [stdout]   14:     0x57670789df3b - test[aada8e7e76ba119b]::__rust_begin_short_backtrace::<core[a373ad73a504971]::result::Result<(), alloc[2e1b2a31b91974c5]::string::String>, fn() -> core[a373ad73a504971]::result::Result<(), alloc[2e1b2a31b91974c5]::string::String>>
[INFO] [stdout]   15:     0x5767078ab115 - test[aada8e7e76ba119b]::run_test::{closure#0}
[INFO] [stdout]   16:     0x5767078a4a04 - std[617be2ca0a6fd877]::sys::backtrace::__rust_begin_short_backtrace::<test[aada8e7e76ba119b]::run_test::{closure#1}, ()>
[INFO] [stdout]   17:     0x5767078ae1a2 - <std[617be2ca0a6fd877]::thread::lifecycle::spawn_unchecked<test[aada8e7e76ba119b]::run_test::{closure#1}, ()>::{closure#1} as core[a373ad73a504971]::ops::function::FnOnce<()>>::call_once::{shim:vtable#0}
[INFO] [stdout]   18:     0x5767079177ff - <std[617be2ca0a6fd877]::sys::thread::unix::Thread>::new::thread_start
[INFO] [stdout]   19:     0x7b43beb5bdfa - <unknown>
[INFO] [stdout]   20:     0x7b43bebef3d4 - clone
[INFO] [stdout]   21:                0x0 - <unknown>
[INFO] [stdout] 
[INFO] [stdout] ---- tests::test_to_json stdout ----
[INFO] [stdout] 
[INFO] [stdout] thread 'tests::test_to_json' (1893) panicked at src/lib.rs:1145:9:
[INFO] [stdout] assertion failed: json.contains("\"name\": \"test\"")
[INFO] [stdout] stack backtrace:
[INFO] [stdout]    0:     0x576707917fa1 - <<std[617be2ca0a6fd877]::sys::backtrace::BacktraceLock>::print::DisplayBacktrace as core[a373ad73a504971]::fmt::Display>::fmt
[INFO] [stdout]    1:     0x57670792d10a - core[a373ad73a504971]::fmt::write
[INFO] [stdout]    2:     0x57670791c1bc - <alloc[2e1b2a31b91974c5]::vec::Vec<u8> as core[a373ad73a504971]::io::write::Write>::write_fmt
[INFO] [stdout]    3:     0x5767078f4406 - std[617be2ca0a6fd877]::panicking::default_hook::{closure#0}
[INFO] [stdout]    4:     0x576707910639 - std[617be2ca0a6fd877]::panicking::default_hook
[INFO] [stdout]    5:     0x5767078aaaf0 - test[aada8e7e76ba119b]::test_main_inner::{closure#0}
[INFO] [stdout]    6:     0x5767079107f2 - std[617be2ca0a6fd877]::panicking::panic_with_hook
[INFO] [stdout]    7:     0x5767078f44e4 - std[617be2ca0a6fd877]::panicking::panic_handler::{closure#0}
[INFO] [stdout]    8:     0x5767078ed1c9 - std[617be2ca0a6fd877]::sys::backtrace::__rust_end_short_backtrace::<std[617be2ca0a6fd877]::panicking::panic_handler::{closure#0}, !>
[INFO] [stdout]    9:     0x5767078f50bd - __rustc[ea4f61d10b84890b]::rust_begin_unwind
[INFO] [stdout]   10:     0x57670792d83c - core[a373ad73a504971]::panicking::panic_fmt
[INFO] [stdout]   11:     0x57670792d802 - core[a373ad73a504971]::panicking::panic
[INFO] [stdout]   12:     0x576707875ba3 - <kotoba_jsonnet[e4eba29a7de8801b]::tests::test_to_json::{closure#0} as core[a373ad73a504971]::ops::function::FnOnce<()>>::call_once
[INFO] [stdout]   13:     0x57670789df3b - test[aada8e7e76ba119b]::__rust_begin_short_backtrace::<core[a373ad73a504971]::result::Result<(), alloc[2e1b2a31b91974c5]::string::String>, fn() -> core[a373ad73a504971]::result::Result<(), alloc[2e1b2a31b91974c5]::string::String>>
[INFO] [stdout]   14:     0x5767078ab115 - test[aada8e7e76ba119b]::run_test::{closure#0}
[INFO] [stdout]   15:     0x5767078a4a04 - std[617be2ca0a6fd877]::sys::backtrace::__rust_begin_short_backtrace::<test[aada8e7e76ba119b]::run_test::{closure#1}, ()>
[INFO] [stdout]   16:     0x5767078ae1a2 - <std[617be2ca0a6fd877]::thread::lifecycle::spawn_unchecked<test[aada8e7e76ba119b]::run_test::{closure#1}, ()>::{closure#1} as core[a373ad73a504971]::ops::function::FnOnce<()>>::call_once::{shim:vtable#0}
[INFO] [stdout]   17:     0x5767079177ff - <std[617be2ca0a6fd877]::sys::thread::unix::Thread>::new::thread_start
[INFO] [stdout]   18:     0x7b43beb5bdfa - <unknown>
[INFO] [stdout]   19:     0x7b43bebef3d4 - clone
[INFO] [stdout]   20:                0x0 - <unknown>
[INFO] [stdout] 
[INFO] [stdout] ---- tests::test_trace_function stdout ----
[INFO] [stdout] trace result: Ok(String("std.trace(42, \"debug message\")"))
[INFO] [stdout] 
[INFO] [stdout] thread 'tests::test_trace_function' (1894) panicked at src/lib.rs:453:9:
[INFO] [stdout] assertion `left == right` failed
[INFO] [stdout]   left: String("std.trace(42, \"debug message\")")
[INFO] [stdout]  right: Number(42.0)
[INFO] [stdout] stack backtrace:
[INFO] [stdout]    0:     0x576707917fa1 - <<std[617be2ca0a6fd877]::sys::backtrace::BacktraceLock>::print::DisplayBacktrace as core[a373ad73a504971]::fmt::Display>::fmt
[INFO] [stdout]    1:     0x57670792d10a - core[a373ad73a504971]::fmt::write
[INFO] [stdout]    2:     0x57670791c1bc - <alloc[2e1b2a31b91974c5]::vec::Vec<u8> as core[a373ad73a504971]::io::write::Write>::write_fmt
[INFO] [stdout]    3:     0x5767078f4406 - std[617be2ca0a6fd877]::panicking::default_hook::{closure#0}
[INFO] [stdout]    4:     0x576707910639 - std[617be2ca0a6fd877]::panicking::default_hook
[INFO] [stdout]    5:     0x5767078aaaf0 - test[aada8e7e76ba119b]::test_main_inner::{closure#0}
[INFO] [stdout]    6:     0x5767079107f2 - std[617be2ca0a6fd877]::panicking::panic_with_hook
[INFO] [stdout]    7:     0x5767078f44b2 - std[617be2ca0a6fd877]::panicking::panic_handler::{closure#0}
[INFO] [stdout]    8:     0x5767078ed1c9 - std[617be2ca0a6fd877]::sys::backtrace::__rust_end_short_backtrace::<std[617be2ca0a6fd877]::panicking::panic_handler::{closure#0}, !>
[INFO] [stdout]    9:     0x5767078f50bd - __rustc[ea4f61d10b84890b]::rust_begin_unwind
[INFO] [stdout]   10:     0x57670792d83c - core[a373ad73a504971]::panicking::panic_fmt
[INFO] [stdout]   11:     0x57670792d753 - core[a373ad73a504971]::panicking::assert_failed_inner
[INFO] [stdout]   12:     0x5767078992ae - core[a373ad73a504971]::panicking::assert_failed::<kotoba_jsonnet[e4eba29a7de8801b]::value::JsonnetValue, kotoba_jsonnet[e4eba29a7de8801b]::value::JsonnetValue>
[INFO] [stdout]   13:     0x576707879645 - <kotoba_jsonnet[e4eba29a7de8801b]::tests::test_trace_function::{closure#0} as core[a373ad73a504971]::ops::function::FnOnce<()>>::call_once
[INFO] [stdout]   14:     0x57670789df3b - test[aada8e7e76ba119b]::__rust_begin_short_backtrace::<core[a373ad73a504971]::result::Result<(), alloc[2e1b2a31b91974c5]::string::String>, fn() -> core[a373ad73a504971]::result::Result<(), alloc[2e1b2a31b91974c5]::string::String>>
[INFO] [stdout]   15:     0x5767078ab115 - test[aada8e7e76ba119b]::run_test::{closure#0}
[INFO] [stdout]   16:     0x5767078a4a04 - std[617be2ca0a6fd877]::sys::backtrace::__rust_begin_short_backtrace::<test[aada8e7e76ba119b]::run_test::{closure#1}, ()>
[INFO] [stdout]   17:     0x5767078ae1a2 - <std[617be2ca0a6fd877]::thread::lifecycle::spawn_unchecked<test[aada8e7e76ba119b]::run_test::{closure#1}, ()>::{closure#1} as core[a373ad73a504971]::ops::function::FnOnce<()>>::call_once::{shim:vtable#0}
[INFO] [stdout]   18:     0x5767079177ff - <std[617be2ca0a6fd877]::sys::thread::unix::Thread>::new::thread_start
[INFO] [stdout]   19:     0x7b43beb5bdfa - <unknown>
[INFO] [stdout]   20:     0x7b43bebef3d4 - clone
[INFO] [stdout]   21:                0x0 - <unknown>
[INFO] [stdout] 
[INFO] [stdout] 
[INFO] [stdout] failures:
[INFO] [stdout]     tests::test_arithmetic
[INFO] [stdout]     tests::test_array_comprehension
[INFO] [stdout]     tests::test_array_creation
[INFO] [stdout]     tests::test_array_find
[INFO] [stdout]     tests::test_array_index_access
[INFO] [stdout]     tests::test_array_predicates
[INFO] [stdout]     tests::test_ascii_case_functions
[INFO] [stdout]     tests::test_basic_evaluation
[INFO] [stdout]     tests::test_boolean_evaluation
[INFO] [stdout]     tests::test_comparison_operators
[INFO] [stdout]     tests::test_complex_expressions
[INFO] [stdout]     tests::test_conditional
[INFO] [stdout]     tests::test_core_functions
[INFO] [stdout]     tests::test_extended_array_string_functions
[INFO] [stdout]     tests::test_function_calls
[INFO] [stdout]     tests::test_function_definition
[INFO] [stdout]     tests::test_hash_functions
[INFO] [stdout]     tests::test_local_expressions
[INFO] [stdout]     tests::test_local_variables
[INFO] [stdout]     tests::test_logical_operators
[INFO] [stdout]     tests::test_null_evaluation
[INFO] [stdout]     tests::test_number_evaluation
[INFO] [stdout]     tests::test_object_creation
[INFO] [stdout]     tests::test_object_field_access
[INFO] [stdout]     tests::test_phase4_advanced_features
[INFO] [stdout]     tests::test_phase5_remaining_core
[INFO] [stdout]     tests::test_phase6_final_touches
[INFO] [stdout]     tests::test_set_functions
[INFO] [stdout]     tests::test_stdlib_functions
[INFO] [stdout]     tests::test_stdlib_length
[INFO] [stdout]     tests::test_string_interpolation
[INFO] [stdout]     tests::test_string_interpolation_complex
[INFO] [stdout]     tests::test_string_utilities
[INFO] [stdout]     tests::test_to_json
[INFO] [stdout]     tests::test_trace_function
[INFO] [stdout] 
[INFO] [stdout] test result: FAILED. 18 passed; 35 failed; 0 ignored; 0 measured; 0 filtered out; finished in 0.01s
[INFO] [stdout] 
[INFO] running `Command { std: "docker" "inspect" "3341a14c88c5bb99131130c5d7233eff3056715c7adb22fcee0bb4c60bf78137", kill_on_drop: false }`
[INFO] running `Command { std: "docker" "rm" "-f" "3341a14c88c5bb99131130c5d7233eff3056715c7adb22fcee0bb4c60bf78137", kill_on_drop: false }`
[INFO] [stdout] 3341a14c88c5bb99131130c5d7233eff3056715c7adb22fcee0bb4c60bf78137
