[INFO] fetching crate kotlike 0.1.0...
[INFO] testing kotlike-0.1.0 against 1.99.0-beta.8+cargoflags=--release for beta-release-1.100-2
[INFO] extracting crate kotlike 0.1.0 into /workspace/builds/worker-2-tc1/source
[INFO] started tweaking crates.io crate kotlike 0.1.0
[INFO] finished tweaking crates.io crate kotlike 0.1.0
[INFO] tweaked toml for crates.io crate kotlike 0.1.0 written to /workspace/builds/worker-2-tc1/source/Cargo.toml
[INFO] validating manifest of crates.io crate kotlike 0.1.0 on toolchain 1.99.0-beta.8
[INFO] running `Command { std: CARGO_HOME="/workspace/cargo-home" RUSTUP_HOME="/workspace/rustup-home" "/workspace/cargo-home/bin/cargo" "+1.99.0-beta.8" "metadata" "--manifest-path" "Cargo.toml" "--no-deps", kill_on_drop: false }`
[INFO] running `Command { std: CARGO_HOME="/workspace/cargo-home" RUSTUP_HOME="/workspace/rustup-home" "/workspace/cargo-home/bin/cargo" "+1.99.0-beta.8" "generate-lockfile" "--manifest-path" "Cargo.toml", kill_on_drop: false }`
[INFO] [stderr]     Updating crates.io index
[INFO] [stderr]      Locking 9 packages to highest compatible versions
[INFO] [stderr]       Adding syn v2.0.119 (available: v3.0.9)
[INFO] running `Command { std: CARGO_HOME="/workspace/cargo-home" RUSTUP_HOME="/workspace/rustup-home" "/workspace/cargo-home/bin/cargo" "+1.99.0-beta.8" "fetch" "--manifest-path" "Cargo.toml", kill_on_drop: false }`
[INFO] running `Command { std: "docker" "create" "-v" "/var/lib/crater-agent-workspace/builds/worker-2-tc1/source:/opt/rustwide/workdir:ro,Z" "-v" "/var/lib/crater-agent-workspace/builds/worker-2-tc1/target:/opt/rustwide/target:rw,Z" "-v" "/var/lib/crater-agent-workspace/cargo-home:/opt/rustwide/cargo-home:ro,Z" "-v" "/var/lib/crater-agent-workspace/rustup-home:/opt/rustwide/rustup-home:ro,Z" "-m" "1610612736" "--network" "none" "ghcr.io/rust-lang/crates-build-env/linux@sha256:77db811e55d90add9212f6832c23229e3de5f1c1f9905e8cb07319ea15df73ac" "sleep" "infinity", kill_on_drop: false }`
[INFO] [stdout] e5a0fc2198c42fac6d6ed5d020655818ff59b2fb591604fa5cc398f62f7e36ff
[INFO] running `Command { std: "docker" "start" "e5a0fc2198c42fac6d6ed5d020655818ff59b2fb591604fa5cc398f62f7e36ff", kill_on_drop: false }`
[INFO] running `Command { std: "docker" "inspect" "e5a0fc2198c42fac6d6ed5d020655818ff59b2fb591604fa5cc398f62f7e36ff", kill_on_drop: false }`
[INFO] running `Command { std: "docker" "exec" "-e" "SOURCE_DIR=/opt/rustwide/workdir" "-e" "CARGO_HOME=/opt/rustwide/cargo-home" "-e" "RUSTUP_HOME=/opt/rustwide/rustup-home" "-e" "CARGO_TARGET_DIR=/opt/rustwide/target" "-w" "/opt/rustwide/workdir" "--user" "0:0" "e5a0fc2198c42fac6d6ed5d020655818ff59b2fb591604fa5cc398f62f7e36ff" "/opt/rustwide/cargo-home/bin/cargo" "+1.99.0-beta.8" "metadata" "--no-deps" "--format-version=1", kill_on_drop: false }`
[INFO] running `Command { std: "docker" "inspect" "e5a0fc2198c42fac6d6ed5d020655818ff59b2fb591604fa5cc398f62f7e36ff", kill_on_drop: false }`
[INFO] running `Command { std: "docker" "exec" "-e" "SOURCE_DIR=/opt/rustwide/workdir" "-e" "CARGO_HOME=/opt/rustwide/cargo-home" "-e" "RUSTUP_HOME=/opt/rustwide/rustup-home" "-e" "CARGO_TARGET_DIR=/opt/rustwide/target" "-e" "CARGO_INCREMENTAL=0" "-e" "RUST_BACKTRACE=full" "-e" "RUSTFLAGS=--cap-lints=warn" "-e" "RUSTDOCFLAGS=--cap-lints=warn" "-w" "/opt/rustwide/workdir" "--user" "0:0" "e5a0fc2198c42fac6d6ed5d020655818ff59b2fb591604fa5cc398f62f7e36ff" "/opt/rustwide/cargo-home/bin/cargo" "+1.99.0-beta.8" "build" "--frozen" "--message-format=json" "--release", kill_on_drop: false }`
[INFO] [stderr]    Compiling proc-macro2 v1.0.107
[INFO] [stderr]    Compiling quote v1.0.47
[INFO] [stderr]    Compiling syn v2.0.119
[INFO] [stderr]    Compiling kotlike v0.1.0 (/opt/rustwide/workdir)
[INFO] [stderr]     Finished `release` profile [optimized] target(s) in 7.63s
[INFO] running `Command { std: "docker" "inspect" "e5a0fc2198c42fac6d6ed5d020655818ff59b2fb591604fa5cc398f62f7e36ff", kill_on_drop: false }`
[INFO] running `Command { std: "docker" "exec" "-e" "SOURCE_DIR=/opt/rustwide/workdir" "-e" "CARGO_HOME=/opt/rustwide/cargo-home" "-e" "RUSTUP_HOME=/opt/rustwide/rustup-home" "-e" "CARGO_TARGET_DIR=/opt/rustwide/target" "-e" "CARGO_INCREMENTAL=0" "-e" "RUST_BACKTRACE=full" "-e" "RUSTFLAGS=--cap-lints=warn" "-e" "RUSTDOCFLAGS=--cap-lints=warn" "-w" "/opt/rustwide/workdir" "--user" "0:0" "e5a0fc2198c42fac6d6ed5d020655818ff59b2fb591604fa5cc398f62f7e36ff" "/opt/rustwide/cargo-home/bin/cargo" "+1.99.0-beta.8" "test" "--frozen" "--no-run" "--message-format=json" "--release", kill_on_drop: false }`
[INFO] [stderr]    Compiling kotlike v0.1.0 (/opt/rustwide/workdir)
[INFO] [stderr]     Finished `release` profile [optimized] target(s) in 0.43s
[INFO] running `Command { std: "docker" "inspect" "e5a0fc2198c42fac6d6ed5d020655818ff59b2fb591604fa5cc398f62f7e36ff", kill_on_drop: false }`
[INFO] running `Command { std: "docker" "exec" "-e" "SOURCE_DIR=/opt/rustwide/workdir" "-e" "CARGO_HOME=/opt/rustwide/cargo-home" "-e" "RUSTUP_HOME=/opt/rustwide/rustup-home" "-e" "CARGO_TARGET_DIR=/opt/rustwide/target" "-e" "CARGO_INCREMENTAL=0" "-e" "RUST_BACKTRACE=full" "-e" "RUSTFLAGS=--cap-lints=warn" "-e" "RUSTDOCFLAGS=--cap-lints=warn" "-w" "/opt/rustwide/workdir" "--user" "0:0" "e5a0fc2198c42fac6d6ed5d020655818ff59b2fb591604fa5cc398f62f7e36ff" "/opt/rustwide/cargo-home/bin/cargo" "+1.99.0-beta.8" "test" "--frozen" "--release", kill_on_drop: false }`
[INFO] [stderr]     Finished `release` profile [optimized] target(s) in 0.03s
[INFO] [stderr]      Running unittests src/lib.rs (/opt/rustwide/target/release/deps/kotlike-03ff0517310041c6)
[INFO] [stdout] 
[INFO] [stderr]    Doc-tests kotlike
[INFO] [stdout] running 0 tests
[INFO] [stdout] 
[INFO] [stdout] test result: ok. 0 passed; 0 failed; 0 ignored; 0 measured; 0 filtered out; finished in 0.00s
[INFO] [stdout] 
[INFO] [stdout] 
[INFO] [stdout] running 3 tests
[INFO] [stdout] test src/lib.rs - kotlike (line 13) ... FAILED
[INFO] [stdout] test src/lib.rs - kotlike (line 17) ... FAILED
[INFO] [stdout] test src/lib.rs - kotlike (line 28) ... FAILED
[INFO] [stdout] 
[INFO] [stdout] failures:
[INFO] [stdout] 
[INFO] [stdout] ---- src/lib.rs - kotlike (line 13) stdout ----
[INFO] [stdout] error[E0425]: cannot find type `TypeYourWant` in this scope
[INFO] [stdout]   --> src/lib.rs:14:19
[INFO] [stdout]    |
[INFO] [stdout] 14 | let value: Option<TypeYourWant> = wrapped_value?.something_return_option()?.something_return_result()?.value;
[INFO] [stdout]    |                   ^^^^^^^^^^^^ not found in this scope
[INFO] [stdout]    |
[INFO] [stdout] help: you might be missing a type parameter
[INFO] [stdout]    |
[INFO] [stdout] 13 | fn main() { #[allow(non_snake_case)] fn _doctest_main_src_lib_rs_13_0<TypeYourWant>() {
[INFO] [stdout]    |                                                                      ++++++++++++++
[INFO] [stdout] 
[INFO] [stdout] error[E0425]: cannot find value `wrapped_value` in this scope
[INFO] [stdout]   --> src/lib.rs:14:35
[INFO] [stdout]    |
[INFO] [stdout] 14 | let value: Option<TypeYourWant> = wrapped_value?.something_return_option()?.something_return_result()?.value;
[INFO] [stdout]    |                                   ^^^^^^^^^^^^^ not found in this scope
[INFO] [stdout] 
[INFO] [stdout] error: aborting due to 2 previous errors
[INFO] [stdout] 
[INFO] [stdout] For more information about this error, try `rustc --explain E0425`.
[INFO] [stdout] Couldn't compile the test.
[INFO] [stdout] ---- src/lib.rs - kotlike (line 17) stdout ----
[INFO] [stdout] error: cannot find attribute `kotlike` in this scope
[INFO] [stdout]   --> src/lib.rs:19:3
[INFO] [stdout]    |
[INFO] [stdout] 19 | #[kotlike]
[INFO] [stdout]    |   ^^^^^^^
[INFO] [stdout]    |
[INFO] [stdout] note: `kotlike` is imported here, but it is a crate, not an attribute
[INFO] [stdout]   --> src/lib.rs:18:1
[INFO] [stdout]    |
[INFO] [stdout] 18 | extern crate r#kotlike;
[INFO] [stdout]    | ^^^^^^^^^^^^^^^^^^^^^^^
[INFO] [stdout] 
[INFO] [stdout] error[E0433]: cannot find type `File` in this scope
[INFO] [stdout]   --> src/lib.rs:22:25
[INFO] [stdout]    |
[INFO] [stdout] 22 |     let c: Option<()> = File::create("test.txt")?.write_all(a.as_bytes())?.clone();
[INFO] [stdout]    |                         ^^^^ use of undeclared type `File`
[INFO] [stdout]    |
[INFO] [stdout] help: consider importing this struct
[INFO] [stdout]    |
[INFO] [stdout] 17 + use std::fs::File;
[INFO] [stdout]    |
[INFO] [stdout] 
[INFO] [stdout] error[E0433]: cannot find type `File` in this scope
[INFO] [stdout]   --> src/lib.rs:24:30
[INFO] [stdout]    |
[INFO] [stdout] 24 |     let len: Option<usize> = File::open("test.txt")?.read_to_string(&mut b)?.clone();
[INFO] [stdout]    |                              ^^^^ use of undeclared type `File`
[INFO] [stdout]    |
[INFO] [stdout] help: consider importing this struct
[INFO] [stdout]    |
[INFO] [stdout] 17 + use std::fs::File;
[INFO] [stdout]    |
[INFO] [stdout] 
[INFO] [stdout] error: aborting due to 3 previous errors
[INFO] [stdout] 
[INFO] [stdout] For more information about this error, try `rustc --explain E0433`.
[INFO] [stdout] Couldn't compile the test.
[INFO] [stdout] ---- src/lib.rs - kotlike (line 28) stdout ----
[INFO] [stdout] error[E0433]: cannot find type `File` in this scope
[INFO] [stdout]   --> src/lib.rs:31:23
[INFO] [stdout]    |
[INFO] [stdout] 31 |   let c: Option<()> = File::create("test.txt").map_or(None, |mut v| v.write_all(a.as_bytes()).map_or(None, |mut v| Some(v.clone())));
[INFO] [stdout]    |                       ^^^^ use of undeclared type `File`
[INFO] [stdout]    |
[INFO] [stdout] help: consider importing this struct
[INFO] [stdout]    |
[INFO] [stdout] 29 + use std::fs::File;
[INFO] [stdout]    |
[INFO] [stdout] 
[INFO] [stdout] error[E0433]: cannot find type `File` in this scope
[INFO] [stdout]   --> src/lib.rs:33:28
[INFO] [stdout]    |
[INFO] [stdout] 33 |   let len: Option<usize> = File::open("test.txt").map_or(None, |mut v| v.read_to_string(&mut b).map_or(None, |mut v| Some(v.clone())));
[INFO] [stdout]    |                            ^^^^ use of undeclared type `File`
[INFO] [stdout]    |
[INFO] [stdout] help: consider importing this struct
[INFO] [stdout]    |
[INFO] [stdout] 29 + use std::fs::File;
[INFO] [stdout]    |
[INFO] [stdout] 
[INFO] [stdout] error: aborting due to 2 previous errors
[INFO] [stdout] 
[INFO] [stdout] For more information about this error, try `rustc --explain E0433`.
[INFO] [stdout] Couldn't compile the test.
[INFO] [stdout] 
[INFO] [stdout] failures:
[INFO] [stdout]     src/lib.rs - kotlike (line 13)
[INFO] [stdout]     src/lib.rs - kotlike (line 17)
[INFO] [stdout]     src/lib.rs - kotlike (line 28)
[INFO] [stdout] 
[INFO] [stdout] test result: FAILED. 0 passed; 3 failed; 0 ignored; 0 measured; 0 filtered out; finished in 0.14s
[INFO] [stdout] 
[INFO] [stderr] error: doctest failed, to rerun pass `--doc`
[INFO] running `Command { std: "docker" "inspect" "e5a0fc2198c42fac6d6ed5d020655818ff59b2fb591604fa5cc398f62f7e36ff", kill_on_drop: false }`
[INFO] running `Command { std: "docker" "rm" "-f" "e5a0fc2198c42fac6d6ed5d020655818ff59b2fb591604fa5cc398f62f7e36ff", kill_on_drop: false }`
[INFO] [stdout] e5a0fc2198c42fac6d6ed5d020655818ff59b2fb591604fa5cc398f62f7e36ff
