[INFO] fetching crate kosher-rust 0.2.0...
[INFO] testing kosher-rust-0.2.0 against 1.100.0-beta.1+cargoflags=--release for beta-release-1.100-2
[INFO] extracting crate kosher-rust 0.2.0 into /workspace/builds/worker-0-tc2/source
[INFO] removed /workspace/builds/worker-0-tc2/source/rust-toolchain.toml
[INFO] started tweaking crates.io crate kosher-rust 0.2.0
[INFO] removed 0 missing tests
[INFO] finished tweaking crates.io crate kosher-rust 0.2.0
[INFO] tweaked toml for crates.io crate kosher-rust 0.2.0 written to /workspace/builds/worker-0-tc2/source/Cargo.toml
[INFO] validating manifest of crates.io crate kosher-rust 0.2.0 on toolchain 1.100.0-beta.1
[INFO] running `Command { std: CARGO_HOME="/workspace/cargo-home" RUSTUP_HOME="/workspace/rustup-home" "/workspace/cargo-home/bin/cargo" "+1.100.0-beta.1" "metadata" "--manifest-path" "Cargo.toml" "--no-deps", kill_on_drop: false }`
[INFO] crate crates.io crate kosher-rust 0.2.0 already has a lockfile, it will not be regenerated
[INFO] running `Command { std: CARGO_HOME="/workspace/cargo-home" RUSTUP_HOME="/workspace/rustup-home" "/workspace/cargo-home/bin/cargo" "+1.100.0-beta.1" "fetch" "--manifest-path" "Cargo.toml", kill_on_drop: false }`
[INFO] [stderr] warning: `package.homepage` is redundant with `package.repository`
[INFO] [stderr]   --> Cargo.toml:63:12
[INFO] [stderr]    |
[INFO] [stderr] 63 | homepage = "https://github.com/dickermoshe/rust-zmanim-project"
[INFO] [stderr]    |            ^^^^^^^^^^^^^^^^^^^^^^^^^^^^^^^^^^^^^^^^^^^^^^^^^^^^
[INFO] [stderr] ...
[INFO] [stderr] 68 | repository = "https://github.com/dickermoshe/rust-zmanim-project"
[INFO] [stderr]    |              ----------------------------------------------------
[INFO] [stderr]    |
[INFO] [stderr]    = note: `cargo::redundant_homepage` is set to `warn` by default
[INFO] [stderr] help: consider removing `package.homepage`
[INFO] [stderr] warning: `kosher-rust` (manifest) generated 1 warning
[INFO] running `Command { std: "docker" "create" "-v" "/var/lib/crater-agent-workspace/builds/worker-0-tc2/source:/opt/rustwide/workdir:ro,Z" "-v" "/var/lib/crater-agent-workspace/builds/worker-0-tc2/target:/opt/rustwide/target:rw,Z" "-v" "/var/lib/crater-agent-workspace/cargo-home:/opt/rustwide/cargo-home:ro,Z" "-v" "/var/lib/crater-agent-workspace/rustup-home:/opt/rustwide/rustup-home:ro,Z" "-m" "1610612736" "--network" "none" "ghcr.io/rust-lang/crates-build-env/linux@sha256:77db811e55d90add9212f6832c23229e3de5f1c1f9905e8cb07319ea15df73ac" "sleep" "infinity", kill_on_drop: false }`
[INFO] [stdout] 907364513b3f405ee96ef9c115cff356aa533ad4ca4ab1193cf21a679abaeeeb
[INFO] running `Command { std: "docker" "start" "907364513b3f405ee96ef9c115cff356aa533ad4ca4ab1193cf21a679abaeeeb", kill_on_drop: false }`
[INFO] running `Command { std: "docker" "inspect" "907364513b3f405ee96ef9c115cff356aa533ad4ca4ab1193cf21a679abaeeeb", kill_on_drop: false }`
[INFO] running `Command { std: "docker" "exec" "-e" "SOURCE_DIR=/opt/rustwide/workdir" "-e" "CARGO_HOME=/opt/rustwide/cargo-home" "-e" "RUSTUP_HOME=/opt/rustwide/rustup-home" "-e" "CARGO_TARGET_DIR=/opt/rustwide/target" "-w" "/opt/rustwide/workdir" "--user" "0:0" "907364513b3f405ee96ef9c115cff356aa533ad4ca4ab1193cf21a679abaeeeb" "/opt/rustwide/cargo-home/bin/cargo" "+1.100.0-beta.1" "metadata" "--no-deps" "--format-version=1", kill_on_drop: false }`
[INFO] running `Command { std: "docker" "inspect" "907364513b3f405ee96ef9c115cff356aa533ad4ca4ab1193cf21a679abaeeeb", kill_on_drop: false }`
[INFO] running `Command { std: "docker" "exec" "-e" "SOURCE_DIR=/opt/rustwide/workdir" "-e" "CARGO_HOME=/opt/rustwide/cargo-home" "-e" "RUSTUP_HOME=/opt/rustwide/rustup-home" "-e" "CARGO_TARGET_DIR=/opt/rustwide/target" "-e" "CARGO_INCREMENTAL=0" "-e" "RUST_BACKTRACE=full" "-e" "RUSTFLAGS=--cap-lints=warn" "-e" "RUSTDOCFLAGS=--cap-lints=warn" "-w" "/opt/rustwide/workdir" "--user" "0:0" "907364513b3f405ee96ef9c115cff356aa533ad4ca4ab1193cf21a679abaeeeb" "/opt/rustwide/cargo-home/bin/cargo" "+1.100.0-beta.1" "build" "--frozen" "--message-format=json" "--release", kill_on_drop: false }`
[INFO] [stderr] warning: `package.homepage` is redundant with `package.repository`
[INFO] [stderr]   --> Cargo.toml:63:12
[INFO] [stderr]    |
[INFO] [stderr] 63 | homepage = "https://github.com/dickermoshe/rust-zmanim-project"
[INFO] [stderr]    |            ^^^^^^^^^^^^^^^^^^^^^^^^^^^^^^^^^^^^^^^^^^^^^^^^^^^^
[INFO] [stderr] ...
[INFO] [stderr] 68 | repository = "https://github.com/dickermoshe/rust-zmanim-project"
[INFO] [stderr]    |              ----------------------------------------------------
[INFO] [stderr]    |
[INFO] [stderr]    = note: `cargo::redundant_homepage` is set to `warn` by default
[INFO] [stderr] help: consider removing `package.homepage`
[INFO] [stderr] warning: `kosher-rust` (manifest) generated 1 warning
[INFO] [stderr]    Compiling displaydoc v0.2.6
[INFO] [stderr]    Compiling num_enum_derive v0.7.6
[INFO] [stderr]    Compiling thiserror-impl v2.0.18
[INFO] [stderr]    Compiling jiff v0.2.27
[INFO] [stderr]    Compiling zerofrom v0.1.8
[INFO] [stderr]    Compiling zerovec v0.11.6
[INFO] [stderr]    Compiling yoke v0.8.2
[INFO] [stderr]    Compiling calendrical_calculations v0.2.4
[INFO] [stderr]    Compiling num_enum v0.7.6
[INFO] [stderr]    Compiling tinystr v0.8.3
[INFO] [stderr]    Compiling icu_locale_core v2.2.0
[INFO] [stderr]    Compiling thiserror v2.0.18
[INFO] [stderr]    Compiling icu_provider v2.2.0
[INFO] [stderr]    Compiling icu_calendar v2.2.1
[INFO] [stderr]    Compiling jiff-icu v0.2.2
[INFO] [stderr]    Compiling kosher-rust v0.2.0 (/opt/rustwide/workdir)
[INFO] [stderr]     Finished `release` profile [optimized] target(s) in 11.94s
[INFO] running `Command { std: "docker" "inspect" "907364513b3f405ee96ef9c115cff356aa533ad4ca4ab1193cf21a679abaeeeb", kill_on_drop: false }`
[INFO] running `Command { std: "docker" "exec" "-e" "SOURCE_DIR=/opt/rustwide/workdir" "-e" "CARGO_HOME=/opt/rustwide/cargo-home" "-e" "RUSTUP_HOME=/opt/rustwide/rustup-home" "-e" "CARGO_TARGET_DIR=/opt/rustwide/target" "-e" "CARGO_INCREMENTAL=0" "-e" "RUST_BACKTRACE=full" "-e" "RUSTFLAGS=--cap-lints=warn" "-e" "RUSTDOCFLAGS=--cap-lints=warn" "-w" "/opt/rustwide/workdir" "--user" "0:0" "907364513b3f405ee96ef9c115cff356aa533ad4ca4ab1193cf21a679abaeeeb" "/opt/rustwide/cargo-home/bin/cargo" "+1.100.0-beta.1" "test" "--frozen" "--no-run" "--message-format=json" "--release", kill_on_drop: false }`
[INFO] [stderr] warning: `package.homepage` is redundant with `package.repository`
[INFO] [stderr]   --> Cargo.toml:63:12
[INFO] [stderr]    |
[INFO] [stderr] 63 | homepage = "https://github.com/dickermoshe/rust-zmanim-project"
[INFO] [stderr]    |            ^^^^^^^^^^^^^^^^^^^^^^^^^^^^^^^^^^^^^^^^^^^^^^^^^^^^
[INFO] [stderr] ...
[INFO] [stderr] 68 | repository = "https://github.com/dickermoshe/rust-zmanim-project"
[INFO] [stderr]    |              ----------------------------------------------------
[INFO] [stderr]    |
[INFO] [stderr]    = note: `cargo::redundant_homepage` is set to `warn` by default
[INFO] [stderr] help: consider removing `package.homepage`
[INFO] [stderr] warning: `kosher-rust` (manifest) generated 1 warning
[INFO] [stderr]    Compiling jiff-tzdb v0.1.6
[INFO] [stderr]    Compiling jiff v0.2.27
[INFO] [stderr]    Compiling jiff-icu v0.2.2
[INFO] [stderr]    Compiling kosher-rust v0.2.0 (/opt/rustwide/workdir)
[INFO] [stderr]     Finished `release` profile [optimized] target(s) in 11.56s
[INFO] running `Command { std: "docker" "inspect" "907364513b3f405ee96ef9c115cff356aa533ad4ca4ab1193cf21a679abaeeeb", kill_on_drop: false }`
[INFO] running `Command { std: "docker" "exec" "-e" "SOURCE_DIR=/opt/rustwide/workdir" "-e" "CARGO_HOME=/opt/rustwide/cargo-home" "-e" "RUSTUP_HOME=/opt/rustwide/rustup-home" "-e" "CARGO_TARGET_DIR=/opt/rustwide/target" "-e" "CARGO_INCREMENTAL=0" "-e" "RUST_BACKTRACE=full" "-e" "RUSTFLAGS=--cap-lints=warn" "-e" "RUSTDOCFLAGS=--cap-lints=warn" "-w" "/opt/rustwide/workdir" "--user" "0:0" "907364513b3f405ee96ef9c115cff356aa533ad4ca4ab1193cf21a679abaeeeb" "/opt/rustwide/cargo-home/bin/cargo" "+1.100.0-beta.1" "test" "--frozen" "--release", kill_on_drop: false }`
[INFO] [stderr] warning: `package.homepage` is redundant with `package.repository`
[INFO] [stderr]   --> Cargo.toml:63:12
[INFO] [stderr]    |
[INFO] [stderr] 63 | homepage = "https://github.com/dickermoshe/rust-zmanim-project"
[INFO] [stderr]    |            ^^^^^^^^^^^^^^^^^^^^^^^^^^^^^^^^^^^^^^^^^^^^^^^^^^^^
[INFO] [stderr] ...
[INFO] [stderr] 68 | repository = "https://github.com/dickermoshe/rust-zmanim-project"
[INFO] [stderr]    |              ----------------------------------------------------
[INFO] [stderr]    |
[INFO] [stderr]    = note: `cargo::redundant_homepage` is set to `warn` by default
[INFO] [stderr] help: consider removing `package.homepage`
[INFO] [stderr] warning: `kosher-rust` (manifest) generated 1 warning
[INFO] [stderr]     Finished `release` profile [optimized] target(s) in 0.07s
[INFO] [stderr]      Running unittests src/lib.rs (/opt/rustwide/target/release/build/kosher-rust/64a66eb08d07bbb5/out/kosher_rust-64a66eb08d07bbb5)
[INFO] [stdout] 
[INFO] [stdout] running 181 tests
[INFO] [stdout] test calendar::tests::extreme_gregorian_dates_do_not_panic ... ok
[INFO] [stdout] test calendar::tests::extreme_hebrew_dates_do_not_panic ... ok
[INFO] [stdout] test calendar::tests::extreme_hebrew_years_do_not_panic ... ok
[INFO] [stdout] test calendar::tests::parsha_methods_work_on_non_hebrew_date_types ... ok
[INFO] [stdout] test calendar::tests::test_aseres_yemei_teshuva ... ok
[INFO] [stdout] test calendar::tests::test_candle_lighting ... ok
[INFO] [stdout] test calendar::tests::test_hebrew_elapsed_days ... ok
[INFO] [stdout] test calendar::tests::test_hebrew_leap_year ... ok
[INFO] [stdout] test calendar::tests::test_holiday_hebrew_names ... ok
[INFO] [stdout] test calendar::tests::test_modern_holidays ... ok
[INFO] [stdout] test calendar::tests::test_chalakim_calculations ... ok
[INFO] [stdout] test calendar::tests::jiff_and_icu_gregorian_match ... ok
[INFO] [stdout] test calendar::tests::holiday_methods_work_on_icu_gregorian_dates ... ok
[INFO] [stdout] test calendar::tests::test_hebrew_month_enum ... ok
[INFO] [stdout] test calendar::tests::test_holiday_display ... ok
[INFO] [stdout] test calendar::tests::test_hebrew_month_for_adar ... ok
[INFO] [stdout] test calendar::tests::test_kviah_types ... ok
[INFO] [stdout] test calendar::tests::holiday_methods_work_on_jiff_dates ... ok
[INFO] [stdout] test calendar::tests::test_parsha_display ... ok
[INFO] [stdout] test calendar::tests::test_parsha_golden_bo_5784 ... ok
[INFO] [stdout] test calendar::tests::test_pesach_israel_vs_diaspora ... ok
[INFO] [stdout] test limudim::amud_yomi_bavli_dirshu::tests::amud_yomi_bavli_2025_23_9 ... ok
[INFO] [stdout] test calendar::tests::test_from_hebrew_date ... ok
[INFO] [stdout] test calendar::tests::test_parsha_on_shabbat ... ok
[INFO] [stdout] test calendar::tests::test_yom_kippur ... ok
[INFO] [stdout] test calendar::tests::test_fast_days ... ok
[INFO] [stdout] test calendar::tests::valid_hebrew_years_have_parsha_list ... ok
[INFO] [stdout] test calendar::tests::test_rosh_hashana_holiday ... ok
[INFO] [stdout] test calendar::tests::test_chanukah ... ok
[INFO] [stdout] test calendar::tests::test_special_parsha_shekalim_and_zachor ... ok
[INFO] [stdout] test calendar::tests::test_day_of_chanukah_and_omer ... ok
[INFO] [stdout] test calendar::tests::test_days_in_month ... ok
[INFO] [stdout] test calendar::tests::test_days_in_year ... ok
[INFO] [stdout] test calendar::tests::test_upcoming_parsha ... ok
[INFO] [stdout] test limudim::amud_yomi_bavli_dirshu::tests::amud_yomi_bavli_dirshu_before_cycle_began ... ok
[INFO] [stdout] test limudim::amud_yomi_bavli_dirshu::tests::amud_yomi_bavli_dirshu_after_midos ... ok
[INFO] [stdout] test limudim::cycle::tests::from_cycle_initiation_returns_none_before_initial_date ... ok
[INFO] [stdout] test calendar::tests::test_rosh_chodesh ... ok
[INFO] [stdout] test limudim::amud_yomi_bavli_dirshu::tests::amud_yomi_bavli_dirshu_beginning_of_tamid ... ok
[INFO] [stdout] test limudim::amud_yomi_bavli_dirshu::tests::amud_yomi_bavli_dirshu_last_day_of_cycle ... ok
[INFO] [stdout] test limudim::amud_yomi_bavli_dirshu::tests::amud_yomi_bavli_dirshu_end_of_kinnim ... ok
[INFO] [stdout] test calendar::tests::test_purim ... ok
[INFO] [stdout] test limudim::amud_yomi_bavli_dirshu::tests::amud_yomi_bavli_dirshu_beginning_of_midos ... ok
[INFO] [stdout] test limudim::daf_hashavua_bavli::tests::daf_hashavua_bavli_before_cycle_began ... ok
[INFO] [stdout] test limudim::daf_hashavua_bavli::tests::daf_hashavua_bavli_first_day_of_cycle ... ok
[INFO] [stdout] test limudim::daf_hashavua_bavli::tests::daf_hashavua_bavli_simple_date ... ok
[INFO] [stdout] test limudim::daf_hashavua_bavli::tests::daf_hashavua_bavli_last_day_of_cycle ... ok
[INFO] [stdout] test limudim::amud_yomi_bavli_dirshu::tests::amud_yomi_bavli_dirshu_end_of_midos ... ok
[INFO] [stdout] test limudim::daf_yomi_bavli::tests::daf_yomi_bavli_after_midos ... ok
[INFO] [stdout] test limudim::amud_yomi_bavli_dirshu::tests::amud_yomi_bavli_dirshu_beginning_of_kinnim ... ok
[INFO] [stdout] test limudim::daf_yomi_bavli::tests::daf_yomi_bavli_before_cycle_began ... ok
[INFO] [stdout] test limudim::daf_yomi_bavli::tests::daf_yomi_bavli_before_shekalim_transition_beginning_of_yoma ... ok
[INFO] [stdout] test limudim::daf_yomi_bavli::tests::daf_yomi_bavli_before_shekalim_transition_end_of_shekalim ... ok
[INFO] [stdout] test limudim::daf_yomi_bavli::tests::daf_yomi_bavli_beginning_of_tamid ... ok
[INFO] [stdout] test limudim::daf_yomi_bavli::tests::daf_yomi_bavli_end_of_meilah ... ok
[INFO] [stdout] test limudim::daf_yomi_bavli::tests::daf_yomi_bavli_first_day_of_cycle ... ok
[INFO] [stdout] test limudim::daf_yomi_bavli::tests::daf_yomi_bavli_simple_date ... ok
[INFO] [stdout] test limudim::daf_yomi_yerushalmi::tests::daf_yomi_yerushalmi_1980_07_21 ... ok
[INFO] [stdout] test limudim::cycle::tests::from_cycle_initiation_advances_to_later_cycle ... ok
[INFO] [stdout] test limudim::daf_yomi_yerushalmi::tests::daf_yomi_yerushalmi_1980_02_02 ... ok
[INFO] [stdout] test limudim::amud_yomi_bavli_dirshu::tests::amud_yomi_bavli_dirshu_first_day_of_cycle ... ok
[INFO] [stdout] test limudim::daf_yomi_yerushalmi::tests::daf_yomi_yerushalmi_1982_05_15 ... ok
[INFO] [stdout] test limudim::daf_yomi_bavli::tests::daf_yomi_bavli_second_day_of_midos ... ok
[INFO] [stdout] test limudim::daf_yomi_bavli::tests::daf_yomi_bavli_beginning_of_kinnim ... ok
[INFO] [stdout] test limudim::cycle::tests::from_cycle_initiation_finds_cycle_containing_date ... ok
[INFO] [stdout] test limudim::daf_yomi_yerushalmi::tests::daf_yomi_yerushalmi_1980_03_01 ... ok
[INFO] [stdout] test limudim::daf_yomi_yerushalmi::tests::daf_yomi_yerushalmi_1984_05_13 ... ok
[INFO] [stdout] test limudim::daf_yomi_bavli::tests::daf_yomi_bavli_last_day_of_cycle ... ok
[INFO] [stdout] test limudim::daf_yomi_yerushalmi::tests::daf_yomi_yerushalmi_1984_05_12 ... ok
[INFO] [stdout] test limudim::daf_yomi_yerushalmi::tests::daf_yomi_yerushalmi_1990_09_29 ... ok
[INFO] [stdout] test limudim::amud_yomi_bavli_dirshu::tests::amud_yomi_bavli_dirshu_simple_date ... ok
[INFO] [stdout] test limudim::daf_yomi_yerushalmi::tests::daf_yomi_yerushalmi_2000_08_10 ... ok
[INFO] [stdout] test limudim::daf_yomi_yerushalmi::tests::daf_yomi_yerushalmi_1982_01_01 ... ok
[INFO] [stdout] test limudim::daf_yomi_yerushalmi::tests::daf_yomi_yerushalmi_2000_10_09 ... ok
[INFO] [stdout] test limudim::daf_yomi_yerushalmi::tests::daf_yomi_yerushalmi_2005_10_02 ... ok
[INFO] [stdout] test limudim::daf_yomi_yerushalmi::tests::daf_yomi_yerushalmi_2000_01_01 ... ok
[INFO] [stdout] test limudim::daf_yomi_yerushalmi::tests::daf_yomi_yerushalmi_2007_06_15 ... ok
[INFO] [stdout] test limudim::daf_yomi_yerushalmi::tests::daf_yomi_yerushalmi_2010_01_11 ... ok
[INFO] [stdout] test limudim::daf_yomi_yerushalmi::tests::daf_yomi_yerushalmi_1990_08_01 ... ok
[INFO] [stdout] test limudim::daf_yomi_yerushalmi::tests::daf_yomi_yerushalmi_1984_04_01 ... ok
[INFO] [stdout] test limudim::daf_yomi_yerushalmi::tests::daf_yomi_yerushalmi_2010_09_18 ... ok
[INFO] [stdout] test limudim::daf_yomi_yerushalmi::tests::daf_yomi_yerushalmi_2015_04_23 ... ok
[INFO] [stdout] test limudim::daf_yomi_yerushalmi::tests::daf_yomi_yerushalmi_2020_01_01 ... ok
[INFO] [stdout] test limudim::daf_yomi_yerushalmi::tests::daf_yomi_yerushalmi_1990_07_31 ... ok
[INFO] [stdout] test limudim::daf_yomi_yerushalmi::tests::daf_yomi_yerushalmi_2010_07_20 ... ok
[INFO] [stdout] test limudim::daf_yomi_yerushalmi::tests::daf_yomi_yerushalmi_last_day_of_cycle ... ok
[INFO] [stdout] test limudim::daf_yomi_yerushalmi::tests::daf_yomi_yerushalmi_1980_09_20 ... ok
[INFO] [stdout] test limudim::daf_yomi_yerushalmi::tests::daf_yomi_yerushalmi_before_cycle_began ... ok
[INFO] [stdout] test limudim::daf_yomi_yerushalmi::tests::daf_yomi_yerushalmi_simple_date ... ok
[INFO] [stdout] test limudim::mishna_yomis::tests::mishna_yomis_1980_01_01 ... ok
[INFO] [stdout] test limudim::amud_yomi_bavli_dirshu::tests::amud_yomi_bavli_dirshu_end_of_tamid ... ok
[INFO] [stdout] test limudim::mishna_yomis::tests::mishna_yomis_2000_01_01 ... ok
[INFO] [stdout] test limudim::daf_yomi_yerushalmi::tests::daf_yomi_yerushalmi_first_day_of_cycle ... ok
[INFO] [stdout] test limudim::amud_yomi_bavli_dirshu::tests::amud_yomi_bavli_dirshu_end_of_meilah ... ok
[INFO] [stdout] test limudim::daf_yomi_yerushalmi::tests::daf_yomi_yerushalmi_last_skip_day ... ok
[INFO] [stdout] test limudim::interval::tests::contains_is_inclusive ... ok
[INFO] [stdout] test limudim::interval::tests::skip_keeps_iteration ... ok
[INFO] [stdout] test limudim::daf_yomi_yerushalmi::tests::daf_yomi_yerushalmi_2025_10_02 ... ok
[INFO] [stdout] test limudim::mishna_yomis::tests::mishna_yomis_1960_01_01 ... ok
[INFO] [stdout] test limudim::interval::tests::next_advances_iteration_within_cycle ... ok
[INFO] [stdout] test limudim::limud::tests::default_limud_engine_terminates_for_toy_calculator ... ok
[INFO] [stdout] test limudim::mishna_yomis::tests::mishna_yomis_2010_01_01 ... ok
[INFO] [stdout] test limudim::mishna_yomis::tests::mishna_yomis_2017_01_01 ... ok
[INFO] [stdout] test limudim::mishna_yomis::tests::mishna_yomis_1990_01_01 ... ok
[INFO] [stdout] test limudim::mishna_yomis::tests::mishna_yomis_1947_05_20 ... ok
[INFO] [stdout] test limudim::mishna_yomis::tests::mishna_yomis_2016_03_31 ... ok
[INFO] [stdout] test limudim::mishna_yomis::tests::mishna_yomis_2012_02_26_rosh_hashanah_chapter_boundary ... ok
[INFO] [stdout] test limudim::mishna_yomis::tests::mishna_yomis_2016_04_01 ... ok
[INFO] [stdout] test limudim::mishna_yomis::tests::mishna_yomis_2017_12_01 ... ok
[INFO] [stdout] test limudim::mishna_yomis::tests::mishna_yomis_2012_02_27_rosh_hashanah_chapter_3 ... ok
[INFO] [stdout] test limudim::mishna_yomis::tests::mishna_yomis_2016_04_02 ... ok
[INFO] [stdout] test limudim::mishna_yomis::tests::mishna_yomis_first_day_of_cycle ... ok
[INFO] [stdout] test limudim::mishna_yomis::tests::mishna_yomis_simple_date ... ok
[INFO] [stdout] test limudim::mishna_yomis::tests::mishna_yomis_span_two_masechtos ... ok
[INFO] [stdout] test limudim::mishna_yomis::tests::mishna_yomis_span_two_perakim ... ok
[INFO] [stdout] test limudim::pirkei_avos::tests::test_8th_day_pesach_in_israel ... ok
[INFO] [stdout] test limudim::pirkei_avos::tests::test_8th_day_pesach_outside_israel ... ok
[INFO] [stdout] test limudim::mishna_yomis::tests::mishna_yomis_2017_06_01 ... ok
[INFO] [stdout] test limudim::mishna_yomis::tests::mishna_yomis_before_cycle_began ... ok
[INFO] [stdout] test limudim::pirkei_avos::tests::test_7_sivan_on_shabbos_in_israel ... ok
[INFO] [stdout] test limudim::pirkei_avos::tests::test_7_sivan_on_shabbos_outside_israel ... ok
[INFO] [stdout] test limudim::mishna_yomis::tests::mishna_yomis_last_day_of_cycle ... ok
[INFO] [stdout] test limudim::pirkei_avos::tests::test_compounding_before_cycle_end_outside_israel ... ok
[INFO] [stdout] test limudim::pirkei_avos::tests::test_day_after_pesach_in_israel ... ok
[INFO] [stdout] test limudim::pirkei_avos::tests::test_iteration_following_7_sivan_on_shabbos_outside_israel ... ok
[INFO] [stdout] test limudim::mishna_yomis::tests::mishna_yomis_2017_12_24 ... ok
[INFO] [stdout] test limudim::tehillim_monthly::tests::tehillim_monthly_29th_day_of_long_month ... ok
[INFO] [stdout] test limudim::pirkei_avos::tests::test_simple_date ... ok
[INFO] [stdout] test limudim::mishna_yomis::tests::mishna_yomis_2017_12_26 ... ok
[INFO] [stdout] test limudim::mishna_yomis::tests::mishna_yomis_2017_12_25 ... ok
[INFO] [stdout] test limudim::mishna_yomis::tests::mishna_yomis_2017_12_27 ... ok
[INFO] [stdout] test limudim::tehillim_monthly::tests::tehillim_monthly_beginning_of_month ... ok
[INFO] [stdout] test limudim::pirkei_avos::tests::test_after_cycle_completes ... ok
[INFO] [stdout] test limudim::mishna_yomis::tests::mishna_yomis_2020_01_01 ... ok
[INFO] [stdout] test limudim::tehillim_monthly::tests::tehillim_monthly_day_25_special_case ... ok
[INFO] [stdout] test limudim::pirkei_avos::tests::test_near_end_of_cycle ... ok
[INFO] [stdout] test limudim::tehillim_monthly::tests::tehillim_monthly_end_of_long_month ... ok
[INFO] [stdout] test limudim::pirkei_avos::tests::test_compounding_before_cycle_end_in_israel ... ok
[INFO] [stdout] test limudim::tehillim_monthly::tests::tehillim_monthly_end_of_short_month ... ok
[INFO] [stdout] test limudim::tehillim_monthly::tests::tehillim_monthly_day_26_special_case ... ok
[INFO] [stdout] test zmanim::astronomy::tests::normalize_utc_hours_zero_stays_zero ... ok
[INFO] [stdout] test limudim::pirkei_avos::tests::test_before_cycle_starts ... ok
[INFO] [stdout] test limudim::pirkei_avos::tests::test_day_after_pesach_outside_israel ... ok
[INFO] [stdout] test zmanim::astronomy::tests::solar_midnight_succeeds_near_antimeridian ... ok
[INFO] [stdout] test zmanim::tests::test_anti_meridian_timezone_date_adjustment ... ok
[INFO] [stdout] test zmanim::tests::test_default_shaah_zmanis ... ok
[INFO] [stdout] test limudim::pirkei_avos::tests::test_iteration_following_7_sivan_on_shabbos_in_israel ... ok
[INFO] [stdout] test zmanim::tests::test_everest_java_expected_times ... ok
[INFO] [stdout] test zmanim::tests::test_extreme_elevation_shifts_sunrise_sunset ... ok
[INFO] [stdout] test zmanim::tests::test_lakewood_noaa_baseline_events ... ok
[INFO] [stdout] test limudim::tehillim_monthly::tests::tehillim_monthly_simple_date ... ok
[INFO] [stdout] test zmanim::astronomy::tests::apparent_solar_radius_changes_sunrise_vs_fixed_radius ... ok
[INFO] [stdout] test zmanim::astronomy::tests::apparent_solar_radius_varies_through_year ... ok
[INFO] [stdout] test zmanim::astronomy::tests::normalize_utc_hours_negative_and_overflow ... ok
[INFO] [stdout] test zmanim::tests::test_local_mean_time_invalid_hours ... ok
[INFO] [stdout] test zmanim::tests::test_polar_ben_ish_chai_unavailable_on_normal_days ... ok
[INFO] [stdout] test zmanim::tests::test_polar_ben_ish_chai_azimuth_fallback_on_polar_day ... ok
[INFO] [stdout] test zmanim::tests::test_default_zmanim_times ... ok
[INFO] [stdout] test zmanim::tests::test_polar_day_returns_none_for_sun_times ... ok
[INFO] [stdout] test zmanim::tests::test_mcmurdo_antimeridian_alos_matches_java ... ok
[INFO] [stdout] test zmanim::tests::test_polar_night_returns_none_for_sun_times ... ok
[INFO] [stdout] test limudim::mishna_yomis::tests::mishna_yomis_1950_01_01 ... ok
[INFO] [stdout] test zmanim::tests::test_half_day_based_zman_negative_hours ... ok
[INFO] [stdout] test zmanim::tests::test_high_latitude_sunrise_sunset_ordering ... ok
[INFO] [stdout] test zmanim::tests::test_polar_day_zmanim_return_none ... ok
[INFO] [stdout] test limudim::mishna_yomis::tests::mishna_yomis_1970_01_01 ... ok
[INFO] [stdout] test limudim::mishna_yomis::tests::mishna_yomis_2016_05_01 ... ok
[INFO] [stdout] test limudim::mishna_yomis::tests::mishna_yomis_2018_01_01 ... ok
[INFO] [stdout] test zmanim::astronomy::tests::time_at_azimuth_normalizes_hours_before_timestamp ... ok
[INFO] [stdout] test zmanim::tests::test_default_zmanim_calculations ... ok
[INFO] [stdout] test zmanim::tests::test_reykjavik_equinox_java_expected_times ... ok
[INFO] [stdout] test zmanim::tests::test_preset_description_uses_chatzos_hayom_config_flag ... ok
[INFO] [stdout] test zmanim::tests::test_solar_midnight_rolls_to_next_local_date ... ok
[INFO] [stdout] test zmanim::tests::test_shaah_zmanis_from_zmanim ... ok
[INFO] [stdout] test zmanim::tests::test_preset_description_uses_chatzos_for_other_zmanim_config_flag ... ok
[INFO] [stdout] test zmanim::tests::test_use_elevation_zmanim_calculations ... ok
[INFO] [stdout] test zmanim::tests::test_use_elevation_shaah_zmanis ... ok
[INFO] [stdout] test zmanim::tests::test_use_elevation_zmanim_times ... ok
[INFO] [stdout] test zmanim::types::location::tests::test_location_rejects_anti_meridian_without_timezone ... ok
[INFO] [stdout] test zmanim::types::location::tests::test_location_rejects_negative_elevation ... ok
[INFO] [stdout] test zmanim::types::location::tests::test_location_rejects_out_of_range_coords ... ok
[INFO] [stdout] 
[INFO] [stdout] test result: ok. 181 passed; 0 failed; 0 ignored; 0 measured; 0 filtered out; finished in 0.04s
[INFO] [stdout] 
[INFO] [stderr]      Running tests/benchmarks.rs (/opt/rustwide/target/release/build/kosher-rust/4ac33a7e9d0a32bf/out/benchmarks-4ac33a7e9d0a32bf)
[INFO] [stdout] 
[INFO] [stdout] running 22 tests
[INFO] [stdout] test calendar::is_aseres_yemei_teshuva ... ok
[INFO] [stdout] test calendar::hebrew_date_conversion ... ok
[INFO] [stdout] test calendar::special_parsha ... ok
[INFO] [stdout] test calendar::todays_parsha ... ok
[INFO] [stdout] test calendar::upcoming_parsha ... ok
[INFO] [stdout] test calendar::has_candle_lighting ... ok
[INFO] [stdout] test calendar::is_assur_bemelacha ... ok
[INFO] [stdout] test calendar::holidays ... ok
[INFO] [stdout] test zmanim::kidush_levana ... ok
[INFO] [stdout] test zmanim::chatzos ... ok
[INFO] [stdout] test calendar::year_and_month_queries ... ok
[INFO] [stdout] test limudim::pirkei_avos ... ok
[INFO] [stdout] test limudim::tehillim_monthly ... ok
[INFO] [stdout] test zmanim::twilight ... ok
[INFO] [stdout] test zmanim::sun_times ... ok
[INFO] [stdout] test limudim::amud_yomi_bavli_dirshu ... FAILED
[INFO] [stdout] test zmanim::daily_zmanim ... FAILED
[INFO] [stdout] test zmanim::full_day_sheet ... FAILED
[INFO] [stdout] test limudim::mishna_yomis ... FAILED
[INFO] [stdout] test limudim::daf_yomi_yerushalmi ... ok
[INFO] [stdout] test limudim::daf_hashavua_bavli ... ok
[INFO] [stdout] test limudim::daf_yomi_bavli ... ok
[INFO] [stdout] 
[INFO] [stdout] failures:
[INFO] [stdout] 
[INFO] [stdout] ---- limudim::amud_yomi_bavli_dirshu stdout ----
[INFO] [stdout] 
[INFO] [stdout] thread 'limudim::amud_yomi_bavli_dirshu' (735) panicked at tests/benchmarks.rs:34:5:
[INFO] [stdout] AmudYomiBavliDirshu [2]: max 11.035239ms exceeds 10ms limit
[INFO] [stdout] stack backtrace:
[INFO] [stdout]    0:     0x6525a5731dd1 - <<std[617be2ca0a6fd877]::sys::backtrace::BacktraceLock>::print::DisplayBacktrace as core[a373ad73a504971]::fmt::Display>::fmt
[INFO] [stdout]    1:     0x6525a5746d5a - core[a373ad73a504971]::fmt::write
[INFO] [stdout]    2:     0x6525a573600c - <alloc[2e1b2a31b91974c5]::vec::Vec<u8> as core[a373ad73a504971]::io::write::Write>::write_fmt
[INFO] [stdout]    3:     0x6525a570e236 - std[617be2ca0a6fd877]::panicking::default_hook::{closure#0}
[INFO] [stdout]    4:     0x6525a572a469 - std[617be2ca0a6fd877]::panicking::default_hook
[INFO] [stdout]    5:     0x6525a569b120 - test[aada8e7e76ba119b]::test_main_inner::{closure#0}
[INFO] [stdout]    6:     0x6525a572a622 - std[617be2ca0a6fd877]::panicking::panic_with_hook
[INFO] [stdout]    7:     0x6525a570e2e2 - std[617be2ca0a6fd877]::panicking::panic_handler::{closure#0}
[INFO] [stdout]    8:     0x6525a5706ff9 - std[617be2ca0a6fd877]::sys::backtrace::__rust_end_short_backtrace::<std[617be2ca0a6fd877]::panicking::panic_handler::{closure#0}, !>
[INFO] [stdout]    9:     0x6525a570eeed - __rustc[ea4f61d10b84890b]::rust_begin_unwind
[INFO] [stdout]   10:     0x6525a574750c - core[a373ad73a504971]::panicking::panic_fmt
[INFO] [stdout]   11:     0x6525a568b101 - benchmarks[96885ce749b00572]::assert_max_duration::<benchmarks[96885ce749b00572]::limudim::amud_yomi_bavli_dirshu::{closure#0}>
[INFO] [stdout]   12:     0x6525a5681ef8 - <benchmarks[96885ce749b00572]::limudim::amud_yomi_bavli_dirshu::{closure#0} as core[a373ad73a504971]::ops::function::FnOnce<()>>::call_once
[INFO] [stdout]   13:     0x6525a568e56b - test[aada8e7e76ba119b]::__rust_begin_short_backtrace::<core[a373ad73a504971]::result::Result<(), alloc[2e1b2a31b91974c5]::string::String>, fn() -> core[a373ad73a504971]::result::Result<(), alloc[2e1b2a31b91974c5]::string::String>>
[INFO] [stdout]   14:     0x6525a569b745 - test[aada8e7e76ba119b]::run_test::{closure#0}
[INFO] [stdout]   15:     0x6525a5695034 - std[617be2ca0a6fd877]::sys::backtrace::__rust_begin_short_backtrace::<test[aada8e7e76ba119b]::run_test::{closure#1}, ()>
[INFO] [stdout]   16:     0x6525a569e7d2 - <std[617be2ca0a6fd877]::thread::lifecycle::spawn_unchecked<test[aada8e7e76ba119b]::run_test::{closure#1}, ()>::{closure#1} as core[a373ad73a504971]::ops::function::FnOnce<()>>::call_once::{shim:vtable#0}
[INFO] [stdout]   17:     0x6525a573162f - <std[617be2ca0a6fd877]::sys::thread::unix::Thread>::new::thread_start
[INFO] [stdout]   18:     0x7b77d51e9dfa - <unknown>
[INFO] [stdout]   19:     0x7b77d527d3d4 - clone
[INFO] [stdout]   20:                0x0 - <unknown>
[INFO] [stdout] 
[INFO] [stdout] ---- zmanim::daily_zmanim stdout ----
[INFO] [stdout] 
[INFO] [stdout] thread 'zmanim::daily_zmanim' (743) panicked at tests/benchmarks.rs:34:5:
[INFO] [stdout] PLAG_HAMINCHA_16_POINT_1_DEGREES [lakewood]: max 11.032469ms exceeds 10ms limit
[INFO] [stdout] stack backtrace:
[INFO] [stdout]    0:     0x6525a5731dd1 - <<std[617be2ca0a6fd877]::sys::backtrace::BacktraceLock>::print::DisplayBacktrace as core[a373ad73a504971]::fmt::Display>::fmt
[INFO] [stdout]    1:     0x6525a5746d5a - core[a373ad73a504971]::fmt::write
[INFO] [stdout]    2:     0x6525a573600c - <alloc[2e1b2a31b91974c5]::vec::Vec<u8> as core[a373ad73a504971]::io::write::Write>::write_fmt
[INFO] [stdout]    3:     0x6525a570e236 - std[617be2ca0a6fd877]::panicking::default_hook::{closure#0}
[INFO] [stdout]    4:     0x6525a572a469 - std[617be2ca0a6fd877]::panicking::default_hook
[INFO] [stdout]    5:     0x6525a569b120 - test[aada8e7e76ba119b]::test_main_inner::{closure#0}
[INFO] [stdout]    6:     0x6525a572a622 - std[617be2ca0a6fd877]::panicking::panic_with_hook
[INFO] [stdout]    7:     0x6525a570e2e2 - std[617be2ca0a6fd877]::panicking::panic_handler::{closure#0}
[INFO] [stdout]    8:     0x6525a5706ff9 - std[617be2ca0a6fd877]::sys::backtrace::__rust_end_short_backtrace::<std[617be2ca0a6fd877]::panicking::panic_handler::{closure#0}, !>
[INFO] [stdout]    9:     0x6525a570eeed - __rustc[ea4f61d10b84890b]::rust_begin_unwind
[INFO] [stdout]   10:     0x6525a574750c - core[a373ad73a504971]::panicking::panic_fmt
[INFO] [stdout]   11:     0x6525a5684240 - benchmarks[96885ce749b00572]::assert_max_duration::<benchmarks[96885ce749b00572]::zmanim::daily_zmanim::{closure#2}>
[INFO] [stdout]   12:     0x6525a567f83e - <benchmarks[96885ce749b00572]::zmanim::daily_zmanim::{closure#0} as core[a373ad73a504971]::ops::function::FnOnce<()>>::call_once
[INFO] [stdout]   13:     0x6525a568e56b - test[aada8e7e76ba119b]::__rust_begin_short_backtrace::<core[a373ad73a504971]::result::Result<(), alloc[2e1b2a31b91974c5]::string::String>, fn() -> core[a373ad73a504971]::result::Result<(), alloc[2e1b2a31b91974c5]::string::String>>
[INFO] [stdout]   14:     0x6525a569b745 - test[aada8e7e76ba119b]::run_test::{closure#0}
[INFO] [stdout]   15:     0x6525a5695034 - std[617be2ca0a6fd877]::sys::backtrace::__rust_begin_short_backtrace::<test[aada8e7e76ba119b]::run_test::{closure#1}, ()>
[INFO] [stdout]   16:     0x6525a569e7d2 - <std[617be2ca0a6fd877]::thread::lifecycle::spawn_unchecked<test[aada8e7e76ba119b]::run_test::{closure#1}, ()>::{closure#1} as core[a373ad73a504971]::ops::function::FnOnce<()>>::call_once::{shim:vtable#0}
[INFO] [stdout]   17:     0x6525a573162f - <std[617be2ca0a6fd877]::sys::thread::unix::Thread>::new::thread_start
[INFO] [stdout]   18:     0x7b77d51e9dfa - <unknown>
[INFO] [stdout]   19:     0x7b77d527d3d4 - clone
[INFO] [stdout]   20:                0x0 - <unknown>
[INFO] [stdout] 
[INFO] [stdout] ---- zmanim::full_day_sheet stdout ----
[INFO] [stdout] 
[INFO] [stdout] thread 'zmanim::full_day_sheet' (744) panicked at tests/benchmarks.rs:34:5:
[INFO] [stdout] full_day_sheet [lakewood]: max 18.055389ms exceeds 10ms limit
[INFO] [stdout] stack backtrace:
[INFO] [stdout]    0:     0x6525a5731dd1 - <<std[617be2ca0a6fd877]::sys::backtrace::BacktraceLock>::print::DisplayBacktrace as core[a373ad73a504971]::fmt::Display>::fmt
[INFO] [stdout]    1:     0x6525a5746d5a - core[a373ad73a504971]::fmt::write
[INFO] [stdout]    2:     0x6525a573600c - <alloc[2e1b2a31b91974c5]::vec::Vec<u8> as core[a373ad73a504971]::io::write::Write>::write_fmt
[INFO] [stdout]    3:     0x6525a570e236 - std[617be2ca0a6fd877]::panicking::default_hook::{closure#0}
[INFO] [stdout]    4:     0x6525a572a469 - std[617be2ca0a6fd877]::panicking::default_hook
[INFO] [stdout]    5:     0x6525a569b120 - test[aada8e7e76ba119b]::test_main_inner::{closure#0}
[INFO] [stdout]    6:     0x6525a572a622 - std[617be2ca0a6fd877]::panicking::panic_with_hook
[INFO] [stdout]    7:     0x6525a570e2e2 - std[617be2ca0a6fd877]::panicking::panic_handler::{closure#0}
[INFO] [stdout]    8:     0x6525a5706ff9 - std[617be2ca0a6fd877]::sys::backtrace::__rust_end_short_backtrace::<std[617be2ca0a6fd877]::panicking::panic_handler::{closure#0}, !>
[INFO] [stdout]    9:     0x6525a570eeed - __rustc[ea4f61d10b84890b]::rust_begin_unwind
[INFO] [stdout]   10:     0x6525a574750c - core[a373ad73a504971]::panicking::panic_fmt
[INFO] [stdout]   11:     0x6525a5685bab - benchmarks[96885ce749b00572]::assert_max_duration::<benchmarks[96885ce749b00572]::zmanim::full_day_sheet::{closure#0}>
[INFO] [stdout]   12:     0x6525a567ff7b - <benchmarks[96885ce749b00572]::zmanim::full_day_sheet::{closure#0} as core[a373ad73a504971]::ops::function::FnOnce<()>>::call_once
[INFO] [stdout]   13:     0x6525a568e56b - test[aada8e7e76ba119b]::__rust_begin_short_backtrace::<core[a373ad73a504971]::result::Result<(), alloc[2e1b2a31b91974c5]::string::String>, fn() -> core[a373ad73a504971]::result::Result<(), alloc[2e1b2a31b91974c5]::string::String>>
[INFO] [stdout]   14:     0x6525a569b745 - test[aada8e7e76ba119b]::run_test::{closure#0}
[INFO] [stdout]   15:     0x6525a5695034 - std[617be2ca0a6fd877]::sys::backtrace::__rust_begin_short_backtrace::<test[aada8e7e76ba119b]::run_test::{closure#1}, ()>
[INFO] [stdout]   16:     0x6525a569e7d2 - <std[617be2ca0a6fd877]::thread::lifecycle::spawn_unchecked<test[aada8e7e76ba119b]::run_test::{closure#1}, ()>::{closure#1} as core[a373ad73a504971]::ops::function::FnOnce<()>>::call_once::{shim:vtable#0}
[INFO] [stdout]   17:     0x6525a573162f - <std[617be2ca0a6fd877]::sys::thread::unix::Thread>::new::thread_start
[INFO] [stdout]   18:     0x7b77d51e9dfa - <unknown>
[INFO] [stdout]   19:     0x7b77d527d3d4 - clone
[INFO] [stdout]   20:                0x0 - <unknown>
[INFO] [stdout] 
[INFO] [stdout] ---- limudim::mishna_yomis stdout ----
[INFO] [stdout] 
[INFO] [stdout] thread 'limudim::mishna_yomis' (739) panicked at tests/benchmarks.rs:34:5:
[INFO] [stdout] MishnaYomis [0]: max 14.796288ms exceeds 10ms limit
[INFO] [stdout] stack backtrace:
[INFO] [stdout]    0:     0x6525a5731dd1 - <<std[617be2ca0a6fd877]::sys::backtrace::BacktraceLock>::print::DisplayBacktrace as core[a373ad73a504971]::fmt::Display>::fmt
[INFO] [stdout]    1:     0x6525a5746d5a - core[a373ad73a504971]::fmt::write
[INFO] [stdout]    2:     0x6525a573600c - <alloc[2e1b2a31b91974c5]::vec::Vec<u8> as core[a373ad73a504971]::io::write::Write>::write_fmt
[INFO] [stdout]    3:     0x6525a570e236 - std[617be2ca0a6fd877]::panicking::default_hook::{closure#0}
[INFO] [stdout]    4:     0x6525a572a469 - std[617be2ca0a6fd877]::panicking::default_hook
[INFO] [stdout]    5:     0x6525a569b120 - test[aada8e7e76ba119b]::test_main_inner::{closure#0}
[INFO] [stdout]    6:     0x6525a572a622 - std[617be2ca0a6fd877]::panicking::panic_with_hook
[INFO] [stdout]    7:     0x6525a570e2e2 - std[617be2ca0a6fd877]::panicking::panic_handler::{closure#0}
[INFO] [stdout]    8:     0x6525a5706ff9 - std[617be2ca0a6fd877]::sys::backtrace::__rust_end_short_backtrace::<std[617be2ca0a6fd877]::panicking::panic_handler::{closure#0}, !>
[INFO] [stdout]    9:     0x6525a570eeed - __rustc[ea4f61d10b84890b]::rust_begin_unwind
[INFO] [stdout]   10:     0x6525a574750c - core[a373ad73a504971]::panicking::panic_fmt
[INFO] [stdout]   11:     0x6525a5689874 - benchmarks[96885ce749b00572]::assert_max_duration::<benchmarks[96885ce749b00572]::limudim::mishna_yomis::{closure#0}>
[INFO] [stdout]   12:     0x6525a5681428 - <benchmarks[96885ce749b00572]::limudim::mishna_yomis::{closure#0} as core[a373ad73a504971]::ops::function::FnOnce<()>>::call_once
[INFO] [stdout]   13:     0x6525a568e56b - test[aada8e7e76ba119b]::__rust_begin_short_backtrace::<core[a373ad73a504971]::result::Result<(), alloc[2e1b2a31b91974c5]::string::String>, fn() -> core[a373ad73a504971]::result::Result<(), alloc[2e1b2a31b91974c5]::string::String>>
[INFO] [stdout]   14:     0x6525a569b745 - test[aada8e7e76ba119b]::run_test::{closure#0}
[INFO] [stdout]   15:     0x6525a5695034 - std[617be2ca0a6fd877]::sys::backtrace::__rust_begin_short_backtrace::<test[aada8e7e76ba119b]::run_test::{closure#1}, ()>
[INFO] [stdout]   16:     0x6525a569e7d2 - <std[617be2ca0a6fd877]::thread::lifecycle::spawn_unchecked<test[aada8e7e76ba119b]::run_test::{closure#1}, ()>::{closure#1} as core[a373ad73a504971]::ops::function::FnOnce<()>>::call_once::{shim:vtable#0}
[INFO] [stdout]   17:     0x6525a573162f - <std[617be2ca0a6fd877]::sys::thread::unix::Thread>::new::thread_start
[INFO] [stdout]   18:     0x7b77d51e9dfa - <unknown>
[INFO] [stdout]   19:     0x7b77d527d3d4 - clone
[INFO] [stdout]   20:                0x0 - <unknown>
[INFO] [stdout] 
[INFO] [stdout] 
[INFO] [stdout] failures:
[INFO] [stdout]     limudim::amud_yomi_bavli_dirshu
[INFO] [stdout]     limudim::mishna_yomis
[INFO] [stdout]     zmanim::daily_zmanim
[INFO] [stdout]     zmanim::full_day_sheet
[INFO] [stdout] 
[INFO] [stdout] test result: FAILED. 18 passed; 4 failed; 0 ignored; 0 measured; 0 filtered out; finished in 0.49s
[INFO] [stdout] 
[INFO] [stderr] error: test failed, to rerun pass `--test benchmarks`
[INFO] running `Command { std: "docker" "inspect" "907364513b3f405ee96ef9c115cff356aa533ad4ca4ab1193cf21a679abaeeeb", kill_on_drop: false }`
[INFO] running `Command { std: "docker" "rm" "-f" "907364513b3f405ee96ef9c115cff356aa533ad4ca4ab1193cf21a679abaeeeb", kill_on_drop: false }`
[INFO] [stdout] 907364513b3f405ee96ef9c115cff356aa533ad4ca4ab1193cf21a679abaeeeb
