[INFO] fetching crate koruma-derive 0.13.0...
[INFO] testing koruma-derive-0.13.0 against 1.100.0-beta.1+cargoflags=--release for beta-release-1.100-2
[INFO] extracting crate koruma-derive 0.13.0 into /workspace/builds/worker-1-tc2/source
[INFO] started tweaking crates.io crate koruma-derive 0.13.0
[INFO] removed 0 missing tests
[INFO] finished tweaking crates.io crate koruma-derive 0.13.0
[INFO] tweaked toml for crates.io crate koruma-derive 0.13.0 written to /workspace/builds/worker-1-tc2/source/Cargo.toml
[INFO] validating manifest of crates.io crate koruma-derive 0.13.0 on toolchain 1.100.0-beta.1
[INFO] running `Command { std: CARGO_HOME="/workspace/cargo-home" RUSTUP_HOME="/workspace/rustup-home" "/workspace/cargo-home/bin/cargo" "+1.100.0-beta.1" "metadata" "--manifest-path" "Cargo.toml" "--no-deps", kill_on_drop: false }`
[INFO] crate crates.io crate koruma-derive 0.13.0 already has a lockfile, it will not be regenerated
[INFO] running `Command { std: CARGO_HOME="/workspace/cargo-home" RUSTUP_HOME="/workspace/rustup-home" "/workspace/cargo-home/bin/cargo" "+1.100.0-beta.1" "fetch" "--manifest-path" "Cargo.toml", kill_on_drop: false }`
[INFO] running `Command { std: "docker" "create" "-v" "/var/lib/crater-agent-workspace/builds/worker-1-tc2/source:/opt/rustwide/workdir:ro,Z" "-v" "/var/lib/crater-agent-workspace/builds/worker-1-tc2/target:/opt/rustwide/target:rw,Z" "-v" "/var/lib/crater-agent-workspace/cargo-home:/opt/rustwide/cargo-home:ro,Z" "-v" "/var/lib/crater-agent-workspace/rustup-home:/opt/rustwide/rustup-home:ro,Z" "-m" "1610612736" "--network" "none" "ghcr.io/rust-lang/crates-build-env/linux@sha256:77db811e55d90add9212f6832c23229e3de5f1c1f9905e8cb07319ea15df73ac" "sleep" "infinity", kill_on_drop: false }`
[INFO] [stdout] ef797822fac0324ffcae63341a9579ebe20807437c874298dbf1b22a3898710c
[INFO] running `Command { std: "docker" "start" "ef797822fac0324ffcae63341a9579ebe20807437c874298dbf1b22a3898710c", kill_on_drop: false }`
[INFO] running `Command { std: "docker" "inspect" "ef797822fac0324ffcae63341a9579ebe20807437c874298dbf1b22a3898710c", kill_on_drop: false }`
[INFO] running `Command { std: "docker" "exec" "-e" "SOURCE_DIR=/opt/rustwide/workdir" "-e" "CARGO_HOME=/opt/rustwide/cargo-home" "-e" "RUSTUP_HOME=/opt/rustwide/rustup-home" "-e" "CARGO_TARGET_DIR=/opt/rustwide/target" "-w" "/opt/rustwide/workdir" "--user" "0:0" "ef797822fac0324ffcae63341a9579ebe20807437c874298dbf1b22a3898710c" "/opt/rustwide/cargo-home/bin/cargo" "+1.100.0-beta.1" "metadata" "--no-deps" "--format-version=1", kill_on_drop: false }`
[INFO] running `Command { std: "docker" "inspect" "ef797822fac0324ffcae63341a9579ebe20807437c874298dbf1b22a3898710c", kill_on_drop: false }`
[INFO] running `Command { std: "docker" "exec" "-e" "SOURCE_DIR=/opt/rustwide/workdir" "-e" "CARGO_HOME=/opt/rustwide/cargo-home" "-e" "RUSTUP_HOME=/opt/rustwide/rustup-home" "-e" "CARGO_TARGET_DIR=/opt/rustwide/target" "-e" "CARGO_INCREMENTAL=0" "-e" "RUST_BACKTRACE=full" "-e" "RUSTFLAGS=--cap-lints=warn" "-e" "RUSTDOCFLAGS=--cap-lints=warn" "-w" "/opt/rustwide/workdir" "--user" "0:0" "ef797822fac0324ffcae63341a9579ebe20807437c874298dbf1b22a3898710c" "/opt/rustwide/cargo-home/bin/cargo" "+1.100.0-beta.1" "build" "--frozen" "--message-format=json" "--release", kill_on_drop: false }`
[INFO] [stderr]    Compiling winnow v1.0.4
[INFO] [stderr]    Compiling toml_datetime v1.1.1+spec-1.1.0
[INFO] [stderr]    Compiling syn v3.0.6
[INFO] [stderr]    Compiling toml_parser v1.1.3+spec-1.1.0
[INFO] [stderr]    Compiling toml_edit v0.25.15+spec-1.1.0
[INFO] [stderr]    Compiling proc-macro-crate v3.5.0
[INFO] [stderr]    Compiling attribute-dsl v0.2.2
[INFO] [stderr]    Compiling koruma-derive-core v0.13.0
[INFO] [stderr]    Compiling koruma-derive v0.13.0 (/opt/rustwide/workdir)
[INFO] [stderr]     Finished `release` profile [optimized] target(s) in 20.07s
[INFO] running `Command { std: "docker" "inspect" "ef797822fac0324ffcae63341a9579ebe20807437c874298dbf1b22a3898710c", kill_on_drop: false }`
[INFO] running `Command { std: "docker" "exec" "-e" "SOURCE_DIR=/opt/rustwide/workdir" "-e" "CARGO_HOME=/opt/rustwide/cargo-home" "-e" "RUSTUP_HOME=/opt/rustwide/rustup-home" "-e" "CARGO_TARGET_DIR=/opt/rustwide/target" "-e" "CARGO_INCREMENTAL=0" "-e" "RUST_BACKTRACE=full" "-e" "RUSTFLAGS=--cap-lints=warn" "-e" "RUSTDOCFLAGS=--cap-lints=warn" "-w" "/opt/rustwide/workdir" "--user" "0:0" "ef797822fac0324ffcae63341a9579ebe20807437c874298dbf1b22a3898710c" "/opt/rustwide/cargo-home/bin/cargo" "+1.100.0-beta.1" "test" "--frozen" "--no-run" "--message-format=json" "--release", kill_on_drop: false }`
[INFO] [stderr]    Compiling proc-macro2 v1.0.107
[INFO] [stderr]    Compiling stable_deref_trait v1.2.1
[INFO] [stderr]    Compiling proc-macro-hack v0.5.20+deprecated
[INFO] [stderr]    Compiling icu_locale_fallback_data v2.3.0
[INFO] [stderr]    Compiling strsim v0.11.1
[INFO] [stderr]    Compiling icu_locale_data v2.3.0
[INFO] [stderr]    Compiling camino v1.2.6
[INFO] [stderr]    Compiling unicode-segmentation v1.13.3
[INFO] [stderr]    Compiling writeable v0.6.4
[INFO] [stderr]    Compiling unicode-xid v0.2.6
[INFO] [stderr]    Compiling thiserror v2.0.20
[INFO] [stderr]    Compiling litemap v0.8.3
[INFO] [stderr]    Compiling utf8parse v0.2.2
[INFO] [stderr]    Compiling toml_datetime v1.1.1+spec-1.1.0
[INFO] [stderr]    Compiling prettyplease v0.3.0
[INFO] [stderr]    Compiling anstyle-parse v1.0.0
[INFO] [stderr]    Compiling anstyle v1.0.14
[INFO] [stderr]    Compiling colorchoice v1.0.5
[INFO] [stderr]    Compiling anstyle-query v1.1.5
[INFO] [stderr]    Compiling parking_lot_core v0.9.12
[INFO] [stderr]    Compiling is_terminal_polyfill v1.70.2
[INFO] [stderr]    Compiling serde v1.0.229
[INFO] [stderr]    Compiling clap_lex v1.1.1
[INFO] [stderr]    Compiling utf8_iter v1.0.4
[INFO] [stderr]    Compiling unicode-ident v1.0.26
[INFO] [stderr]    Compiling serde_spanned v1.1.1
[INFO] [stderr]    Compiling anyhow v1.0.104
[INFO] [stderr]    Compiling quote v1.0.47
[INFO] [stderr]    Compiling toml_writer v1.1.2+spec-1.1.0
[INFO] [stderr]    Compiling fs-err v3.3.1
[INFO] [stderr]    Compiling toml_edit v0.25.15+spec-1.1.0
[INFO] [stderr]    Compiling pin-project-lite v0.2.17
[INFO] [stderr]    Compiling once_cell v1.21.4
[INFO] [stderr]    Compiling futures-sink v0.3.34
[INFO] [stderr]    Compiling futures-core v0.3.34
[INFO] [stderr]    Compiling anstream v1.0.0
[INFO] [stderr]    Compiling rustc-hash v2.1.3
[INFO] [stderr]    Compiling toml v1.1.6+spec-1.1.0
[INFO] [stderr]    Compiling futures-channel v0.3.34
[INFO] [stderr]    Compiling slab v0.4.12
[INFO] [stderr]    Compiling futures-task v0.3.34
[INFO] [stderr]    Compiling convert_case v0.10.0
[INFO] [stderr]    Compiling path-slash v0.2.1
[INFO] [stderr]    Compiling futures-io v0.3.34
[INFO] [stderr]    Compiling smallvec v1.16.1
[INFO] [stderr]    Compiling winnow v1.0.4
[INFO] [stderr]    Compiling type-map v0.5.1
[INFO] [stderr]    Compiling clap_builder v4.6.7
[INFO] [stderr]    Compiling syn v3.0.6
[INFO] [stderr]    Compiling self_cell v1.3.0
[INFO] [stderr]    Compiling ident_case v1.0.1
[INFO] [stderr]    Compiling scopeguard v1.2.0
[INFO] [stderr]    Compiling lock_api v0.4.14
[INFO] [stderr]    Compiling tracing-core v0.1.36
[INFO] [stderr]    Compiling getrandom v0.3.4
[INFO] [stderr]    Compiling rustix v1.1.5
[INFO] [stderr]    Compiling heck v0.5.0
[INFO] [stderr]    Compiling bitflags v2.13.2
[INFO] [stderr]    Compiling chunky-vec v0.1.0
[INFO] [stderr]    Compiling syn v2.0.119
[INFO] [stderr]    Compiling pin-cell v0.2.0
[INFO] [stderr]    Compiling proc-macro-crate v3.5.0
[INFO] [stderr]    Compiling linux-raw-sys v0.12.1
[INFO] [stderr]    Compiling parking_lot v0.12.5
[INFO] [stderr]    Compiling serde_json v1.0.151
[INFO] [stderr]    Compiling inventory v0.3.24
[INFO] [stderr]    Compiling fastrand v2.5.0
[INFO] [stderr]    Compiling bitflags v1.3.2
[INFO] [stderr]    Compiling fluent-uri v0.1.4
[INFO] [stderr]    Compiling console v0.16.6
[INFO] [stderr]    Compiling similar v2.7.0
[INFO] [stderr]    Compiling tempfile v3.27.0
[INFO] [stderr]    Compiling toml_parser v1.1.3+spec-1.1.0
[INFO] [stderr]    Compiling insta v1.49.0
[INFO] [stderr]    Compiling derive_more-impl v2.1.1
[INFO] [stderr]    Compiling strum_macros v0.28.0
[INFO] [stderr]    Compiling tracing-attributes v0.1.31
[INFO] [stderr]    Compiling getset v0.1.7
[INFO] [stderr]    Compiling synstructure v0.14.0
[INFO] [stderr]    Compiling darling_core v0.24.1
[INFO] [stderr]    Compiling attribute-dsl v0.2.2
[INFO] [stderr]    Compiling tracing v0.1.44
[INFO] [stderr]    Compiling koruma-derive-core v0.13.0
[INFO] [stderr]    Compiling zerofrom-derive v0.1.8
[INFO] [stderr]    Compiling yoke-derive v0.8.3
[INFO] [stderr]    Compiling zerovec-derive v0.11.6
[INFO] [stderr]    Compiling displaydoc v0.2.7
[INFO] [stderr]    Compiling zerofrom v0.1.8
[INFO] [stderr]    Compiling yoke v0.8.3
[INFO] [stderr]    Compiling thiserror-impl v2.0.20
[INFO] [stderr]    Compiling serde_derive v1.0.229
[INFO] [stderr]    Compiling futures-macro v0.3.34
[INFO] [stderr]    Compiling clap_derive v4.6.7
[INFO] [stderr]    Compiling zerotrie v0.2.5
[INFO] [stderr]    Compiling zerovec v0.11.8
[INFO] [stderr]    Compiling darling_macro v0.24.1
[INFO] [stderr]    Compiling fluent-syntax v0.12.0
[INFO] [stderr]    Compiling darling v0.24.1
[INFO] [stderr]    Compiling strum v0.28.0
[INFO] [stderr]    Compiling bon-macros v3.10.2
[INFO] [stderr]    Compiling async-trait v0.1.92
[INFO] [stderr]    Compiling clap v4.6.7
[INFO] [stderr]    Compiling futures-util v0.3.34
[INFO] [stderr]    Compiling tinystr v0.8.4
[INFO] [stderr]    Compiling potential_utf v0.1.6
[INFO] [stderr]    Compiling unic-langid-impl v0.9.6
[INFO] [stderr]    Compiling icu_locale_core v2.3.0
[INFO] [stderr]    Compiling unic-langid-macros-impl v0.9.6
[INFO] [stderr]    Compiling icu_collections v2.3.0
[INFO] [stderr]    Compiling unic-langid-macros v0.9.6
[INFO] [stderr]    Compiling unic-langid v0.9.6
[INFO] [stderr]    Compiling derive_more v2.1.1
[INFO] [stderr]    Compiling intl_pluralrules v7.0.2
[INFO] [stderr]    Compiling fluent-langneg v0.13.1
[INFO] [stderr]    Compiling intl-memoizer v0.5.3
[INFO] [stderr]    Compiling icu_provider v2.3.1
[INFO] [stderr]    Compiling fluent-bundle v0.16.0
[INFO] [stderr]    Compiling icu_locale_fallback v2.3.0
[INFO] [stderr]    Compiling icu_locale v2.3.1
[INFO] [stderr]    Compiling es-fluent-shared v0.21.0
[INFO] [stderr]    Compiling serde_repr v0.1.21
[INFO] [stderr]    Compiling lsp-types v0.97.0
[INFO] [stderr]    Compiling koruma-derive v0.13.0 (/opt/rustwide/workdir)
[INFO] [stderr]    Compiling futures-executor v0.3.34
[INFO] [stderr]    Compiling futures v0.3.34
[INFO] [stderr]    Compiling fluent-fallback v0.7.2
[INFO] [stderr]    Compiling es-fluent-manager-core v0.21.0
[INFO] [stderr]    Compiling bon v3.10.2
[INFO] [stderr]    Compiling es-fluent-toml v0.21.0
[INFO] [stderr]    Compiling es-fluent-derive-core v0.21.0
[INFO] [stderr]    Compiling es-fluent-derive v0.21.0
[INFO] [stderr]    Compiling es-fluent v0.21.0
[INFO] [stderr]     Finished `release` profile [optimized] target(s) in 2m 33s
[INFO] running `Command { std: "docker" "inspect" "ef797822fac0324ffcae63341a9579ebe20807437c874298dbf1b22a3898710c", kill_on_drop: false }`
[INFO] running `Command { std: "docker" "exec" "-e" "SOURCE_DIR=/opt/rustwide/workdir" "-e" "CARGO_HOME=/opt/rustwide/cargo-home" "-e" "RUSTUP_HOME=/opt/rustwide/rustup-home" "-e" "CARGO_TARGET_DIR=/opt/rustwide/target" "-e" "CARGO_INCREMENTAL=0" "-e" "RUST_BACKTRACE=full" "-e" "RUSTFLAGS=--cap-lints=warn" "-e" "RUSTDOCFLAGS=--cap-lints=warn" "-w" "/opt/rustwide/workdir" "--user" "0:0" "ef797822fac0324ffcae63341a9579ebe20807437c874298dbf1b22a3898710c" "/opt/rustwide/cargo-home/bin/cargo" "+1.100.0-beta.1" "test" "--frozen" "--release", kill_on_drop: false }`
[INFO] [stderr]     Finished `release` profile [optimized] target(s) in 0.32s
[INFO] [stderr]      Running unittests src/lib.rs (/opt/rustwide/target/release/build/koruma-derive/c4674824fde19e65/out/koruma_derive-c4674824fde19e65)
[INFO] [stdout] 
[INFO] [stdout] running 175 tests
[INFO] [stdout] test expand::names::tests::unlabeled_reserved_generated_error_names_are_rejected ... ok
[INFO] [stdout] test expand::names::tests::validator_syntax_renders_type_arguments_and_direct_setters ... ok
[INFO] [stdout] test expand::names::tests::generated_name_kind_labels_cover_every_registered_kind ... ok
[INFO] [stdout] test tests::attr_parsing_tests::test_koruma_attr_parse_skip ... ok
[INFO] [stdout] test tests::attr_parsing_tests::test_koruma_attr_parse_each_then_field ... ok
[INFO] [stdout] test tests::attr_parsing_tests::test_koruma_attr_parse_multiple_validators ... ok
[INFO] [stdout] test tests::attr_parsing_tests::test_koruma_attr_parse_labeled_field_validator ... ok
[INFO] [stdout] test tests::attr_parsing_tests::test_koruma_attr_parse_labeled_element_validator ... ok
[INFO] [stdout] test tests::attr_parsing_tests::test_struct_options_parse_try_new ... ok
[INFO] [stdout] test tests::attr_parsing_tests::test_koruma_attr_parse_each_with_completion_probe ... ok
[INFO] [stdout] test tests::attr_parsing_tests::test_koruma_attr_parse_each ... ok
[INFO] [stdout] test tests::attr_parsing_tests::test_koruma_attr_parse_labeled_full_element_validator ... ok
[INFO] [stdout] test tests::attr_parsing_tests::test_validator_attr_codegen_names_preserve_path_segments ... ok
[INFO] [stdout] test expand::names::tests::validator_collision_messages_cover_labeled_unlabeled_and_field_collisions ... ok
[INFO] [stdout] test tests::attr_parsing_tests::test_struct_options_parse_unknown_error ... ok
[INFO] [stdout] test tests::attr_parsing_tests::test_validator_attr_parse_generic ... ok
[INFO] [stdout] test tests::attr_parsing_tests::test_validator_attr_parse_nested_generic_concrete ... ok
[INFO] [stdout] test tests::attr_parsing_tests::test_koruma_attr_parse_combined_field_and_each ... ok
[INFO] [stdout] test tests::attr_parsing_tests::test_validator_attr_parse_option_infer_type ... ok
[INFO] [stdout] test expand::crate_path::tests::crate_path_rendering_covers_all_lookup_outcomes ... ok
[INFO] [stdout] test tests::attr_parsing_tests::test_koruma_attr_parse_full_and_unwrapped_field_targets ... ok
[INFO] [stdout] test tests::attr_parsing_tests::test_validator_attr_parse_direct_chain ... ok
[INFO] [stdout] test tests::attr_parsing_tests::test_validator_attr_parse_nested_generic ... ok
[INFO] [stdout] test tests::attr_parsing_tests::test_validator_attr_parse_with_args ... ok
[INFO] [stdout] test tests::attr_parsing_tests::test_validator_attr_parse_direct_chain_with_explicit_option_type ... ok
[INFO] [stdout] test tests::attr_parsing_tests::test_validator_attr_parse_simple ... ok
[INFO] [stdout] test tests::attr_parsing_tests::test_validator_attr_parse_invalid_call_error ... ok
[INFO] [stdout] test tests::attr_parsing_tests::test_validator_attr_parse_direct_chain_with_turbofish_inference ... ok
[INFO] [stdout] test tests::attr_parsing_tests::test_validator_attr_parse_with_named_completion_probe ... ok
[INFO] [stdout] test tests::attr_parsing_tests::test_validator_attr_parse_deeply_nested_generic ... ok
[INFO] [stdout] test tests::error_tests::test_koruma_error_on_explicit_option_validator_for_non_optional_target ... ok
[INFO] [stdout] test tests::attr_parsing_tests::test_validator_attr_parse_with_trailing_dot_probe ... ok
[INFO] [stdout] test tests::attr_parsing_tests::test_validator_attr_rejects_invalid_setter_call_shape ... ok
[INFO] [stdout] test tests::error_tests::test_koruma_error_on_field_with_nested_and_newtype ... ok
[INFO] [stdout] test tests::error_tests::test_koruma_error_on_duplicate_validator_same_attr ... ok
[INFO] [stdout] test tests::error_tests::test_koruma_error_on_enum ... ok
[INFO] [stdout] test tests::error_tests::test_koruma_error_on_each_validator_with_value_call ... ok
[INFO] [stdout] test tests::error_tests::test_koruma_error_on_invalid_validator_call ... ok
[INFO] [stdout] test tests::error_tests::test_koruma_error_on_explicit_option_element_validator_for_non_optional_target ... ok
[INFO] [stdout] test tests::error_tests::test_koruma_error_on_duplicate_element_validator ... ok
[INFO] [stdout] test tests::error_tests::test_koruma_error_on_nested_field_with_split_validators ... ok
[INFO] [stdout] test tests::error_tests::test_koruma_error_on_tuple_newtype_with_multiple_fields ... ok
[INFO] [stdout] test tests::error_tests::test_koruma_error_on_repeated_field_attrs ... ok
[INFO] [stdout] test tests::error_tests::test_koruma_error_on_newtype_field_with_each ... ok
[INFO] [stdout] test tests::error_tests::test_koruma_error_on_explicit_option_validator_with_unwrapped_target ... ok
[INFO] [stdout] test tests::error_tests::test_koruma_error_on_each_non_vec_collection ... ok
[INFO] [stdout] test tests::error_tests::test_koruma_error_on_each_optional_non_collection ... ok
[INFO] [stdout] test tests::error_tests::test_koruma_error_on_struct_level_newtype_with_one_validated_and_one_plain_field ... ok
[INFO] [stdout] test tests::error_tests::test_koruma_error_on_explicit_option_element_validator_with_unwrapped_target ... ok
[INFO] [stdout] test tests::error_tests::test_koruma_error_on_struct_level_newtype_with_skipped_only_field ... ok
[INFO] [stdout] test tests::error_tests::test_koruma_error_on_struct_level_newtype_with_wrong_field_count ... ok
[INFO] [stdout] test tests::error_tests::test_koruma_error_on_direct_chain_with_build_call ... ok
[INFO] [stdout] test macro_entrypoint_tests::validator_macro_helper_covers_success_and_error_paths ... ok
[INFO] [stdout] test macro_entrypoint_tests::derive_macro_helpers_cover_success_and_parse_errors ... ok
[INFO] [stdout] test tests::error_tests::test_koruma_success_no_validated_fields ... ok
[INFO] [stdout] test tests::helper_tests::builder_plans::test_validation_plan_infers_full_targets_from_explicit_option_types ... ok
[INFO] [stdout] test tests::helper_tests::builder_plans::test_validation_plan_resolves_targets_names_and_type_args ... ok
[INFO] [stdout] test tests::helper_tests::builder_plans::test_required_validation_name_does_not_select_full_target ... ok
[INFO] [stdout] test tests::helper_tests::builder_plans::test_validator_builder_plan_covers_setter_signatures_and_capture_policy ... ok
[INFO] [stdout] test tests::helper_tests::collection_classification::test_each_collection_accepts_arrays_groups_and_parentheses ... ok
[INFO] [stdout] test tests::helper_tests::collection_classification::test_each_collection_classifier_covers_supported_collection_shapes ... ok
[INFO] [stdout] test tests::helper_tests::collection_classification::test_resolve_explicit_infer_type_reports_unmatched_shapes ... ok
[INFO] [stdout] test tests::helper_tests::labels::test_duplicate_validator_labels_error ... ok
[INFO] [stdout] test tests::helper_tests::labels::test_labeled_element_validator_names_drive_getters_and_variants ... ok
[INFO] [stdout] test tests::error_tests::test_validator_error_capture_skip_requires_option_value_field ... ok
[INFO] [stdout] test tests::error_tests::test_validator_error_generated_builder_name_collisions ... ok
[INFO] [stdout] test tests::error_tests::test_validator_error_generated_setter_method_collisions ... ok
[INFO] [stdout] test tests::error_tests::test_validator_error_missing_value_field ... ok
[INFO] [stdout] test tests::error_tests::test_validator_error_on_duplicate_value_marker_same_field ... ok
[INFO] [stdout] test tests::helper_tests::labels::test_labeled_validator_names_drive_getters_and_variants ... ok
[INFO] [stdout] test tests::helper_tests::labels::test_reserved_validator_label_errors ... ok
[INFO] [stdout] test tests::helper_tests::labels::test_same_validator_type_can_be_used_twice_with_labels ... ok
[INFO] [stdout] test tests::helper_tests::labels::test_validator_label_must_be_lower_snake ... ok
[INFO] [stdout] test tests::helper_tests::labels::test_validator_labels_cannot_match_field_names ... ok
[INFO] [stdout] test tests::helper_tests::labels::test_unlabeled_validator_name_collisions_require_labels ... ok
[INFO] [stdout] test tests::error_tests::test_validator_error_public_value_field ... ok
[INFO] [stdout] test tests::error_tests::test_validator_error_rejects_multiple_field_attrs ... ok
[INFO] [stdout] test tests::error_tests::test_validator_error_on_multiple_value_fields ... ok
[INFO] [stdout] test tests::helper_tests::newtype_shapes::test_validation_plan_encodes_struct_level_newtype_shape ... ok
[INFO] [stdout] test tests::helper_tests::parsing::test_find_value_field_finds_marked_field ... ok
[INFO] [stdout] test tests::error_tests::test_validator_error_required_and_default_setter_options_conflict ... ok
[INFO] [stdout] test tests::error_tests::test_validator_error_tuple_struct_rejected_early ... ok
[INFO] [stdout] test tests::error_tests::test_validator_error_unknown_setter_option ... ok
[INFO] [stdout] test tests::helper_tests::newtype_shapes::test_validation_plan_uses_shape_specific_field_data ... ok
[INFO] [stdout] test tests::error_tests::test_validator_error_value_field_rejects_setter_metadata ... ok
[INFO] [stdout] test tests::error_tests::test_validator_error_duplicate_setter_options ... ok
[INFO] [stdout] test tests::helper_tests::parsing::test_parse_field_with_generic_validator ... ok
[INFO] [stdout] test tests::helper_tests::parsing::test_parse_field_with_skip_returns_skip ... ok
[INFO] [stdout] test tests::helper_tests::parsing::test_parse_field_with_single_validator ... ok
[INFO] [stdout] test tests::helper_tests::parsing::test_parse_field_with_each ... ok
[INFO] [stdout] test tests::helper_tests::parsing::test_parse_field_without_koruma_returns_skip ... ok
[INFO] [stdout] test tests::helper_tests::type_helpers::test_effective_validation_type_for_each_on_optional_slice_option_unwraps_inner_option ... ok
[INFO] [stdout] test tests::helper_tests::parsing::test_parse_validator_struct_errors_when_missing_value ... ok
[INFO] [stdout] test tests::helper_tests::render_plans::test_validation_plan_exposes_field_error_render_plan ... ok
[INFO] [stdout] test tests::helper_tests::type_helpers::test_effective_validation_type_for_each_on_optional_vec_uses_element_type ... ok
[INFO] [stdout] test tests::helper_tests::render_plans::test_validation_plan_exposes_main_error_render_plan ... ok
[INFO] [stdout] test tests::helper_tests::type_helpers::test_effective_validation_type_for_each_on_qualified_option_vec_uses_element_type ... ok
[INFO] [stdout] test tests::helper_tests::type_helpers::test_option_inner_type_nested ... ok
[INFO] [stdout] test tests::helper_tests::type_helpers::test_helper_generics_tracks_lifetimes_consts_and_where_dependencies ... ok
[INFO] [stdout] test tests::helper_tests::type_helpers::test_vec_inner_type_complex ... ok
[INFO] [stdout] test tests::helper_tests::type_helpers::test_helper_generics_ignores_non_generic_path_segments ... ok
[INFO] [stdout] test tests::helper_tests::type_helpers::test_effective_validation_type_for_each_on_slice_uses_element_type ... ok
[INFO] [stdout] test tests::helper_tests::type_helpers::test_vec_inner_type_returns_none_for_non_vec ... ok
[INFO] [stdout] test tests::helper_tests::type_helpers::test_option_inner_type_returns_none_for_non_option ... ok
[INFO] [stdout] test tests::helper_tests::type_helpers::test_vec_inner_type_supports_qualified_paths ... ok
[INFO] [stdout] test tests::helper_tests::type_helpers::test_vec_inner_type_extracts_inner ... ok
[INFO] [stdout] test tests::helper_tests::type_helpers::test_effective_validation_type_for_each_on_vec_option_unwraps_inner_option ... ok
[INFO] [stdout] test tests::helper_tests::type_helpers::test_option_inner_type_extracts_inner ... ok
[INFO] [stdout] test tests::snapshot_tests::test_koruma_all_display_all_fields_skipped ... ok
[INFO] [stdout] test tests::helper_tests::type_helpers::test_option_inner_type_supports_qualified_paths ... ok
[INFO] [stdout] test tests::snapshot_tests::test_koruma_all_display_borrowed_types_carry_lifetimes ... ok
[INFO] [stdout] test tests::snapshot_tests::test_koruma_all_display_rejects_non_struct ... ok
[INFO] [stdout] test tests::snapshot_tests::test_koruma_all_display_expansion_newtype_inner_arm ... ok
[INFO] [stdout] test tests::snapshot_tests::test_koruma_all_display_expansion ... ok
[INFO] [stdout] test tests::snapshot_tests::test_koruma_all_display_handles_skipped_fields ... ok
[INFO] [stdout] test tests::snapshot_tests::test_koruma_expansion_empty_koruma_attr_is_rejected ... ok
[INFO] [stdout] test tests::snapshot_tests::test_koruma_expansion_field_arg_ident_is_rejected ... ok
[INFO] [stdout] test tests::snapshot_tests::test_koruma_all_display_expansion_uses_labeled_variant_names ... ok
[INFO] [stdout] test tests::snapshot_tests::test_koruma_expansion_direct_chain_field_arg_requires_explicit_self ... ok
[INFO] [stdout] test tests::snapshot_tests::test_koruma_expansion_borrowed_explicit_reference_infer ... ok
[INFO] [stdout] test tests::snapshot_tests::test_koruma_expansion_multi_generic_explicit_type_infers_per_slot ... ok
[INFO] [stdout] test tests::snapshot_tests::test_koruma_expansion_direct_chain_uses_supplied_setters ... ok
[INFO] [stdout] test tests::snapshot_tests::test_koruma_expansion_completion_probe_uses_ra_marker ... ok
[INFO] [stdout] test tests::snapshot_tests::test_koruma_expansion_labeled_qualified_validators_generate_distinct_members ... ok
[INFO] [stdout] test tests::snapshot_tests::test_koruma_expansion_newtype_optional_without_field_validators ... ok
[INFO] [stdout] test tests::snapshot_tests::test_koruma_expansion_each_optional_element_with_full_type_validator ... ok
[INFO] [stdout] test tests::snapshot_tests::test_koruma_expansion_borrowed_field_carries_lifetimes ... ok
[INFO] [stdout] test tests::snapshot_tests::test_koruma_expansion_newtype_try_new_and_try_from ... ok
[INFO] [stdout] test tests::snapshot_tests::test_koruma_expansion_newtype_with_full_and_unwrapped_validators ... ok
[INFO] [stdout] test tests::helper_tests::render_plans::test_validation_plan_exposes_render_ready_validation_operations ... ok
[INFO] [stdout] test tests::snapshot_tests::test_koruma_expansion_labeled_element_validators ... ok
[INFO] [stdout] test tests::snapshot_tests::test_koruma_expansion_each ... ok
[INFO] [stdout] test tests::snapshot_tests::test_koruma_expansion_labeled_field_validators ... ok
[INFO] [stdout] test tests::snapshot_tests::test_koruma_expansion_full_optional_field_target_path ... ok
[INFO] [stdout] test tests::snapshot_tests::test_koruma_expansion_full_optional_element_target_path ... ok
[INFO] [stdout] test tests::snapshot_tests::test_koruma_expansion_each_multiple_validators ... ok
[INFO] [stdout] test tests::snapshot_tests::test_koruma_expansion_mixed_fields ... ok
[INFO] [stdout] test tests::snapshot_tests::test_koruma_expansion_multiple_fields ... ok
[INFO] [stdout] test tests::snapshot_tests::test_koruma_expansion_non_field_arg_ident_is_left_alone ... ok
[INFO] [stdout] test tests::snapshot_tests::test_koruma_expansion_option_vec_each_uses_inner_collection ... ok
[INFO] [stdout] test tests::snapshot_tests::test_koruma_expansion_optional_field_with_full_and_unwrapped_validators ... ok
[INFO] [stdout] test tests::snapshot_tests::test_koruma_expansion_optional_with_generic ... ok
[INFO] [stdout] test tests::snapshot_tests::test_koruma_expansion_newtype_non_optional_with_validators_uses_direct_inner_validation ... ok
[INFO] [stdout] test tests::snapshot_tests::test_koruma_expansion_optional_element_target_path ... ok
[INFO] [stdout] test tests::snapshot_tests::test_koruma_expansion_try_from_bare_tuple_struct ... ok
[INFO] [stdout] test tests::snapshot_tests::test_koruma_expansion_generic_validator ... ok
[INFO] [stdout] test tests::snapshot_tests::test_koruma_expansion_regular_try_from_named_field_struct ... ok
[INFO] [stdout] test tests::snapshot_tests::test_koruma_expansion_multiple_validators ... ok
[INFO] [stdout] test tests::snapshot_tests::test_koruma_expansion_struct_newtype_optional_nested_no_deref_impl ... ok
[INFO] [stdout] test tests::snapshot_tests::test_koruma_expansion_regular_try_from_tuple_struct ... ok
[INFO] [stdout] test tests::snapshot_tests::test_koruma_expansion_try_from_generic_with_bounds ... ok
[INFO] [stdout] test tests::snapshot_tests::test_koruma_expansion_try_from_requires_single_field ... ok
[INFO] [stdout] test tests::snapshot_tests::test_koruma_expansion_single_builder_chain_validator ... ok
[INFO] [stdout] test tests::snapshot_tests::test_koruma_expansion_only_element_validators ... ok
[INFO] [stdout] test tests::snapshot_tests::test_koruma_expansion_optional_field_with_concrete_full_type_validator ... ok
[INFO] [stdout] test tests::snapshot_tests::test_koruma_expansion_combined_field_and_element_validators ... ok
[INFO] [stdout] test tests::snapshot_tests::test_koruma_expansion_try_from_named_field_struct ... ok
[INFO] [stdout] test tests::snapshot_tests::test_koruma_expansion_single_validator ... ok
[INFO] [stdout] test tests::snapshot_tests::test_koruma_expansion_slice_each_uses_element_type ... ok
[INFO] [stdout] test tests::snapshot_tests::test_validator_expansion_capture_skip_policy ... ok
[INFO] [stdout] test tests::snapshot_tests::test_koruma_expansion_validator_no_args ... ok
[INFO] [stdout] test tests::snapshot_tests::test_koruma_expansion_try_new ... ok
[INFO] [stdout] test tests::snapshot_tests::test_validator_expansion_non_option_value ... ok
[INFO] [stdout] test tests::snapshot_tests::test_koruma_expansion_vec_option_each_with_explicit_infer_type ... ok
[INFO] [stdout] test tests::snapshot_tests::test_koruma_expansion_try_new_tuple_struct ... ok
[INFO] [stdout] test tests::snapshot_tests::test_validator_expansion_generic ... ok
[INFO] [stdout] test tests::snapshot_tests::test_koruma_expansion_try_from_tuple_struct ... ok
[INFO] [stdout] test tests::snapshot_tests::test_koruma_expansion_try_from_generic ... ok
[INFO] [stdout] test tests::snapshot_tests::test_validator_expansion_simple ... ok
[INFO] [stdout] test tests::snapshot_tests::test_koruma_expansion_optional_field ... ok
[INFO] [stdout] test tests::snapshot_tests::test_koruma_expansion_try_new_newtype_tuple_struct ... ok
[INFO] [stdout] test tests::snapshot_tests::test_koruma_expansion_struct_newtype_nested_deref_has_no_expect ... ok
[INFO] [stdout] test tests::snapshot_tests::test_validator_expansion_respects_setter_metadata ... ok
[INFO] [stdout] test tests::snapshot_tests::test_koruma_expansion_try_from_generic_with_where_clause ... ok
[INFO] [stdout] test tests::snapshot_tests::test_koruma_expansion_try_from_option_field ... ok
[INFO] [stdout] 
[INFO] [stdout] test result: ok. 175 passed; 0 failed; 0 ignored; 0 measured; 0 filtered out; finished in 0.34s
[INFO] [stdout] 
[INFO] [stderr]      Running tests/lsp_completion.rs (/opt/rustwide/target/release/build/koruma-derive/e26beaa31609ecb4/out/lsp_completion-e26beaa31609ecb4)
[INFO] [stdout] 
[INFO] [stdout] running 4 tests
[INFO] [stdout] test file_uri_path_normalizes_windows_verbatim_drive_paths ... ok
[INFO] [stdout] test file_uri_path_keeps_unix_paths ... ok
[INFO] [stdout] test file_uri_path_normalizes_windows_drive_paths ... ok
[INFO] [stdout] test rust_analyzer_completes_validator_dot_chains ... FAILED
[INFO] [stdout] 
[INFO] [stdout] failures:
[INFO] [stdout] 
[INFO] [stdout] ---- rust_analyzer_completes_validator_dot_chains stdout ----
[INFO] [stdout] 
[INFO] [stdout] thread 'rust_analyzer_completes_validator_dot_chains' (3610) panicked at tests/lsp_completion.rs:44:56:
[INFO] [stdout] fixture source should be readable: Os { code: 2, kind: NotFound, message: "No such file or directory" }
[INFO] [stdout] stack backtrace:
[INFO] [stdout]    0:     0x5646ef82e6c1 - <<std[617be2ca0a6fd877]::sys::backtrace::BacktraceLock>::print::DisplayBacktrace as core[a373ad73a504971]::fmt::Display>::fmt
[INFO] [stdout]    1:     0x5646ef8432ba - core[a373ad73a504971]::fmt::write
[INFO] [stdout]    2:     0x5646ef8329bc - <alloc[2e1b2a31b91974c5]::vec::Vec<u8> as core[a373ad73a504971]::io::write::Write>::write_fmt
[INFO] [stdout]    3:     0x5646ef809bf6 - std[617be2ca0a6fd877]::panicking::default_hook::{closure#0}
[INFO] [stdout]    4:     0x5646ef8266d9 - std[617be2ca0a6fd877]::panicking::default_hook
[INFO] [stdout]    5:     0x5646ef7a6700 - test[aada8e7e76ba119b]::test_main_inner::{closure#0}
[INFO] [stdout]    6:     0x5646ef826a02 - std[617be2ca0a6fd877]::panicking::panic_with_hook
[INFO] [stdout]    7:     0x5646ef809ca2 - std[617be2ca0a6fd877]::panicking::panic_handler::{closure#0}
[INFO] [stdout]    8:     0x5646ef802829 - std[617be2ca0a6fd877]::sys::backtrace::__rust_end_short_backtrace::<std[617be2ca0a6fd877]::panicking::panic_handler::{closure#0}, !>
[INFO] [stdout]    9:     0x5646ef80a8ad - __rustc[ea4f61d10b84890b]::rust_begin_unwind
[INFO] [stdout]   10:     0x5646ef843a1c - core[a373ad73a504971]::panicking::panic_fmt
[INFO] [stdout]   11:     0x5646ef8437f2 - core[a373ad73a504971]::result::unwrap_failed
[INFO] [stdout]   12:     0x5646ef6301d7 - lsp_completion[b363ea8f1f3e8b58]::rust_analyzer_completes_validator_dot_chains
[INFO] [stdout]   13:     0x5646ef633a99 - <lsp_completion[b363ea8f1f3e8b58]::rust_analyzer_completes_validator_dot_chains::{closure#0} as core[a373ad73a504971]::ops::function::FnOnce<()>>::call_once
[INFO] [stdout]   14:     0x5646ef799b4b - test[aada8e7e76ba119b]::__rust_begin_short_backtrace::<core[a373ad73a504971]::result::Result<(), alloc[2e1b2a31b91974c5]::string::String>, fn() -> core[a373ad73a504971]::result::Result<(), alloc[2e1b2a31b91974c5]::string::String>>
[INFO] [stdout]   15:     0x5646ef7a6d25 - test[aada8e7e76ba119b]::run_test::{closure#0}
[INFO] [stdout]   16:     0x5646ef7a0614 - std[617be2ca0a6fd877]::sys::backtrace::__rust_begin_short_backtrace::<test[aada8e7e76ba119b]::run_test::{closure#1}, ()>
[INFO] [stdout]   17:     0x5646ef7a9db2 - <std[617be2ca0a6fd877]::thread::lifecycle::spawn_unchecked<test[aada8e7e76ba119b]::run_test::{closure#1}, ()>::{closure#1} as core[a373ad73a504971]::ops::function::FnOnce<()>>::call_once::{shim:vtable#0}
[INFO] [stdout]   18:     0x5646ef82dbaf - <std[617be2ca0a6fd877]::sys::thread::unix::Thread>::new::thread_start
[INFO] [stdout]   19:     0x740c3c9c4dfa - <unknown>
[INFO] [stdout]   20:     0x740c3ca583d4 - clone
[INFO] [stdout]   21:                0x0 - <unknown>
[INFO] [stdout] 
[INFO] [stdout] 
[INFO] [stdout] failures:
[INFO] [stdout]     rust_analyzer_completes_validator_dot_chains
[INFO] [stdout] 
[INFO] [stdout] test result: FAILED. 3 passed; 1 failed; 0 ignored; 0 measured; 0 filtered out; finished in 0.69s
[INFO] [stdout] 
[INFO] [stderr] error: test failed, to rerun pass `--test lsp_completion`
[INFO] running `Command { std: "docker" "inspect" "ef797822fac0324ffcae63341a9579ebe20807437c874298dbf1b22a3898710c", kill_on_drop: false }`
[INFO] running `Command { std: "docker" "rm" "-f" "ef797822fac0324ffcae63341a9579ebe20807437c874298dbf1b22a3898710c", kill_on_drop: false }`
[INFO] [stdout] ef797822fac0324ffcae63341a9579ebe20807437c874298dbf1b22a3898710c
