[INFO] fetching crate kopitiam-semantic 0.2.6...
[INFO] testing kopitiam-semantic-0.2.6 against 1.99.0-beta.8+cargoflags=--release for beta-release-1.100-2
[INFO] extracting crate kopitiam-semantic 0.2.6 into /workspace/builds/worker-2-tc1/source
[INFO] started tweaking crates.io crate kopitiam-semantic 0.2.6
[INFO] finished tweaking crates.io crate kopitiam-semantic 0.2.6
[INFO] tweaked toml for crates.io crate kopitiam-semantic 0.2.6 written to /workspace/builds/worker-2-tc1/source/Cargo.toml
[INFO] validating manifest of crates.io crate kopitiam-semantic 0.2.6 on toolchain 1.99.0-beta.8
[INFO] running `Command { std: CARGO_HOME="/workspace/cargo-home" RUSTUP_HOME="/workspace/rustup-home" "/workspace/cargo-home/bin/cargo" "+1.99.0-beta.8" "metadata" "--manifest-path" "Cargo.toml" "--no-deps", kill_on_drop: false }`
[INFO] crate crates.io crate kopitiam-semantic 0.2.6 already has a lockfile, it will not be regenerated
[INFO] running `Command { std: CARGO_HOME="/workspace/cargo-home" RUSTUP_HOME="/workspace/rustup-home" "/workspace/cargo-home/bin/cargo" "+1.99.0-beta.8" "fetch" "--manifest-path" "Cargo.toml", kill_on_drop: false }`
[INFO] [stderr]     Updating crates.io index
[INFO] [stderr]  Downloading crates ...
[INFO] [stderr]   Downloaded rustdoc-types v0.60.0
[INFO] [stderr]   Downloaded similar v3.1.1
[INFO] [stderr]   Downloaded kopitiam-ontology v0.2.5
[INFO] [stderr]   Downloaded uuid v1.23.5
[INFO] running `Command { std: "docker" "create" "-v" "/var/lib/crater-agent-workspace/builds/worker-2-tc1/source:/opt/rustwide/workdir:ro,Z" "-v" "/var/lib/crater-agent-workspace/builds/worker-2-tc1/target:/opt/rustwide/target:rw,Z" "-v" "/var/lib/crater-agent-workspace/cargo-home:/opt/rustwide/cargo-home:ro,Z" "-v" "/var/lib/crater-agent-workspace/rustup-home:/opt/rustwide/rustup-home:ro,Z" "-m" "1610612736" "--network" "none" "ghcr.io/rust-lang/crates-build-env/linux@sha256:77db811e55d90add9212f6832c23229e3de5f1c1f9905e8cb07319ea15df73ac" "sleep" "infinity", kill_on_drop: false }`
[INFO] [stdout] 650467ad7fdb5b81ae67740788e49b0ad2918ee31137c8ac8a05efdb55db13c4
[INFO] running `Command { std: "docker" "start" "650467ad7fdb5b81ae67740788e49b0ad2918ee31137c8ac8a05efdb55db13c4", kill_on_drop: false }`
[INFO] running `Command { std: "docker" "inspect" "650467ad7fdb5b81ae67740788e49b0ad2918ee31137c8ac8a05efdb55db13c4", kill_on_drop: false }`
[INFO] running `Command { std: "docker" "exec" "-e" "SOURCE_DIR=/opt/rustwide/workdir" "-e" "CARGO_HOME=/opt/rustwide/cargo-home" "-e" "RUSTUP_HOME=/opt/rustwide/rustup-home" "-e" "CARGO_TARGET_DIR=/opt/rustwide/target" "-w" "/opt/rustwide/workdir" "--user" "0:0" "650467ad7fdb5b81ae67740788e49b0ad2918ee31137c8ac8a05efdb55db13c4" "/opt/rustwide/cargo-home/bin/cargo" "+1.99.0-beta.8" "metadata" "--no-deps" "--format-version=1", kill_on_drop: false }`
[INFO] running `Command { std: "docker" "inspect" "650467ad7fdb5b81ae67740788e49b0ad2918ee31137c8ac8a05efdb55db13c4", kill_on_drop: false }`
[INFO] running `Command { std: "docker" "exec" "-e" "SOURCE_DIR=/opt/rustwide/workdir" "-e" "CARGO_HOME=/opt/rustwide/cargo-home" "-e" "RUSTUP_HOME=/opt/rustwide/rustup-home" "-e" "CARGO_TARGET_DIR=/opt/rustwide/target" "-e" "CARGO_INCREMENTAL=0" "-e" "RUST_BACKTRACE=full" "-e" "RUSTFLAGS=--cap-lints=warn" "-e" "RUSTDOCFLAGS=--cap-lints=warn" "-w" "/opt/rustwide/workdir" "--user" "0:0" "650467ad7fdb5b81ae67740788e49b0ad2918ee31137c8ac8a05efdb55db13c4" "/opt/rustwide/cargo-home/bin/cargo" "+1.99.0-beta.8" "build" "--frozen" "--message-format=json" "--release", kill_on_drop: false }`
[INFO] [stderr]    Compiling syn v2.0.118
[INFO] [stderr]    Compiling libc v0.2.186
[INFO] [stderr]    Compiling serde_json v1.0.150
[INFO] [stderr]    Compiling camino v1.2.4
[INFO] [stderr]    Compiling form_urlencoded v1.2.2
[INFO] [stderr]    Compiling similar v3.1.1
[INFO] [stderr]    Compiling cargo-platform v0.3.3
[INFO] [stderr]    Compiling semver v1.0.28
[INFO] [stderr]    Compiling getrandom v0.4.3
[INFO] [stderr]    Compiling uuid v1.23.5
[INFO] [stderr]    Compiling synstructure v0.13.2
[INFO] [stderr]    Compiling zerofrom-derive v0.1.7
[INFO] [stderr]    Compiling yoke-derive v0.8.2
[INFO] [stderr]    Compiling zerovec-derive v0.11.3
[INFO] [stderr]    Compiling displaydoc v0.2.6
[INFO] [stderr]    Compiling serde_derive v1.0.228
[INFO] [stderr]    Compiling thiserror-impl v2.0.18
[INFO] [stderr]    Compiling tracing-attributes v0.1.31
[INFO] [stderr]    Compiling zerofrom v0.1.8
[INFO] [stderr]    Compiling yoke v0.8.3
[INFO] [stderr]    Compiling zerotrie v0.2.4
[INFO] [stderr]    Compiling zerovec v0.11.6
[INFO] [stderr]    Compiling tracing v0.1.44
[INFO] [stderr]    Compiling thiserror v2.0.18
[INFO] [stderr]    Compiling tinystr v0.8.3
[INFO] [stderr]    Compiling potential_utf v0.1.5
[INFO] [stderr]    Compiling icu_collections v2.2.0
[INFO] [stderr]    Compiling icu_locale_core v2.2.0
[INFO] [stderr]    Compiling serde v1.0.228
[INFO] [stderr]    Compiling icu_provider v2.2.0
[INFO] [stderr]    Compiling icu_normalizer v2.2.0
[INFO] [stderr]    Compiling icu_properties v2.2.0
[INFO] [stderr]    Compiling cargo_metadata v0.23.1
[INFO] [stderr]    Compiling kopitiam-ontology v0.2.5
[INFO] [stderr]    Compiling rustdoc-types v0.60.0
[INFO] [stderr]    Compiling idna_adapter v1.2.2
[INFO] [stderr]    Compiling idna v1.1.0
[INFO] [stderr]    Compiling url v2.5.8
[INFO] [stderr]    Compiling kopitiam-semantic v0.2.6 (/opt/rustwide/workdir)
[INFO] [stderr]     Finished `release` profile [optimized] target(s) in 55.47s
[INFO] running `Command { std: "docker" "inspect" "650467ad7fdb5b81ae67740788e49b0ad2918ee31137c8ac8a05efdb55db13c4", kill_on_drop: false }`
[INFO] running `Command { std: "docker" "exec" "-e" "SOURCE_DIR=/opt/rustwide/workdir" "-e" "CARGO_HOME=/opt/rustwide/cargo-home" "-e" "RUSTUP_HOME=/opt/rustwide/rustup-home" "-e" "CARGO_TARGET_DIR=/opt/rustwide/target" "-e" "CARGO_INCREMENTAL=0" "-e" "RUST_BACKTRACE=full" "-e" "RUSTFLAGS=--cap-lints=warn" "-e" "RUSTDOCFLAGS=--cap-lints=warn" "-w" "/opt/rustwide/workdir" "--user" "0:0" "650467ad7fdb5b81ae67740788e49b0ad2918ee31137c8ac8a05efdb55db13c4" "/opt/rustwide/cargo-home/bin/cargo" "+1.99.0-beta.8" "test" "--frozen" "--no-run" "--message-format=json" "--release", kill_on_drop: false }`
[INFO] [stderr]    Compiling rustix v1.1.4
[INFO] [stderr]    Compiling tempfile v3.27.0
[INFO] [stderr]    Compiling kopitiam-semantic v0.2.6 (/opt/rustwide/workdir)
[INFO] [stderr]     Finished `release` profile [optimized] target(s) in 33.08s
[INFO] running `Command { std: "docker" "inspect" "650467ad7fdb5b81ae67740788e49b0ad2918ee31137c8ac8a05efdb55db13c4", kill_on_drop: false }`
[INFO] running `Command { std: "docker" "exec" "-e" "SOURCE_DIR=/opt/rustwide/workdir" "-e" "CARGO_HOME=/opt/rustwide/cargo-home" "-e" "RUSTUP_HOME=/opt/rustwide/rustup-home" "-e" "CARGO_TARGET_DIR=/opt/rustwide/target" "-e" "CARGO_INCREMENTAL=0" "-e" "RUST_BACKTRACE=full" "-e" "RUSTFLAGS=--cap-lints=warn" "-e" "RUSTDOCFLAGS=--cap-lints=warn" "-w" "/opt/rustwide/workdir" "--user" "0:0" "650467ad7fdb5b81ae67740788e49b0ad2918ee31137c8ac8a05efdb55db13c4" "/opt/rustwide/cargo-home/bin/cargo" "+1.99.0-beta.8" "test" "--frozen" "--release", kill_on_drop: false }`
[INFO] [stderr]     Finished `release` profile [optimized] target(s) in 0.10s
[INFO] [stderr]      Running unittests src/lib.rs (/opt/rustwide/target/release/deps/kopitiam_semantic-b95d6cd286034f41)
[INFO] [stdout] 
[INFO] [stdout] running 162 tests
[INFO] [stdout] test async_session::tests::live_spawn_async_returns_before_ready_then_serves_definition ... ignored, spawns a real rust-analyzer and waits for indexing; run with `-- --ignored`
[INFO] [stdout] test code_action::tests::edit_wins_over_command_and_complete_actions_skip_resolve ... ok
[INFO] [stdout] test async_session::tests::state_decodes_from_u8_with_connecting_fallback ... ok
[INFO] [stdout] test async_session::tests::parses_progress_json ... ok
[INFO] [stdout] test code_action::tests::capability_advertises_literals_and_lazy_edit_resolution ... ok
[INFO] [stdout] test code_action::tests::a_bare_command_is_never_resolved_and_plans_to_execute ... ok
[INFO] [stdout] test code_action::tests::request_params_carry_range_diagnostics_and_invoked_trigger ... ok
[INFO] [stdout] test code_action::tests::preferred_flag_and_untitled_fallback ... ok
[INFO] [stdout] test async_session::tests::aggregator_folds_a_startup_sequence ... ok
[INFO] [stdout] test async_session::tests::report_recovers_title_and_does_not_clobber_fields ... ok
[INFO] [stdout] test code_action::tests::a_data_only_literal_needs_resolve_only_if_the_server_resolves ... ok
[INFO] [stdout] test edit::tests::applies_multiple_non_overlapping_edits_in_one_file ... ok
[INFO] [stdout] test code_action::tests::diagnostics_are_picked_by_line_overlap_only ... ok
[INFO] [stdout] test async_session::tests::end_clears_the_live_percentage ... ok
[INFO] [stdout] test lsp_types::tests::a_remote_host_file_uri_is_not_guessed_into_a_local_path ... ok
[INFO] [stdout] test lsp_types::tests::a_percent_encoded_space_is_decoded_in_the_fallback ... ok
[INFO] [stdout] test lsp_types::tests::a_windows_drive_file_uri_resolves_on_every_platform ... ok
[INFO] [stdout] test lsp_types::tests::completion_normalises_markup_documentation ... ok
[INFO] [stdout] test lsp_types::tests::completion_null_is_empty ... ok
[INFO] [stdout] test lsp_types::tests::completion_reads_the_insert_text_format_snippet_flag ... ok
[INFO] [stdout] test lsp_types::tests::completion_prefers_insert_text_then_text_edit_new_text ... ok
[INFO] [stdout] test lsp_types::tests::definition_converts_the_target_offset_from_each_wire_encoding ... ok
[INFO] [stdout] test edit::tests::diff_reports_the_change ... ok
[INFO] [stdout] test async_session::tests::requests_before_ready_return_not_ready_without_blocking ... ok
[INFO] [stdout] test edit::tests::applies_a_rename_edit_after_multibyte_text_under_utf8_encoding ... ok
[INFO] [stdout] test lsp_types::tests::completion_parses_a_bare_item_array ... ok
[INFO] [stdout] test lsp_types::tests::definition_converts_an_offset_after_an_astral_emoji ... ok
[INFO] [stdout] test lsp_types::tests::definition_drops_a_non_file_uri_but_keeps_its_siblings ... ok
[INFO] [stdout] test edit::tests::applies_a_single_line_rename_edit ... ok
[INFO] [stdout] test edit::tests::write_file_edits_persists_to_disk ... ok
[INFO] [stdout] test code_action::tests::disabled_actions_are_refused_with_the_servers_reason ... ok
[INFO] [stdout] test lsp_types::tests::definition_link_falls_back_to_target_range_when_no_selection_range ... ok
[INFO] [stdout] test lsp_types::tests::definition_null_is_no_results_not_an_error ... ok
[INFO] [stdout] test lsp_types::tests::definition_parses_a_location_array ... ok
[INFO] [stdout] test edit::tests::applies_a_rename_edit_on_a_line_where_the_target_itself_follows_multibyte_text ... ok
[INFO] [stdout] test code_action::tests::response_null_is_empty_and_junk_is_an_error ... ok
[INFO] [stdout] test lsp_types::tests::definition_parses_a_location_link_array_using_the_selection_range ... ok
[INFO] [stdout] test lsp_types::tests::hover_reads_an_array_of_marked_strings_joined_by_blank_lines ... ok
[INFO] [stdout] test lsp_types::tests::a_percent_encoded_drive_letter_is_decoded ... ok
[INFO] [stdout] test lsp_types::tests::a_unix_style_file_uri_resolves_on_every_platform ... ok
[INFO] [stdout] test lsp_types::tests::hover_reads_markup_content ... ok
[INFO] [stdout] test lsp_types::tests::hover_reads_a_plain_marked_string ... ok
[INFO] [stdout] test lsp_types::tests::a_non_file_uri_is_still_dropped ... ok
[INFO] [stdout] test lsp_types::tests::diagnostic_reads_severity_message_source_and_code ... ok
[INFO] [stdout] test lsp_types::tests::diagnostics_store_ignores_a_notification_without_a_uri ... ok
[INFO] [stdout] test outline::tests::live_rust_analyzer_outlines_a_file ... ignored, spawns a real rust-analyzer and waits for indexing; run with `-- --ignored`
[INFO] [stdout] test outline::tests::maps_lsp_symbol_kinds_to_rust_labels ... ok
[INFO] [stdout] test lsp_types::tests::definition_parses_a_single_location_object ... ok
[INFO] [stdout] test lsp_types::tests::hover_with_a_range_converts_it ... ok
[INFO] [stdout] test outline::tests::empty_input_is_an_empty_outline ... ok
[INFO] [stdout] test position::tests::astral_emoji_needs_a_surrogate_pair_in_utf16_but_is_one_char ... ok
[INFO] [stdout] test outline::tests::renders_a_line_numbered_skeleton_with_no_bodies ... ok
[INFO] [stdout] test position::tests::capability_string_parsing_defaults_to_utf16 ... ok
[INFO] [stdout] test position::tests::combining_acute_accent_is_two_chars_precomposed_is_one ... ok
[INFO] [stdout] test outline::tests::parses_a_hierarchical_tree_into_ordered_depth_marked_items ... ok
[INFO] [stdout] test position::tests::empty_line_has_a_single_valid_column_at_unit_zero ... ok
[INFO] [stdout] test outline::tests::parses_the_flat_symbol_information_fallback_at_depth_zero ... ok
[INFO] [stdout] test position::tests::ascii_is_one_unit_per_char_in_every_encoding ... ok
[INFO] [stdout] test position::tests::regression_rename_target_after_multibyte_text_under_utf8_encoding ... ok
[INFO] [stdout] test position::tests::the_same_logical_column_maps_to_different_numbers_in_each_encoding ... ok
[INFO] [stdout] test lsp_types::tests::completion_parses_a_completion_list_wrapper ... ok
[INFO] [stdout] test position::tests::unit_to_char_col_clamps_past_end_of_line_instead_of_panicking ... ok
[INFO] [stdout] test providers::cpp::tests::a_template_is_recognised_from_clangds_detail_prefix_for_types_and_functions ... ok
[INFO] [stdout] test lsp_types::tests::diagnostics_store_replaces_rather_than_appends ... ok
[INFO] [stdout] test position::tests::utf8_offset_mid_char_boundary_rounds_down_instead_of_panicking ... ok
[INFO] [stdout] test position::tests::cjk_is_one_utf16_and_utf32_unit_but_three_utf8_bytes_per_character ... ok
[INFO] [stdout] test lsp_types::tests::hover_null_and_empty_contents_are_none ... ok
[INFO] [stdout] test providers::cpp::tests::classifies_uppercase_c_and_h_as_cpp_with_case_respected ... ok
[INFO] [stdout] test position::tests::zwj_family_emoji_is_five_chars_with_a_surrogate_heavy_utf16_run ... ok
[INFO] [stdout] test lsp_types::tests::hover_reads_a_marked_string_object ... ok
[INFO] [stdout] test lsp_types::tests::diagnostic_numeric_code_is_stringified_and_missing_severity_defaults_to_error ... ok
[INFO] [stdout] test providers::cpp::tests::live_clangd_on_a_deep_template_backed_hierarchy ... ignored, drives a real clangd process end to end
[INFO] [stdout] test providers::cpp::tests::captures_inheritance_including_from_a_template ... ok
[INFO] [stdout] test providers::cpp::tests::emits_the_expected_symbols_with_the_expected_kinds ... ok
[INFO] [stdout] test providers::cpp::tests::falls_back_to_compile_flags_txt_but_prefers_a_real_database ... ok
[INFO] [stdout] test providers::cpp::tests::records_include_dependencies_resolved_and_unresolved ... ok
[INFO] [stdout] test providers::cpp::tests::degrades_to_empty_when_clangd_is_not_installed ... ok
[INFO] [stdout] test providers::cpp::tests::degrades_to_empty_when_clangd_is_not_on_the_injected_path ... ok
[INFO] [stdout] test providers::cpp::tests::finds_compile_commands_in_the_root_and_in_build_and_out ... ok
[INFO] [stdout] test providers::cpp::tests::links_a_header_declaration_to_its_out_of_line_definition ... ok
[INFO] [stdout] test providers::cpp::tests::maps_clangd_symbol_kinds_onto_the_shared_vocabulary ... ok
[INFO] [stdout] test providers::cpp::tests::marks_templates_as_templates ... ok
[INFO] [stdout] test providers::cpp::tests::max_files_truncates_and_says_so_rather_than_quietly_stopping ... ok
[INFO] [stdout] test providers::cpp::tests::nests_members_inside_their_class_and_locates_everything_in_its_file ... ok
[INFO] [stdout] test providers::cpp::tests::records_signatures_for_callables_and_not_for_types ... ok
[INFO] [stdout] test providers::cpp::tests::qualified_names_reunite_a_declaration_and_its_out_of_line_definition ... ok
[INFO] [stdout] test async_session::tests::missing_binary_transitions_to_failed ... ok
[INFO] [stdout] test providers::cargo::tests::collects_this_workspace ... FAILED
[INFO] [stdout] test providers::cpp::tests::without_a_compilation_database_it_emits_facts_but_flags_them_degraded ... ok
[INFO] [stdout] test providers::cpp::tests::reports_a_missing_compilation_database_as_degraded ... ok
[INFO] [stdout] test providers::csharp::tests::a_base_type_declared_in_this_project_becomes_an_implemented_by_edge ... ok
[INFO] [stdout] test providers::csharp::tests::a_record_is_distinguished_from_a_class_by_its_declaration_keyword ... ok
[INFO] [stdout] test providers::csharp::tests::a_root_with_no_csharp_project_yields_nothing_even_when_a_server_exists ... ok
[INFO] [stdout] test providers::csharp::tests::an_empty_path_degrades_rather_than_panicking ... ok
[INFO] [stdout] test providers::csharp::tests::compile_remove_globs_exclude_matching_sources ... ok
[INFO] [stdout] test providers::csharp::tests::document_symbols_become_nested_symbols_with_containment_edges ... ok
[INFO] [stdout] test providers::csharp::tests::declaration_headers_yield_accessibility_modifiers_and_the_construct_keyword ... ok
[INFO] [stdout] test providers::csharp::tests::live_collection_against_a_real_csharp_server ... ignored, requires a .NET runtime and a C# language server (Roslyn LSP or OmniSharp) on PATH
[INFO] [stdout] test providers::csharp::tests::collection_is_deterministic ... ok
[INFO] [stdout] test providers::csharp::tests::sln_parsing_keeps_projects_and_drops_solution_folders ... ok
[INFO] [stdout] test providers::csharp::tests::glob_matching_handles_the_two_wildcards_that_appear_in_csproj_files ... ok
[INFO] [stdout] test providers::csharp::tests::an_unresolvable_base_type_is_recorded_as_metadata_but_never_invented_as_an_entity ... ok
[INFO] [stdout] test providers::cpp::tests::the_file_walk_skips_build_output_and_vcs_directories ... ok
[INFO] [stdout] test providers::cpp::tests::reports_char_columns_not_byte_offsets_on_non_ascii_lines ... ok
[INFO] [stdout] test providers::csharp::tests::csproj_parsing_reads_references_frameworks_and_the_sdk_attribute ... ok
[INFO] [stdout] test providers::csharp::tests::omnisharp_is_used_when_it_is_the_only_server_present ... ok
[INFO] [stdout] test providers::csharp::tests::legacy_and_opted_out_projects_compile_only_their_listed_files ... ok
[INFO] [stdout] test providers::csharp::tests::generic_constraints_are_not_mistaken_for_base_types ... ok
[INFO] [stdout] test providers::csharp::tests::roslyn_lsp_is_preferred_when_both_servers_are_installed ... ok
[INFO] [stdout] test providers::cpp::tests::with_a_compilation_database_nothing_is_marked_degraded ... ok
[INFO] [stdout] test providers::csharp::tests::sdk_style_projects_glob_their_sources_implicitly_and_never_index_build_output ... ok
[INFO] [stdout] test providers::cpp::tests::signatures_belong_to_callables_only ... ok
[INFO] [stdout] test providers::cpp::tests::scans_include_directives_including_awkward_spacing ... ok
[INFO] [stdout] test providers::python::tests::a_real_language_server_produces_language_server_facts ... ignored, requires pyright-langserver or pylsp on PATH
[INFO] [stdout] test providers::csharp::tests::using_statements_and_declarations_are_not_mistaken_for_directives ... ok
[INFO] [stdout] test providers::python::tests::non_ascii_source_yields_char_columns_not_byte_offsets ... ok
[INFO] [stdout] test providers::python::tests::a_non_executable_file_does_not_satisfy_detection ... ok
[INFO] [stdout] test providers::csharp::tests::solution_projects_files_and_packages_become_artifacts_with_containment_edges ... ok
[INFO] [stdout] test providers::python::tests::a_directory_with_no_python_in_it_yields_no_facts ... ok
[INFO] [stdout] test providers::csharp::tests::without_a_csharp_server_on_path_collection_degrades_to_empty_not_an_error ... ok
[INFO] [stdout] test providers::python::tests::lsp_positions_convert_from_every_wire_encoding_to_char_columns ... ok
[INFO] [stdout] test providers::python::tests::the_source_scanner_nests_to_arbitrary_depth ... ok
[INFO] [stdout] test providers::csharp::tests::every_entity_carries_this_provider_as_its_source ... ok
[INFO] [stdout] test providers::python::tests::detects_pyright_first_then_pylsp ... ok
[INFO] [stdout] test providers::vbnet::tests::a_bare_directory_of_sources_is_itself_the_project ... ok
[INFO] [stdout] test providers::python::tests::relative_imports_resolve_against_the_package ... ok
[INFO] [stdout] test providers::python::tests::module_level_constants_are_told_apart_from_every_other_binding ... ok
[INFO] [stdout] test providers::python::tests::flat_symbol_information_is_renested_by_container_name ... ok
[INFO] [stdout] test providers::python::tests::language_server_only_degrades_to_empty_when_no_server_is_on_path ... ok
[INFO] [stdout] test providers::vbnet::tests::a_generic_methods_type_parameters_are_not_mistaken_for_its_arguments ... ok
[INFO] [stdout] test providers::python::tests::collection_is_deterministic ... ok
[INFO] [stdout] test providers::python::tests::the_import_scanner_handles_the_real_syntax ... ok
[INFO] [stdout] test providers::python::tests::auto_falls_back_to_the_source_scan_when_no_server_is_on_path ... ok
[INFO] [stdout] test providers::vbnet::tests::a_bare_end_statement_does_not_close_the_enclosing_sub ... ok
[INFO] [stdout] test providers::vbnet::tests::auto_properties_do_not_corrupt_the_block_stack ... ok
[INFO] [stdout] test providers::csharp::tests::symbol_positions_survive_non_ascii_content_in_every_encoding ... ok
[INFO] [stdout] test providers::vbnet::tests::a_directory_with_no_visual_basic_yields_nothing ... ok
[INFO] [stdout] test providers::csharp::tests::using_directives_become_depends_on_edges_from_the_file_to_the_namespace ... ok
[INFO] [stdout] test providers::rust_analyzer::tests::degrades_gracefully_when_binary_missing ... ok
[INFO] [stdout] test providers::python::tests::maps_a_python_project_onto_the_shared_ontology ... ok
[INFO] [stdout] test providers::vbnet::tests::external_base_types_become_external_placeholders ... ok
[INFO] [stdout] test providers::vbnet::tests::non_utf8_legacy_encodings_are_read_rather_than_rejected ... ok
[INFO] [stdout] test providers::vbnet::tests::enum_members_and_interface_members_are_extracted ... ok
[INFO] [stdout] test providers::vbnet::tests::build_output_directories_are_not_walked ... ok
[INFO] [stdout] test providers::vbnet::tests::multi_declarator_typing_differs_between_dialects ... ok
[INFO] [stdout] test providers::vbnet::tests::parsing_is_case_insensitive ... ok
[INFO] [stdout] test providers::vbnet::tests::comments_and_apostrophes_in_strings_do_not_confuse_the_lexer ... ok
[INFO] [stdout] test providers::vbnet::tests::class_inherits_and_implements ... ok
[INFO] [stdout] test providers::vbnet::tests::imports_become_depends_on_edges_from_the_file ... ok
[INFO] [stdout] test session::tests::live_rust_analyzer_resolves_a_definition ... ignored, spawns a real rust-analyzer and waits for indexing; run with `-- --ignored`
[INFO] [stdout] test providers::vbnet::tests::extracts_module_sub_function_and_const ... ok
[INFO] [stdout] test providers::vbnet::tests::type_resolution_is_case_insensitive ... ok
[INFO] [stdout] test providers::vbnet::tests::members_are_located_in_file_and_in_containing_type ... ok
[INFO] [stdout] test providers::vbnet::tests::vb6_type_block_declare_and_type_characters ... ok
[INFO] [stdout] test providers::vbnet::tests::statement_bodies_are_skipped_so_locals_are_not_symbols ... ok
[INFO] [stdout] test providers::vbnet::tests::project_files_become_artifacts_that_own_their_sources ... ok
[INFO] [stdout] test providers::vbnet::tests::vba_implicit_container_and_classic_property_accessors ... ok
[INFO] [stdout] test providers::vbnet::tests::line_continuations_are_joined ... ok
[INFO] [stdout] test providers::vbnet::tests::malformed_truncated_and_unbalanced_sources_do_not_panic ... ok
[INFO] [stdout] test providers::vbnet::tests::a_nonexistent_root_is_an_honest_error_not_a_panic ... ok
[INFO] [stdout] test providers::rustdoc::tests::degrades_gracefully_without_a_nightly_toolchain ... ok
[INFO] [stdout] test providers::rust_analyzer::tests::collects_symbols_from_this_workspace_when_rust_analyzer_is_installed ... ok
[INFO] [stdout] 
[INFO] [stdout] failures:
[INFO] [stdout] 
[INFO] [stdout] ---- providers::cargo::tests::collects_this_workspace stdout ----
[INFO] [stdout] 
[INFO] [stdout] thread 'providers::cargo::tests::collects_this_workspace' (987) panicked at src/providers/cargo.rs:104:14:
[INFO] [stdout] cargo metadata should succeed against this real workspace: running `cargo metadata`
[INFO] [stdout] 
[INFO] [stdout] Caused by:
[INFO] [stdout]     `cargo metadata` exited with an error: error: manifest path `/opt/Cargo.toml` does not exist
[INFO] [stdout]     
[INFO] [stdout] 
[INFO] [stdout] Stack backtrace:
[INFO] [stdout]    0: <cargo_metadata::errors::Error as anyhow::context::ext::StdError>::ext_context::<&str>
[INFO] [stdout]    1: <kopitiam_semantic::providers::cargo::CargoMetadataProvider as kopitiam_semantic::provider::KnowledgeProvider>::collect
[INFO] [stdout]    2: <kopitiam_semantic::providers::cargo::tests::collects_this_workspace::{closure#0} as core::ops::function::FnOnce<()>>::call_once
[INFO] [stdout]    3: test::__rust_begin_short_backtrace::<core::result::Result<(), alloc::string::String>, fn() -> core::result::Result<(), alloc::string::String>>
[INFO] [stdout]    4: test::run_test::{closure#0}
[INFO] [stdout]    5: std::sys::backtrace::__rust_begin_short_backtrace::<test::run_test::{closure#1}, ()>
[INFO] [stdout]    6: <std::thread::lifecycle::spawn_unchecked<test::run_test::{closure#1}, ()>::{closure#1} as core::ops::function::FnOnce<()>>::call_once::{shim:vtable#0}
[INFO] [stdout]    7: <std::sys::thread::unix::Thread>::new::thread_start
[INFO] [stdout]    8: <unknown>
[INFO] [stdout]    9: clone
[INFO] [stdout] stack backtrace:
[INFO] [stdout]    0:     0x55bb1575d0b1 - <<std[70759c8f55707aa4]::sys::backtrace::BacktraceLock>::print::DisplayBacktrace as core[df12db4294e9bfd3]::fmt::Display>::fmt
[INFO] [stdout]    1:     0x55bb15772f3a - core[df12db4294e9bfd3]::fmt::write
[INFO] [stdout]    2:     0x55bb15761e9c - <alloc[2182bb758b4b3781]::vec::Vec<u8> as core[df12db4294e9bfd3]::io::write::Write>::write_fmt
[INFO] [stdout]    3:     0x55bb15735526 - std[70759c8f55707aa4]::panicking::default_hook::{closure#0}
[INFO] [stdout]    4:     0x55bb15754029 - std[70759c8f55707aa4]::panicking::default_hook
[INFO] [stdout]    5:     0x55bb156db310 - test[9d35eded1c95d3be]::test_main_inner::<test[9d35eded1c95d3be]::test_main_static::{closure#0}>::{closure#0}
[INFO] [stdout]    6:     0x55bb157541e2 - std[70759c8f55707aa4]::panicking::panic_with_hook
[INFO] [stdout]    7:     0x55bb157355d2 - std[70759c8f55707aa4]::panicking::panic_handler::{closure#0}
[INFO] [stdout]    8:     0x55bb1572da79 - std[70759c8f55707aa4]::sys::backtrace::__rust_end_short_backtrace::<std[70759c8f55707aa4]::panicking::panic_handler::{closure#0}, !>
[INFO] [stdout]    9:     0x55bb1573639d - __rustc[8fa7c3cbc660c2b3]::rust_begin_unwind
[INFO] [stdout]   10:     0x55bb1577369c - core[df12db4294e9bfd3]::panicking::panic_fmt
[INFO] [stdout]   11:     0x55bb15773472 - core[df12db4294e9bfd3]::result::unwrap_failed
[INFO] [stdout]   12:     0x55bb15654bc9 - <kopitiam_semantic[bab743dfbda4c35c]::providers::cargo::tests::collects_this_workspace::{closure#0} as core[df12db4294e9bfd3]::ops::function::FnOnce<()>>::call_once
[INFO] [stdout]   13:     0x55bb156ce5fb - test[9d35eded1c95d3be]::__rust_begin_short_backtrace::<core[df12db4294e9bfd3]::result::Result<(), alloc[2182bb758b4b3781]::string::String>, fn() -> core[df12db4294e9bfd3]::result::Result<(), alloc[2182bb758b4b3781]::string::String>>
[INFO] [stdout]   14:     0x55bb156dbc65 - test[9d35eded1c95d3be]::run_test::{closure#0}
[INFO] [stdout]   15:     0x55bb156d5524 - std[70759c8f55707aa4]::sys::backtrace::__rust_begin_short_backtrace::<test[9d35eded1c95d3be]::run_test::{closure#1}, ()>
[INFO] [stdout]   16:     0x55bb156dedc2 - <std[70759c8f55707aa4]::thread::lifecycle::spawn_unchecked<test[9d35eded1c95d3be]::run_test::{closure#1}, ()>::{closure#1} as core[df12db4294e9bfd3]::ops::function::FnOnce<()>>::call_once::{shim:vtable#0}
[INFO] [stdout]   17:     0x55bb1575c0d9 - <std[70759c8f55707aa4]::sys::thread::unix::Thread>::new::thread_start
[INFO] [stdout]   18:     0x7ea6c67d0dfa - <unknown>
[INFO] [stdout]   19:     0x7ea6c68643d4 - clone
[INFO] [stdout]   20:                0x0 - <unknown>
[INFO] [stdout] 
[INFO] [stdout] 
[INFO] [stdout] failures:
[INFO] [stdout]     providers::cargo::tests::collects_this_workspace
[INFO] [stdout] 
[INFO] [stdout] test result: FAILED. 155 passed; 1 failed; 6 ignored; 0 measured; 0 filtered out; finished in 1.04s
[INFO] [stdout] 
[INFO] [stderr] error: test failed, to rerun pass `--lib`
[INFO] running `Command { std: "docker" "inspect" "650467ad7fdb5b81ae67740788e49b0ad2918ee31137c8ac8a05efdb55db13c4", kill_on_drop: false }`
[INFO] running `Command { std: "docker" "rm" "-f" "650467ad7fdb5b81ae67740788e49b0ad2918ee31137c8ac8a05efdb55db13c4", kill_on_drop: false }`
[INFO] [stdout] 650467ad7fdb5b81ae67740788e49b0ad2918ee31137c8ac8a05efdb55db13c4
