[INFO] fetching crate kondis 0.3.2...
[INFO] testing kondis-0.3.2 against 1.100.0-beta.1+cargoflags=--release for beta-release-1.100-2
[INFO] extracting crate kondis 0.3.2 into /workspace/builds/worker-5-tc2/source
[INFO] started tweaking crates.io crate kondis 0.3.2
[INFO] finished tweaking crates.io crate kondis 0.3.2
[INFO] tweaked toml for crates.io crate kondis 0.3.2 written to /workspace/builds/worker-5-tc2/source/Cargo.toml
[INFO] validating manifest of crates.io crate kondis 0.3.2 on toolchain 1.100.0-beta.1
[INFO] running `Command { std: CARGO_HOME="/workspace/cargo-home" RUSTUP_HOME="/workspace/rustup-home" "/workspace/cargo-home/bin/cargo" "+1.100.0-beta.1" "metadata" "--manifest-path" "Cargo.toml" "--no-deps", kill_on_drop: false }`
[INFO] crate crates.io crate kondis 0.3.2 already has a lockfile, it will not be regenerated
[INFO] running `Command { std: CARGO_HOME="/workspace/cargo-home" RUSTUP_HOME="/workspace/rustup-home" "/workspace/cargo-home/bin/cargo" "+1.100.0-beta.1" "fetch" "--manifest-path" "Cargo.toml", kill_on_drop: false }`
[INFO] running `Command { std: "docker" "create" "-v" "/var/lib/crater-agent-workspace/builds/worker-5-tc2/source:/opt/rustwide/workdir:ro,Z" "-v" "/var/lib/crater-agent-workspace/builds/worker-5-tc2/target:/opt/rustwide/target:rw,Z" "-v" "/var/lib/crater-agent-workspace/cargo-home:/opt/rustwide/cargo-home:ro,Z" "-v" "/var/lib/crater-agent-workspace/rustup-home:/opt/rustwide/rustup-home:ro,Z" "-m" "1610612736" "--network" "none" "ghcr.io/rust-lang/crates-build-env/linux@sha256:77db811e55d90add9212f6832c23229e3de5f1c1f9905e8cb07319ea15df73ac" "sleep" "infinity", kill_on_drop: false }`
[INFO] [stdout] ee388f3ea2ddbd65cfe7eca71fd99f39d88956eb5b360db9f62624ed1668ec50
[INFO] running `Command { std: "docker" "start" "ee388f3ea2ddbd65cfe7eca71fd99f39d88956eb5b360db9f62624ed1668ec50", kill_on_drop: false }`
[INFO] running `Command { std: "docker" "inspect" "ee388f3ea2ddbd65cfe7eca71fd99f39d88956eb5b360db9f62624ed1668ec50", kill_on_drop: false }`
[INFO] running `Command { std: "docker" "exec" "-e" "SOURCE_DIR=/opt/rustwide/workdir" "-e" "CARGO_HOME=/opt/rustwide/cargo-home" "-e" "RUSTUP_HOME=/opt/rustwide/rustup-home" "-e" "CARGO_TARGET_DIR=/opt/rustwide/target" "-w" "/opt/rustwide/workdir" "--user" "0:0" "ee388f3ea2ddbd65cfe7eca71fd99f39d88956eb5b360db9f62624ed1668ec50" "/opt/rustwide/cargo-home/bin/cargo" "+1.100.0-beta.1" "metadata" "--no-deps" "--format-version=1", kill_on_drop: false }`
[INFO] running `Command { std: "docker" "inspect" "ee388f3ea2ddbd65cfe7eca71fd99f39d88956eb5b360db9f62624ed1668ec50", kill_on_drop: false }`
[INFO] running `Command { std: "docker" "exec" "-e" "SOURCE_DIR=/opt/rustwide/workdir" "-e" "CARGO_HOME=/opt/rustwide/cargo-home" "-e" "RUSTUP_HOME=/opt/rustwide/rustup-home" "-e" "CARGO_TARGET_DIR=/opt/rustwide/target" "-e" "CARGO_INCREMENTAL=0" "-e" "RUST_BACKTRACE=full" "-e" "RUSTFLAGS=--cap-lints=warn" "-e" "RUSTDOCFLAGS=--cap-lints=warn" "-w" "/opt/rustwide/workdir" "--user" "0:0" "ee388f3ea2ddbd65cfe7eca71fd99f39d88956eb5b360db9f62624ed1668ec50" "/opt/rustwide/cargo-home/bin/cargo" "+1.100.0-beta.1" "build" "--frozen" "--message-format=json" "--release", kill_on_drop: false }`
[INFO] [stderr]    Compiling proc-macro2 v1.0.101
[INFO] [stderr]    Compiling unicode-ident v1.0.18
[INFO] [stderr]    Compiling libc v0.2.175
[INFO] [stderr]    Compiling futures-sink v0.3.31
[INFO] [stderr]    Compiling pin-project-lite v0.2.16
[INFO] [stderr]    Compiling futures-core v0.3.31
[INFO] [stderr]    Compiling parking_lot_core v0.9.11
[INFO] [stderr]    Compiling smallvec v1.15.1
[INFO] [stderr]    Compiling cfg-if v1.0.3
[INFO] [stderr]    Compiling scopeguard v1.2.0
[INFO] [stderr]    Compiling futures-task v0.3.31
[INFO] [stderr]    Compiling lock_api v0.4.13
[INFO] [stderr]    Compiling futures-io v0.3.31
[INFO] [stderr]    Compiling slab v0.4.11
[INFO] [stderr]    Compiling memchr v2.7.5
[INFO] [stderr]    Compiling pin-utils v0.1.0
[INFO] [stderr]    Compiling libdbus-sys v0.2.6
[INFO] [stderr]    Compiling serde v1.0.219
[INFO] [stderr]    Compiling bytes v1.10.1
[INFO] [stderr]    Compiling thiserror v1.0.69
[INFO] [stderr]    Compiling futures-channel v0.3.31
[INFO] [stderr]    Compiling thiserror v2.0.16
[INFO] [stderr]    Compiling xml-rs v0.8.27
[INFO] [stderr]    Compiling log v0.4.27
[INFO] [stderr]    Compiling either v1.15.0
[INFO] [stderr]    Compiling hashbrown v0.14.5
[INFO] [stderr]    Compiling bitflags v2.9.3
[INFO] [stderr]    Compiling anyhow v1.0.99
[INFO] [stderr]    Compiling once_cell v1.21.3
[INFO] [stderr]    Compiling static_assertions v1.1.0
[INFO] [stderr]    Compiling itertools v0.14.0
[INFO] [stderr]    Compiling quote v1.0.40
[INFO] [stderr]    Compiling syn v2.0.106
[INFO] [stderr]    Compiling signal-hook-registry v1.4.6
[INFO] [stderr]    Compiling socket2 v0.6.0
[INFO] [stderr]    Compiling mio v1.0.4
[INFO] [stderr]    Compiling parking_lot v0.12.4
[INFO] [stderr]    Compiling dashmap v6.1.0
[INFO] [stderr]    Compiling futures-macro v0.3.31
[INFO] [stderr]    Compiling serde_derive v1.0.219
[INFO] [stderr]    Compiling tokio-macros v2.5.0
[INFO] [stderr]    Compiling thiserror-impl v1.0.69
[INFO] [stderr]    Compiling thiserror-impl v2.0.16
[INFO] [stderr]    Compiling async-trait v0.1.89
[INFO] [stderr]    Compiling tokio v1.47.1
[INFO] [stderr]    Compiling futures-util v0.3.31
[INFO] [stderr]    Compiling dbus v0.9.8
[INFO] [stderr]    Compiling futures-executor v0.3.31
[INFO] [stderr]    Compiling futures v0.3.31
[INFO] [stderr]    Compiling uuid v1.18.0
[INFO] [stderr]    Compiling serde-xml-rs v0.8.1
[INFO] [stderr]    Compiling serde_bytes v0.11.17
[INFO] [stderr]    Compiling tokio-util v0.7.16
[INFO] [stderr]    Compiling bluez-generated v0.4.0
[INFO] [stderr]    Compiling dbus-tokio v0.7.6
[INFO] [stderr]    Compiling tokio-stream v0.1.17
[INFO] [stderr]    Compiling bluez-async v0.8.2
[INFO] [stderr]    Compiling btleplug v0.11.8
[INFO] [stderr]    Compiling kondis v0.3.2 (/opt/rustwide/workdir)
[INFO] [stderr]     Finished `release` profile [optimized] target(s) in 44.07s
[INFO] running `Command { std: "docker" "inspect" "ee388f3ea2ddbd65cfe7eca71fd99f39d88956eb5b360db9f62624ed1668ec50", kill_on_drop: false }`
[INFO] running `Command { std: "docker" "exec" "-e" "SOURCE_DIR=/opt/rustwide/workdir" "-e" "CARGO_HOME=/opt/rustwide/cargo-home" "-e" "RUSTUP_HOME=/opt/rustwide/rustup-home" "-e" "CARGO_TARGET_DIR=/opt/rustwide/target" "-e" "CARGO_INCREMENTAL=0" "-e" "RUST_BACKTRACE=full" "-e" "RUSTFLAGS=--cap-lints=warn" "-e" "RUSTDOCFLAGS=--cap-lints=warn" "-w" "/opt/rustwide/workdir" "--user" "0:0" "ee388f3ea2ddbd65cfe7eca71fd99f39d88956eb5b360db9f62624ed1668ec50" "/opt/rustwide/cargo-home/bin/cargo" "+1.100.0-beta.1" "test" "--frozen" "--no-run" "--message-format=json" "--release", kill_on_drop: false }`
[INFO] [stderr]    Compiling kondis v0.3.2 (/opt/rustwide/workdir)
[INFO] [stderr]     Finished `release` profile [optimized] target(s) in 3.26s
[INFO] running `Command { std: "docker" "inspect" "ee388f3ea2ddbd65cfe7eca71fd99f39d88956eb5b360db9f62624ed1668ec50", kill_on_drop: false }`
[INFO] running `Command { std: "docker" "exec" "-e" "SOURCE_DIR=/opt/rustwide/workdir" "-e" "CARGO_HOME=/opt/rustwide/cargo-home" "-e" "RUSTUP_HOME=/opt/rustwide/rustup-home" "-e" "CARGO_TARGET_DIR=/opt/rustwide/target" "-e" "CARGO_INCREMENTAL=0" "-e" "RUST_BACKTRACE=full" "-e" "RUSTFLAGS=--cap-lints=warn" "-e" "RUSTDOCFLAGS=--cap-lints=warn" "-w" "/opt/rustwide/workdir" "--user" "0:0" "ee388f3ea2ddbd65cfe7eca71fd99f39d88956eb5b360db9f62624ed1668ec50" "/opt/rustwide/cargo-home/bin/cargo" "+1.100.0-beta.1" "test" "--frozen" "--release", kill_on_drop: false }`
[INFO] [stderr]     Finished `release` profile [optimized] target(s) in 0.09s
[INFO] [stderr]      Running unittests src/lib.rs (/opt/rustwide/target/release/build/kondis/08a2383c98821b8e/out/kondis-08a2383c98821b8e)
[INFO] [stdout] 
[INFO] [stdout] running 3 tests
[INFO] [stdout] test tests::test_equipment_type_to_equipment ... ok
[INFO] [stdout] test tests::test_shutdown_while_scanning ... FAILED
[INFO] [stdout] test tests::test_shutdown_while_scanning_from_equipment_type ... FAILED
[INFO] [stdout] 
[INFO] [stdout] failures:
[INFO] [stdout] 
[INFO] [stdout] ---- tests::test_shutdown_while_scanning stdout ----
[INFO] [stdout] 
[INFO] [stdout] thread 'tests::test_shutdown_while_scanning' (1311) panicked at src/bluetooth/mod.rs:16:40:
[INFO] [stdout] called `Result::unwrap()` on an `Err` value: Other(DbusError(D-Bus error: Failed to connect to socket /run/dbus/system_bus_socket: No such file or directory (org.freedesktop.DBus.Error.FileNotFound)))
[INFO] [stdout] stack backtrace:
[INFO] [stdout]    0:     0x581e071b0441 - <<std[617be2ca0a6fd877]::sys::backtrace::BacktraceLock>::print::DisplayBacktrace as core[a373ad73a504971]::fmt::Display>::fmt
[INFO] [stdout]    1:     0x581e071c5eaa - core[a373ad73a504971]::fmt::write
[INFO] [stdout]    2:     0x581e071b4dfc - <alloc[2e1b2a31b91974c5]::vec::Vec<u8> as core[a373ad73a504971]::io::write::Write>::write_fmt
[INFO] [stdout]    3:     0x581e0718b896 - std[617be2ca0a6fd877]::panicking::default_hook::{closure#0}
[INFO] [stdout]    4:     0x581e071a82f9 - std[617be2ca0a6fd877]::panicking::default_hook
[INFO] [stdout]    5:     0x581e07047cd0 - test[aada8e7e76ba119b]::test_main_inner::{closure#0}
[INFO] [stdout]    6:     0x581e071a8622 - std[617be2ca0a6fd877]::panicking::panic_with_hook
[INFO] [stdout]    7:     0x581e0718b942 - std[617be2ca0a6fd877]::panicking::panic_handler::{closure#0}
[INFO] [stdout]    8:     0x581e07184099 - std[617be2ca0a6fd877]::sys::backtrace::__rust_end_short_backtrace::<std[617be2ca0a6fd877]::panicking::panic_handler::{closure#0}, !>
[INFO] [stdout]    9:     0x581e0718c65d - __rustc[ea4f61d10b84890b]::rust_begin_unwind
[INFO] [stdout]   10:     0x581e071c660c - core[a373ad73a504971]::panicking::panic_fmt
[INFO] [stdout]   11:     0x581e071c63e2 - core[a373ad73a504971]::result::unwrap_failed
[INFO] [stdout]   12:     0x581e0701e377 - <kondis[aad9f10ba4807206]::devices::bikes::iconsole_0028::Iconsole0028Bike as kondis[aad9f10ba4807206]::Equipment>::new::{closure#0}
[INFO] [stdout]   13:     0x581e0702b6cc - kondis[aad9f10ba4807206]::tests::test_shutdown_while_scanning::{closure#0}
[INFO] [stdout]   14:     0x581e0702d218 - <tokio[5015596591675657]::runtime::scheduler::current_thread::Context>::enter::<core[a373ad73a504971]::task::poll::Poll<core[a373ad73a504971]::result::Result<(), anyhow[f68be6472a130e8d]::Error>>, <tokio[5015596591675657]::runtime::scheduler::current_thread::CoreGuard>::block_on<core[a373ad73a504971]::pin::Pin<&mut core[a373ad73a504971]::pin::Pin<&mut dyn core[a373ad73a504971]::future::future::Future<Output = core[a373ad73a504971]::result::Result<(), anyhow[f68be6472a130e8d]::Error>>>>>::{closure#0}::{closure#0}>
[INFO] [stdout]   15:     0x581e0702c9b9 - <std[617be2ca0a6fd877]::thread::local::LocalKey<tokio[5015596591675657]::runtime::context::Context>>::with::<tokio[5015596591675657]::runtime::context::set_scheduler<(alloc[2e1b2a31b91974c5]::boxed::Box<tokio[5015596591675657]::runtime::scheduler::current_thread::Core>, core[a373ad73a504971]::option::Option<core[a373ad73a504971]::result::Result<(), anyhow[f68be6472a130e8d]::Error>>), <tokio[5015596591675657]::runtime::scheduler::current_thread::CoreGuard>::enter<<tokio[5015596591675657]::runtime::scheduler::current_thread::CoreGuard>::block_on<core[a373ad73a504971]::pin::Pin<&mut core[a373ad73a504971]::pin::Pin<&mut dyn core[a373ad73a504971]::future::future::Future<Output = core[a373ad73a504971]::result::Result<(), anyhow[f68be6472a130e8d]::Error>>>>>::{closure#0}, core[a373ad73a504971]::option::Option<core[a373ad73a504971]::result::Result<(), anyhow[f68be6472a130e8d]::Error>>>::{closure#0}>::{closure#0}, (alloc[2e1b2a31b91974c5]::boxed::Box<tokio[5015596591675657]::runtime::scheduler::current_thread::Core>, core[a373ad73a504971]::option::Option<core[a373ad73a504971]::result::Result<(), anyhow[f68be6472a130e8d]::Error>>)>
[INFO] [stdout]   16:     0x581e0702d87e - <tokio[5015596591675657]::runtime::scheduler::current_thread::CoreGuard>::block_on::<core[a373ad73a504971]::pin::Pin<&mut core[a373ad73a504971]::pin::Pin<&mut dyn core[a373ad73a504971]::future::future::Future<Output = core[a373ad73a504971]::result::Result<(), anyhow[f68be6472a130e8d]::Error>>>>>
[INFO] [stdout]   17:     0x581e070336f8 - tokio[5015596591675657]::runtime::context::runtime::enter_runtime::<<tokio[5015596591675657]::runtime::scheduler::current_thread::CurrentThread>::block_on<core[a373ad73a504971]::pin::Pin<&mut dyn core[a373ad73a504971]::future::future::Future<Output = core[a373ad73a504971]::result::Result<(), anyhow[f68be6472a130e8d]::Error>>>>::{closure#0}, core[a373ad73a504971]::result::Result<(), anyhow[f68be6472a130e8d]::Error>>
[INFO] [stdout]   18:     0x581e070320ba - <tokio[5015596591675657]::runtime::runtime::Runtime>::block_on::<core[a373ad73a504971]::pin::Pin<&mut dyn core[a373ad73a504971]::future::future::Future<Output = core[a373ad73a504971]::result::Result<(), anyhow[f68be6472a130e8d]::Error>>>>
[INFO] [stdout]   19:     0x581e0702c094 - <kondis[aad9f10ba4807206]::tests::test_shutdown_while_scanning::{closure#0} as core[a373ad73a504971]::ops::function::FnOnce<()>>::call_once
[INFO] [stdout]   20:     0x581e0703b11b - test[aada8e7e76ba119b]::__rust_begin_short_backtrace::<core[a373ad73a504971]::result::Result<(), alloc[2e1b2a31b91974c5]::string::String>, fn() -> core[a373ad73a504971]::result::Result<(), alloc[2e1b2a31b91974c5]::string::String>>
[INFO] [stdout]   21:     0x581e070482f5 - test[aada8e7e76ba119b]::run_test::{closure#0}
[INFO] [stdout]   22:     0x581e07041be4 - std[617be2ca0a6fd877]::sys::backtrace::__rust_begin_short_backtrace::<test[aada8e7e76ba119b]::run_test::{closure#1}, ()>
[INFO] [stdout]   23:     0x581e0704b382 - <std[617be2ca0a6fd877]::thread::lifecycle::spawn_unchecked<test[aada8e7e76ba119b]::run_test::{closure#1}, ()>::{closure#1} as core[a373ad73a504971]::ops::function::FnOnce<()>>::call_once::{shim:vtable#0}
[INFO] [stdout]   24:     0x581e071afc8f - <std[617be2ca0a6fd877]::sys::thread::unix::Thread>::new::thread_start
[INFO] [stdout]   25:     0x7e7ecae59dfa - <unknown>
[INFO] [stdout]   26:     0x7e7ecaeed3d4 - clone
[INFO] [stdout]   27:                0x0 - <unknown>
[INFO] [stdout] 
[INFO] [stdout] ---- tests::test_shutdown_while_scanning_from_equipment_type stdout ----
[INFO] [stdout] 
[INFO] [stdout] thread 'tests::test_shutdown_while_scanning_from_equipment_type' (1312) panicked at src/bluetooth/mod.rs:16:40:
[INFO] [stdout] called `Result::unwrap()` on an `Err` value: Other(DbusError(D-Bus error: Failed to connect to socket /run/dbus/system_bus_socket: No such file or directory (org.freedesktop.DBus.Error.FileNotFound)))
[INFO] [stdout] stack backtrace:
[INFO] [stdout]    0:     0x581e071b0441 - <<std[617be2ca0a6fd877]::sys::backtrace::BacktraceLock>::print::DisplayBacktrace as core[a373ad73a504971]::fmt::Display>::fmt
[INFO] [stdout]    1:     0x581e071c5eaa - core[a373ad73a504971]::fmt::write
[INFO] [stdout]    2:     0x581e071b4dfc - <alloc[2e1b2a31b91974c5]::vec::Vec<u8> as core[a373ad73a504971]::io::write::Write>::write_fmt
[INFO] [stdout]    3:     0x581e0718b896 - std[617be2ca0a6fd877]::panicking::default_hook::{closure#0}
[INFO] [stdout]    4:     0x581e071a82f9 - std[617be2ca0a6fd877]::panicking::default_hook
[INFO] [stdout]    5:     0x581e07047cd0 - test[aada8e7e76ba119b]::test_main_inner::{closure#0}
[INFO] [stdout]    6:     0x581e071a8622 - std[617be2ca0a6fd877]::panicking::panic_with_hook
[INFO] [stdout]    7:     0x581e0718b942 - std[617be2ca0a6fd877]::panicking::panic_handler::{closure#0}
[INFO] [stdout]    8:     0x581e07184099 - std[617be2ca0a6fd877]::sys::backtrace::__rust_end_short_backtrace::<std[617be2ca0a6fd877]::panicking::panic_handler::{closure#0}, !>
[INFO] [stdout]    9:     0x581e0718c65d - __rustc[ea4f61d10b84890b]::rust_begin_unwind
[INFO] [stdout]   10:     0x581e071c660c - core[a373ad73a504971]::panicking::panic_fmt
[INFO] [stdout]   11:     0x581e071c63e2 - core[a373ad73a504971]::result::unwrap_failed
[INFO] [stdout]   12:     0x581e0701e377 - <kondis[aad9f10ba4807206]::devices::bikes::iconsole_0028::Iconsole0028Bike as kondis[aad9f10ba4807206]::Equipment>::new::{closure#0}
[INFO] [stdout]   13:     0x581e0702b1d8 - kondis[aad9f10ba4807206]::equipment_type_to_equipment::{closure#0}
[INFO] [stdout]   14:     0x581e0702bec4 - kondis[aad9f10ba4807206]::tests::test_shutdown_while_scanning_from_equipment_type::{closure#0}
[INFO] [stdout]   15:     0x581e0702d218 - <tokio[5015596591675657]::runtime::scheduler::current_thread::Context>::enter::<core[a373ad73a504971]::task::poll::Poll<core[a373ad73a504971]::result::Result<(), anyhow[f68be6472a130e8d]::Error>>, <tokio[5015596591675657]::runtime::scheduler::current_thread::CoreGuard>::block_on<core[a373ad73a504971]::pin::Pin<&mut core[a373ad73a504971]::pin::Pin<&mut dyn core[a373ad73a504971]::future::future::Future<Output = core[a373ad73a504971]::result::Result<(), anyhow[f68be6472a130e8d]::Error>>>>>::{closure#0}::{closure#0}>
[INFO] [stdout]   16:     0x581e0702c9b9 - <std[617be2ca0a6fd877]::thread::local::LocalKey<tokio[5015596591675657]::runtime::context::Context>>::with::<tokio[5015596591675657]::runtime::context::set_scheduler<(alloc[2e1b2a31b91974c5]::boxed::Box<tokio[5015596591675657]::runtime::scheduler::current_thread::Core>, core[a373ad73a504971]::option::Option<core[a373ad73a504971]::result::Result<(), anyhow[f68be6472a130e8d]::Error>>), <tokio[5015596591675657]::runtime::scheduler::current_thread::CoreGuard>::enter<<tokio[5015596591675657]::runtime::scheduler::current_thread::CoreGuard>::block_on<core[a373ad73a504971]::pin::Pin<&mut core[a373ad73a504971]::pin::Pin<&mut dyn core[a373ad73a504971]::future::future::Future<Output = core[a373ad73a504971]::result::Result<(), anyhow[f68be6472a130e8d]::Error>>>>>::{closure#0}, core[a373ad73a504971]::option::Option<core[a373ad73a504971]::result::Result<(), anyhow[f68be6472a130e8d]::Error>>>::{closure#0}>::{closure#0}, (alloc[2e1b2a31b91974c5]::boxed::Box<tokio[5015596591675657]::runtime::scheduler::current_thread::Core>, core[a373ad73a504971]::option::Option<core[a373ad73a504971]::result::Result<(), anyhow[f68be6472a130e8d]::Error>>)>
[INFO] [stdout]   17:     0x581e0702d87e - <tokio[5015596591675657]::runtime::scheduler::current_thread::CoreGuard>::block_on::<core[a373ad73a504971]::pin::Pin<&mut core[a373ad73a504971]::pin::Pin<&mut dyn core[a373ad73a504971]::future::future::Future<Output = core[a373ad73a504971]::result::Result<(), anyhow[f68be6472a130e8d]::Error>>>>>
[INFO] [stdout]   18:     0x581e070336f8 - tokio[5015596591675657]::runtime::context::runtime::enter_runtime::<<tokio[5015596591675657]::runtime::scheduler::current_thread::CurrentThread>::block_on<core[a373ad73a504971]::pin::Pin<&mut dyn core[a373ad73a504971]::future::future::Future<Output = core[a373ad73a504971]::result::Result<(), anyhow[f68be6472a130e8d]::Error>>>>::{closure#0}, core[a373ad73a504971]::result::Result<(), anyhow[f68be6472a130e8d]::Error>>
[INFO] [stdout]   19:     0x581e070320ba - <tokio[5015596591675657]::runtime::runtime::Runtime>::block_on::<core[a373ad73a504971]::pin::Pin<&mut dyn core[a373ad73a504971]::future::future::Future<Output = core[a373ad73a504971]::result::Result<(), anyhow[f68be6472a130e8d]::Error>>>>
[INFO] [stdout]   20:     0x581e0702c4a4 - <kondis[aad9f10ba4807206]::tests::test_shutdown_while_scanning_from_equipment_type::{closure#0} as core[a373ad73a504971]::ops::function::FnOnce<()>>::call_once
[INFO] [stdout]   21:     0x581e0703b11b - test[aada8e7e76ba119b]::__rust_begin_short_backtrace::<core[a373ad73a504971]::result::Result<(), alloc[2e1b2a31b91974c5]::string::String>, fn() -> core[a373ad73a504971]::result::Result<(), alloc[2e1b2a31b91974c5]::string::String>>
[INFO] [stdout]   22:     0x581e070482f5 - test[aada8e7e76ba119b]::run_test::{closure#0}
[INFO] [stdout]   23:     0x581e07041be4 - std[617be2ca0a6fd877]::sys::backtrace::__rust_begin_short_backtrace::<test[aada8e7e76ba119b]::run_test::{closure#1}, ()>
[INFO] [stdout]   24:     0x581e0704b382 - <std[617be2ca0a6fd877]::thread::lifecycle::spawn_unchecked<test[aada8e7e76ba119b]::run_test::{closure#1}, ()>::{closure#1} as core[a373ad73a504971]::ops::function::FnOnce<()>>::call_once::{shim:vtable#0}
[INFO] [stdout]   25:     0x581e071afc8f - <std[617be2ca0a6fd877]::sys::thread::unix::Thread>::new::thread_start
[INFO] [stdout]   26:     0x7e7ecae59dfa - <unknown>
[INFO] [stdout]   27:     0x7e7ecaeed3d4 - clone
[INFO] [stdout]   28:                0x0 - <unknown>
[INFO] [stdout] 
[INFO] [stdout] 
[INFO] [stdout] failures:
[INFO] [stdout]     tests::test_shutdown_while_scanning
[INFO] [stdout]     tests::test_shutdown_while_scanning_from_equipment_type
[INFO] [stdout] 
[INFO] [stdout] test result: FAILED. 1 passed; 2 failed; 0 ignored; 0 measured; 0 filtered out; finished in 0.01s
[INFO] [stdout] 
[INFO] [stderr] error: test failed, to rerun pass `--lib`
[INFO] running `Command { std: "docker" "inspect" "ee388f3ea2ddbd65cfe7eca71fd99f39d88956eb5b360db9f62624ed1668ec50", kill_on_drop: false }`
[INFO] running `Command { std: "docker" "rm" "-f" "ee388f3ea2ddbd65cfe7eca71fd99f39d88956eb5b360db9f62624ed1668ec50", kill_on_drop: false }`
[INFO] [stdout] ee388f3ea2ddbd65cfe7eca71fd99f39d88956eb5b360db9f62624ed1668ec50
