[INFO] fetching crate kona-sources 0.1.2...
[INFO] testing kona-sources-0.1.2 against 1.99.0-beta.8+cargoflags=--release for beta-release-1.100-2
[INFO] extracting crate kona-sources 0.1.2 into /workspace/builds/worker-4-tc1/source
[INFO] started tweaking crates.io crate kona-sources 0.1.2
[INFO] finished tweaking crates.io crate kona-sources 0.1.2
[INFO] tweaked toml for crates.io crate kona-sources 0.1.2 written to /workspace/builds/worker-4-tc1/source/Cargo.toml
[INFO] validating manifest of crates.io crate kona-sources 0.1.2 on toolchain 1.99.0-beta.8
[INFO] running `Command { std: CARGO_HOME="/workspace/cargo-home" RUSTUP_HOME="/workspace/rustup-home" "/workspace/cargo-home/bin/cargo" "+1.99.0-beta.8" "metadata" "--manifest-path" "Cargo.toml" "--no-deps", kill_on_drop: false }`
[INFO] crate crates.io crate kona-sources 0.1.2 already has a lockfile, it will not be regenerated
[INFO] running `Command { std: CARGO_HOME="/workspace/cargo-home" RUSTUP_HOME="/workspace/rustup-home" "/workspace/cargo-home/bin/cargo" "+1.99.0-beta.8" "fetch" "--manifest-path" "Cargo.toml", kill_on_drop: false }`
[INFO] [stderr] warning: Cargo.toml: `lints.clippy.missing-const-for-fn` is deprecated in favor of `lints.clippy.missing_const_for_fn` and will not work in a future edition
[INFO] [stderr] warning: Cargo.toml: `lints.clippy.option-if-let-else` is deprecated in favor of `lints.clippy.option_if_let_else` and will not work in a future edition
[INFO] [stderr] warning: Cargo.toml: `lints.clippy.redundant-clone` is deprecated in favor of `lints.clippy.redundant_clone` and will not work in a future edition
[INFO] [stderr] warning: Cargo.toml: `lints.clippy.use-self` is deprecated in favor of `lints.clippy.use_self` and will not work in a future edition
[INFO] [stderr] warning: Cargo.toml: `lints.rust.missing-debug-implementations` is deprecated in favor of `lints.rust.missing_debug_implementations` and will not work in a future edition
[INFO] [stderr] warning: Cargo.toml: `lints.rust.missing-docs` is deprecated in favor of `lints.rust.missing_docs` and will not work in a future edition
[INFO] [stderr] warning: Cargo.toml: `lints.rust.rust-2018-idioms` is deprecated in favor of `lints.rust.rust_2018_idioms` and will not work in a future edition
[INFO] [stderr] warning: Cargo.toml: `lints.rust.unnameable-types` is deprecated in favor of `lints.rust.unnameable_types` and will not work in a future edition
[INFO] [stderr] warning: Cargo.toml: `lints.rust.unreachable-pub` is deprecated in favor of `lints.rust.unreachable_pub` and will not work in a future edition
[INFO] [stderr] warning: Cargo.toml: `lints.rust.unused-must-use` is deprecated in favor of `lints.rust.unused_must_use` and will not work in a future edition
[INFO] [stderr] warning: `kona-sources` (manifest) generated 10 warnings
[INFO] [stderr]     Updating crates.io index
[INFO] [stderr]  Downloading crates ...
[INFO] [stderr]   Downloaded redox_syscall v0.5.15
[INFO] [stderr]   Downloaded cc v1.2.15
[INFO] [stderr]   Downloaded op-alloy-rpc-types-engine v0.18.13
[INFO] [stderr]   Downloaded op-alloy-consensus v0.18.13
[INFO] [stderr]   Downloaded alloy-serde v1.0.23
[INFO] [stderr]   Downloaded alloy-primitives v1.3.0
[INFO] [stderr]   Downloaded ruint v1.15.0
[INFO] [stderr]   Downloaded const-hex v1.14.1
[INFO] [stderr]   Downloaded alloy-rpc-types-eth v1.0.23
[INFO] [stderr]   Downloaded alloy-sol-macro v1.3.0
[INFO] [stderr]   Downloaded alloy-sol-types v1.3.0
[INFO] [stderr]   Downloaded alloy-sol-type-parser v1.3.0
[INFO] [stderr]   Downloaded syn-solidity v1.3.0
[INFO] [stderr]   Downloaded alloy-network-primitives v1.0.23
[INFO] [stderr]   Downloaded alloy-sol-macro-expander v1.3.0
[INFO] [stderr]   Downloaded alloy-json-abi v1.3.0
[INFO] [stderr]   Downloaded alloy-sol-macro-input v1.3.0
[INFO] [stderr]   Downloaded ethereum_ssz_derive v0.9.0
[INFO] [stderr]   Downloaded ethereum_serde_utils v0.8.0
[INFO] [stderr]   Downloaded ethereum_ssz v0.9.0
[INFO] [stderr]   Downloaded alloy-eips v1.0.23
[INFO] [stderr]   Downloaded alloy-trie v0.9.0
[INFO] [stderr]   Downloaded nybbles v0.4.1
[INFO] [stderr]   Downloaded alloy-consensus-any v1.0.23
[INFO] [stderr]   Downloaded alloy-rpc-types-engine v1.0.23
[INFO] [stderr]   Downloaded alloy-consensus v1.0.23
[INFO] [stderr]   Downloaded alloy-tx-macros v1.0.23
[INFO] [stderr]   Downloaded alloy-signer v1.0.23
[INFO] [stderr]   Downloaded alloy-rpc-types-any v1.0.23
[INFO] [stderr]   Downloaded alloy-json-rpc v1.0.23
[INFO] [stderr]   Downloaded jsonwebtoken v9.3.1
[INFO] [stderr]   Downloaded op-alloy-rpc-types v0.18.13
[INFO] [stderr]   Downloaded alloy-network v1.0.23
[INFO] [stderr]   Downloaded op-alloy-network v0.18.13
[INFO] [stderr]   Downloaded alloy-provider v1.0.23
[INFO] [stderr]   Downloaded wasmtimer v0.4.2
[INFO] [stderr]   Downloaded alloy-transport-ws v1.0.23
[INFO] [stderr]   Downloaded alloy-transport v1.0.23
[INFO] [stderr]   Downloaded alloy-chains v0.2.6
[INFO] [stderr]   Downloaded alloy-transport-ipc v1.0.23
[INFO] [stderr]   Downloaded alloy-pubsub v1.0.23
[INFO] [stderr]   Downloaded interprocess v2.2.3
[INFO] [stderr]   Downloaded alloy-transport-http v1.0.23
[INFO] [stderr]   Downloaded alloy-rpc-client v1.0.23
[INFO] [stderr]   Downloaded libredox v0.1.6
[INFO] [stderr]   Downloaded revm-state v7.0.1
[INFO] [stderr]   Downloaded metrics v0.24.2
[INFO] [stderr]   Downloaded lru v0.16.0
[INFO] [stderr]   Downloaded kona-genesis v0.4.5
[INFO] [stderr]   Downloaded revm-primitives v20.0.0
[INFO] [stderr]   Downloaded revm-bytecode v6.0.1
[INFO] [stderr]   Downloaded revm v27.0.3
[INFO] [stderr]   Downloaded op-revm v8.0.3
[INFO] [stderr]   Downloaded revm-precompile v24.0.1
[INFO] [stderr]   Downloaded revm-interpreter v23.0.2
[INFO] [stderr]   Downloaded revm-context-interface v8.0.1
[INFO] [stderr]   Downloaded alloy-op-hardforks v0.2.13
[INFO] [stderr]   Downloaded revm-database v7.0.1
[INFO] [stderr]   Downloaded kona-providers-alloy v0.3.2
[INFO] [stderr]   Downloaded revm-handler v8.0.3
[INFO] [stderr]   Downloaded derive-where v1.5.0
[INFO] [stderr]   Downloaded kona-hardforks v0.4.5
[INFO] [stderr]   Downloaded revm-database-interface v7.0.1
[INFO] [stderr]   Downloaded revm-inspector v8.0.3
[INFO] [stderr]   Downloaded revm-context v8.0.3
[INFO] [stderr]   Downloaded kona-macros v0.1.2
[INFO] [stderr]   Downloaded kona-registry v0.4.5
[INFO] [stderr]   Downloaded kona-protocol v0.4.5
[INFO] [stderr]   Downloaded kona-cli v0.3.2
[INFO] [stderr]   Downloaded alloy-hardforks v0.2.13
[INFO] [stderr]   Downloaded sketches-ddsketch v0.3.0
[INFO] [stderr]   Downloaded raw-cpuid v11.5.0
[INFO] [stderr]   Downloaded metrics-exporter-prometheus v0.17.2
[INFO] [stderr]   Downloaded metrics-util v0.20.0
[INFO] [stderr]   Downloaded kona-derive v0.4.5
[INFO] [stderr]   Downloaded brotli v8.0.1
[INFO] [stderr]   Downloaded alloy-rpc-types-beacon v1.0.23
[INFO] [stderr]   Downloaded alloy-signer-local v1.0.23
[INFO] [stderr]   Downloaded alloy-rpc-types v1.0.23
[INFO] running `Command { std: "docker" "create" "-v" "/var/lib/crater-agent-workspace/builds/worker-4-tc1/source:/opt/rustwide/workdir:ro,Z" "-v" "/var/lib/crater-agent-workspace/builds/worker-4-tc1/target:/opt/rustwide/target:rw,Z" "-v" "/var/lib/crater-agent-workspace/cargo-home:/opt/rustwide/cargo-home:ro,Z" "-v" "/var/lib/crater-agent-workspace/rustup-home:/opt/rustwide/rustup-home:ro,Z" "-m" "1610612736" "--network" "none" "ghcr.io/rust-lang/crates-build-env/linux@sha256:77db811e55d90add9212f6832c23229e3de5f1c1f9905e8cb07319ea15df73ac" "sleep" "infinity", kill_on_drop: false }`
[INFO] [stdout] 8f56236eb6682f8ba070a4ff9a6dba7ddc4f62bfcb40864dc603d94503d19145
[INFO] running `Command { std: "docker" "start" "8f56236eb6682f8ba070a4ff9a6dba7ddc4f62bfcb40864dc603d94503d19145", kill_on_drop: false }`
[INFO] running `Command { std: "docker" "inspect" "8f56236eb6682f8ba070a4ff9a6dba7ddc4f62bfcb40864dc603d94503d19145", kill_on_drop: false }`
[INFO] running `Command { std: "docker" "exec" "-e" "SOURCE_DIR=/opt/rustwide/workdir" "-e" "CARGO_HOME=/opt/rustwide/cargo-home" "-e" "RUSTUP_HOME=/opt/rustwide/rustup-home" "-e" "CARGO_TARGET_DIR=/opt/rustwide/target" "-w" "/opt/rustwide/workdir" "--user" "0:0" "8f56236eb6682f8ba070a4ff9a6dba7ddc4f62bfcb40864dc603d94503d19145" "/opt/rustwide/cargo-home/bin/cargo" "+1.99.0-beta.8" "metadata" "--no-deps" "--format-version=1", kill_on_drop: false }`
[INFO] running `Command { std: "docker" "inspect" "8f56236eb6682f8ba070a4ff9a6dba7ddc4f62bfcb40864dc603d94503d19145", kill_on_drop: false }`
[INFO] running `Command { std: "docker" "exec" "-e" "SOURCE_DIR=/opt/rustwide/workdir" "-e" "CARGO_HOME=/opt/rustwide/cargo-home" "-e" "RUSTUP_HOME=/opt/rustwide/rustup-home" "-e" "CARGO_TARGET_DIR=/opt/rustwide/target" "-e" "CARGO_INCREMENTAL=0" "-e" "RUST_BACKTRACE=full" "-e" "RUSTFLAGS=--cap-lints=warn" "-e" "RUSTDOCFLAGS=--cap-lints=warn" "-w" "/opt/rustwide/workdir" "--user" "0:0" "8f56236eb6682f8ba070a4ff9a6dba7ddc4f62bfcb40864dc603d94503d19145" "/opt/rustwide/cargo-home/bin/cargo" "+1.99.0-beta.8" "build" "--frozen" "--message-format=json" "--release", kill_on_drop: false }`
[INFO] [stderr] warning: Cargo.toml: `lints.clippy.missing-const-for-fn` is deprecated in favor of `lints.clippy.missing_const_for_fn` and will not work in a future edition
[INFO] [stderr] warning: Cargo.toml: `lints.clippy.option-if-let-else` is deprecated in favor of `lints.clippy.option_if_let_else` and will not work in a future edition
[INFO] [stderr] warning: Cargo.toml: `lints.clippy.redundant-clone` is deprecated in favor of `lints.clippy.redundant_clone` and will not work in a future edition
[INFO] [stderr] warning: Cargo.toml: `lints.clippy.use-self` is deprecated in favor of `lints.clippy.use_self` and will not work in a future edition
[INFO] [stderr] warning: Cargo.toml: `lints.rust.missing-debug-implementations` is deprecated in favor of `lints.rust.missing_debug_implementations` and will not work in a future edition
[INFO] [stderr] warning: Cargo.toml: `lints.rust.missing-docs` is deprecated in favor of `lints.rust.missing_docs` and will not work in a future edition
[INFO] [stderr] warning: Cargo.toml: `lints.rust.rust-2018-idioms` is deprecated in favor of `lints.rust.rust_2018_idioms` and will not work in a future edition
[INFO] [stderr] warning: Cargo.toml: `lints.rust.unnameable-types` is deprecated in favor of `lints.rust.unnameable_types` and will not work in a future edition
[INFO] [stderr] warning: Cargo.toml: `lints.rust.unreachable-pub` is deprecated in favor of `lints.rust.unreachable_pub` and will not work in a future edition
[INFO] [stderr] warning: Cargo.toml: `lints.rust.unused-must-use` is deprecated in favor of `lints.rust.unused_must_use` and will not work in a future edition
[INFO] [stderr] warning: `kona-sources` (manifest) generated 10 warnings
[INFO] [stderr]    Compiling syn v2.0.104
[INFO] [stderr]    Compiling libc v0.2.174
[INFO] [stderr]    Compiling serde v1.0.219
[INFO] [stderr]    Compiling typenum v1.18.0
[INFO] [stderr]    Compiling foldhash v0.1.5
[INFO] [stderr]    Compiling tiny-keccak v2.0.2
[INFO] [stderr]    Compiling cc v1.2.15
[INFO] [stderr]    Compiling ruint-macro v1.2.1
[INFO] [stderr]    Compiling serde_json v1.0.141
[INFO] [stderr]    Compiling crc-catalog v2.4.0
[INFO] [stderr]    Compiling proc-macro-error-attr2 v2.0.0
[INFO] [stderr]    Compiling itoa v1.0.15
[INFO] [stderr]    Compiling zerocopy v0.8.26
[INFO] [stderr]    Compiling futures-channel v0.3.31
[INFO] [stderr]    Compiling crc v3.3.0
[INFO] [stderr]    Compiling num-traits v0.2.19
[INFO] [stderr]    Compiling litemap v0.8.0
[INFO] [stderr]    Compiling writeable v0.6.1
[INFO] [stderr]    Compiling futures-utils-wasm v0.1.0
[INFO] [stderr]    Compiling icu_normalizer_data v2.0.0
[INFO] [stderr]    Compiling icu_properties_data v2.0.1
[INFO] [stderr]    Compiling time-macros v0.2.22
[INFO] [stderr]    Compiling log v0.4.27
[INFO] [stderr]    Compiling rustls v0.23.29
[INFO] [stderr]    Compiling pem v3.0.5
[INFO] [stderr]    Compiling bitflags v2.9.1
[INFO] [stderr]    Compiling openssl v0.10.73
[INFO] [stderr]    Compiling snap v1.1.1
[INFO] [stderr]    Compiling bimap v0.6.3
[INFO] [stderr]    Compiling iri-string v0.7.8
[INFO] [stderr]    Compiling dyn-clone v1.0.19
[INFO] [stderr]    Compiling data-encoding v2.9.0
[INFO] [stderr]    Compiling encoding_rs v0.8.35
[INFO] [stderr]    Compiling doctest-file v1.0.0
[INFO] [stderr]    Compiling brotli-decompressor v5.0.0
[INFO] [stderr]    Compiling miniz_oxide v0.8.9
[INFO] [stderr]    Compiling unsigned-varint v0.8.0
[INFO] [stderr]    Compiling hashbrown v0.14.5
[INFO] [stderr]    Compiling kona-macros v0.1.2
[INFO] [stderr]    Compiling crossbeam-channel v0.5.15
[INFO] [stderr]    Compiling blst v0.3.15
[INFO] [stderr]    Compiling c-kzg v2.1.1
[INFO] [stderr]    Compiling ring v0.17.14
[INFO] [stderr]    Compiling openssl-sys v0.9.109
[INFO] [stderr]    Compiling time v0.3.41
[INFO] [stderr]    Compiling num-integer v0.1.46
[INFO] [stderr]    Compiling brotli v8.0.1
[INFO] [stderr]    Compiling native-tls v0.2.14
[INFO] [stderr]    Compiling num-bigint v0.4.6
[INFO] [stderr]    Compiling getrandom v0.2.16
[INFO] [stderr]    Compiling num_cpus v1.17.0
[INFO] [stderr]    Compiling mio v1.0.4
[INFO] [stderr]    Compiling rand_core v0.6.4
[INFO] [stderr]    Compiling ff v0.13.1
[INFO] [stderr]    Compiling threadpool v1.8.1
[INFO] [stderr]    Compiling group v0.13.0
[INFO] [stderr]    Compiling socket2 v0.5.10
[INFO] [stderr]    Compiling signal-hook-registry v1.4.5
[INFO] [stderr]    Compiling ppv-lite86 v0.2.21
[INFO] [stderr]    Compiling getrandom v0.3.3
[INFO] [stderr]    Compiling rand_core v0.9.3
[INFO] [stderr]    Compiling inotify-sys v0.1.5
[INFO] [stderr]    Compiling inotify v0.9.6
[INFO] [stderr]    Compiling mio v0.8.11
[INFO] [stderr]    Compiling rand_chacha v0.3.1
[INFO] [stderr]    Compiling rand_chacha v0.9.0
[INFO] [stderr]    Compiling rand v0.9.2
[INFO] [stderr]    Compiling filetime v0.2.25
[INFO] [stderr]    Compiling notify v6.1.1
[INFO] [stderr]    Compiling darling_core v0.20.11
[INFO] [stderr]    Compiling synstructure v0.13.2
[INFO] [stderr]    Compiling macro-string v0.1.4
[INFO] [stderr]    Compiling syn-solidity v1.3.0
[INFO] [stderr]    Compiling proc-macro-error2 v2.0.1
[INFO] [stderr]    Compiling serde_derive v1.0.219
[INFO] [stderr]    Compiling zeroize_derive v1.4.2
[INFO] [stderr]    Compiling derive_more-impl v2.0.1
[INFO] [stderr]    Compiling alloy-rlp-derive v0.3.12
[INFO] [stderr]    Compiling thiserror-impl v2.0.12
[INFO] [stderr]    Compiling tracing-attributes v0.1.30
[INFO] [stderr]    Compiling auto_impl v1.3.0
[INFO] [stderr]    Compiling tokio-macros v2.5.0
[INFO] [stderr]    Compiling zerofrom-derive v0.1.6
[INFO] [stderr]    Compiling yoke-derive v0.8.0
[INFO] [stderr]    Compiling zerovec-derive v0.11.1
[INFO] [stderr]    Compiling displaydoc v0.2.5
[INFO] [stderr]    Compiling futures-macro v0.3.31
[INFO] [stderr]    Compiling strum_macros v0.27.2
[INFO] [stderr]    Compiling async-trait v0.1.88
[INFO] [stderr]    Compiling zeroize v1.8.1
[INFO] [stderr]    Compiling num_enum_derive v0.7.4
[INFO] [stderr]    Compiling generic-array v0.14.7
[INFO] [stderr]    Compiling der v0.7.10
[INFO] [stderr]    Compiling futures-util v0.3.31
[INFO] [stderr]    Compiling rustls-pki-types v1.12.0
[INFO] [stderr]    Compiling zerofrom v0.1.6
[INFO] [stderr]    Compiling openssl-macros v0.1.1
[INFO] [stderr]    Compiling yoke v0.8.0
[INFO] [stderr]    Compiling thiserror v2.0.12
[INFO] [stderr]    Compiling simple_asn1 v0.6.3
[INFO] [stderr]    Compiling zerovec v0.11.2
[INFO] [stderr]    Compiling zerotrie v0.2.2
[INFO] [stderr]    Compiling crypto-common v0.1.6
[INFO] [stderr]    Compiling block-buffer v0.10.4
[INFO] [stderr]    Compiling crypto-bigint v0.5.5
[INFO] [stderr]    Compiling digest v0.10.7
[INFO] [stderr]    Compiling tracing v0.1.41
[INFO] [stderr]    Compiling num_enum v0.7.4
[INFO] [stderr]    Compiling spki v0.7.3
[INFO] [stderr]    Compiling hmac v0.12.1
[INFO] [stderr]    Compiling signature v2.2.0
[INFO] [stderr]    Compiling sha2 v0.10.9
[INFO] [stderr]    Compiling rfc6979 v0.4.0
[INFO] [stderr]    Compiling webpki-roots v1.0.2
[INFO] [stderr]    Compiling pkcs8 v0.10.2
[INFO] [stderr]    Compiling darling_macro v0.20.11
[INFO] [stderr]    Compiling sha1 v0.10.6
[INFO] [stderr]    Compiling darling v0.20.11
[INFO] [stderr]    Compiling ethereum_ssz_derive v0.9.0
[INFO] [stderr]    Compiling tinystr v0.8.1
[INFO] [stderr]    Compiling potential_utf v0.1.2
[INFO] [stderr]    Compiling strum v0.27.2
[INFO] [stderr]    Compiling icu_collections v2.0.0
[INFO] [stderr]    Compiling icu_locale_core v2.0.0
[INFO] [stderr]    Compiling webpki-roots v0.26.11
[INFO] [stderr]    Compiling pin-project-internal v1.1.10
[INFO] [stderr]    Compiling async-stream-impl v0.3.6
[INFO] [stderr]    Compiling serde_with_macros v3.14.0
[INFO] [stderr]    Compiling rustls-pemfile v2.2.0
[INFO] [stderr]    Compiling async-stream v0.3.6
[INFO] [stderr]    Compiling icu_provider v2.0.0
[INFO] [stderr]    Compiling pin-project v1.1.10
[INFO] [stderr]    Compiling icu_properties v2.0.1
[INFO] [stderr]    Compiling derive_more v2.0.1
[INFO] [stderr]    Compiling futures-executor v0.3.31
[INFO] [stderr]    Compiling futures v0.3.31
[INFO] [stderr]    Compiling bytes v1.10.1
[INFO] [stderr]    Compiling smallvec v1.15.1
[INFO] [stderr]    Compiling hashbrown v0.15.4
[INFO] [stderr]    Compiling serdect v0.2.0
[INFO] [stderr]    Compiling arrayvec v0.7.6
[INFO] [stderr]    Compiling const-hex v1.14.1
[INFO] [stderr]    Compiling either v1.15.0
[INFO] [stderr]    Compiling rand v0.8.5
[INFO] [stderr]    Compiling serde_urlencoded v0.7.1
[INFO] [stderr]    Compiling serde_with v3.14.0
[INFO] [stderr]    Compiling sec1 v0.7.3
[INFO] [stderr]    Compiling itertools v0.13.0
[INFO] [stderr]    Compiling itertools v0.14.0
[INFO] [stderr]    Compiling parking_lot_core v0.9.11
[INFO] [stderr]    Compiling icu_normalizer v2.0.0
[INFO] [stderr]    Compiling rustls-webpki v0.103.4
[INFO] [stderr]    Compiling elliptic-curve v0.13.8
[INFO] [stderr]    Compiling indexmap v2.10.0
[INFO] [stderr]    Compiling lru v0.13.0
[INFO] [stderr]    Compiling lru v0.16.0
[INFO] [stderr]    Compiling alloy-rlp v0.3.12
[INFO] [stderr]    Compiling http v1.3.1
[INFO] [stderr]    Compiling parking_lot v0.12.4
[INFO] [stderr]    Compiling ruint v1.15.0
[INFO] [stderr]    Compiling dashmap v6.1.0
[INFO] [stderr]    Compiling ecdsa v0.16.9
[INFO] [stderr]    Compiling tokio v1.46.1
[INFO] [stderr]    Compiling alloy-sol-macro-input v1.3.0
[INFO] [stderr]    Compiling nybbles v0.4.1
[INFO] [stderr]    Compiling alloy-sol-macro-expander v1.3.0
[INFO] [stderr]    Compiling http-body v1.0.1
[INFO] [stderr]    Compiling k256 v0.13.4
[INFO] [stderr]    Compiling idna_adapter v1.2.1
[INFO] [stderr]    Compiling jsonwebtoken v9.3.1
[INFO] [stderr]    Compiling idna v1.0.3
[INFO] [stderr]    Compiling http-body-util v0.1.3
[INFO] [stderr]    Compiling alloy-primitives v1.3.0
[INFO] [stderr]    Compiling url v2.5.4
[INFO] [stderr]    Compiling alloy-tx-macros v1.0.23
[INFO] [stderr]    Compiling alloy-sol-macro v1.3.0
[INFO] [stderr]    Compiling alloy-eip2124 v0.2.0
[INFO] [stderr]    Compiling ethereum_serde_utils v0.8.0
[INFO] [stderr]    Compiling alloy-eip7702 v0.6.1
[INFO] [stderr]    Compiling alloy-serde v1.0.23
[INFO] [stderr]    Compiling alloy-eip2930 v0.2.1
[INFO] [stderr]    Compiling alloy-sol-types v1.3.0
[INFO] [stderr]    Compiling alloy-trie v0.9.0
[INFO] [stderr]    Compiling alloy-signer v1.0.23
[INFO] [stderr]    Compiling alloy-chains v0.2.6
[INFO] [stderr]    Compiling ethereum_ssz v0.9.0
[INFO] [stderr]    Compiling alloy-hardforks v0.2.13
[INFO] [stderr]    Compiling alloy-op-hardforks v0.2.13
[INFO] [stderr]    Compiling alloy-eips v1.0.23
[INFO] [stderr]    Compiling tungstenite v0.26.2
[INFO] [stderr]    Compiling alloy-consensus v1.0.23
[INFO] [stderr]    Compiling tokio-util v0.7.15
[INFO] [stderr]    Compiling tower v0.5.2
[INFO] [stderr]    Compiling tokio-rustls v0.26.2
[INFO] [stderr]    Compiling tokio-native-tls v0.3.1
[INFO] [stderr]    Compiling interprocess v2.2.3
[INFO] [stderr]    Compiling tokio-tungstenite v0.26.2
[INFO] [stderr]    Compiling h2 v0.4.11
[INFO] [stderr]    Compiling tokio-stream v0.1.17
[INFO] [stderr]    Compiling tower-http v0.6.6
[INFO] [stderr]    Compiling alloy-consensus-any v1.0.23
[INFO] [stderr]    Compiling alloy-network-primitives v1.0.23
[INFO] [stderr]    Compiling alloy-rpc-types-engine v1.0.23
[INFO] [stderr]    Compiling alloy-rpc-types-beacon v1.0.23
[INFO] [stderr]    Compiling hyper v1.6.0
[INFO] [stderr]    Compiling hyper-util v0.1.15
[INFO] [stderr]    Compiling alloy-json-rpc v1.0.23
[INFO] [stderr]    Compiling alloy-rpc-types-eth v1.0.23
[INFO] [stderr]    Compiling kona-genesis v0.4.5
[INFO] [stderr]    Compiling alloy-transport v1.0.23
[INFO] [stderr]    Compiling alloy-pubsub v1.0.23
[INFO] [stderr]    Compiling hyper-rustls v0.27.7
[INFO] [stderr]    Compiling hyper-tls v0.6.0
[INFO] [stderr]    Compiling reqwest v0.12.22
[INFO] [stderr]    Compiling alloy-transport-ipc v1.0.23
[INFO] [stderr]    Compiling alloy-transport-ws v1.0.23
[INFO] [stderr]    Compiling alloy-rpc-types-any v1.0.23
[INFO] [stderr]    Compiling alloy-network v1.0.23
[INFO] [stderr]    Compiling alloy-transport-http v1.0.23
[INFO] [stderr]    Compiling op-alloy-consensus v0.18.13
[INFO] [stderr]    Compiling alloy-signer-local v1.0.23
[INFO] [stderr]    Compiling alloy-rpc-client v1.0.23
[INFO] [stderr]    Compiling alloy-provider v1.0.23
[INFO] [stderr]    Compiling op-alloy-rpc-types v0.18.13
[INFO] [stderr]    Compiling op-alloy-rpc-types-engine v0.18.13
[INFO] [stderr]    Compiling kona-protocol v0.4.5
[INFO] [stderr]    Compiling kona-hardforks v0.4.5
[INFO] [stderr]    Compiling kona-derive v0.4.5
[INFO] [stderr]    Compiling op-alloy-network v0.18.13
[INFO] [stderr]    Compiling kona-providers-alloy v0.3.2
[INFO] [stderr]    Compiling kona-sources v0.1.2 (/opt/rustwide/workdir)
[INFO] [stderr]     Finished `release` profile [optimized] target(s) in 3m 02s
[INFO] [stderr] warning: the following packages contain code that will be rejected by a future version of Rust: proc-macro-error2 v2.0.1
[INFO] [stderr] note: to see what the problems were, use the option `--future-incompat-report`, or run `cargo report future-incompatibilities --id 3`
[INFO] running `Command { std: "docker" "inspect" "8f56236eb6682f8ba070a4ff9a6dba7ddc4f62bfcb40864dc603d94503d19145", kill_on_drop: false }`
[INFO] running `Command { std: "docker" "exec" "-e" "SOURCE_DIR=/opt/rustwide/workdir" "-e" "CARGO_HOME=/opt/rustwide/cargo-home" "-e" "RUSTUP_HOME=/opt/rustwide/rustup-home" "-e" "CARGO_TARGET_DIR=/opt/rustwide/target" "-e" "CARGO_INCREMENTAL=0" "-e" "RUST_BACKTRACE=full" "-e" "RUSTFLAGS=--cap-lints=warn" "-e" "RUSTDOCFLAGS=--cap-lints=warn" "-w" "/opt/rustwide/workdir" "--user" "0:0" "8f56236eb6682f8ba070a4ff9a6dba7ddc4f62bfcb40864dc603d94503d19145" "/opt/rustwide/cargo-home/bin/cargo" "+1.99.0-beta.8" "test" "--frozen" "--no-run" "--message-format=json" "--release", kill_on_drop: false }`
[INFO] [stderr] warning: Cargo.toml: `lints.clippy.missing-const-for-fn` is deprecated in favor of `lints.clippy.missing_const_for_fn` and will not work in a future edition
[INFO] [stderr] warning: Cargo.toml: `lints.clippy.option-if-let-else` is deprecated in favor of `lints.clippy.option_if_let_else` and will not work in a future edition
[INFO] [stderr] warning: Cargo.toml: `lints.clippy.redundant-clone` is deprecated in favor of `lints.clippy.redundant_clone` and will not work in a future edition
[INFO] [stderr] warning: Cargo.toml: `lints.clippy.use-self` is deprecated in favor of `lints.clippy.use_self` and will not work in a future edition
[INFO] [stderr] warning: Cargo.toml: `lints.rust.missing-debug-implementations` is deprecated in favor of `lints.rust.missing_debug_implementations` and will not work in a future edition
[INFO] [stderr] warning: Cargo.toml: `lints.rust.missing-docs` is deprecated in favor of `lints.rust.missing_docs` and will not work in a future edition
[INFO] [stderr] warning: Cargo.toml: `lints.rust.rust-2018-idioms` is deprecated in favor of `lints.rust.rust_2018_idioms` and will not work in a future edition
[INFO] [stderr] warning: Cargo.toml: `lints.rust.unnameable-types` is deprecated in favor of `lints.rust.unnameable_types` and will not work in a future edition
[INFO] [stderr] warning: Cargo.toml: `lints.rust.unreachable-pub` is deprecated in favor of `lints.rust.unreachable_pub` and will not work in a future edition
[INFO] [stderr] warning: Cargo.toml: `lints.rust.unused-must-use` is deprecated in favor of `lints.rust.unused_must_use` and will not work in a future edition
[INFO] [stderr] warning: `kona-sources` (manifest) generated 10 warnings
[INFO] [stderr]    Compiling serde v1.0.219
[INFO] [stderr]    Compiling foldhash v0.1.5
[INFO] [stderr]    Compiling tracing-core v0.1.34
[INFO] [stderr]    Compiling log v0.4.27
[INFO] [stderr]    Compiling typenum v1.18.0
[INFO] [stderr]    Compiling thiserror v2.0.12
[INFO] [stderr]    Compiling alloy-chains v0.2.6
[INFO] [stderr]    Compiling serde_repr v0.1.20
[INFO] [stderr]    Compiling crc-catalog v2.4.0
[INFO] [stderr]    Compiling serde_json v1.0.141
[INFO] [stderr]    Compiling memchr v2.7.5
[INFO] [stderr]    Compiling ryu v1.0.20
[INFO] [stderr]    Compiling num_enum v0.7.4
[INFO] [stderr]    Compiling strum v0.27.2
[INFO] [stderr]    Compiling dyn-clone v1.0.19
[INFO] [stderr]    Compiling crc v3.3.0
[INFO] [stderr]    Compiling winnow v0.7.12
[INFO] [stderr]    Compiling regex-syntax v0.8.5
[INFO] [stderr]    Compiling once_cell v1.21.3
[INFO] [stderr]    Compiling regex-automata v0.1.10
[INFO] [stderr]    Compiling ahash v0.8.12
[INFO] [stderr]    Compiling raw-cpuid v11.5.0
[INFO] [stderr]    Compiling anstyle v1.0.11
[INFO] [stderr]    Compiling native-tls v0.2.14
[INFO] [stderr]    Compiling tungstenite v0.26.2
[INFO] [stderr]    Compiling anstyle-query v1.1.3
[INFO] [stderr]    Compiling overload v0.1.1
[INFO] [stderr]    Compiling metrics v0.24.2
[INFO] [stderr]    Compiling nu-ansi-term v0.46.0
[INFO] [stderr]    Compiling sharded-slab v0.1.7
[INFO] [stderr]    Compiling alloy-hardforks v0.2.13
[INFO] [stderr]    Compiling generic-array v0.14.7
[INFO] [stderr]    Compiling tracing v0.1.41
[INFO] [stderr]    Compiling tokio-native-tls v0.3.1
[INFO] [stderr]    Compiling alloy-op-hardforks v0.2.13
[INFO] [stderr]    Compiling alloy-trie v0.9.0
[INFO] [stderr]    Compiling h2 v0.4.11
[INFO] [stderr]    Compiling tracing-serde v0.2.0
[INFO] [stderr]    Compiling tracing-log v0.2.0
[INFO] [stderr]    Compiling anstream v0.6.19
[INFO] [stderr]    Compiling rand_xoshiro v0.7.0
[INFO] [stderr]    Compiling thiserror-impl v1.0.69
[INFO] [stderr]    Compiling thread_local v1.1.9
[INFO] [stderr]    Compiling sketches-ddsketch v0.3.0
[INFO] [stderr]    Compiling block-buffer v0.10.4
[INFO] [stderr]    Compiling crypto-common v0.1.6
[INFO] [stderr]    Compiling tokio-tungstenite v0.26.2
[INFO] [stderr]    Compiling matchers v0.1.0
[INFO] [stderr]    Compiling anyhow v1.0.98
[INFO] [stderr]    Compiling digest v0.10.7
[INFO] [stderr]    Compiling clap_lex v0.7.5
[INFO] [stderr]    Compiling mio v0.8.11
[INFO] [stderr]    Compiling sha2 v0.10.9
[INFO] [stderr]    Compiling clap_derive v4.5.41
[INFO] [stderr]    Compiling clap_builder v4.5.41
[INFO] [stderr]    Compiling notify v6.1.1
[INFO] [stderr]    Compiling regex-automata v0.4.9
[INFO] [stderr]    Compiling thiserror v1.0.69
[INFO] [stderr]    Compiling quanta v0.12.6
[INFO] [stderr]    Compiling metrics-util v0.20.0
[INFO] [stderr]    Compiling hashbrown v0.15.4
[INFO] [stderr]    Compiling const-hex v1.14.1
[INFO] [stderr]    Compiling arrayvec v0.7.6
[INFO] [stderr]    Compiling bytes v1.10.1
[INFO] [stderr]    Compiling alloy-sol-macro-input v1.3.0
[INFO] [stderr]    Compiling smallvec v1.15.1
[INFO] [stderr]    Compiling either v1.15.0
[INFO] [stderr]    Compiling serde_spanned v0.6.9
[INFO] [stderr]    Compiling toml_datetime v0.6.11
[INFO] [stderr]    Compiling indexmap v2.10.0
[INFO] [stderr]    Compiling alloy-rlp v0.3.12
[INFO] [stderr]    Compiling hyper v1.6.0
[INFO] [stderr]    Compiling regex v1.11.1
[INFO] [stderr]    Compiling ruint v1.15.0
[INFO] [stderr]    Compiling alloy-sol-macro-expander v1.3.0
[INFO] [stderr]    Compiling toml_edit v0.22.27
[INFO] [stderr]    Compiling alloy-primitives v1.3.0
[INFO] [stderr]    Compiling nybbles v0.4.1
[INFO] [stderr]    Compiling tracing-subscriber v0.3.19
[INFO] [stderr]    Compiling clap v4.5.41
[INFO] [stderr]    Compiling alloy-eip2124 v0.2.0
[INFO] [stderr]    Compiling alloy-eip7702 v0.6.1
[INFO] [stderr]    Compiling alloy-serde v1.0.23
[INFO] [stderr]    Compiling alloy-eip2930 v0.2.1
[INFO] [stderr]    Compiling alloy-tx-macros v1.0.23
[INFO] [stderr]    Compiling hyper-util v0.1.15
[INFO] [stderr]    Compiling alloy-eips v1.0.23
[INFO] [stderr]    Compiling tracing-appender v0.2.3
[INFO] [stderr]    Compiling alloy-consensus v1.0.23
[INFO] [stderr]    Compiling alloy-sol-macro v1.3.0
[INFO] [stderr]    Compiling toml v0.8.23
[INFO] [stderr]    Compiling alloy-sol-types v1.3.0
[INFO] [stderr]    Compiling hyper-tls v0.6.0
[INFO] [stderr]    Compiling hyper-rustls v0.27.7
[INFO] [stderr]    Compiling metrics-exporter-prometheus v0.17.2
[INFO] [stderr]    Compiling reqwest v0.12.22
[INFO] [stderr]    Compiling kona-cli v0.3.2
[INFO] [stderr]    Compiling alloy-consensus-any v1.0.23
[INFO] [stderr]    Compiling alloy-network-primitives v1.0.23
[INFO] [stderr]    Compiling alloy-rpc-types-engine v1.0.23
[INFO] [stderr]    Compiling alloy-rpc-types-beacon v1.0.23
[INFO] [stderr]    Compiling kona-genesis v0.4.5
[INFO] [stderr]    Compiling alloy-json-rpc v1.0.23
[INFO] [stderr]    Compiling alloy-rpc-types-eth v1.0.23
[INFO] [stderr]    Compiling alloy-transport v1.0.23
[INFO] [stderr]    Compiling alloy-pubsub v1.0.23
[INFO] [stderr]    Compiling alloy-transport-http v1.0.23
[INFO] [stderr]    Compiling kona-registry v0.4.5
[INFO] [stderr]    Compiling alloy-transport-ipc v1.0.23
[INFO] [stderr]    Compiling alloy-transport-ws v1.0.23
[INFO] [stderr]    Compiling alloy-rpc-client v1.0.23
[INFO] [stderr]    Compiling alloy-rpc-types-any v1.0.23
[INFO] [stderr]    Compiling alloy-rpc-types v1.0.23
[INFO] [stderr]    Compiling alloy-network v1.0.23
[INFO] [stderr]    Compiling op-alloy-consensus v0.18.13
[INFO] [stderr]    Compiling alloy-provider v1.0.23
[INFO] [stderr]    Compiling alloy-signer-local v1.0.23
[INFO] [stderr]    Compiling op-alloy-rpc-types v0.18.13
[INFO] [stderr]    Compiling op-alloy-rpc-types-engine v0.18.13
[INFO] [stderr]    Compiling kona-protocol v0.4.5
[INFO] [stderr]    Compiling kona-hardforks v0.4.5
[INFO] [stderr]    Compiling kona-derive v0.4.5
[INFO] [stderr]    Compiling op-alloy-network v0.18.13
[INFO] [stderr]    Compiling kona-providers-alloy v0.3.2
[INFO] [stderr]    Compiling kona-sources v0.1.2 (/opt/rustwide/workdir)
[INFO] [stderr]     Finished `release` profile [optimized] target(s) in 2m 31s
[INFO] [stderr] warning: the following packages contain code that will be rejected by a future version of Rust: proc-macro-error2 v2.0.1
[INFO] [stderr] note: to see what the problems were, use the option `--future-incompat-report`, or run `cargo report future-incompatibilities --id 3`
[INFO] running `Command { std: "docker" "inspect" "8f56236eb6682f8ba070a4ff9a6dba7ddc4f62bfcb40864dc603d94503d19145", kill_on_drop: false }`
[INFO] running `Command { std: "docker" "exec" "-e" "SOURCE_DIR=/opt/rustwide/workdir" "-e" "CARGO_HOME=/opt/rustwide/cargo-home" "-e" "RUSTUP_HOME=/opt/rustwide/rustup-home" "-e" "CARGO_TARGET_DIR=/opt/rustwide/target" "-e" "CARGO_INCREMENTAL=0" "-e" "RUST_BACKTRACE=full" "-e" "RUSTFLAGS=--cap-lints=warn" "-e" "RUSTDOCFLAGS=--cap-lints=warn" "-w" "/opt/rustwide/workdir" "--user" "0:0" "8f56236eb6682f8ba070a4ff9a6dba7ddc4f62bfcb40864dc603d94503d19145" "/opt/rustwide/cargo-home/bin/cargo" "+1.99.0-beta.8" "test" "--frozen" "--release", kill_on_drop: false }`
[INFO] [stderr] warning: Cargo.toml: `lints.clippy.missing-const-for-fn` is deprecated in favor of `lints.clippy.missing_const_for_fn` and will not work in a future edition
[INFO] [stderr] warning: Cargo.toml: `lints.clippy.option-if-let-else` is deprecated in favor of `lints.clippy.option_if_let_else` and will not work in a future edition
[INFO] [stderr] warning: Cargo.toml: `lints.clippy.redundant-clone` is deprecated in favor of `lints.clippy.redundant_clone` and will not work in a future edition
[INFO] [stderr] warning: Cargo.toml: `lints.clippy.use-self` is deprecated in favor of `lints.clippy.use_self` and will not work in a future edition
[INFO] [stderr] warning: Cargo.toml: `lints.rust.missing-debug-implementations` is deprecated in favor of `lints.rust.missing_debug_implementations` and will not work in a future edition
[INFO] [stderr] warning: Cargo.toml: `lints.rust.missing-docs` is deprecated in favor of `lints.rust.missing_docs` and will not work in a future edition
[INFO] [stderr] warning: Cargo.toml: `lints.rust.rust-2018-idioms` is deprecated in favor of `lints.rust.rust_2018_idioms` and will not work in a future edition
[INFO] [stderr] warning: Cargo.toml: `lints.rust.unnameable-types` is deprecated in favor of `lints.rust.unnameable_types` and will not work in a future edition
[INFO] [stderr] warning: Cargo.toml: `lints.rust.unreachable-pub` is deprecated in favor of `lints.rust.unreachable_pub` and will not work in a future edition
[INFO] [stderr] warning: Cargo.toml: `lints.rust.unused-must-use` is deprecated in favor of `lints.rust.unused_must_use` and will not work in a future edition
[INFO] [stderr] warning: `kona-sources` (manifest) generated 10 warnings
[INFO] [stderr]     Finished `release` profile [optimized] target(s) in 0.70s
[INFO] [stderr] warning: the following packages contain code that will be rejected by a future version of Rust: proc-macro-error2 v2.0.1
[INFO] [stderr] note: to see what the problems were, use the option `--future-incompat-report`, or run `cargo report future-incompatibilities --id 3`
[INFO] [stderr]      Running unittests src/lib.rs (/opt/rustwide/target/release/deps/kona_sources-1ab08f60bcbc9efa)
[INFO] [stdout] 
[INFO] [stdout] running 2 tests
[INFO] [stdout] test sync::test::test_genesis_block_hash ... ok
[INFO] [stdout] test runtime::loader::tests::test_online_runtime_loader ... FAILED
[INFO] [stdout] 
[INFO] [stdout] failures:
[INFO] [stdout] 
[INFO] [stdout] ---- runtime::loader::tests::test_online_runtime_loader stdout ----
[INFO] [stdout] 
[INFO] [stdout] thread 'runtime::loader::tests::test_online_runtime_loader' (6865) panicked at src/runtime/loader.rs:197:57:
[INFO] [stdout] called `Result::unwrap()` on an `Err` value: Transport(Transport(Custom(reqwest::Error { kind: Request, url: "https://docs-demo.quiknode.pro/", source: hyper_util::client::legacy::Error(Connect, ConnectError("dns error", Custom { kind: Uncategorized, error: "failed to lookup address information: Temporary failure in name resolution" })) })))
[INFO] [stdout] stack backtrace:
[INFO] [stdout]    0:     0x62349e0d0611 - <<std[70759c8f55707aa4]::sys::backtrace::BacktraceLock>::print::DisplayBacktrace as core[df12db4294e9bfd3]::fmt::Display>::fmt
[INFO] [stdout]    1:     0x62349e0e7e5a - core[df12db4294e9bfd3]::fmt::write
[INFO] [stdout]    2:     0x62349e0d546c - <alloc[2182bb758b4b3781]::vec::Vec<u8> as core[df12db4294e9bfd3]::io::write::Write>::write_fmt
[INFO] [stdout]    3:     0x62349e0aa8f6 - std[70759c8f55707aa4]::panicking::default_hook::{closure#0}
[INFO] [stdout]    4:     0x62349e0c8349 - std[70759c8f55707aa4]::panicking::default_hook
[INFO] [stdout]    5:     0x62349dd6e150 - test[9d35eded1c95d3be]::test_main_inner::<test[9d35eded1c95d3be]::test_main_static::{closure#0}>::{closure#0}
[INFO] [stdout]    6:     0x62349e0c8672 - std[70759c8f55707aa4]::panicking::panic_with_hook
[INFO] [stdout]    7:     0x62349e0aa9a2 - std[70759c8f55707aa4]::panicking::panic_handler::{closure#0}
[INFO] [stdout]    8:     0x62349e0a3489 - std[70759c8f55707aa4]::sys::backtrace::__rust_end_short_backtrace::<std[70759c8f55707aa4]::panicking::panic_handler::{closure#0}, !>
[INFO] [stdout]    9:     0x62349e0ab78d - __rustc[8fa7c3cbc660c2b3]::rust_begin_unwind
[INFO] [stdout]   10:     0x62349e0e863c - core[df12db4294e9bfd3]::panicking::panic_fmt
[INFO] [stdout]   11:     0x62349e0e8412 - core[df12db4294e9bfd3]::result::unwrap_failed
[INFO] [stdout]   12:     0x62349dc4bac5 - kona_sources[bd93e7a5b781292b]::runtime::loader::tests::test_online_runtime_loader::{closure#0}
[INFO] [stdout]   13:     0x62349dc45ae3 - <tokio[c52dbdc8abceb6a4]::runtime::scheduler::current_thread::Context>::enter::<core[df12db4294e9bfd3]::task::poll::Poll<()>, <tokio[c52dbdc8abceb6a4]::runtime::scheduler::current_thread::CoreGuard>::block_on<core[df12db4294e9bfd3]::pin::Pin<&mut core[df12db4294e9bfd3]::pin::Pin<&mut dyn core[df12db4294e9bfd3]::future::future::Future<Output = ()>>>>::{closure#0}::{closure#0}>
[INFO] [stdout]   14:     0x62349dc3315c - <tokio[c52dbdc8abceb6a4]::runtime::context::scoped::Scoped<tokio[c52dbdc8abceb6a4]::runtime::scheduler::Context>>::set::<<tokio[c52dbdc8abceb6a4]::runtime::scheduler::current_thread::CoreGuard>::enter<<tokio[c52dbdc8abceb6a4]::runtime::scheduler::current_thread::CoreGuard>::block_on<core[df12db4294e9bfd3]::pin::Pin<&mut core[df12db4294e9bfd3]::pin::Pin<&mut dyn core[df12db4294e9bfd3]::future::future::Future<Output = ()>>>>::{closure#0}, core[df12db4294e9bfd3]::option::Option<()>>::{closure#0}, (alloc[2182bb758b4b3781]::boxed::Box<tokio[c52dbdc8abceb6a4]::runtime::scheduler::current_thread::Core>, core[df12db4294e9bfd3]::option::Option<()>)>
[INFO] [stdout]   15:     0x62349dc45e37 - <tokio[c52dbdc8abceb6a4]::runtime::scheduler::current_thread::CoreGuard>::block_on::<core[df12db4294e9bfd3]::pin::Pin<&mut core[df12db4294e9bfd3]::pin::Pin<&mut dyn core[df12db4294e9bfd3]::future::future::Future<Output = ()>>>>
[INFO] [stdout]   16:     0x62349dc3e83d - tokio[c52dbdc8abceb6a4]::runtime::context::runtime::enter_runtime::<<tokio[c52dbdc8abceb6a4]::runtime::scheduler::current_thread::CurrentThread>::block_on<core[df12db4294e9bfd3]::pin::Pin<&mut dyn core[df12db4294e9bfd3]::future::future::Future<Output = ()>>>::{closure#0}, ()>
[INFO] [stdout]   17:     0x62349dc459c5 - <tokio[c52dbdc8abceb6a4]::runtime::runtime::Runtime>::block_on::<core[df12db4294e9bfd3]::pin::Pin<&mut dyn core[df12db4294e9bfd3]::future::future::Future<Output = ()>>>
[INFO] [stdout]   18:     0x62349dc4c2cb - kona_sources[bd93e7a5b781292b]::runtime::loader::tests::test_online_runtime_loader
[INFO] [stdout]   19:     0x62349dc64b79 - <kona_sources[bd93e7a5b781292b]::runtime::loader::tests::test_online_runtime_loader::{closure#0} as core[df12db4294e9bfd3]::ops::function::FnOnce<()>>::call_once
[INFO] [stdout]   20:     0x62349dd6143b - test[9d35eded1c95d3be]::__rust_begin_short_backtrace::<core[df12db4294e9bfd3]::result::Result<(), alloc[2182bb758b4b3781]::string::String>, fn() -> core[df12db4294e9bfd3]::result::Result<(), alloc[2182bb758b4b3781]::string::String>>
[INFO] [stdout]   21:     0x62349dd6eaa5 - test[9d35eded1c95d3be]::run_test::{closure#0}
[INFO] [stdout]   22:     0x62349dd68364 - std[70759c8f55707aa4]::sys::backtrace::__rust_begin_short_backtrace::<test[9d35eded1c95d3be]::run_test::{closure#1}, ()>
[INFO] [stdout]   23:     0x62349dd71c02 - <std[70759c8f55707aa4]::thread::lifecycle::spawn_unchecked<test[9d35eded1c95d3be]::run_test::{closure#1}, ()>::{closure#1} as core[df12db4294e9bfd3]::ops::function::FnOnce<()>>::call_once::{shim:vtable#0}
[INFO] [stdout]   24:     0x62349e0cfb39 - <std[70759c8f55707aa4]::sys::thread::unix::Thread>::new::thread_start
[INFO] [stdout]   25:     0x76b74cf59dfa - <unknown>
[INFO] [stdout]   26:     0x76b74cfed3d4 - clone
[INFO] [stdout]   27:                0x0 - <unknown>
[INFO] [stdout] 
[INFO] [stdout] 
[INFO] [stdout] failures:
[INFO] [stdout]     runtime::loader::tests::test_online_runtime_loader
[INFO] [stdout] 
[INFO] [stdout] test result: FAILED. 1 passed; 1 failed; 0 ignored; 0 measured; 0 filtered out; finished in 0.11s
[INFO] [stdout] 
[INFO] [stderr] error: test failed, to rerun pass `--lib`
[INFO] running `Command { std: "docker" "inspect" "8f56236eb6682f8ba070a4ff9a6dba7ddc4f62bfcb40864dc603d94503d19145", kill_on_drop: false }`
[INFO] running `Command { std: "docker" "rm" "-f" "8f56236eb6682f8ba070a4ff9a6dba7ddc4f62bfcb40864dc603d94503d19145", kill_on_drop: false }`
[INFO] [stdout] 8f56236eb6682f8ba070a4ff9a6dba7ddc4f62bfcb40864dc603d94503d19145
