[INFO] fetching crate koelu 0.7.2...
[INFO] testing koelu-0.7.2 against 1.100.0-beta.1+cargoflags=--release for beta-release-1.100-2
[INFO] extracting crate koelu 0.7.2 into /workspace/builds/worker-6-tc2/source
[INFO] started tweaking crates.io crate koelu 0.7.2
[INFO] removed 0 missing tests
[INFO] finished tweaking crates.io crate koelu 0.7.2
[INFO] tweaked toml for crates.io crate koelu 0.7.2 written to /workspace/builds/worker-6-tc2/source/Cargo.toml
[INFO] validating manifest of crates.io crate koelu 0.7.2 on toolchain 1.100.0-beta.1
[INFO] running `Command { std: CARGO_HOME="/workspace/cargo-home" RUSTUP_HOME="/workspace/rustup-home" "/workspace/cargo-home/bin/cargo" "+1.100.0-beta.1" "metadata" "--manifest-path" "Cargo.toml" "--no-deps", kill_on_drop: false }`
[INFO] crate crates.io crate koelu 0.7.2 already has a lockfile, it will not be regenerated
[INFO] running `Command { std: CARGO_HOME="/workspace/cargo-home" RUSTUP_HOME="/workspace/rustup-home" "/workspace/cargo-home/bin/cargo" "+1.100.0-beta.1" "fetch" "--manifest-path" "Cargo.toml", kill_on_drop: false }`
[INFO] running `Command { std: "docker" "create" "-v" "/var/lib/crater-agent-workspace/builds/worker-6-tc2/source:/opt/rustwide/workdir:ro,Z" "-v" "/var/lib/crater-agent-workspace/builds/worker-6-tc2/target:/opt/rustwide/target:rw,Z" "-v" "/var/lib/crater-agent-workspace/cargo-home:/opt/rustwide/cargo-home:ro,Z" "-v" "/var/lib/crater-agent-workspace/rustup-home:/opt/rustwide/rustup-home:ro,Z" "-m" "1610612736" "--network" "none" "ghcr.io/rust-lang/crates-build-env/linux@sha256:77db811e55d90add9212f6832c23229e3de5f1c1f9905e8cb07319ea15df73ac" "sleep" "infinity", kill_on_drop: false }`
[INFO] [stdout] 1e250db87eaa255ea24ae4502a69d78e8cc3b3dc8e82785ffedc588a6b468940
[INFO] running `Command { std: "docker" "start" "1e250db87eaa255ea24ae4502a69d78e8cc3b3dc8e82785ffedc588a6b468940", kill_on_drop: false }`
[INFO] running `Command { std: "docker" "inspect" "1e250db87eaa255ea24ae4502a69d78e8cc3b3dc8e82785ffedc588a6b468940", kill_on_drop: false }`
[INFO] running `Command { std: "docker" "exec" "-e" "SOURCE_DIR=/opt/rustwide/workdir" "-e" "CARGO_HOME=/opt/rustwide/cargo-home" "-e" "RUSTUP_HOME=/opt/rustwide/rustup-home" "-e" "CARGO_TARGET_DIR=/opt/rustwide/target" "-w" "/opt/rustwide/workdir" "--user" "0:0" "1e250db87eaa255ea24ae4502a69d78e8cc3b3dc8e82785ffedc588a6b468940" "/opt/rustwide/cargo-home/bin/cargo" "+1.100.0-beta.1" "metadata" "--no-deps" "--format-version=1", kill_on_drop: false }`
[INFO] running `Command { std: "docker" "inspect" "1e250db87eaa255ea24ae4502a69d78e8cc3b3dc8e82785ffedc588a6b468940", kill_on_drop: false }`
[INFO] running `Command { std: "docker" "exec" "-e" "SOURCE_DIR=/opt/rustwide/workdir" "-e" "CARGO_HOME=/opt/rustwide/cargo-home" "-e" "RUSTUP_HOME=/opt/rustwide/rustup-home" "-e" "CARGO_TARGET_DIR=/opt/rustwide/target" "-e" "CARGO_INCREMENTAL=0" "-e" "RUST_BACKTRACE=full" "-e" "RUSTFLAGS=--cap-lints=warn" "-e" "RUSTDOCFLAGS=--cap-lints=warn" "-w" "/opt/rustwide/workdir" "--user" "0:0" "1e250db87eaa255ea24ae4502a69d78e8cc3b3dc8e82785ffedc588a6b468940" "/opt/rustwide/cargo-home/bin/cargo" "+1.100.0-beta.1" "build" "--frozen" "--message-format=json" "--release", kill_on_drop: false }`
[INFO] [stderr]    Compiling libc v0.2.189
[INFO] [stderr]    Compiling proc-macro2 v1.0.107
[INFO] [stderr]    Compiling unicode-ident v1.0.26
[INFO] [stderr]    Compiling serde_core v1.0.229
[INFO] [stderr]    Compiling version_check v0.9.5
[INFO] [stderr]    Compiling cfg-if v1.0.5
[INFO] [stderr]    Compiling quote v1.0.47
[INFO] [stderr]    Compiling typenum v1.20.1
[INFO] [stderr]    Compiling memchr v2.8.3
[INFO] [stderr]    Compiling find-msvc-tools v0.1.13
[INFO] [stderr]    Compiling utf8parse v0.2.2
[INFO] [stderr]    Compiling bitflags v2.13.2
[INFO] [stderr]    Compiling shlex v2.0.1
[INFO] [stderr]    Compiling getrandom v0.4.3
[INFO] [stderr]    Compiling rustix v1.1.5
[INFO] [stderr]    Compiling anstyle-query v1.1.5
[INFO] [stderr]    Compiling is_terminal_polyfill v1.70.2
[INFO] [stderr]    Compiling anstyle-parse v1.0.0
[INFO] [stderr]    Compiling zmij v1.0.23
[INFO] [stderr]    Compiling cfg_aliases v0.2.2
[INFO] [stderr]    Compiling anstyle v1.0.14
[INFO] [stderr]    Compiling colorchoice v1.0.5
[INFO] [stderr]    Compiling cc v1.4.7
[INFO] [stderr]    Compiling nix v0.30.1
[INFO] [stderr]    Compiling pulldown-cmark v0.13.4
[INFO] [stderr]    Compiling serde v1.0.229
[INFO] [stderr]    Compiling heck v0.5.0
[INFO] [stderr]    Compiling unicode-width v0.2.2
[INFO] [stderr]    Compiling winnow v1.0.4
[INFO] [stderr]    Compiling getrandom v0.3.4
[INFO] [stderr]    Compiling clap_lex v1.1.1
[INFO] [stderr]    Compiling generic-array v0.14.7
[INFO] [stderr]    Compiling regex-syntax v0.8.11
[INFO] [stderr]    Compiling strsim v0.11.1
[INFO] [stderr]    Compiling anyhow v1.0.104
[INFO] [stderr]    Compiling serde_json v1.0.151
[INFO] [stderr]    Compiling linux-raw-sys v0.12.1
[INFO] [stderr]    Compiling anstream v1.0.0
[INFO] [stderr]    Compiling aho-corasick v1.1.5
[INFO] [stderr]    Compiling clap_builder v4.6.7
[INFO] [stderr]    Compiling toml_parser v1.1.3+spec-1.1.0
[INFO] [stderr]    Compiling getopts v0.2.24
[INFO] [stderr]    Compiling fastrand v2.5.0
[INFO] [stderr]    Compiling cpufeatures v0.2.17
[INFO] [stderr]    Compiling itoa v1.0.18
[INFO] [stderr]    Compiling once_cell v1.21.4
[INFO] [stderr]    Compiling toml_writer v1.1.2+spec-1.1.0
[INFO] [stderr]    Compiling pulldown-cmark-escape v0.11.0
[INFO] [stderr]    Compiling untrusted v0.9.0
[INFO] [stderr]    Compiling unicase v2.9.0
[INFO] [stderr]    Compiling base64 v0.22.1
[INFO] [stderr]    Compiling latex2mathml v0.2.3
[INFO] [stderr]    Compiling crypto-common v0.1.7
[INFO] [stderr]    Compiling block-buffer v0.10.4
[INFO] [stderr]    Compiling syn v3.0.6
[INFO] [stderr]    Compiling digest v0.10.7
[INFO] [stderr]    Compiling sha2 v0.10.9
[INFO] [stderr]    Compiling ring v0.17.14
[INFO] [stderr]    Compiling getrandom v0.2.17
[INFO] [stderr]    Compiling regex-automata v0.4.18
[INFO] [stderr]    Compiling tempfile v3.27.0
[INFO] [stderr]    Compiling toml_datetime v1.1.1+spec-1.1.0
[INFO] [stderr]    Compiling serde_spanned v1.1.1
[INFO] [stderr]    Compiling toml v1.1.6+spec-1.1.0
[INFO] [stderr]    Compiling clap_derive v4.6.7
[INFO] [stderr]    Compiling serde_derive v1.0.229
[INFO] [stderr]    Compiling regex v1.13.1
[INFO] [stderr]    Compiling clap v4.6.7
[INFO] [stderr]    Compiling koelu v0.7.2 (/opt/rustwide/workdir)
[INFO] [stderr]     Finished `release` profile [optimized] target(s) in 1m 59s
[INFO] running `Command { std: "docker" "inspect" "1e250db87eaa255ea24ae4502a69d78e8cc3b3dc8e82785ffedc588a6b468940", kill_on_drop: false }`
[INFO] running `Command { std: "docker" "exec" "-e" "SOURCE_DIR=/opt/rustwide/workdir" "-e" "CARGO_HOME=/opt/rustwide/cargo-home" "-e" "RUSTUP_HOME=/opt/rustwide/rustup-home" "-e" "CARGO_TARGET_DIR=/opt/rustwide/target" "-e" "CARGO_INCREMENTAL=0" "-e" "RUST_BACKTRACE=full" "-e" "RUSTFLAGS=--cap-lints=warn" "-e" "RUSTDOCFLAGS=--cap-lints=warn" "-w" "/opt/rustwide/workdir" "--user" "0:0" "1e250db87eaa255ea24ae4502a69d78e8cc3b3dc8e82785ffedc588a6b468940" "/opt/rustwide/cargo-home/bin/cargo" "+1.100.0-beta.1" "test" "--frozen" "--no-run" "--message-format=json" "--release", kill_on_drop: false }`
[INFO] [stderr]    Compiling koelu v0.7.2 (/opt/rustwide/workdir)
[INFO] [stderr]     Finished `release` profile [optimized] target(s) in 2m 07s
[INFO] running `Command { std: "docker" "inspect" "1e250db87eaa255ea24ae4502a69d78e8cc3b3dc8e82785ffedc588a6b468940", kill_on_drop: false }`
[INFO] running `Command { std: "docker" "exec" "-e" "SOURCE_DIR=/opt/rustwide/workdir" "-e" "CARGO_HOME=/opt/rustwide/cargo-home" "-e" "RUSTUP_HOME=/opt/rustwide/rustup-home" "-e" "CARGO_TARGET_DIR=/opt/rustwide/target" "-e" "CARGO_INCREMENTAL=0" "-e" "RUST_BACKTRACE=full" "-e" "RUSTFLAGS=--cap-lints=warn" "-e" "RUSTDOCFLAGS=--cap-lints=warn" "-w" "/opt/rustwide/workdir" "--user" "0:0" "1e250db87eaa255ea24ae4502a69d78e8cc3b3dc8e82785ffedc588a6b468940" "/opt/rustwide/cargo-home/bin/cargo" "+1.100.0-beta.1" "test" "--frozen" "--release", kill_on_drop: false }`
[INFO] [stderr]     Finished `release` profile [optimized] target(s) in 0.16s
[INFO] [stderr]      Running unittests src/lib.rs (/opt/rustwide/target/release/build/koelu/fbbb3ed4ea2653b2/out/koelu-fbbb3ed4ea2653b2)
[INFO] [stdout] 
[INFO] [stdout] running 176 tests
[INFO] [stdout] test agent::evaluate::tests::missing_or_non_utf8_responses_are_rejected ... ok
[INFO] [stdout] test agent::context::tests::reserves_browser_for_the_sandboxed_playwright_command ... ok
[INFO] [stdout] test agent::harness::tests::command_splitter_preserves_empty_arguments_and_rejects_unfinished_input ... ok
[INFO] [stdout] test agent::harness::tests::command_usage_accepts_plain_and_structured_output ... ok
[INFO] [stdout] test agent::harness::tests::provider_usage_rejects_overflow_before_recording_it ... ok
[INFO] [stdout] test agent::laya::tests::accepts_only_confident_bounded_choices ... ok
[INFO] [stdout] test agent::laya::tests::laya_curl_bypasses_inherited_proxies ... ok
[INFO] [stdout] test agent::process::tests::cancelled_process_never_starts ... ok
[INFO] [stdout] test agent::evaluate::tests::structured_response_file_has_a_fixed_limit ... ok
[INFO] [stdout] test agent::harness::tests::huggingface_model_ids_are_bounded_and_explicit ... ok
[INFO] [stdout] test agent::harness::tests::command_paths_and_gemini_forwarding_are_explicit ... ok
[INFO] [stdout] test agent::context::tests::rejects_invalid_configuration_without_executing_it ... ok
[INFO] [stdout] test agent::context::tests::loads_bounded_guidance_and_explicit_mcp ... ok
[INFO] [stdout] test agent::routing::tests::failed_checks_and_incomplete_diffs_need_a_deep_review ... ok
[INFO] [stdout] test agent::process::tests::output_decode_preserves_valid_and_replaces_malformed_utf8 ... ok
[INFO] [stdout] test agent::routing::tests::each_tier_uses_its_place_in_the_model_list ... ok
[INFO] [stdout] test agent::routing::tests::model_choices_preserve_requested_order ... ok
[INFO] [stdout] test agent::session::tests::memory_is_bounded_and_invalid_questions_fail ... ok
[INFO] [stdout] test agent::tests::token_totals_do_not_wrap ... ok
[INFO] [stdout] test agent::tests::exact_budget_stops_the_next_call ... ok
[INFO] [stdout] test agent::routing::tests::model_lists_have_count_and_text_limits ... ok
[INFO] [stdout] test agent::tests::missing_total_cannot_bypass_a_budget ... ok
[INFO] [stdout] test agent::tests::usage_budget_fails_closed ... ok
[INFO] [stdout] test cli::code::tests::browser_flag_selects_the_configured_server_once ... ok
[INFO] [stdout] test agent::tests::the_largest_budget_still_rejects_an_overflow ... ok
[INFO] [stdout] test cli::code::tests::browser_is_never_selected_implicitly ... ok
[INFO] [stdout] test agent::routing::tests::explicit_model_wins_and_invalid_choices_fail ... ok
[INFO] [stdout] test agent::process::tests::unsafe_environment_values_are_removed ... ok
[INFO] [stdout] test cli::code::tests::code_accepts_the_hidden_pinned_start_revision ... ok
[INFO] [stdout] test cli::code::tests::deduplication_preserves_first_seen_order ... ok
[INFO] [stdout] test delivery::git::tests::network_auth_is_ephemeral_and_limited_to_github_https ... ok
[INFO] [stdout] test cli::code::tests::project_check_inference_avoids_the_posix_test_command ... ok
[INFO] [stdout] test delivery::benchmark::tests::table_driven_comparisons_cover_pass_regression_noise_and_shape ... ok
[INFO] [stdout] test delivery::git::tests::pinned_base_reference_parser_fails_closed ... ok
[INFO] [stdout] test delivery::quality::tests::blockers_validate_shape_without_rechecking_execution_evidence ... ok
[INFO] [stdout] test cli::tests::json_failures_share_one_bounded_contract ... ok
[INFO] [stdout] test cli::tests::cli_matrix_covers_human_commands_and_help_without_help_subcommands ... ok
[INFO] [stdout] test delivery::benchmark::tests::table_driven_metric_parser_rejects_invalid_values ... ok
[INFO] [stdout] test cli::tests::parser_accepts_agent_hierarchy_and_dependasolve_check_aliases ... ok
[INFO] [stdout] test agent::harness::tests::command_splitter_preserves_quoted_arguments ... ok
[INFO] [stdout] test agent::routing::tests::questions_about_fixes_do_not_request_edits ... ok
[INFO] [stdout] test cli::tests::setup_requires_explicit_consent_for_json_output ... ok
[INFO] [stdout] test delivery::evidence::tests::snapshot_uses_safe_workspace_descriptors ... ok
[INFO] [stdout] test delivery::quality::tests::plan_requires_complete_task_coverage ... ok
[INFO] [stdout] test delivery::quality::tests::relative_paths_reject_roots_globs_and_git ... ok
[INFO] [stdout] test delivery::run::tests::benchmark_model_routing ... ignored, run explicitly to measure routing without model inference
[INFO] [stdout] test delivery::quality::tests::supplied_plan_cannot_bypass_model_choice_bounds ... ok
[INFO] [stdout] test delivery::quality::tests::fixed_acceptance_specs_preserve_the_plan_and_refuse_extra_prompts ... ok
[INFO] [stdout] test delivery::retained::tests::retained_state_and_budget_validation_are_table_driven ... ok
[INFO] [stdout] test delivery::tests::hosted_auth_is_bound_and_never_part_of_config ... ok
[INFO] [stdout] test delivery::quality::tests::fixed_checks_cover_every_criterion ... ok
[INFO] [stdout] test delivery::quality::tests::json_spec_rejects_unknown_fields ... ok
[INFO] [stdout] test delivery::run::tests::model_choices_drive_tasks_and_retries_even_with_a_planner_model ... ok
[INFO] [stdout] test agent::process::tests::process_preserves_input_streams_and_exit_status ... ok
[INFO] [stdout] test delivery::tests::command_parser_and_tail_cover_quotes_unicode_and_limits ... ok
[INFO] [stdout] test delivery::tests::hosted_delivery_refuses_protected_paths ... ok
[INFO] [stdout] test delivery::tests::repository_remote_parser_covers_supported_and_rejected_forms ... ok
[INFO] [stdout] test delivery::quality::tests::plan_schema_requires_model_indices_only_when_choices_exist ... ok
[INFO] [stdout] test delivery::quality::tests::scope_accepts_files_below_declared_directories ... ok
[INFO] [stdout] test github::apps::tests::app_permissions_reserve_write_access_for_approved_delivery ... ok
[INFO] [stdout] test github::apps::tests::app_identity_matches_public_lookup_without_visibility_field ... ok
[INFO] [stdout] test github::apps::tests::browser_command_rebuilds_a_safe_environment ... ok
[INFO] [stdout] test github::auth::tests::app_credentials_and_api_values_fail_closed ... ok
[INFO] [stdout] test delivery::retained::tests::report_escapes_untrusted_content_and_hides_diff_when_requested ... ok
[INFO] [stdout] test github::mentions::providers::tests::live_openrouter_route_follows_an_exact_reply_request ... ignored, requires KOELU_OPENROUTER_API_KEY and a live free endpoint
[INFO] [stdout] test github::auth::tests::app_jwt_contract_is_compact_and_time_bounded ... ok
[INFO] [stdout] test github::mentions::providers::tests::routes_supported_providers_and_validates_identifiers ... ok
[INFO] [stdout] test github::mentions::providers::xai::tests::extracts_only_output_text ... ok
[INFO] [stdout] test github::mentions::tests::classifies_writes_and_approval_syntax_conservatively ... ok
[INFO] [stdout] test github::mentions::providers::tests::ranks_models_and_keeps_answers_strict ... ok
[INFO] [stdout] test github::mentions::comments::tests::inline_mentions_are_bound_to_the_repository_pull_and_author ... ok
[INFO] [stdout] test github::mentions::providers::http::tests::classifies_bounded_http_results_without_exposing_bodies ... ok
[INFO] [stdout] test github::mentions::tests::keeps_conversation_evidence_in_chronological_order ... ok
[INFO] [stdout] test github::mentions::tests::parser_and_sanitizer_handle_the_mention_boundary ... ok
[INFO] [stdout] test github::mentions::tests::selects_native_or_hosted_mentions_without_probe_side_effects ... ok
[INFO] [stdout] test github::mentions::tests::latest_comment_page_keeps_large_threads_bounded ... ok
[INFO] [stdout] test github::mentions::writes::tests::approval_boundary_rejects_changed_or_incomplete_evidence ... ok
[INFO] [stdout] test delivery::tests::pull_request_body_keeps_hostile_evidence_inert_and_bounded ... ok
[INFO] [stdout] test github::mentions::writes::tests::approval_scan_finds_old_proposals_and_stops_claimed_dispatches ... ok
[INFO] [stdout] test github::reviews::autofix::tests::repairs_recognise_failed_statuses_and_leave_unfinished_checks_alone ... ok
[INFO] [stdout] test github::mentions::writes::tests::write_markers_are_bound_and_idempotent ... ok
[INFO] [stdout] test github::auth::tests::app_transport_uses_bearer_without_exposing_the_jwt ... ok
[INFO] [stdout] test github::reviews::autofix::tests::repair_requires_the_whole_dependency_diff ... ok
[INFO] [stdout] test github::reviews::evidence::tests::release_pr_identity_is_limited_to_the_koelu_release_branch ... ok
[INFO] [stdout] test github::reviews::evidence::tests::table_driven_compatibility_and_sha_validation ... ok
[INFO] [stdout] test github::reviews::evidence::tests::mention_diff_budget_preserves_partial_unicode_without_claiming_a_full_diff ... ok
[INFO] [stdout] test github::reviews::evidence::tests::patch_evidence_fails_closed_when_the_diff_is_absent_or_incomplete ... ok
[INFO] [stdout] test github::reviews::evidence::tests::dependabot_metadata_is_trusted_only_for_one_verified_bot_bump ... ok
[INFO] [stdout] test github::reviews::model::tests::fixed_review_routes_keep_their_matching_diff_budget ... ok
[INFO] [stdout] test github::reviews::model::tests::risk_values_are_strict_and_uppercase ... ok
[INFO] [stdout] test github::reviews::model::tests::review_summary_does_not_require_a_canned_prefix ... ok
[INFO] [stdout] test delivery::evidence::tests::credential_scan_is_bounded_and_never_follows_symlinks ... ok
[INFO] [stdout] test github::reviews::evidence::tests::table_driven_dependabot_subject_classification_is_fail_closed ... ok
[INFO] [stdout] test github::auth::tests::installation_selection_is_bounded_and_rotates ... ok
[INFO] [stdout] test github::mentions::writes::tests::claimed_approval_boundary_accepts_only_the_winning_unfinished_claim ... ok
[INFO] [stdout] test github::reviews::autofix::tests::blockers_and_scope_distinguish_failed_checks_from_pending_checks ... ok
[INFO] [stdout] test github::reviews::presentation::tests::dependency_approval_requires_trusted_update_metadata_and_protection ... ok
[INFO] [stdout] test github::reviews::presentation::tests::dependency_path_gate_does_not_change_regular_reviews ... ok
[INFO] [stdout] test github::reviews::presentation::tests::protection_requires_admin_enforcement_and_strict_checks ... ok
[INFO] [stdout] test github::reviews::presentation::tests::stale_and_conflicted_release_prs_cannot_be_approved ... ok
[INFO] [stdout] test github::reviews::presentation::tests::render_leads_with_findings_and_keeps_files_and_checks_in_details ... ok
[INFO] [stdout] test github::mentions::providers::openai::tests::request_shape_matches_each_provider_capability ... ok
[INFO] [stdout] test github::reviews::repair::tests::eligibility_uses_a_compact_case_table ... ok
[INFO] [stdout] test github::mentions::providers::openai::tests::rejects_empty_truncated_and_invalid_answers ... ok
[INFO] [stdout] test github::reviews::repair::tests::specification_has_fixed_scope_and_acceptance ... ok
[INFO] [stdout] test github::reviews::tests::failed_review_never_dismisses_an_existing_approval ... ok
[INFO] [stdout] test github::reviews::tests::percent_encoding_is_path_safe ... ok
[INFO] [stdout] test github::service::mentions::tests::hosted_writes_use_progressive_checkpoints ... ok
[INFO] [stdout] test github::service::reviews::tests::reviews_include_external_contributors_and_keep_repairs_in_the_base_repo ... ok
[INFO] [stdout] test github::service::reviews::tests::solver_source_is_an_explicit_trusted_commit ... ok
[INFO] [stdout] test github::service::mentions::tests::stale_claim_selection_is_leased_and_winner_bound ... ok
[INFO] [stdout] test github::mentions::providers::http::tests::curl_stays_on_fixed_https_requests ... ok
[INFO] [stdout] test github::reviews::presentation::tests::rendering_neutralises_mentions_and_hidden_markers ... ok
[INFO] [stdout] test github::service::tests::direct_comment_requires_a_complete_positive_target ... ok
[INFO] [stdout] test github::reviews::presentation::tests::repair_handoff_distinguishes_waiting_from_replacement_work ... ok
[INFO] [stdout] test github::service::mentions::tests::central_sweep_accepts_only_canonical_issue_urls ... ok
[INFO] [stdout] test github::service::tests::direct_pull_requires_a_complete_positive_target ... ok
[INFO] [stdout] test github::service::tokens::tests::service_token_validation_is_bounded ... ok
[INFO] [stdout] test agent::process::tests::active_process_stops_when_cancellation_appears ... ok
[INFO] [stdout] test github::service::mentions::tests::cursor_memory_survives_another_installation_and_has_a_recent_window_fallback ... ok
[INFO] [stdout] test github::setup::consent::tests::agreement_validation_is_table_driven ... ok
[INFO] [stdout] test github::setup::consent::tests::automatic_repair_needs_the_administrators_signed_opt_in ... ok
[INFO] [stdout] test github::reviews::presentation::tests::dependency_paths_allow_manifests_and_reject_source ... ok
[INFO] [stdout] test github::reviews::repair::tests::snapshot_validation_rejects_invalid_or_changed_snapshots ... ok
[INFO] [stdout] test github::setup::consent::tests::consent_receipt_requires_exact_authenticated_evidence ... ok
[INFO] [stdout] test github::service::mentions::tests::dispatch_claims_choose_the_first_bot_marker_and_terminal_errors_are_bounded ... ok
[INFO] [stdout] test github::reviews::repair::tests::output_rejection_covers_existing_and_symlink_paths ... ok
[INFO] [stdout] test github::service::tokens::tests::built_in_app_credentials_are_resolved_as_one_complete_source ... ok
[INFO] [stdout] test github::setup::tests::configured_checks_are_validated_without_dropping_entries ... ok
[INFO] [stdout] test github::service::tokens::tests::service_identity_inputs_are_strict ... ok
[INFO] [stdout] test github::setup::files::tests::generated_toml_preserves_consent_and_quoted_check_names ... ok
[INFO] [stdout] test github::setup::files::tests::setup_text_validation_is_table_driven ... ok
[INFO] [stdout] test github::service::tests::service_boundaries_are_narrow_and_cross_owner ... ok
[INFO] [stdout] test github::setup::tests::latest_source_response_is_strict_and_immutable ... ok
[INFO] [stdout] test github::setup::tests::repository_matching_is_case_insensitive_but_exact ... ok
[INFO] [stdout] test github::setup::tests::source_reference_table_covers_repository_and_commit_edges ... ok
[INFO] [stdout] test github::setup::tests::setup_response_parsing_is_bounded_and_unambiguous ... ok
[INFO] [stdout] test github::service::tokens::tests::app_private_key_file_must_be_small_private_and_regular ... ok
[INFO] [stdout] test github::tests::api_pages_preserve_nested_rows_in_response_order ... ok
[INFO] [stdout] test github::tests::cursor_stops_fetching_after_the_first_seen_comment ... ok
[INFO] [stdout] test github::tests::api_pages_reject_missing_or_malformed_arrays ... ok
[INFO] [stdout] test github::tests::cancellable_authenticated_requests_require_an_installation_token ... ok
[INFO] [stdout] test github::setup::tests::central_configuration_keeps_credentials_out_of_target_repositories ... ok
[INFO] [stdout] test github::setup::files::tests::existing_configuration_is_reused_only_when_it_is_parseable ... ok
[INFO] [stdout] test github::tests::github_environment_keeps_only_authorisation ... ok
[INFO] [stdout] test github::tests::comment_backlogs_cross_pages_without_skipping_unseen_mentions ... ok
[INFO] [stdout] test github::tests::complete_sweeps_refuse_a_partial_backlog ... ok
[INFO] [stdout] test delivery::retained::tests::cancellation_projection_is_immediate_without_rewriting_status ... ok
[INFO] [stdout] test runs::tests::validates_opaque_run_ids ... ok
[INFO] [stdout] test ui::tests::base64_padding_is_table_driven ... ok
[INFO] [stdout] test github::tests::reply_windows_keep_the_newest_page_in_conversation_order ... ok
[INFO] [stdout] test github::tests::repository_validation_uses_a_compact_case_table ... ok
[INFO] [stdout] test github::tests::github_failures_are_classified_without_echoing_stderr ... ok
[INFO] [stdout] test runs::tests::selects_override_without_mutating_process_environment ... ok
[INFO] [stdout] test ui::tests::final_progress_stages_are_immediate_and_closed ... ok
[INFO] [stdout] test github::tests::malformed_comments_and_fetch_failures_do_not_return_partial_results ... ok
[INFO] [stdout] test ui::tests::decoding_phases_replace_every_unsettled_position ... ok
[INFO] [stdout] test ui::tests::json_success_documents_share_one_envelope ... ok
[INFO] [stdout] test ui::tests::report_disclosures_render_with_safe_summary_text ... ok
[INFO] [stdout] test ui::tests::progress_worker_joins_and_noninteractive_modes_stay_instant ... ok
[INFO] [stdout] test ui::tests::report_renders_rich_markdown_and_escapes_raw_html ... ok
[INFO] [stdout] test ui::tests::terminal_markup_supports_emphasis_and_underline ... ok
[INFO] [stdout] test ui::tests::typing_boundaries_keep_unicode_scalars_intact ... ok
[INFO] [stdout] test github::setup::files::tests::generated_configuration_overwrites_by_default_and_can_be_protected ... ok
[INFO] [stdout] test ui::tests::unsafe_links_and_embedded_media_are_neutralised ... ok
[INFO] [stdout] test github::setup::files::tests::generated_dependabot_config_covers_root_and_workspace_manifests ... ok
[INFO] [stdout] test ui::tests::report_write_cleans_temporary_file_when_replacement_fails ... ok
[INFO] [stdout] test ui::tests::report_write_replaces_destination_without_orphaning_temporary_file ... ok
[INFO] [stderr] bash: line 10: jq: command not found
[INFO] [stderr] bash: line 20: jq: command not found
[INFO] [stdout] test github::setup::tests::review_preflight_accepts_forks_without_granting_dependabot_repair_access ... FAILED
[INFO] [stdout] test github::setup::tests::workflow_completions_review_only_the_associated_pull_request ... FAILED
[INFO] [stdout] test runs::tests::bounds_retained_run_listing ... ok
[INFO] [stdout] test runs::tests::writes_lists_and_cancels_runs ... ok
[INFO] [stdout] test agent::process::tests::combined_output_accepts_the_limit_and_rejects_overflow ... ok
[INFO] [stdout] test github::auth::tests::app_jwt_signs_with_a_real_ephemeral_rsa_key ... ok
[INFO] [stdout] test agent::process::tests::stalled_process_exceeds_its_timeout ... ok
[INFO] [stdout] test ui::tests::report_theme_matrix_renders_complete_self_contained_documents ... ok
[INFO] [stdout] 
[INFO] [stdout] failures:
[INFO] [stdout] 
[INFO] [stdout] ---- github::setup::tests::review_preflight_accepts_forks_without_granting_dependabot_repair_access stdout ----
[INFO] [stdout] 
[INFO] [stdout] thread 'github::setup::tests::review_preflight_accepts_forks_without_granting_dependabot_repair_access' (1935) panicked at src/github/setup/mod.rs:731:13:
[INFO] [stdout] assertion `left == right` failed: contributor: contributor/fork
[INFO] [stdout]   left: false
[INFO] [stdout]  right: true
[INFO] [stdout] stack backtrace:
[INFO] [stdout]    0:     0x5e6c1572abe6 - <unknown>
[INFO] [stdout]    1:     0x5e6c1534224a - <unknown>
[INFO] [stdout]    2:     0x5e6c15730f3c - <unknown>
[INFO] [stdout]    3:     0x5e6c15702cd2 - <unknown>
[INFO] [stdout]    4:     0x5e6c15720eb1 - <unknown>
[INFO] [stdout]    5:     0x5e6c15721092 - <unknown>
[INFO] [stdout]    6:     0x5e6c15702d82 - <unknown>
[INFO] [stdout]    7:     0x5e6c156fb1d9 - <unknown>
[INFO] [stdout]    8:     0x5e6c157040ad - <unknown>
[INFO] [stdout]    9:     0x5e6c153429ac - <unknown>
[INFO] [stdout]   10:     0x5e6c15342923 - <unknown>
[INFO] [stdout]   11:     0x5e6c1537fe7b - <unknown>
[INFO] [stdout]   12:     0x5e6c155dac99 - <unknown>
[INFO] [stdout]   13:     0x5e6c1573589b - <unknown>
[INFO] [stdout]   14:     0x5e6c15743744 - <unknown>
[INFO] [stdout]   15:     0x5e6c1573ce74 - <unknown>
[INFO] [stdout]   16:     0x5e6c15747502 - <unknown>
[INFO] [stdout]   17:     0x5e6c157299f4 - <unknown>
[INFO] [stdout]   18:     0x758590271dfa - <unknown>
[INFO] [stdout]   19:     0x7585903053d4 - clone
[INFO] [stdout]   20:                0x0 - <unknown>
[INFO] [stdout] 
[INFO] [stdout] ---- github::setup::tests::workflow_completions_review_only_the_associated_pull_request stdout ----
[INFO] [stdout] 
[INFO] [stdout] thread 'github::setup::tests::workflow_completions_review_only_the_associated_pull_request' (1938) panicked at src/github/setup/mod.rs:793:13:
[INFO] [stdout] workflow_run: 7
[INFO] [stdout] stack backtrace:
[INFO] [stdout]    0:     0x5e6c1572abe6 - <unknown>
[INFO] [stdout]    1:     0x5e6c1534224a - <unknown>
[INFO] [stdout]    2:     0x5e6c15730f3c - <unknown>
[INFO] [stdout]    3:     0x5e6c15702cd2 - <unknown>
[INFO] [stdout]    4:     0x5e6c15720eb1 - <unknown>
[INFO] [stdout]    5:     0x5e6c15721092 - <unknown>
[INFO] [stdout]    6:     0x5e6c15702d82 - <unknown>
[INFO] [stdout]    7:     0x5e6c156fb1d9 - <unknown>
[INFO] [stdout]    8:     0x5e6c157040ad - <unknown>
[INFO] [stdout]    9:     0x5e6c153429ac - <unknown>
[INFO] [stdout]   10:     0x5e6c155d78df - <unknown>
[INFO] [stdout]   11:     0x5e6c1573589b - <unknown>
[INFO] [stdout]   12:     0x5e6c15743744 - <unknown>
[INFO] [stdout]   13:     0x5e6c1573ce74 - <unknown>
[INFO] [stdout]   14:     0x5e6c15747502 - <unknown>
[INFO] [stdout]   15:     0x5e6c157299f4 - <unknown>
[INFO] [stdout]   16:     0x758590271dfa - <unknown>
[INFO] [stdout]   17:     0x7585903053d4 - clone
[INFO] [stdout]   18:                0x0 - <unknown>
[INFO] [stdout] 
[INFO] [stdout] 
[INFO] [stdout] failures:
[INFO] [stdout]     github::setup::tests::review_preflight_accepts_forks_without_granting_dependabot_repair_access
[INFO] [stdout]     github::setup::tests::workflow_completions_review_only_the_associated_pull_request
[INFO] [stdout] 
[INFO] [stdout] test result: FAILED. 172 passed; 2 failed; 2 ignored; 0 measured; 0 filtered out; finished in 0.24s
[INFO] [stdout] 
[INFO] [stderr] error: test failed, to rerun pass `--lib`
[INFO] running `Command { std: "docker" "inspect" "1e250db87eaa255ea24ae4502a69d78e8cc3b3dc8e82785ffedc588a6b468940", kill_on_drop: false }`
[INFO] running `Command { std: "docker" "rm" "-f" "1e250db87eaa255ea24ae4502a69d78e8cc3b3dc8e82785ffedc588a6b468940", kill_on_drop: false }`
[INFO] [stdout] 1e250db87eaa255ea24ae4502a69d78e8cc3b3dc8e82785ffedc588a6b468940
