[INFO] fetching crate kobe 4.0.0...
[INFO] testing kobe-4.0.0 against 1.100.0-beta.1+cargoflags=--release for beta-release-1.100-2
[INFO] extracting crate kobe 4.0.0 into /workspace/builds/worker-3-tc2/source
[INFO] started tweaking crates.io crate kobe 4.0.0
[INFO] removed 0 missing tests
[INFO] finished tweaking crates.io crate kobe 4.0.0
[INFO] tweaked toml for crates.io crate kobe 4.0.0 written to /workspace/builds/worker-3-tc2/source/Cargo.toml
[INFO] validating manifest of crates.io crate kobe 4.0.0 on toolchain 1.100.0-beta.1
[INFO] running `Command { std: CARGO_HOME="/workspace/cargo-home" RUSTUP_HOME="/workspace/rustup-home" "/workspace/cargo-home/bin/cargo" "+1.100.0-beta.1" "metadata" "--manifest-path" "Cargo.toml" "--no-deps", kill_on_drop: false }`
[INFO] crate crates.io crate kobe 4.0.0 already has a lockfile, it will not be regenerated
[INFO] running `Command { std: CARGO_HOME="/workspace/cargo-home" RUSTUP_HOME="/workspace/rustup-home" "/workspace/cargo-home/bin/cargo" "+1.100.0-beta.1" "fetch" "--manifest-path" "Cargo.toml", kill_on_drop: false }`
[INFO] [stderr] warning: `package.homepage` is redundant with `package.repository`
[INFO] [stderr]    --> Cargo.toml:284:12
[INFO] [stderr]     |
[INFO] [stderr] 284 | homepage = "https://github.com/qntx/kobe"
[INFO] [stderr]     |            ^^^^^^^^^^^^^^^^^^^^^^^^^^^^^^
[INFO] [stderr] ...
[INFO] [stderr] 289 | repository = "https://github.com/qntx/kobe"
[INFO] [stderr]     |              ------------------------------
[INFO] [stderr]     |
[INFO] [stderr]     = note: `cargo::redundant_homepage` is set to `warn` by default
[INFO] [stderr] help: consider removing `package.homepage`
[INFO] [stderr] warning: `kobe` (manifest) generated 1 warning
[INFO] running `Command { std: "docker" "create" "-v" "/var/lib/crater-agent-workspace/builds/worker-3-tc2/source:/opt/rustwide/workdir:ro,Z" "-v" "/var/lib/crater-agent-workspace/builds/worker-3-tc2/target:/opt/rustwide/target:rw,Z" "-v" "/var/lib/crater-agent-workspace/cargo-home:/opt/rustwide/cargo-home:ro,Z" "-v" "/var/lib/crater-agent-workspace/rustup-home:/opt/rustwide/rustup-home:ro,Z" "-m" "1610612736" "--network" "none" "ghcr.io/rust-lang/crates-build-env/linux@sha256:77db811e55d90add9212f6832c23229e3de5f1c1f9905e8cb07319ea15df73ac" "sleep" "infinity", kill_on_drop: false }`
[INFO] [stdout] c9afe3a18b7367e46940e3f5bb129715de0857bb1c4219d44b013270875f4420
[INFO] running `Command { std: "docker" "start" "c9afe3a18b7367e46940e3f5bb129715de0857bb1c4219d44b013270875f4420", kill_on_drop: false }`
[INFO] running `Command { std: "docker" "inspect" "c9afe3a18b7367e46940e3f5bb129715de0857bb1c4219d44b013270875f4420", kill_on_drop: false }`
[INFO] running `Command { std: "docker" "exec" "-e" "SOURCE_DIR=/opt/rustwide/workdir" "-e" "CARGO_HOME=/opt/rustwide/cargo-home" "-e" "RUSTUP_HOME=/opt/rustwide/rustup-home" "-e" "CARGO_TARGET_DIR=/opt/rustwide/target" "-w" "/opt/rustwide/workdir" "--user" "0:0" "c9afe3a18b7367e46940e3f5bb129715de0857bb1c4219d44b013270875f4420" "/opt/rustwide/cargo-home/bin/cargo" "+1.100.0-beta.1" "metadata" "--no-deps" "--format-version=1", kill_on_drop: false }`
[INFO] running `Command { std: "docker" "inspect" "c9afe3a18b7367e46940e3f5bb129715de0857bb1c4219d44b013270875f4420", kill_on_drop: false }`
[INFO] running `Command { std: "docker" "exec" "-e" "SOURCE_DIR=/opt/rustwide/workdir" "-e" "CARGO_HOME=/opt/rustwide/cargo-home" "-e" "RUSTUP_HOME=/opt/rustwide/rustup-home" "-e" "CARGO_TARGET_DIR=/opt/rustwide/target" "-e" "CARGO_INCREMENTAL=0" "-e" "RUST_BACKTRACE=full" "-e" "RUSTFLAGS=--cap-lints=warn" "-e" "RUSTDOCFLAGS=--cap-lints=warn" "-w" "/opt/rustwide/workdir" "--user" "0:0" "c9afe3a18b7367e46940e3f5bb129715de0857bb1c4219d44b013270875f4420" "/opt/rustwide/cargo-home/bin/cargo" "+1.100.0-beta.1" "build" "--frozen" "--message-format=json" "--release", kill_on_drop: false }`
[INFO] [stderr] warning: `package.homepage` is redundant with `package.repository`
[INFO] [stderr]    --> Cargo.toml:284:12
[INFO] [stderr]     |
[INFO] [stderr] 284 | homepage = "https://github.com/qntx/kobe"
[INFO] [stderr]     |            ^^^^^^^^^^^^^^^^^^^^^^^^^^^^^^
[INFO] [stderr] ...
[INFO] [stderr] 289 | repository = "https://github.com/qntx/kobe"
[INFO] [stderr]     |              ------------------------------
[INFO] [stderr]     |
[INFO] [stderr]     = note: `cargo::redundant_homepage` is set to `warn` by default
[INFO] [stderr] help: consider removing `package.homepage`
[INFO] [stderr] warning: `kobe` (manifest) generated 1 warning
[INFO] [stderr]    Compiling serde v1.0.229
[INFO] [stderr]    Compiling arrayvec v0.7.8
[INFO] [stderr]    Compiling thiserror v2.0.21
[INFO] [stderr]    Compiling hex v0.4.3
[INFO] [stderr]    Compiling tinyvec v1.12.0
[INFO] [stderr]    Compiling syn v3.0.3
[INFO] [stderr]    Compiling zeroize_derive v1.5.0
[INFO] [stderr]    Compiling hex-conservative v0.2.2
[INFO] [stderr]    Compiling zeroize v1.9.0
[INFO] [stderr]    Compiling bitcoin_hashes v0.14.101
[INFO] [stderr]    Compiling unicode-normalization v0.1.25
[INFO] [stderr]    Compiling bip39 v3.0.0
[INFO] [stderr]    Compiling thiserror-impl v2.0.21
[INFO] [stderr]    Compiling kobe-core v4.0.0
[INFO] [stderr]    Compiling kobe v4.0.0 (/opt/rustwide/workdir)
[INFO] [stderr]     Finished `release` profile [optimized] target(s) in 12.75s
[INFO] running `Command { std: "docker" "inspect" "c9afe3a18b7367e46940e3f5bb129715de0857bb1c4219d44b013270875f4420", kill_on_drop: false }`
[INFO] running `Command { std: "docker" "exec" "-e" "SOURCE_DIR=/opt/rustwide/workdir" "-e" "CARGO_HOME=/opt/rustwide/cargo-home" "-e" "RUSTUP_HOME=/opt/rustwide/rustup-home" "-e" "CARGO_TARGET_DIR=/opt/rustwide/target" "-e" "CARGO_INCREMENTAL=0" "-e" "RUST_BACKTRACE=full" "-e" "RUSTFLAGS=--cap-lints=warn" "-e" "RUSTDOCFLAGS=--cap-lints=warn" "-w" "/opt/rustwide/workdir" "--user" "0:0" "c9afe3a18b7367e46940e3f5bb129715de0857bb1c4219d44b013270875f4420" "/opt/rustwide/cargo-home/bin/cargo" "+1.100.0-beta.1" "test" "--frozen" "--no-run" "--message-format=json" "--release", kill_on_drop: false }`
[INFO] [stderr] warning: `package.homepage` is redundant with `package.repository`
[INFO] [stderr]    --> Cargo.toml:284:12
[INFO] [stderr]     |
[INFO] [stderr] 284 | homepage = "https://github.com/qntx/kobe"
[INFO] [stderr]     |            ^^^^^^^^^^^^^^^^^^^^^^^^^^^^^^
[INFO] [stderr] ...
[INFO] [stderr] 289 | repository = "https://github.com/qntx/kobe"
[INFO] [stderr]     |              ------------------------------
[INFO] [stderr]     |
[INFO] [stderr]     = note: `cargo::redundant_homepage` is set to `warn` by default
[INFO] [stderr] help: consider removing `package.homepage`
[INFO] [stderr] warning: `kobe` (manifest) generated 1 warning
[INFO] [stderr]    Compiling kobe v4.0.0 (/opt/rustwide/workdir)
[INFO] [stderr]     Finished `release` profile [optimized] target(s) in 0.27s
[INFO] running `Command { std: "docker" "inspect" "c9afe3a18b7367e46940e3f5bb129715de0857bb1c4219d44b013270875f4420", kill_on_drop: false }`
[INFO] running `Command { std: "docker" "exec" "-e" "SOURCE_DIR=/opt/rustwide/workdir" "-e" "CARGO_HOME=/opt/rustwide/cargo-home" "-e" "RUSTUP_HOME=/opt/rustwide/rustup-home" "-e" "CARGO_TARGET_DIR=/opt/rustwide/target" "-e" "CARGO_INCREMENTAL=0" "-e" "RUST_BACKTRACE=full" "-e" "RUSTFLAGS=--cap-lints=warn" "-e" "RUSTDOCFLAGS=--cap-lints=warn" "-w" "/opt/rustwide/workdir" "--user" "0:0" "c9afe3a18b7367e46940e3f5bb129715de0857bb1c4219d44b013270875f4420" "/opt/rustwide/cargo-home/bin/cargo" "+1.100.0-beta.1" "test" "--frozen" "--release", kill_on_drop: false }`
[INFO] [stderr] warning: `package.homepage` is redundant with `package.repository`
[INFO] [stderr]    --> Cargo.toml:284:12
[INFO] [stderr]     |
[INFO] [stderr] 284 | homepage = "https://github.com/qntx/kobe"
[INFO] [stderr]     |            ^^^^^^^^^^^^^^^^^^^^^^^^^^^^^^
[INFO] [stderr] ...
[INFO] [stderr] 289 | repository = "https://github.com/qntx/kobe"
[INFO] [stderr]     |              ------------------------------
[INFO] [stderr]     |
[INFO] [stderr]     = note: `cargo::redundant_homepage` is set to `warn` by default
[INFO] [stderr] help: consider removing `package.homepage`
[INFO] [stderr] warning: `kobe` (manifest) generated 1 warning
[INFO] [stderr]     Finished `release` profile [optimized] target(s) in 0.16s
[INFO] [stderr]      Running unittests src/lib.rs (/opt/rustwide/target/release/build/kobe/04ca96f58ecfaf78/out/kobe-04ca96f58ecfaf78)
[INFO] [stderr]      Running tests/cross_chain_smoke.rs (/opt/rustwide/target/release/build/kobe/0b8cebdbfe69a34d/out/cross_chain_smoke-0b8cebdbfe69a34d)
[INFO] [stdout] 
[INFO] [stdout] running 0 tests
[INFO] [stdout] 
[INFO] [stdout] test result: ok. 0 passed; 0 failed; 0 ignored; 0 measured; 0 filtered out; finished in 0.00s
[INFO] [stdout] 
[INFO] [stderr]    Doc-tests kobe
[INFO] [stdout] 
[INFO] [stdout] running 0 tests
[INFO] [stdout] 
[INFO] [stdout] test result: ok. 0 passed; 0 failed; 0 ignored; 0 measured; 0 filtered out; finished in 0.00s
[INFO] [stdout] 
[INFO] [stdout] 
[INFO] [stdout] running 1 test
[INFO] [stdout] test src/lib.rs - (line 11) - compile ... FAILED
[INFO] [stdout] 
[INFO] [stdout] failures:
[INFO] [stdout] 
[INFO] [stdout] ---- src/lib.rs - (line 11) stdout ----
[INFO] [stdout] error[E0432]: unresolved import `kobe::evm`
[INFO] [stdout]   --> src/lib.rs:14:11
[INFO] [stdout]    |
[INFO] [stdout] 14 | use kobe::evm::Deriver;
[INFO] [stdout]    |           ^^^ could not find `evm` in `kobe`
[INFO] [stdout]    |
[INFO] [stdout] note: found an item that was configured out
[INFO] [stdout]   --> src/lib.rs:37:21
[INFO] [stdout]    |
[INFO] [stdout] 36 | #[cfg(feature = "evm")]
[INFO] [stdout]    |       --------------- the item is gated behind the `evm` feature
[INFO] [stdout] 37 | pub use kobe_evm as evm;
[INFO] [stdout]    |                     ^^^
[INFO] [stdout] 
[INFO] [stdout] error: aborting due to 1 previous error
[INFO] [stdout] 
[INFO] [stdout] For more information about this error, try `rustc --explain E0432`.
[INFO] [stdout] Couldn't compile the test.
[INFO] [stdout] 
[INFO] [stdout] failures:
[INFO] [stdout]     src/lib.rs - (line 11)
[INFO] [stdout] 
[INFO] [stdout] test result: FAILED. 0 passed; 1 failed; 0 ignored; 0 measured; 0 filtered out; finished in 0.07s
[INFO] [stdout] 
[INFO] [stdout] all doctests ran in 0.16s; merged doctests compilation took 0.09s
[INFO] [stderr] error: doctest failed, to rerun pass `--doc`
[INFO] running `Command { std: "docker" "inspect" "c9afe3a18b7367e46940e3f5bb129715de0857bb1c4219d44b013270875f4420", kill_on_drop: false }`
[INFO] running `Command { std: "docker" "rm" "-f" "c9afe3a18b7367e46940e3f5bb129715de0857bb1c4219d44b013270875f4420", kill_on_drop: false }`
[INFO] [stdout] c9afe3a18b7367e46940e3f5bb129715de0857bb1c4219d44b013270875f4420
