[INFO] fetching crate koala-health 1.0.4...
[INFO] testing koala-health-1.0.4 against 1.99.0-beta.8+cargoflags=--release for beta-release-1.100-2
[INFO] extracting crate koala-health 1.0.4 into /workspace/builds/worker-4-tc1/source
[INFO] started tweaking crates.io crate koala-health 1.0.4
[INFO] removed 0 missing tests
[INFO] finished tweaking crates.io crate koala-health 1.0.4
[INFO] tweaked toml for crates.io crate koala-health 1.0.4 written to /workspace/builds/worker-4-tc1/source/Cargo.toml
[INFO] validating manifest of crates.io crate koala-health 1.0.4 on toolchain 1.99.0-beta.8
[INFO] running `Command { std: CARGO_HOME="/workspace/cargo-home" RUSTUP_HOME="/workspace/rustup-home" "/workspace/cargo-home/bin/cargo" "+1.99.0-beta.8" "metadata" "--manifest-path" "Cargo.toml" "--no-deps", kill_on_drop: false }`
[INFO] crate crates.io crate koala-health 1.0.4 already has a lockfile, it will not be regenerated
[INFO] running `Command { std: CARGO_HOME="/workspace/cargo-home" RUSTUP_HOME="/workspace/rustup-home" "/workspace/cargo-home/bin/cargo" "+1.99.0-beta.8" "fetch" "--manifest-path" "Cargo.toml", kill_on_drop: false }`
[INFO] [stderr]     Updating crates.io index
[INFO] [stderr]  Downloading crates ...
[INFO] [stderr]   Downloaded koala-wiki v1.0.4
[INFO] [stderr]   Downloaded koala-drift v1.0.4
[INFO] [stderr]   Downloaded koala-core v1.0.4
[INFO] [stderr]   Downloaded koala-adr v1.0.4
[INFO] running `Command { std: "docker" "create" "-v" "/var/lib/crater-agent-workspace/builds/worker-4-tc1/source:/opt/rustwide/workdir:ro,Z" "-v" "/var/lib/crater-agent-workspace/builds/worker-4-tc1/target:/opt/rustwide/target:rw,Z" "-v" "/var/lib/crater-agent-workspace/cargo-home:/opt/rustwide/cargo-home:ro,Z" "-v" "/var/lib/crater-agent-workspace/rustup-home:/opt/rustwide/rustup-home:ro,Z" "-m" "1610612736" "--network" "none" "ghcr.io/rust-lang/crates-build-env/linux@sha256:77db811e55d90add9212f6832c23229e3de5f1c1f9905e8cb07319ea15df73ac" "sleep" "infinity", kill_on_drop: false }`
[INFO] [stdout] d54760c2488da15869ef69b965d5a5c07cb2f7bb5bb32695b5d34ae70d999b11
[INFO] running `Command { std: "docker" "start" "d54760c2488da15869ef69b965d5a5c07cb2f7bb5bb32695b5d34ae70d999b11", kill_on_drop: false }`
[INFO] running `Command { std: "docker" "inspect" "d54760c2488da15869ef69b965d5a5c07cb2f7bb5bb32695b5d34ae70d999b11", kill_on_drop: false }`
[INFO] running `Command { std: "docker" "exec" "-e" "SOURCE_DIR=/opt/rustwide/workdir" "-e" "CARGO_HOME=/opt/rustwide/cargo-home" "-e" "RUSTUP_HOME=/opt/rustwide/rustup-home" "-e" "CARGO_TARGET_DIR=/opt/rustwide/target" "-w" "/opt/rustwide/workdir" "--user" "0:0" "d54760c2488da15869ef69b965d5a5c07cb2f7bb5bb32695b5d34ae70d999b11" "/opt/rustwide/cargo-home/bin/cargo" "+1.99.0-beta.8" "metadata" "--no-deps" "--format-version=1", kill_on_drop: false }`
[INFO] running `Command { std: "docker" "inspect" "d54760c2488da15869ef69b965d5a5c07cb2f7bb5bb32695b5d34ae70d999b11", kill_on_drop: false }`
[INFO] running `Command { std: "docker" "exec" "-e" "SOURCE_DIR=/opt/rustwide/workdir" "-e" "CARGO_HOME=/opt/rustwide/cargo-home" "-e" "RUSTUP_HOME=/opt/rustwide/rustup-home" "-e" "CARGO_TARGET_DIR=/opt/rustwide/target" "-e" "CARGO_INCREMENTAL=0" "-e" "RUST_BACKTRACE=full" "-e" "RUSTFLAGS=--cap-lints=warn" "-e" "RUSTDOCFLAGS=--cap-lints=warn" "-w" "/opt/rustwide/workdir" "--user" "0:0" "d54760c2488da15869ef69b965d5a5c07cb2f7bb5bb32695b5d34ae70d999b11" "/opt/rustwide/cargo-home/bin/cargo" "+1.99.0-beta.8" "build" "--frozen" "--message-format=json" "--release", kill_on_drop: false }`
[INFO] [stderr]    Compiling aho-corasick v1.1.4
[INFO] [stderr]    Compiling indexmap v2.14.0
[INFO] [stderr]    Compiling toml_datetime v0.6.11
[INFO] [stderr]    Compiling serde_spanned v0.6.9
[INFO] [stderr]    Compiling toml_edit v0.22.27
[INFO] [stderr]    Compiling regex-automata v0.4.14
[INFO] [stderr]    Compiling toml v0.8.23
[INFO] [stderr]    Compiling regex v1.12.3
[INFO] [stderr]    Compiling koala-core v1.0.4
[INFO] [stderr]    Compiling koala-adr v1.0.4
[INFO] [stderr]    Compiling koala-wiki v1.0.4
[INFO] [stderr]    Compiling koala-drift v1.0.4
[INFO] [stderr]    Compiling koala-health v1.0.4 (/opt/rustwide/workdir)
[INFO] [stderr]     Finished `release` profile [optimized] target(s) in 26.51s
[INFO] running `Command { std: "docker" "inspect" "d54760c2488da15869ef69b965d5a5c07cb2f7bb5bb32695b5d34ae70d999b11", kill_on_drop: false }`
[INFO] running `Command { std: "docker" "exec" "-e" "SOURCE_DIR=/opt/rustwide/workdir" "-e" "CARGO_HOME=/opt/rustwide/cargo-home" "-e" "RUSTUP_HOME=/opt/rustwide/rustup-home" "-e" "CARGO_TARGET_DIR=/opt/rustwide/target" "-e" "CARGO_INCREMENTAL=0" "-e" "RUST_BACKTRACE=full" "-e" "RUSTFLAGS=--cap-lints=warn" "-e" "RUSTDOCFLAGS=--cap-lints=warn" "-w" "/opt/rustwide/workdir" "--user" "0:0" "d54760c2488da15869ef69b965d5a5c07cb2f7bb5bb32695b5d34ae70d999b11" "/opt/rustwide/cargo-home/bin/cargo" "+1.99.0-beta.8" "test" "--frozen" "--no-run" "--message-format=json" "--release", kill_on_drop: false }`
[INFO] [stderr]    Compiling rustix v1.1.4
[INFO] [stderr]    Compiling getrandom v0.4.2
[INFO] [stderr]    Compiling tempfile v3.27.0
[INFO] [stderr]    Compiling koala-health v1.0.4 (/opt/rustwide/workdir)
[INFO] [stderr]     Finished `release` profile [optimized] target(s) in 5.00s
[INFO] running `Command { std: "docker" "inspect" "d54760c2488da15869ef69b965d5a5c07cb2f7bb5bb32695b5d34ae70d999b11", kill_on_drop: false }`
[INFO] running `Command { std: "docker" "exec" "-e" "SOURCE_DIR=/opt/rustwide/workdir" "-e" "CARGO_HOME=/opt/rustwide/cargo-home" "-e" "RUSTUP_HOME=/opt/rustwide/rustup-home" "-e" "CARGO_TARGET_DIR=/opt/rustwide/target" "-e" "CARGO_INCREMENTAL=0" "-e" "RUST_BACKTRACE=full" "-e" "RUSTFLAGS=--cap-lints=warn" "-e" "RUSTDOCFLAGS=--cap-lints=warn" "-w" "/opt/rustwide/workdir" "--user" "0:0" "d54760c2488da15869ef69b965d5a5c07cb2f7bb5bb32695b5d34ae70d999b11" "/opt/rustwide/cargo-home/bin/cargo" "+1.99.0-beta.8" "test" "--frozen" "--release", kill_on_drop: false }`
[INFO] [stderr]     Finished `release` profile [optimized] target(s) in 0.06s
[INFO] [stderr]      Running unittests src/lib.rs (/opt/rustwide/target/release/deps/koala_health-75824c590de16cd9)
[INFO] [stdout] 
[INFO] [stdout] running 32 tests
[INFO] [stdout] test history::tests::upsert_same_commit_is_idempotent ... ok
[INFO] [stdout] test collect_perf::tests::malformed_estimates_skipped ... ok
[INFO] [stdout] test history::tests::upsert_appends_for_new_commit ... ok
[INFO] [stdout] test history::tests::render_round_trips_through_parse ... ok
[INFO] [stdout] test history::tests::upsert_replaces_old_value_for_same_commit ... ok
[INFO] [stdout] test probe::tests::render_includes_three_steps ... ok
[INFO] [stdout] test probe_friction::tests::at_threshold_no_redline ... ok
[INFO] [stdout] test probe::tests::write_lands_at_dated_filename ... ok
[INFO] [stdout] test probe_friction::tests::below_threshold_is_no_op ... ok
[INFO] [stdout] test probe_friction::tests::friction_threshold_triggers_issue ... ok
[INFO] [stdout] test collect_perf::tests::slow_bench_flips_red ... ok
[INFO] [stdout] test pruning_close::tests::close_archives_checklist ... ok
[INFO] [stdout] test pruning_close::tests::closed_at_returns_none_when_unmarked ... ok
[INFO] [stdout] test collect_perf::tests::counts_perf_baselines ... ok
[INFO] [stdout] test redline::tests::extract_only_red_metrics ... ok
[INFO] [stdout] test collect_perf::tests::missing_target_dir_returns_empty ... ok
[INFO] [stdout] test pruning_close::tests::close_is_idempotent_via_explicit_error ... ok
[INFO] [stdout] test render::tests::embedded_checksum_matches_body ... ok
[INFO] [stdout] test trend::tests::sparkline_handles_empty_and_flat ... ok
[INFO] [stdout] test redline::tests::id_sanitization_strips_punct_and_lowercases ... ok
[INFO] [stdout] test trend::tests::sparkline_maps_min_and_max_to_corners ... ok
[INFO] [stdout] test pruning_close::tests::close_refuses_unknown_sprint ... ok
[INFO] [stdout] test redline::tests::hand_authored_readme_is_not_counted_or_deleted ... ok
[INFO] [stdout] test render::tests::overall_reflects_worst_metric ... ok
[INFO] [stdout] test render::tests::render_includes_commit_and_categories ... ok
[INFO] [stdout] test render::tests::render_is_deterministic_for_same_snapshot ... ok
[INFO] [stdout] test redline::tests::sync_adds_files_then_removes_when_cleared ... ok
[INFO] [stdout] test trend::tests::three_window_detects_monotone ... ok
[INFO] [stdout] test trend::tests::three_window_insufficient_when_under_three ... ok
[INFO] [stdout] test pruning::tests::write_creates_file_at_sprint_path ... ok
[INFO] [stdout] test pruning::tests::empty_repo_renders_no_redlines_no_advisories ... ok
[INFO] [stdout] test pruning::tests::redline_files_appear_in_checklist ... ok
[INFO] [stdout] 
[INFO] [stdout] test result: ok. 32 passed; 0 failed; 0 ignored; 0 measured; 0 filtered out; finished in 0.15s
[INFO] [stdout] 
[INFO] [stderr]      Running tests/quarterly_cron.rs (/opt/rustwide/target/release/deps/quarterly_cron-faad3370fb7f7add)
[INFO] [stdout] 
[INFO] [stdout] running 3 tests
[INFO] [stdout] test schedules_next_probe_and_refresh ... FAILED
[INFO] [stdout] test computes_quarter_id ... FAILED
[INFO] [stdout] test name_field_has_no_yaml_anchor_chars ... FAILED
[INFO] [stdout] 
[INFO] [stdout] failures:
[INFO] [stdout] 
[INFO] [stdout] ---- schedules_next_probe_and_refresh stdout ----
[INFO] [stdout] 
[INFO] [stdout] thread 'schedules_next_probe_and_refresh' (658) panicked at tests/quarterly_cron.rs:12:27:
[INFO] [stdout] quarterly-cron.yml must exist at repo root: Os { code: 2, kind: NotFound, message: "No such file or directory" }
[INFO] [stdout] stack backtrace:
[INFO] [stdout]    0:     0x589dd19638d1 - <<std[70759c8f55707aa4]::sys::backtrace::BacktraceLock>::print::DisplayBacktrace as core[df12db4294e9bfd3]::fmt::Display>::fmt
[INFO] [stdout]    1:     0x589dd1977b1a - core[df12db4294e9bfd3]::fmt::write
[INFO] [stdout]    2:     0x589dd1967d6c - <alloc[2182bb758b4b3781]::vec::Vec<u8> as core[df12db4294e9bfd3]::io::write::Write>::write_fmt
[INFO] [stdout]    3:     0x589dd193f9c6 - std[70759c8f55707aa4]::panicking::default_hook::{closure#0}
[INFO] [stdout]    4:     0x589dd195bcc9 - std[70759c8f55707aa4]::panicking::default_hook
[INFO] [stdout]    5:     0x589dd18f7a70 - test[9d35eded1c95d3be]::test_main_inner::<test[9d35eded1c95d3be]::test_main_static::{closure#0}>::{closure#0}
[INFO] [stdout]    6:     0x589dd195be82 - std[70759c8f55707aa4]::panicking::panic_with_hook
[INFO] [stdout]    7:     0x589dd193fa72 - std[70759c8f55707aa4]::panicking::panic_handler::{closure#0}
[INFO] [stdout]    8:     0x589dd1938669 - std[70759c8f55707aa4]::sys::backtrace::__rust_end_short_backtrace::<std[70759c8f55707aa4]::panicking::panic_handler::{closure#0}, !>
[INFO] [stdout]    9:     0x589dd194066d - __rustc[8fa7c3cbc660c2b3]::rust_begin_unwind
[INFO] [stdout]   10:     0x589dd197824c - core[df12db4294e9bfd3]::panicking::panic_fmt
[INFO] [stdout]   11:     0x589dd1978022 - core[df12db4294e9bfd3]::result::unwrap_failed
[INFO] [stdout]   12:     0x589dd18e9bb7 - quarterly_cron[6df0f982b798a937]::read_workflow
[INFO] [stdout]   13:     0x589dd18ea68b - <quarterly_cron[6df0f982b798a937]::schedules_next_probe_and_refresh::{closure#0} as core[df12db4294e9bfd3]::ops::function::FnOnce<()>>::call_once
[INFO] [stdout]   14:     0x589dd18ead5b - test[9d35eded1c95d3be]::__rust_begin_short_backtrace::<core[df12db4294e9bfd3]::result::Result<(), alloc[2182bb758b4b3781]::string::String>, fn() -> core[df12db4294e9bfd3]::result::Result<(), alloc[2182bb758b4b3781]::string::String>>
[INFO] [stdout]   15:     0x589dd18f83c5 - test[9d35eded1c95d3be]::run_test::{closure#0}
[INFO] [stdout]   16:     0x589dd18f1c84 - std[70759c8f55707aa4]::sys::backtrace::__rust_begin_short_backtrace::<test[9d35eded1c95d3be]::run_test::{closure#1}, ()>
[INFO] [stdout]   17:     0x589dd18fb522 - <std[70759c8f55707aa4]::thread::lifecycle::spawn_unchecked<test[9d35eded1c95d3be]::run_test::{closure#1}, ()>::{closure#1} as core[df12db4294e9bfd3]::ops::function::FnOnce<()>>::call_once::{shim:vtable#0}
[INFO] [stdout]   18:     0x589dd1962e39 - <std[70759c8f55707aa4]::sys::thread::unix::Thread>::new::thread_start
[INFO] [stdout]   19:     0x7cf3cc8f7dfa - <unknown>
[INFO] [stdout]   20:     0x7cf3cc98b3d4 - clone
[INFO] [stdout]   21:                0x0 - <unknown>
[INFO] [stdout] 
[INFO] [stdout] ---- computes_quarter_id stdout ----
[INFO] [stdout] 
[INFO] [stdout] thread 'computes_quarter_id' (656) panicked at tests/quarterly_cron.rs:12:27:
[INFO] [stdout] quarterly-cron.yml must exist at repo root: Os { code: 2, kind: NotFound, message: "No such file or directory" }
[INFO] [stdout] stack backtrace:
[INFO] [stdout]    0:     0x589dd19638d1 - <<std[70759c8f55707aa4]::sys::backtrace::BacktraceLock>::print::DisplayBacktrace as core[df12db4294e9bfd3]::fmt::Display>::fmt
[INFO] [stdout]    1:     0x589dd1977b1a - core[df12db4294e9bfd3]::fmt::write
[INFO] [stdout]    2:     0x589dd1967d6c - <alloc[2182bb758b4b3781]::vec::Vec<u8> as core[df12db4294e9bfd3]::io::write::Write>::write_fmt
[INFO] [stdout]    3:     0x589dd193f9c6 - std[70759c8f55707aa4]::panicking::default_hook::{closure#0}
[INFO] [stdout]    4:     0x589dd195bcc9 - std[70759c8f55707aa4]::panicking::default_hook
[INFO] [stdout]    5:     0x589dd18f7a70 - test[9d35eded1c95d3be]::test_main_inner::<test[9d35eded1c95d3be]::test_main_static::{closure#0}>::{closure#0}
[INFO] [stdout]    6:     0x589dd195be82 - std[70759c8f55707aa4]::panicking::panic_with_hook
[INFO] [stdout]    7:     0x589dd193fa72 - std[70759c8f55707aa4]::panicking::panic_handler::{closure#0}
[INFO] [stdout]    8:     0x589dd1938669 - std[70759c8f55707aa4]::sys::backtrace::__rust_end_short_backtrace::<std[70759c8f55707aa4]::panicking::panic_handler::{closure#0}, !>
[INFO] [stdout]    9:     0x589dd194066d - __rustc[8fa7c3cbc660c2b3]::rust_begin_unwind
[INFO] [stdout]   10:     0x589dd197824c - core[df12db4294e9bfd3]::panicking::panic_fmt
[INFO] [stdout]   11:     0x589dd1978022 - core[df12db4294e9bfd3]::result::unwrap_failed
[INFO] [stdout]   12:     0x589dd18e9bb7 - quarterly_cron[6df0f982b798a937]::read_workflow
[INFO] [stdout]   13:     0x589dd18ea556 - <quarterly_cron[6df0f982b798a937]::computes_quarter_id::{closure#0} as core[df12db4294e9bfd3]::ops::function::FnOnce<()>>::call_once
[INFO] [stdout]   14:     0x589dd18ead5b - test[9d35eded1c95d3be]::__rust_begin_short_backtrace::<core[df12db4294e9bfd3]::result::Result<(), alloc[2182bb758b4b3781]::string::String>, fn() -> core[df12db4294e9bfd3]::result::Result<(), alloc[2182bb758b4b3781]::string::String>>
[INFO] [stdout]   15:     0x589dd18f83c5 - test[9d35eded1c95d3be]::run_test::{closure#0}
[INFO] [stdout]   16:     0x589dd18f1c84 - std[70759c8f55707aa4]::sys::backtrace::__rust_begin_short_backtrace::<test[9d35eded1c95d3be]::run_test::{closure#1}, ()>
[INFO] [stdout]   17:     0x589dd18fb522 - <std[70759c8f55707aa4]::thread::lifecycle::spawn_unchecked<test[9d35eded1c95d3be]::run_test::{closure#1}, ()>::{closure#1} as core[df12db4294e9bfd3]::ops::function::FnOnce<()>>::call_once::{shim:vtable#0}
[INFO] [stdout]   18:     0x589dd1962e39 - <std[70759c8f55707aa4]::sys::thread::unix::Thread>::new::thread_start
[INFO] [stdout]   19:     0x7cf3cc8f7dfa - <unknown>
[INFO] [stdout]   20:     0x7cf3cc98b3d4 - clone
[INFO] [stdout]   21:                0x0 - <unknown>
[INFO] [stdout] 
[INFO] [stdout] ---- name_field_has_no_yaml_anchor_chars stdout ----
[INFO] [stdout] 
[INFO] [stdout] thread 'name_field_has_no_yaml_anchor_chars' (657) panicked at tests/quarterly_cron.rs:12:27:
[INFO] [stdout] quarterly-cron.yml must exist at repo root: Os { code: 2, kind: NotFound, message: "No such file or directory" }
[INFO] [stdout] stack backtrace:
[INFO] [stdout]    0:     0x589dd19638d1 - <<std[70759c8f55707aa4]::sys::backtrace::BacktraceLock>::print::DisplayBacktrace as core[df12db4294e9bfd3]::fmt::Display>::fmt
[INFO] [stdout]    1:     0x589dd1977b1a - core[df12db4294e9bfd3]::fmt::write
[INFO] [stdout]    2:     0x589dd1967d6c - <alloc[2182bb758b4b3781]::vec::Vec<u8> as core[df12db4294e9bfd3]::io::write::Write>::write_fmt
[INFO] [stdout]    3:     0x589dd193f9c6 - std[70759c8f55707aa4]::panicking::default_hook::{closure#0}
[INFO] [stdout]    4:     0x589dd195bcc9 - std[70759c8f55707aa4]::panicking::default_hook
[INFO] [stdout]    5:     0x589dd18f7a70 - test[9d35eded1c95d3be]::test_main_inner::<test[9d35eded1c95d3be]::test_main_static::{closure#0}>::{closure#0}
[INFO] [stdout]    6:     0x589dd195be82 - std[70759c8f55707aa4]::panicking::panic_with_hook
[INFO] [stdout]    7:     0x589dd193fa72 - std[70759c8f55707aa4]::panicking::panic_handler::{closure#0}
[INFO] [stdout]    8:     0x589dd1938669 - std[70759c8f55707aa4]::sys::backtrace::__rust_end_short_backtrace::<std[70759c8f55707aa4]::panicking::panic_handler::{closure#0}, !>
[INFO] [stdout]    9:     0x589dd194066d - __rustc[8fa7c3cbc660c2b3]::rust_begin_unwind
[INFO] [stdout]   10:     0x589dd197824c - core[df12db4294e9bfd3]::panicking::panic_fmt
[INFO] [stdout]   11:     0x589dd1978022 - core[df12db4294e9bfd3]::result::unwrap_failed
[INFO] [stdout]   12:     0x589dd18e9bb7 - quarterly_cron[6df0f982b798a937]::read_workflow
[INFO] [stdout]   13:     0x589dd18ea94d - <quarterly_cron[6df0f982b798a937]::name_field_has_no_yaml_anchor_chars::{closure#0} as core[df12db4294e9bfd3]::ops::function::FnOnce<()>>::call_once
[INFO] [stdout]   14:     0x589dd18ead5b - test[9d35eded1c95d3be]::__rust_begin_short_backtrace::<core[df12db4294e9bfd3]::result::Result<(), alloc[2182bb758b4b3781]::string::String>, fn() -> core[df12db4294e9bfd3]::result::Result<(), alloc[2182bb758b4b3781]::string::String>>
[INFO] [stdout]   15:     0x589dd18f83c5 - test[9d35eded1c95d3be]::run_test::{closure#0}
[INFO] [stdout]   16:     0x589dd18f1c84 - std[70759c8f55707aa4]::sys::backtrace::__rust_begin_short_backtrace::<test[9d35eded1c95d3be]::run_test::{closure#1}, ()>
[INFO] [stdout]   17:     0x589dd18fb522 - <std[70759c8f55707aa4]::thread::lifecycle::spawn_unchecked<test[9d35eded1c95d3be]::run_test::{closure#1}, ()>::{closure#1} as core[df12db4294e9bfd3]::ops::function::FnOnce<()>>::call_once::{shim:vtable#0}
[INFO] [stdout]   18:     0x589dd1962e39 - <std[70759c8f55707aa4]::sys::thread::unix::Thread>::new::thread_start
[INFO] [stdout]   19:     0x7cf3cc8f7dfa - <unknown>
[INFO] [stdout]   20:     0x7cf3cc98b3d4 - clone
[INFO] [stdout]   21:                0x0 - <unknown>
[INFO] [stdout] 
[INFO] [stdout] 
[INFO] [stdout] failures:
[INFO] [stdout]     computes_quarter_id
[INFO] [stdout]     name_field_has_no_yaml_anchor_chars
[INFO] [stdout]     schedules_next_probe_and_refresh
[INFO] [stdout] 
[INFO] [stdout] test result: FAILED. 0 passed; 3 failed; 0 ignored; 0 measured; 0 filtered out; finished in 0.02s
[INFO] [stdout] 
[INFO] [stderr] error: test failed, to rerun pass `--test quarterly_cron`
[INFO] running `Command { std: "docker" "inspect" "d54760c2488da15869ef69b965d5a5c07cb2f7bb5bb32695b5d34ae70d999b11", kill_on_drop: false }`
[INFO] running `Command { std: "docker" "rm" "-f" "d54760c2488da15869ef69b965d5a5c07cb2f7bb5bb32695b5d34ae70d999b11", kill_on_drop: false }`
[INFO] [stdout] d54760c2488da15869ef69b965d5a5c07cb2f7bb5bb32695b5d34ae70d999b11
