[INFO] fetching crate knx-rs-ip 0.10.1...
[INFO] testing knx-rs-ip-0.10.1 against 1.99.0-beta.8+cargoflags=--release for beta-release-1.100-2
[INFO] extracting crate knx-rs-ip 0.10.1 into /workspace/builds/worker-4-tc1/source
[INFO] started tweaking crates.io crate knx-rs-ip 0.10.1
[INFO] removed 0 missing tests
[INFO] finished tweaking crates.io crate knx-rs-ip 0.10.1
[INFO] tweaked toml for crates.io crate knx-rs-ip 0.10.1 written to /workspace/builds/worker-4-tc1/source/Cargo.toml
[INFO] validating manifest of crates.io crate knx-rs-ip 0.10.1 on toolchain 1.99.0-beta.8
[INFO] running `Command { std: CARGO_HOME="/workspace/cargo-home" RUSTUP_HOME="/workspace/rustup-home" "/workspace/cargo-home/bin/cargo" "+1.99.0-beta.8" "metadata" "--manifest-path" "Cargo.toml" "--no-deps", kill_on_drop: false }`
[INFO] crate crates.io crate knx-rs-ip 0.10.1 already has a lockfile, it will not be regenerated
[INFO] running `Command { std: CARGO_HOME="/workspace/cargo-home" RUSTUP_HOME="/workspace/rustup-home" "/workspace/cargo-home/bin/cargo" "+1.99.0-beta.8" "fetch" "--manifest-path" "Cargo.toml", kill_on_drop: false }`
[INFO] [stderr]     Updating crates.io index
[INFO] [stderr]  Downloading crates ...
[INFO] [stderr]   Downloaded knx-rs-core v0.10.1
[INFO] [stderr]   Downloaded knx-rs-device v0.10.1
[INFO] running `Command { std: "docker" "create" "-v" "/var/lib/crater-agent-workspace/builds/worker-4-tc1/source:/opt/rustwide/workdir:ro,Z" "-v" "/var/lib/crater-agent-workspace/builds/worker-4-tc1/target:/opt/rustwide/target:rw,Z" "-v" "/var/lib/crater-agent-workspace/cargo-home:/opt/rustwide/cargo-home:ro,Z" "-v" "/var/lib/crater-agent-workspace/rustup-home:/opt/rustwide/rustup-home:ro,Z" "-m" "1610612736" "--network" "none" "ghcr.io/rust-lang/crates-build-env/linux@sha256:77db811e55d90add9212f6832c23229e3de5f1c1f9905e8cb07319ea15df73ac" "sleep" "infinity", kill_on_drop: false }`
[INFO] [stdout] fdd50efbf03411b2ddab7d9e71d05237dd8b720b2208bd20619599e7719af8a4
[INFO] running `Command { std: "docker" "start" "fdd50efbf03411b2ddab7d9e71d05237dd8b720b2208bd20619599e7719af8a4", kill_on_drop: false }`
[INFO] running `Command { std: "docker" "inspect" "fdd50efbf03411b2ddab7d9e71d05237dd8b720b2208bd20619599e7719af8a4", kill_on_drop: false }`
[INFO] running `Command { std: "docker" "exec" "-e" "SOURCE_DIR=/opt/rustwide/workdir" "-e" "CARGO_HOME=/opt/rustwide/cargo-home" "-e" "RUSTUP_HOME=/opt/rustwide/rustup-home" "-e" "CARGO_TARGET_DIR=/opt/rustwide/target" "-w" "/opt/rustwide/workdir" "--user" "0:0" "fdd50efbf03411b2ddab7d9e71d05237dd8b720b2208bd20619599e7719af8a4" "/opt/rustwide/cargo-home/bin/cargo" "+1.99.0-beta.8" "metadata" "--no-deps" "--format-version=1", kill_on_drop: false }`
[INFO] running `Command { std: "docker" "inspect" "fdd50efbf03411b2ddab7d9e71d05237dd8b720b2208bd20619599e7719af8a4", kill_on_drop: false }`
[INFO] running `Command { std: "docker" "exec" "-e" "SOURCE_DIR=/opt/rustwide/workdir" "-e" "CARGO_HOME=/opt/rustwide/cargo-home" "-e" "RUSTUP_HOME=/opt/rustwide/rustup-home" "-e" "CARGO_TARGET_DIR=/opt/rustwide/target" "-e" "CARGO_INCREMENTAL=0" "-e" "RUST_BACKTRACE=full" "-e" "RUSTFLAGS=--cap-lints=warn" "-e" "RUSTDOCFLAGS=--cap-lints=warn" "-w" "/opt/rustwide/workdir" "--user" "0:0" "fdd50efbf03411b2ddab7d9e71d05237dd8b720b2208bd20619599e7719af8a4" "/opt/rustwide/cargo-home/bin/cargo" "+1.99.0-beta.8" "build" "--frozen" "--message-format=json" "--release", kill_on_drop: false }`
[INFO] [stderr]    Compiling syn v3.0.4
[INFO] [stderr]    Compiling tokio-macros v2.7.0
[INFO] [stderr]    Compiling tracing v0.1.44
[INFO] [stderr]    Compiling knx-rs-core v0.10.1
[INFO] [stderr]    Compiling tokio v1.53.1
[INFO] [stderr]    Compiling thiserror-impl v2.0.20
[INFO] [stderr]    Compiling thiserror v2.0.20
[INFO] [stderr]    Compiling knx-rs-ip v0.10.1 (/opt/rustwide/workdir)
[INFO] [stderr]     Finished `release` profile [optimized] target(s) in 12.36s
[INFO] running `Command { std: "docker" "inspect" "fdd50efbf03411b2ddab7d9e71d05237dd8b720b2208bd20619599e7719af8a4", kill_on_drop: false }`
[INFO] running `Command { std: "docker" "exec" "-e" "SOURCE_DIR=/opt/rustwide/workdir" "-e" "CARGO_HOME=/opt/rustwide/cargo-home" "-e" "RUSTUP_HOME=/opt/rustwide/rustup-home" "-e" "CARGO_TARGET_DIR=/opt/rustwide/target" "-e" "CARGO_INCREMENTAL=0" "-e" "RUST_BACKTRACE=full" "-e" "RUSTFLAGS=--cap-lints=warn" "-e" "RUSTDOCFLAGS=--cap-lints=warn" "-w" "/opt/rustwide/workdir" "--user" "0:0" "fdd50efbf03411b2ddab7d9e71d05237dd8b720b2208bd20619599e7719af8a4" "/opt/rustwide/cargo-home/bin/cargo" "+1.99.0-beta.8" "test" "--frozen" "--no-run" "--message-format=json" "--release", kill_on_drop: false }`
[INFO] [stderr]    Compiling parking_lot_core v0.9.12
[INFO] [stderr]    Compiling knx-rs-core v0.10.1
[INFO] [stderr]    Compiling bytes v1.12.0
[INFO] [stderr]    Compiling parking_lot v0.12.5
[INFO] [stderr]    Compiling knx-rs-device v0.10.1
[INFO] [stderr]    Compiling tokio v1.53.1
[INFO] [stderr]    Compiling knx-rs-ip v0.10.1 (/opt/rustwide/workdir)
[INFO] [stderr]     Finished `release` profile [optimized] target(s) in 22.50s
[INFO] running `Command { std: "docker" "inspect" "fdd50efbf03411b2ddab7d9e71d05237dd8b720b2208bd20619599e7719af8a4", kill_on_drop: false }`
[INFO] running `Command { std: "docker" "exec" "-e" "SOURCE_DIR=/opt/rustwide/workdir" "-e" "CARGO_HOME=/opt/rustwide/cargo-home" "-e" "RUSTUP_HOME=/opt/rustwide/rustup-home" "-e" "CARGO_TARGET_DIR=/opt/rustwide/target" "-e" "CARGO_INCREMENTAL=0" "-e" "RUST_BACKTRACE=full" "-e" "RUSTFLAGS=--cap-lints=warn" "-e" "RUSTDOCFLAGS=--cap-lints=warn" "-w" "/opt/rustwide/workdir" "--user" "0:0" "fdd50efbf03411b2ddab7d9e71d05237dd8b720b2208bd20619599e7719af8a4" "/opt/rustwide/cargo-home/bin/cargo" "+1.99.0-beta.8" "test" "--frozen" "--release", kill_on_drop: false }`
[INFO] [stderr]     Finished `release` profile [optimized] target(s) in 0.05s
[INFO] [stderr]      Running unittests src/lib.rs (/opt/rustwide/target/release/deps/knx_rs_ip-ef0729fc365c81ed)
[INFO] [stdout] 
[INFO] [stdout] running 31 tests
[INFO] [stdout] test discovery::tests::finds_device_information_after_another_dib ... ok
[INFO] [stdout] test discovery::tests::does_not_interpret_another_dib_type_as_device_information ... ok
[INFO] [stdout] test discovery::tests::parse_search_response_too_short ... ok
[INFO] [stdout] test ops::tests::multi_octet_dpt_remains_separate ... ok
[INFO] [stdout] test discovery::tests::rejects_response_without_supported_service_families ... ok
[INFO] [stdout] test discovery::tests::uses_ipv6_source_port_when_nat_hpai_port_is_zero ... ok
[INFO] [stdout] test error::tests::apdu_encoding_errors_preserve_the_existing_public_error_shape ... ok
[INFO] [stdout] test ops::tests::byte_sized_low_values_remain_separate_octets ... ok
[INFO] [stdout] test ops::tests::dpt_response_uses_the_same_wire_size_pipeline ... ok
[INFO] [stdout] test ops::tests::group_read_has_no_payload_form_to_misconfigure ... ok
[INFO] [stdout] test url::tests::parse_explicit_tunnel ... ok
[INFO] [stdout] test url::tests::parse_invalid_url ... ok
[INFO] [stdout] test url::tests::parse_ipv6_tunnel ... ok
[INFO] [stdout] test url::tests::parse_router_url_auto ... ok
[INFO] [stdout] test url::tests::parse_tunnel_url ... ok
[INFO] [stdout] test url::tests::parse_udp_ipv6_multicast_as_router ... ok
[INFO] [stdout] test ops::tests::sub_octet_dpts_use_the_inline_apci_field ... ok
[INFO] [stdout] test url::tests::parse_ipv6_router ... ok
[INFO] [stdout] test url::tests::parse_explicit_router ... ok
[INFO] [stdout] test ops::tests::explicit_raw_payload_controls_the_wire_form ... ok
[INFO] [stdout] test router::tests::frame_only_receive_skips_diagnostics_without_losing_the_next_frame ... ok
[INFO] [stdout] test router::tests::pause_blocks_for_at_most_the_requested_duration ... ok
[INFO] [stdout] test discovery::tests::parses_latin1_name ... ok
[INFO] [stdout] test discovery::tests::parses_name_after_complete_mac_address ... ok
[INFO] [stdout] test router::tests::rate_limiter_allows_within_limit ... ok
[INFO] [stdout] test discovery::tests::parses_reference_search_response ... ok
[INFO] [stdout] test router::tests::type_erased_receive_preserves_routing_diagnostics ... ok
[INFO] [stdout] test discovery::tests::preserves_ipv6_source_for_nat_mode_response ... ok
[INFO] [stdout] test discovery::tests::rejects_malformed_dib_sequence ... ok
[INFO] [stdout] test router::tests::rejects_malformed_routing_loss_without_emitting_an_event ... ok
[INFO] [stderr]      Running tests/tunnel_integration.rs (/opt/rustwide/target/release/deps/tunnel_integration-773c257e104e2414)
[INFO] [stdout] test router::tests::reports_routing_loss_with_source_state_and_count ... ok
[INFO] [stdout] 
[INFO] [stdout] test result: ok. 31 passed; 0 failed; 0 ignored; 0 measured; 0 filtered out; finished in 0.03s
[INFO] [stdout] 
[INFO] [stdout] 
[INFO] [stdout] running 8 tests
[INFO] [stdout] test heartbeat_with_wrong_channel_returns_error ... ok
[INFO] [stdout] test tunnel_client_connects_over_ipv6_loopback ... ok
[INFO] [stdout] test tunnel_rejects_tunneling_request_from_wrong_source ... FAILED
[INFO] [stdout] test server_sends_frame_to_tunnel_client ... ok
[INFO] [stdout] test tunnel_frame_exchange ... FAILED
[INFO] [stdout] test connect_and_disconnect ... ok
[INFO] [stdout] test full_device_stack_group_read_response ... ok
[INFO] [stdout] test tunnel_client_reconnects_after_server_disconnect ... ok
[INFO] [stderr] error: test failed, to rerun pass `--test tunnel_integration`
[INFO] [stdout] 
[INFO] [stdout] failures:
[INFO] [stdout] 
[INFO] [stdout] ---- tunnel_rejects_tunneling_request_from_wrong_source stdout ----
[INFO] [stdout] 
[INFO] [stdout] thread 'tunnel_rejects_tunneling_request_from_wrong_source' (572) panicked at tests/tunnel_integration.rs:231:69:
[INFO] [stdout] called `Result::unwrap()` on an `Err` value: Io(Os { code: 98, kind: AddrInUse, message: "Address already in use" })
[INFO] [stdout] stack backtrace:
[INFO] [stdout]    0:     0x635524395e41 - <<std[70759c8f55707aa4]::sys::backtrace::BacktraceLock>::print::DisplayBacktrace as core[df12db4294e9bfd3]::fmt::Display>::fmt
[INFO] [stdout]    1:     0x6355243ab05a - core[df12db4294e9bfd3]::fmt::write
[INFO] [stdout]    2:     0x63552439a85c - <alloc[2182bb758b4b3781]::vec::Vec<u8> as core[df12db4294e9bfd3]::io::write::Write>::write_fmt
[INFO] [stdout]    3:     0x635524371166 - std[70759c8f55707aa4]::panicking::default_hook::{closure#0}
[INFO] [stdout]    4:     0x63552438dd79 - std[70759c8f55707aa4]::panicking::default_hook
[INFO] [stdout]    5:     0x6355242fac00 - test[9d35eded1c95d3be]::test_main_inner::<test[9d35eded1c95d3be]::test_main_static::{closure#0}>::{closure#0}
[INFO] [stdout]    6:     0x63552438e0a2 - std[70759c8f55707aa4]::panicking::panic_with_hook
[INFO] [stdout]    7:     0x635524371212 - std[70759c8f55707aa4]::panicking::panic_handler::{closure#0}
[INFO] [stdout]    8:     0x635524369ee9 - std[70759c8f55707aa4]::sys::backtrace::__rust_end_short_backtrace::<std[70759c8f55707aa4]::panicking::panic_handler::{closure#0}, !>
[INFO] [stdout]    9:     0x635524371ffd - __rustc[8fa7c3cbc660c2b3]::rust_begin_unwind
[INFO] [stdout]   10:     0x6355243ab7bc - core[df12db4294e9bfd3]::panicking::panic_fmt
[INFO] [stdout]   11:     0x6355243ab592 - core[df12db4294e9bfd3]::result::unwrap_failed
[INFO] [stdout]   12:     0x6355242ca027 - tunnel_integration[9c7df25b094a7c0d]::tunnel_rejects_tunneling_request_from_wrong_source::{closure#0}
[INFO] [stdout]   13:     0x6355242e0cea - <tokio[90175b17989817f2]::runtime::context::scoped::Scoped<tokio[90175b17989817f2]::runtime::scheduler::Context>>::set::<<tokio[90175b17989817f2]::runtime::scheduler::current_thread::CoreGuard>::enter<<tokio[90175b17989817f2]::runtime::scheduler::current_thread::CoreGuard>::block_on<core[df12db4294e9bfd3]::pin::Pin<&mut core[df12db4294e9bfd3]::pin::Pin<&mut dyn core[df12db4294e9bfd3]::future::future::Future<Output = ()>>>>::{closure#0}, core[df12db4294e9bfd3]::option::Option<()>>::{closure#0}, (alloc[2182bb758b4b3781]::boxed::Box<tokio[90175b17989817f2]::runtime::scheduler::current_thread::Core>, core[df12db4294e9bfd3]::option::Option<()>)>
[INFO] [stdout]   14:     0x6355242e11ad - <tokio[90175b17989817f2]::runtime::scheduler::current_thread::CoreGuard>::block_on::<core[df12db4294e9bfd3]::pin::Pin<&mut core[df12db4294e9bfd3]::pin::Pin<&mut dyn core[df12db4294e9bfd3]::future::future::Future<Output = ()>>>>
[INFO] [stdout]   15:     0x6355242d93bd - tokio[90175b17989817f2]::runtime::context::runtime::enter_runtime::<<tokio[90175b17989817f2]::runtime::scheduler::current_thread::CurrentThread>::block_on<core[df12db4294e9bfd3]::pin::Pin<&mut dyn core[df12db4294e9bfd3]::future::future::Future<Output = ()>>>::{closure#0}, ()>
[INFO] [stdout]   16:     0x6355242da875 - <tokio[90175b17989817f2]::runtime::runtime::Runtime>::block_on::<core[df12db4294e9bfd3]::pin::Pin<&mut dyn core[df12db4294e9bfd3]::future::future::Future<Output = ()>>>
[INFO] [stdout]   17:     0x6355242ce07e - <tunnel_integration[9c7df25b094a7c0d]::tunnel_rejects_tunneling_request_from_wrong_source::{closure#0} as core[df12db4294e9bfd3]::ops::function::FnOnce<()>>::call_once
[INFO] [stdout]   18:     0x6355242edeeb - test[9d35eded1c95d3be]::__rust_begin_short_backtrace::<core[df12db4294e9bfd3]::result::Result<(), alloc[2182bb758b4b3781]::string::String>, fn() -> core[df12db4294e9bfd3]::result::Result<(), alloc[2182bb758b4b3781]::string::String>>
[INFO] [stdout]   19:     0x6355242fb555 - test[9d35eded1c95d3be]::run_test::{closure#0}
[INFO] [stdout]   20:     0x6355242f4e14 - std[70759c8f55707aa4]::sys::backtrace::__rust_begin_short_backtrace::<test[9d35eded1c95d3be]::run_test::{closure#1}, ()>
[INFO] [stdout]   21:     0x6355242fe6b2 - <std[70759c8f55707aa4]::thread::lifecycle::spawn_unchecked<test[9d35eded1c95d3be]::run_test::{closure#1}, ()>::{closure#1} as core[df12db4294e9bfd3]::ops::function::FnOnce<()>>::call_once::{shim:vtable#0}
[INFO] [stdout]   22:     0x635524395259 - <std[70759c8f55707aa4]::sys::thread::unix::Thread>::new::thread_start
[INFO] [stdout]   23:     0x71e3bd1c6dfa - <unknown>
[INFO] [stdout]   24:     0x71e3bd25a3d4 - clone
[INFO] [stdout]   25:                0x0 - <unknown>
[INFO] [stdout] 
[INFO] [stdout] ---- tunnel_frame_exchange stdout ----
[INFO] [stdout] 
[INFO] [stdout] thread 'tunnel_frame_exchange' (571) panicked at tests/tunnel_integration.rs:161:69:
[INFO] [stdout] called `Result::unwrap()` on an `Err` value: Io(Os { code: 98, kind: AddrInUse, message: "Address already in use" })
[INFO] [stdout] stack backtrace:
[INFO] [stdout]    0:     0x635524395e41 - <<std[70759c8f55707aa4]::sys::backtrace::BacktraceLock>::print::DisplayBacktrace as core[df12db4294e9bfd3]::fmt::Display>::fmt
[INFO] [stdout]    1:     0x6355243ab05a - core[df12db4294e9bfd3]::fmt::write
[INFO] [stdout]    2:     0x63552439a85c - <alloc[2182bb758b4b3781]::vec::Vec<u8> as core[df12db4294e9bfd3]::io::write::Write>::write_fmt
[INFO] [stdout]    3:     0x635524371166 - std[70759c8f55707aa4]::panicking::default_hook::{closure#0}
[INFO] [stdout]    4:     0x63552438dd79 - std[70759c8f55707aa4]::panicking::default_hook
[INFO] [stdout]    5:     0x6355242fac00 - test[9d35eded1c95d3be]::test_main_inner::<test[9d35eded1c95d3be]::test_main_static::{closure#0}>::{closure#0}
[INFO] [stdout]    6:     0x63552438e0a2 - std[70759c8f55707aa4]::panicking::panic_with_hook
[INFO] [stdout]    7:     0x635524371212 - std[70759c8f55707aa4]::panicking::panic_handler::{closure#0}
[INFO] [stdout]    8:     0x635524369ee9 - std[70759c8f55707aa4]::sys::backtrace::__rust_end_short_backtrace::<std[70759c8f55707aa4]::panicking::panic_handler::{closure#0}, !>
[INFO] [stdout]    9:     0x635524371ffd - __rustc[8fa7c3cbc660c2b3]::rust_begin_unwind
[INFO] [stdout]   10:     0x6355243ab7bc - core[df12db4294e9bfd3]::panicking::panic_fmt
[INFO] [stdout]   11:     0x6355243ab592 - core[df12db4294e9bfd3]::result::unwrap_failed
[INFO] [stdout]   12:     0x6355242c3448 - tunnel_integration[9c7df25b094a7c0d]::tunnel_frame_exchange::{closure#0}
[INFO] [stdout]   13:     0x6355242e0cea - <tokio[90175b17989817f2]::runtime::context::scoped::Scoped<tokio[90175b17989817f2]::runtime::scheduler::Context>>::set::<<tokio[90175b17989817f2]::runtime::scheduler::current_thread::CoreGuard>::enter<<tokio[90175b17989817f2]::runtime::scheduler::current_thread::CoreGuard>::block_on<core[df12db4294e9bfd3]::pin::Pin<&mut core[df12db4294e9bfd3]::pin::Pin<&mut dyn core[df12db4294e9bfd3]::future::future::Future<Output = ()>>>>::{closure#0}, core[df12db4294e9bfd3]::option::Option<()>>::{closure#0}, (alloc[2182bb758b4b3781]::boxed::Box<tokio[90175b17989817f2]::runtime::scheduler::current_thread::Core>, core[df12db4294e9bfd3]::option::Option<()>)>
[INFO] [stdout]   14:     0x6355242e11ad - <tokio[90175b17989817f2]::runtime::scheduler::current_thread::CoreGuard>::block_on::<core[df12db4294e9bfd3]::pin::Pin<&mut core[df12db4294e9bfd3]::pin::Pin<&mut dyn core[df12db4294e9bfd3]::future::future::Future<Output = ()>>>>
[INFO] [stdout]   15:     0x6355242d93bd - tokio[90175b17989817f2]::runtime::context::runtime::enter_runtime::<<tokio[90175b17989817f2]::runtime::scheduler::current_thread::CurrentThread>::block_on<core[df12db4294e9bfd3]::pin::Pin<&mut dyn core[df12db4294e9bfd3]::future::future::Future<Output = ()>>>::{closure#0}, ()>
[INFO] [stdout]   16:     0x6355242da875 - <tokio[90175b17989817f2]::runtime::runtime::Runtime>::block_on::<core[df12db4294e9bfd3]::pin::Pin<&mut dyn core[df12db4294e9bfd3]::future::future::Future<Output = ()>>>
[INFO] [stdout]   17:     0x6355242cd6de - <tunnel_integration[9c7df25b094a7c0d]::tunnel_frame_exchange::{closure#0} as core[df12db4294e9bfd3]::ops::function::FnOnce<()>>::call_once
[INFO] [stdout]   18:     0x6355242edeeb - test[9d35eded1c95d3be]::__rust_begin_short_backtrace::<core[df12db4294e9bfd3]::result::Result<(), alloc[2182bb758b4b3781]::string::String>, fn() -> core[df12db4294e9bfd3]::result::Result<(), alloc[2182bb758b4b3781]::string::String>>
[INFO] [stdout]   19:     0x6355242fb555 - test[9d35eded1c95d3be]::run_test::{closure#0}
[INFO] [stdout]   20:     0x6355242f4e14 - std[70759c8f55707aa4]::sys::backtrace::__rust_begin_short_backtrace::<test[9d35eded1c95d3be]::run_test::{closure#1}, ()>
[INFO] [stdout]   21:     0x6355242fe6b2 - <std[70759c8f55707aa4]::thread::lifecycle::spawn_unchecked<test[9d35eded1c95d3be]::run_test::{closure#1}, ()>::{closure#1} as core[df12db4294e9bfd3]::ops::function::FnOnce<()>>::call_once::{shim:vtable#0}
[INFO] [stdout]   22:     0x635524395259 - <std[70759c8f55707aa4]::sys::thread::unix::Thread>::new::thread_start
[INFO] [stdout]   23:     0x71e3bd1c6dfa - <unknown>
[INFO] [stdout]   24:     0x71e3bd25a3d4 - clone
[INFO] [stdout]   25:                0x0 - <unknown>
[INFO] [stdout] 
[INFO] [stdout] 
[INFO] [stdout] failures:
[INFO] [stdout]     tunnel_frame_exchange
[INFO] [stdout]     tunnel_rejects_tunneling_request_from_wrong_source
[INFO] [stdout] 
[INFO] [stdout] test result: FAILED. 6 passed; 2 failed; 0 ignored; 0 measured; 0 filtered out; finished in 2.15s
[INFO] [stdout] 
[INFO] running `Command { std: "docker" "inspect" "fdd50efbf03411b2ddab7d9e71d05237dd8b720b2208bd20619599e7719af8a4", kill_on_drop: false }`
[INFO] running `Command { std: "docker" "rm" "-f" "fdd50efbf03411b2ddab7d9e71d05237dd8b720b2208bd20619599e7719af8a4", kill_on_drop: false }`
[INFO] [stdout] fdd50efbf03411b2ddab7d9e71d05237dd8b720b2208bd20619599e7719af8a4
