[INFO] fetching crate knust 0.2.0...
[INFO] testing knust-0.2.0 against 1.99.0-beta.8+cargoflags=--release for beta-release-1.100-2
[INFO] extracting crate knust 0.2.0 into /workspace/builds/worker-0-tc1/source
[INFO] started tweaking crates.io crate knust 0.2.0
[INFO] removed 0 missing examples
[INFO] removed 0 missing tests
[INFO] finished tweaking crates.io crate knust 0.2.0
[INFO] tweaked toml for crates.io crate knust 0.2.0 written to /workspace/builds/worker-0-tc1/source/Cargo.toml
[INFO] validating manifest of crates.io crate knust 0.2.0 on toolchain 1.99.0-beta.8
[INFO] running `Command { std: CARGO_HOME="/workspace/cargo-home" RUSTUP_HOME="/workspace/rustup-home" "/workspace/cargo-home/bin/cargo" "+1.99.0-beta.8" "metadata" "--manifest-path" "Cargo.toml" "--no-deps", kill_on_drop: false }`
[INFO] crate crates.io crate knust 0.2.0 already has a lockfile, it will not be regenerated
[INFO] running `Command { std: CARGO_HOME="/workspace/cargo-home" RUSTUP_HOME="/workspace/rustup-home" "/workspace/cargo-home/bin/cargo" "+1.99.0-beta.8" "fetch" "--manifest-path" "Cargo.toml", kill_on_drop: false }`
[INFO] [stderr]  Downloading crates ...
[INFO] [stderr]   Downloaded jiff-static v0.2.31
[INFO] [stderr]   Downloaded jiff v0.2.31
[INFO] running `Command { std: "docker" "create" "-v" "/var/lib/crater-agent-workspace/builds/worker-0-tc1/source:/opt/rustwide/workdir:ro,Z" "-v" "/var/lib/crater-agent-workspace/builds/worker-0-tc1/target:/opt/rustwide/target:rw,Z" "-v" "/var/lib/crater-agent-workspace/cargo-home:/opt/rustwide/cargo-home:ro,Z" "-v" "/var/lib/crater-agent-workspace/rustup-home:/opt/rustwide/rustup-home:ro,Z" "-m" "1610612736" "--network" "none" "ghcr.io/rust-lang/crates-build-env/linux@sha256:77db811e55d90add9212f6832c23229e3de5f1c1f9905e8cb07319ea15df73ac" "sleep" "infinity", kill_on_drop: false }`
[INFO] [stdout] f8233fdcd547afde99e33365ebc6ba97cb1917061cef995a759748f4754a50d8
[INFO] running `Command { std: "docker" "start" "f8233fdcd547afde99e33365ebc6ba97cb1917061cef995a759748f4754a50d8", kill_on_drop: false }`
[INFO] running `Command { std: "docker" "inspect" "f8233fdcd547afde99e33365ebc6ba97cb1917061cef995a759748f4754a50d8", kill_on_drop: false }`
[INFO] running `Command { std: "docker" "exec" "-e" "SOURCE_DIR=/opt/rustwide/workdir" "-e" "CARGO_HOME=/opt/rustwide/cargo-home" "-e" "RUSTUP_HOME=/opt/rustwide/rustup-home" "-e" "CARGO_TARGET_DIR=/opt/rustwide/target" "-w" "/opt/rustwide/workdir" "--user" "0:0" "f8233fdcd547afde99e33365ebc6ba97cb1917061cef995a759748f4754a50d8" "/opt/rustwide/cargo-home/bin/cargo" "+1.99.0-beta.8" "metadata" "--no-deps" "--format-version=1", kill_on_drop: false }`
[INFO] running `Command { std: "docker" "inspect" "f8233fdcd547afde99e33365ebc6ba97cb1917061cef995a759748f4754a50d8", kill_on_drop: false }`
[INFO] running `Command { std: "docker" "exec" "-e" "SOURCE_DIR=/opt/rustwide/workdir" "-e" "CARGO_HOME=/opt/rustwide/cargo-home" "-e" "RUSTUP_HOME=/opt/rustwide/rustup-home" "-e" "CARGO_TARGET_DIR=/opt/rustwide/target" "-e" "CARGO_INCREMENTAL=0" "-e" "RUST_BACKTRACE=full" "-e" "RUSTFLAGS=--cap-lints=warn" "-e" "RUSTDOCFLAGS=--cap-lints=warn" "-w" "/opt/rustwide/workdir" "--user" "0:0" "f8233fdcd547afde99e33365ebc6ba97cb1917061cef995a759748f4754a50d8" "/opt/rustwide/cargo-home/bin/cargo" "+1.99.0-beta.8" "build" "--frozen" "--message-format=json" "--release", kill_on_drop: false }`
[INFO] [stderr]    Compiling syn v2.0.118
[INFO] [stderr]    Compiling hex v0.4.3
[INFO] [stderr]    Compiling mio v1.2.1
[INFO] [stderr]    Compiling rand v0.10.2
[INFO] [stderr]    Compiling strum_macros v0.28.0
[INFO] [stderr]    Compiling tokio-macros v2.7.0
[INFO] [stderr]    Compiling thiserror-impl v2.0.18
[INFO] [stderr]    Compiling async-trait v0.1.89
[INFO] [stderr]    Compiling tokio v1.52.3
[INFO] [stderr]    Compiling thiserror v2.0.18
[INFO] [stderr]    Compiling strum v0.28.0
[INFO] [stderr]    Compiling knust v0.2.0 (/opt/rustwide/workdir)
[INFO] [stderr]     Finished `release` profile [optimized] target(s) in 23.65s
[INFO] running `Command { std: "docker" "inspect" "f8233fdcd547afde99e33365ebc6ba97cb1917061cef995a759748f4754a50d8", kill_on_drop: false }`
[INFO] running `Command { std: "docker" "exec" "-e" "SOURCE_DIR=/opt/rustwide/workdir" "-e" "CARGO_HOME=/opt/rustwide/cargo-home" "-e" "RUSTUP_HOME=/opt/rustwide/rustup-home" "-e" "CARGO_TARGET_DIR=/opt/rustwide/target" "-e" "CARGO_INCREMENTAL=0" "-e" "RUST_BACKTRACE=full" "-e" "RUSTFLAGS=--cap-lints=warn" "-e" "RUSTDOCFLAGS=--cap-lints=warn" "-w" "/opt/rustwide/workdir" "--user" "0:0" "f8233fdcd547afde99e33365ebc6ba97cb1917061cef995a759748f4754a50d8" "/opt/rustwide/cargo-home/bin/cargo" "+1.99.0-beta.8" "test" "--frozen" "--no-run" "--message-format=json" "--release", kill_on_drop: false }`
[INFO] [stderr]    Compiling memchr v2.7.6
[INFO] [stderr]    Compiling rustix v1.1.3
[INFO] [stderr]    Compiling tokio v1.52.3
[INFO] [stderr]    Compiling anstream v1.0.0
[INFO] [stderr]    Compiling jiff v0.2.31
[INFO] [stderr]    Compiling chrono v0.4.45
[INFO] [stderr]    Compiling aho-corasick v1.1.4
[INFO] [stderr]    Compiling tempfile v3.24.0
[INFO] [stderr]    Compiling rusty-fork v0.3.1
[INFO] [stderr]    Compiling proptest v1.11.0
[INFO] [stderr]    Compiling regex-automata v0.4.14
[INFO] [stderr]    Compiling tokio-stream v0.1.18
[INFO] [stderr]    Compiling knust v0.2.0 (/opt/rustwide/workdir)
[INFO] [stderr]    Compiling tokio-test v0.4.5
[INFO] [stderr]    Compiling regex v1.12.4
[INFO] [stderr]    Compiling env_filter v2.0.0
[INFO] [stderr]    Compiling env_logger v0.11.11
[INFO] [stderr]     Finished `release` profile [optimized] target(s) in 2m 14s
[INFO] running `Command { std: "docker" "inspect" "f8233fdcd547afde99e33365ebc6ba97cb1917061cef995a759748f4754a50d8", kill_on_drop: false }`
[INFO] running `Command { std: "docker" "exec" "-e" "SOURCE_DIR=/opt/rustwide/workdir" "-e" "CARGO_HOME=/opt/rustwide/cargo-home" "-e" "RUSTUP_HOME=/opt/rustwide/rustup-home" "-e" "CARGO_TARGET_DIR=/opt/rustwide/target" "-e" "CARGO_INCREMENTAL=0" "-e" "RUST_BACKTRACE=full" "-e" "RUSTFLAGS=--cap-lints=warn" "-e" "RUSTDOCFLAGS=--cap-lints=warn" "-w" "/opt/rustwide/workdir" "--user" "0:0" "f8233fdcd547afde99e33365ebc6ba97cb1917061cef995a759748f4754a50d8" "/opt/rustwide/cargo-home/bin/cargo" "+1.99.0-beta.8" "test" "--frozen" "--release", kill_on_drop: false }`
[INFO] [stderr]     Finished `release` profile [optimized] target(s) in 0.16s
[INFO] [stderr]      Running unittests src/lib.rs (/opt/rustwide/target/release/deps/knust-6381885c05706a96)
[INFO] [stdout] 
[INFO] [stdout] running 211 tests
[INFO] [stdout] test application::callbacks::tests::test_callback_unregistration ... ok
[INFO] [stdout] test application::callbacks::tests::property_graceful_invalid_unregistration ... ok
[INFO] [stdout] test application::callbacks::tests::property_builder_callback_transfer ... ok
[INFO] [stdout] test application::callbacks::tests::property_callback_handle_uniqueness ... ok
[INFO] [stdout] test application::callbacks::tests::test_callback_handle_uniqueness ... ok
[INFO] [stdout] test application::callbacks::tests::test_callback_registration_and_storage ... ok
[INFO] [stdout] test application::callbacks::tests::property_registration_error_handling ... ok
[INFO] [stdout] test application::callbacks::tests::property_callback_unregistration ... ok
[INFO] [stdout] test application::callbacks::tests::property_telegram_filtering ... ok
[INFO] [stdout] test application::callbacks::tests::test_clear_all_callbacks ... ok
[INFO] [stdout] test application::callbacks::tests::test_invalid_handle_unregistration ... ok
[INFO] [stdout] test application::callbacks::tests::test_multiple_callbacks_execution_order ... ok
[INFO] [stdout] test application::callbacks::tests::test_sync_callback_execution ... ok
[INFO] [stdout] test application::knx::integration_tests::parse_cemi_to_telegram_classifies_group_value_read ... ok
[INFO] [stdout] test application::knx::integration_tests::parse_cemi_to_telegram_classifies_group_value_response ... ok
[INFO] [stdout] test application::knx::integration_tests::test_knx_telegram_filtering_integration ... ok
[INFO] [stdout] test application::knx::integration_tests::parse_cemi_to_telegram_classifies_group_value_write ... ok
[INFO] [stdout] test application::tests::unit_tests::test_knx_builder ... ok
[INFO] [stdout] test application::tests::unit_tests::test_knx_config_access ... ok
[INFO] [stdout] test application::tests::unit_tests::test_cancellation_during_connect ... ok
[INFO] [stdout] test application::knx::integration_tests::test_knx_callback_unregistration_integration ... ok
[INFO] [stdout] test application::tests::unit_tests::test_knx_state_transitions ... ok
[INFO] [stdout] test application::tests::unit_tests::test_knx_shutdown_flag ... ok
[INFO] [stdout] test application::tests::unit_tests::test_knx_creation_with_routing_config ... ok
[INFO] [stdout] test application::knx::integration_tests::test_knx_mixed_callbacks_integration ... ok
[INFO] [stdout] test application::thread_safety_test::test_concurrent_filter_operations ... ok
[INFO] [stdout] test application::callbacks::tests::test_async_callback_execution ... ok
[INFO] [stdout] test config::tests::unit_tests::test_config_format_default ... ok
[INFO] [stdout] test config::tests::unit_tests::test_configuration_new ... ok
[INFO] [stdout] test application::thread_safety_test::test_concurrent_callback_execution ... ok
[INFO] [stdout] test application::thread_safety_test::test_concurrent_callback_registration ... ok
[INFO] [stdout] test error::tests::error_tests::test_error_hierarchy ... ok
[INFO] [stdout] test error::tests::error_tests::test_recoverable_errors ... ok
[INFO] [stdout] test logging::tests::test_component_display ... ok
[INFO] [stdout] test error::tests::error_tests::property_error_context_completeness ... ok
[INFO] [stdout] test logging::tests::test_log_level_ordering ... ok
[INFO] [stdout] test logging::tests::test_logging_config ... ok
[INFO] [stdout] test error::tests::error_tests::test_error_display ... ok
[INFO] [stdout] test logging::tests::test_timer ... ok
[INFO] [stdout] test memory::tests::test_memory_cleanup ... ok
[INFO] [stdout] test memory::tests::test_memory_error_display ... ok
[INFO] [stdout] test memory::tests::test_memory_monitor_basic_operations ... ok
[INFO] [stdout] test application::thread_safety_test::test_concurrent_registration_and_unregistration ... ok
[INFO] [stdout] test memory::tests::test_performance_optimizer ... ok
[INFO] [stdout] test memory::tests::test_memory_monitor_limit_exceeded ... ok
[INFO] [stdout] test protocol::address::tests::test_address_display ... ok
[INFO] [stdout] test protocol::address::tests::property_address_validation_completeness ... ok
[INFO] [stdout] test protocol::address::tests::test_address_ordering ... ok
[INFO] [stdout] test protocol::address::tests::test_address_enum_parsing ... ok
[INFO] [stdout] test protocol::address::tests::test_address_raw_values ... ok
[INFO] [stdout] test protocol::address::tests::test_const_functions ... ok
[INFO] [stdout] test protocol::address::tests::test_conversion_traits ... ok
[INFO] [stdout] test protocol::address::tests::test_broadcast_addresses ... ok
[INFO] [stdout] test protocol::address::tests::test_group_address_validation ... ok
[INFO] [stdout] test protocol::address::tests::test_individual_address_validation ... ok
[INFO] [stdout] test protocol::apci::tests::group_value_read_encodes_to_single_zero_apci ... ok
[INFO] [stdout] test protocol::apci::tests::group_value_response_array_round_trip ... ok
[INFO] [stdout] test protocol::apci::tests::group_value_write_binary_round_trip ... ok
[INFO] [stdout] test memory::tests::test_connection_pool_basic_operations ... ok
[INFO] [stdout] test protocol::cemi::tests::test_cemi_frame_creation ... ok
[INFO] [stdout] test protocol::cemi::tests::test_control_field_conversion ... ok
[INFO] [stdout] test protocol::cemi::tests::test_empty_frame_parsing ... ok
[INFO] [stdout] test protocol::cemi::tests::test_extended_control_field_conversion ... ok
[INFO] [stdout] test protocol::cemi::tests::test_frame_with_additional_info ... ok
[INFO] [stdout] test protocol::cemi::tests::test_message_code_conversion ... ok
[INFO] [stdout] test protocol::cemi::tests::test_minimal_valid_frame ... ok
[INFO] [stdout] test protocol::dpt::tests::test_active_energy_8byte_python_parity ... ok
[INFO] [stdout] test protocol::dpt::tests::test_active_energy_encode_decode ... ok
[INFO] [stdout] test protocol::dpt::tests::test_basic_zero_copy ... ok
[INFO] [stdout] test protocol::dpt::tests::test_color_rgb_python_parity ... ok
[INFO] [stdout] test protocol::dpt::tests::test_color_rgbw_python_parity ... ok
[INFO] [stdout] test protocol::dpt::tests::test_color_xyy_python_parity ... ok
[INFO] [stdout] test protocol::dpt::tests::test_control_dimming ... ok
[INFO] [stdout] test protocol::dpt::tests::test_date_python_parity ... ok
[INFO] [stdout] test protocol::dpt::tests::test_datetime_python_parity_24_hour_validation ... ok
[INFO] [stdout] test protocol::dpt::tests::test_datetime_python_parity_decode_external_sync_source_reliable ... ok
[INFO] [stdout] test protocol::dpt::tests::test_datetime_python_parity_encode_midnight ... ok
[INFO] [stdout] test protocol::dpt::tests::test_datetime_python_parity_invalid_group_flags ... ok
[INFO] [stdout] test protocol::dpt::tests::test_dpt16_ascii_padding ... ok
[INFO] [stdout] test protocol::dpt::tests::test_dpt16_ascii_replacement ... ok
[INFO] [stdout] test protocol::dpt::tests::test_dpt16_decode_zero_stripping ... ok
[INFO] [stdout] test protocol::dpt::tests::test_dpt16_latin1_byte_preservation ... ok
[INFO] [stdout] test protocol::dpt::tests::test_dpt16_rejects_too_long_strings ... ok
[INFO] [stdout] test protocol::dpt::tests::test_dpt8_percent_v16_python_parity ... ok
[INFO] [stdout] test protocol::dpt::tests::test_dpt8_raw_aliases_remain_unscaled ... ok
[INFO] [stdout] test protocol::dpt::tests::test_dpt_alias_registry ... ok
[INFO] [stdout] test protocol::dpt::tests::test_dpt_aliases ... ok
[INFO] [stdout] test protocol::dpt::tests::test_dpt_registry ... ok
[INFO] [stdout] test protocol::dpt::tests::test_dpt_wrapper ... ok
[INFO] [stdout] test protocol::dpt::tests::test_hvac_controller_mode_python_parity ... ok
[INFO] [stdout] test protocol::dpt::tests::test_hvac_mode_python_parity ... ok
[INFO] [stdout] test protocol::dpt::tests::test_power_encode_decode ... ok
[INFO] [stdout] test protocol::dpt::tests::test_scaling_encode_decode ... ok
[INFO] [stdout] test protocol::dpt::tests::test_scene_control_python_parity ... ok
[INFO] [stdout] test protocol::dpt::tests::test_scene_number_python_parity ... ok
[INFO] [stdout] test protocol::dpt::tests::test_switch_encode_decode ... ok
[INFO] [stdout] test protocol::dpt::tests::test_switch_encode_decode_off ... ok
[INFO] [stdout] test protocol::cemi::tests::property_memory_safety_under_invalid_input ... ok
[INFO] [stdout] test protocol::dpt::tests::test_tariff_active_energy_python_parity ... ok
[INFO] [stdout] test protocol::dpt::tests::test_temperature ... ok
[INFO] [stdout] test protocol::dpt::tests::test_time_of_day_python_parity ... ok
[INFO] [stdout] test protocol::dpt::tests::test_value_4byte_unsigned ... ok
[INFO] [stdout] test protocol::dpt::view::tests::datetime_view_byte_layout ... ok
[INFO] [stdout] test application::knx::integration_tests::test_knx_callback_error_handling_integration ... ok
[INFO] [stdout] test protocol::knxip::tests::connect_request_extended_cri_carries_requested_address ... ok
[INFO] [stdout] test protocol::knxip::tests::connect_request_default_cri_is_four_bytes ... ok
[INFO] [stdout] test protocol::knxip::tests::connect_response_non_tunnel_crd_yields_none ... ok
[INFO] [stdout] test protocol::knxip::tests::connect_response_parses_tunnel_assigned_address ... ok
[INFO] [stdout] test protocol::knxip::tests::session_authenticate_round_trips ... ok
[INFO] [stdout] test protocol::knxip::tests::connect_response_short_crd_yields_none ... ok
[INFO] [stdout] test protocol::knxip::tests::session_request_round_trips ... ok
[INFO] [stdout] test protocol::knxip::tests::session_response_round_trips ... ok
[INFO] [stdout] test protocol::knxip::tests::session_status_round_trips ... ok
[INFO] [stdout] test protocol::management::tests::device_descriptor_read_encodes_to_apci_0x0300 ... ok
[INFO] [stdout] test protocol::management::tests::device_descriptor_response_decodes_known_bytes ... ok
[INFO] [stdout] test protocol::management::tests::device_descriptor_read_masks_descriptor_to_six_bits ... ok
[INFO] [stdout] test application::knx::integration_tests::test_knx_telegram_callback_integration ... ok
[INFO] [stdout] test protocol::management::tests::device_descriptor_response_rejects_short_input ... ok
[INFO] [stdout] test protocol::management::tests::device_descriptor_response_rejects_non_0x0340_pattern ... ok
[INFO] [stdout] test protocol::management::tests::device_descriptor_response_round_trip ... ok
[INFO] [stdout] test protocol::tpci::tests::ack_known_bytes ... ok
[INFO] [stdout] test protocol::management::tests::device_descriptor_response_preserves_descriptor_bits ... ok
[INFO] [stdout] test application::knx::integration_tests::test_knx_connection_callback_integration ... ok
[INFO] [stdout] test protocol::tpci::tests::connect_round_trip ... ok
[INFO] [stdout] test protocol::tpci::tests::data_connected_known_bytes ... ok
[INFO] [stdout] test protocol::tpci::tests::disconnect_round_trip ... ok
[INFO] [stdout] test protocol::tpci::tests::nak_round_trip ... ok
[INFO] [stdout] test protocol::tpci::tests::nak_known_bytes ... ok
[INFO] [stdout] test protocol::tpci::tests::sequence_is_masked_to_four_bits ... ok
[INFO] [stdout] test transport::address_probe::tests::address_probe_classify_ack_is_other ... ok
[INFO] [stdout] test transport::address_probe::tests::address_probe_classify_device_descriptor_response_is_occupied ... ok
[INFO] [stdout] test transport::address_probe::tests::address_probe_classify_disconnect_frame_struct_is_occupied ... ok
[INFO] [stdout] test transport::address_probe::tests::address_probe_classify_disconnect_is_occupied ... ok
[INFO] [stdout] test transport::address_probe::tests::address_probe_classify_group_value_is_other ... ok
[INFO] [stdout] test protocol::tpci::tests::data_connected_round_trip ... ok
[INFO] [stdout] test transport::address_probe::tests::address_probe_ddr_cemi_layout ... ok
[INFO] [stdout] test transport::address_probe::tests::address_probe_tconnect_cemi_is_unparseable_tpci_but_ddr_round_trips ... ok
[INFO] [stdout] test transport::address_probe::tests::address_probe_tconnect_cemi_layout ... ok
[INFO] [stdout] test transport::address_probe::tests::auto_select_candidate_addresses_cover_240_to_254 ... ok
[INFO] [stdout] test transport::address_probe::tests::auto_select_errors_when_all_candidates_unavailable ... ok
[INFO] [stdout] test application::callbacks::tests::property_telegram_callback_invocation ... ok
[INFO] [stdout] test transport::address_registry::tests::address_registry_claim_succeeds_then_collision_fails ... ok
[INFO] [stdout] test transport::address_registry::tests::address_registry_clone_shares_state ... ok
[INFO] [stdout] test transport::address_registry::tests::address_registry_is_available_only_when_free ... ok
[INFO] [stdout] test transport::address_registry::tests::address_registry_known_occupied_makes_unavailable ... ok
[INFO] [stdout] test application::callbacks::tests::property_thread_safety ... ok
[INFO] [stdout] test transport::address_registry::tests::address_registry_release_allows_reclaim ... ok
[INFO] [stdout] test transport::address_registry::tests::address_registry_is_claimed_reflects_state ... ok
[INFO] [stdout] test transport::backoff::tests::test_reset ... ok
[INFO] [stdout] test transport::backoff::tests::test_backoff_caps_at_max ... ok
[INFO] [stdout] test transport::frame_transport::tests::extract_rejects_bad_length ... ok
[INFO] [stdout] test transport::backoff::tests::test_backoff_increases ... ok
[INFO] [stdout] test transport::frame_transport::tests::extract_returns_exact_frame ... ok
[INFO] [stdout] test transport::backoff::tests::test_exhausted ... ok
[INFO] [stdout] test transport::frame_transport::tests::extract_splits_coalesced_frames ... ok
[INFO] [stdout] test transport::frame_transport::tests::extract_returns_none_for_partial_header ... ok
[INFO] [stdout] test transport::health::tests::score_reflects_lifecycle_and_connection_local_errors ... ok
[INFO] [stdout] test transport::frame_transport::tests::extract_returns_none_for_partial_body ... ok
[INFO] [stdout] test protocol::tpci::tests::ack_round_trip ... ok
[INFO] [stdout] test application::tests::test_async_operation_cancellation_safety ... ok
[INFO] [stdout] test test_config::tests::test_config_creation ... ok
[INFO] [stdout] test test_config::tests::test_config_loading ... ok
[INFO] [stdout] test transport::integration_tests::tests::test_tcp_tunneling_telegram_exchange ... ok
[INFO] [stdout] test transport::integration_tests::tests::test_connection_resilience ... ok
[INFO] [stdout] test transport::integration_tests::tests::test_udp_tunneling_real_gateway ... ok
[INFO] [stdout] test transport::integration_tests::tests::test_tcp_tunneling_ack_response ... ok
[INFO] [stdout] test transport::integration_tests::tests::test_tcp_tunneling_real_gateway ... ok
[INFO] [stdout] test transport::integration_tests::tests::test_udp_tunneling_telegram_exchange ... ok
[INFO] [stdout] test transport::integration_tests::tests::test_udp_vs_tcp_connection_comparison ... ok
[INFO] [stdout] test transport::queue::tests::test_fifo_ordering_within_priority ... ok
[INFO] [stdout] test transport::queue::tests::test_incoming_fifo_order ... ok
[INFO] [stdout] test transport::queue::tests::test_priority_ordering ... ok
[INFO] [stdout] test application::tests::test_concurrent_operation_cancellation ... ok
[INFO] [stdout] test transport::queue::tests::test_backpressure ... ok
[INFO] [stdout] test transport::queue::tests::test_basic_enqueue_dequeue ... ok
[INFO] [stdout] test transport::queue::tests::test_queue_closure ... ok
[INFO] [stdout] test transport::rate_limit::tests::test_rate_limit_kicks_in ... ok
[INFO] [stdout] test transport::rate_limit::tests::test_burst_tokens_available ... ok
[INFO] [stdout] test transport::integration_tests::tests::test_connection_timeout_handling ... FAILED
[INFO] [stdout] test transport::receive_limiter::tests::test_bounded_channel_backpressure ... ok
[INFO] [stdout] test transport::receive_limiter::tests::test_per_address_throttle ... ok
[INFO] [stdout] test transport::router::tests::dispatch_skips_dropped_waiter ... ok
[INFO] [stdout] test transport::router::tests::dispatch_delivers_to_registered_waiter ... ok
[INFO] [stdout] test transport::router::tests::dispatch_returns_frame_when_no_waiter ... ok
[INFO] [stdout] test transport::routing::health_tests::connection_health_is_independent_between_routing_connections ... ok
[INFO] [stdout] test protocol::cemi::tests::property_cemi_frame_round_trip ... ok
[INFO] [stdout] test transport::tests::unit_tests::test_connection_config_default ... ok
[INFO] [stdout] test transport::tests::unit_tests::test_backoff_config_default ... ok
[INFO] [stdout] test transport::routing::health_tests::connection_health_tracks_routing_lifecycle_counters_and_errors ... ok
[INFO] [stdout] test transport::queue::tests::test_incoming_notification_does_not_stop_outgoing_waiter ... ok
[INFO] [stdout] test transport::tests::unit_tests::test_udp_tunneling_with_configured_gateway ... ok
[INFO] [stdout] test transport::tunnel::tunneling_address_tests::tunneling_configured_address_collision_precondition ... ok
[INFO] [stdout] test transport::tunnel::tunneling_address_tests::tunneling_without_address_management_has_no_address_and_default_cri ... ok
[INFO] [stdout] test transport::tests::unit_tests::test_tcp_tunneling_with_configured_gateway ... ok
[INFO] [stdout] test transport::tunneling_test::tests::test_tunnel_sequence_management ... ok
[INFO] [stdout] test transport::tunneling_test::tests::test_failed_connect_updates_connection_health ... ok
[INFO] [stdout] test transport::tunneling_test::tests::test_tunnel_send_recv_without_connection ... ok
[INFO] [stdout] test transport::tunneling_test::tests::test_tunnel_creation ... ok
[INFO] [stdout] test transport::tunnel::tunneling_address_tests::tunneling_set_address_management_requests_extended_cri ... ok
[INFO] [stdout] test transport::tunneling_test::tests::test_tunnel_state_management ... ok
[INFO] [stdout] test application::thread_safety_test::test_concurrent_mixed_operations ... ok
[INFO] [stdout] test transport::tests::test_gateway_discovery_response_parsing ... ok
[INFO] [stdout] test transport::tests::test_connection_establishment_consistency ... ok
[INFO] [stdout] test application::callbacks::tests::property_connection_state_callback_invocation ... ok
[INFO] [stdout] test application::callbacks::tests::property_error_isolation ... ok
[INFO] [stdout] test application::callbacks::tests::property_callback_ordering ... ok
[INFO] [stdout] test memory::tests::property_memory_usage_stability ... ok
[INFO] [stdout] test transport::queue::tests::prop_telegram_queue_ordering ... ok
[INFO] [stdout] test transport::queue::tests::prop_outgoing_priority_ordering ... ok
[INFO] [stdout] test transport::queue::tests::prop_queue_backpressure_handling ... ok
[INFO] [stdout] test application::callbacks::tests::property_sync_async_callback_support ... ok
[INFO] [stdout] 
[INFO] [stdout] failures:
[INFO] [stdout] 
[INFO] [stdout] ---- transport::integration_tests::tests::test_connection_timeout_handling stdout ----
[INFO] [stdout] Test config: No KNX gateway configured, using mock testing only
[INFO] [stdout] Test config: Set KNX_GATEWAY in .env.test to enable real gateway testing
[INFO] [stdout] Testing timeout handling with unreachable address
[INFO] [stdout] 
[INFO] [stdout] thread 'transport::integration_tests::tests::test_connection_timeout_handling' (2826) panicked at src/transport/integration_tests.rs:555:9:
[INFO] [stdout] Timeout should be respected, took 54.92µs
[INFO] [stdout] stack backtrace:
[INFO] [stdout]    0:     0x556a6ec3ddc1 - <<std[70759c8f55707aa4]::sys::backtrace::BacktraceLock>::print::DisplayBacktrace as core[df12db4294e9bfd3]::fmt::Display>::fmt
[INFO] [stdout]    1:     0x556a6ec5472a - core[df12db4294e9bfd3]::fmt::write
[INFO] [stdout]    2:     0x556a6ec42c1c - <alloc[2182bb758b4b3781]::vec::Vec<u8> as core[df12db4294e9bfd3]::io::write::Write>::write_fmt
[INFO] [stdout]    3:     0x556a6ec177e6 - std[70759c8f55707aa4]::panicking::default_hook::{closure#0}
[INFO] [stdout]    4:     0x556a6ec35b79 - std[70759c8f55707aa4]::panicking::default_hook
[INFO] [stdout]    5:     0x556a6eb53dd0 - test[9d35eded1c95d3be]::test_main_inner::<test[9d35eded1c95d3be]::test_main_static::{closure#0}>::{closure#0}
[INFO] [stdout]    6:     0x556a6ec35ea2 - std[70759c8f55707aa4]::panicking::panic_with_hook
[INFO] [stdout]    7:     0x556a6ec17892 - std[70759c8f55707aa4]::panicking::panic_handler::{closure#0}
[INFO] [stderr] error: test failed, to rerun pass `--lib`
[INFO] [stdout]    8:     0x556a6ec10289 - std[70759c8f55707aa4]::sys::backtrace::__rust_end_short_backtrace::<std[70759c8f55707aa4]::panicking::panic_handler::{closure#0}, !>
[INFO] [stdout]    9:     0x556a6ec1871d - __rustc[8fa7c3cbc660c2b3]::rust_begin_unwind
[INFO] [stdout]   10:     0x556a6ec54f0c - core[df12db4294e9bfd3]::panicking::panic_fmt
[INFO] [stdout]   11:     0x556a6ea5d419 - knust[55cbb81075b3ba15]::transport::integration_tests::tests::test_connection_timeout_handling::{closure#0}
[INFO] [stdout]   12:     0x556a6eb193f3 - <tokio[13083bba6dffdddb]::runtime::scheduler::current_thread::Context>::enter::<core[df12db4294e9bfd3]::task::poll::Poll<()>, <tokio[13083bba6dffdddb]::runtime::scheduler::current_thread::CoreGuard>::block_on<core[df12db4294e9bfd3]::pin::Pin<&mut core[df12db4294e9bfd3]::pin::Pin<&mut dyn core[df12db4294e9bfd3]::future::future::Future<Output = ()>>>>::{closure#0}::{closure#0}>
[INFO] [stdout]   13:     0x556a6eab6de9 - <std[70759c8f55707aa4]::thread::local::LocalKey<tokio[13083bba6dffdddb]::runtime::context::Context>>::with::<tokio[13083bba6dffdddb]::runtime::context::set_scheduler<(alloc[2182bb758b4b3781]::boxed::Box<tokio[13083bba6dffdddb]::runtime::scheduler::current_thread::Core>, core[df12db4294e9bfd3]::option::Option<()>), <tokio[13083bba6dffdddb]::runtime::scheduler::current_thread::CoreGuard>::enter<<tokio[13083bba6dffdddb]::runtime::scheduler::current_thread::CoreGuard>::block_on<core[df12db4294e9bfd3]::pin::Pin<&mut core[df12db4294e9bfd3]::pin::Pin<&mut dyn core[df12db4294e9bfd3]::future::future::Future<Output = ()>>>>::{closure#0}, core[df12db4294e9bfd3]::option::Option<()>>::{closure#0}>::{closure#0}, (alloc[2182bb758b4b3781]::boxed::Box<tokio[13083bba6dffdddb]::runtime::scheduler::current_thread::Core>, core[df12db4294e9bfd3]::option::Option<()>)>
[INFO] [stdout]   14:     0x556a6eb1aeb7 - <tokio[13083bba6dffdddb]::runtime::scheduler::current_thread::CoreGuard>::block_on::<core[df12db4294e9bfd3]::pin::Pin<&mut core[df12db4294e9bfd3]::pin::Pin<&mut dyn core[df12db4294e9bfd3]::future::future::Future<Output = ()>>>>
[INFO] [stdout]   15:     0x556a6eaa0523 - tokio[13083bba6dffdddb]::runtime::context::runtime::enter_runtime::<<tokio[13083bba6dffdddb]::runtime::scheduler::current_thread::CurrentThread>::block_on<core[df12db4294e9bfd3]::pin::Pin<&mut dyn core[df12db4294e9bfd3]::future::future::Future<Output = ()>>>::{closure#0}, ()>
[INFO] [stdout]   16:     0x556a6ea75c65 - <tokio[13083bba6dffdddb]::runtime::runtime::Runtime>::block_on::<core[df12db4294e9bfd3]::pin::Pin<&mut dyn core[df12db4294e9bfd3]::future::future::Future<Output = ()>>>
[INFO] [stdout]   17:     0x556a6ea7511e - <knust[55cbb81075b3ba15]::transport::integration_tests::tests::test_connection_timeout_handling::{closure#0} as core[df12db4294e9bfd3]::ops::function::FnOnce<()>>::call_once
[INFO] [stdout]   18:     0x556a6eb470bb - test[9d35eded1c95d3be]::__rust_begin_short_backtrace::<core[df12db4294e9bfd3]::result::Result<(), alloc[2182bb758b4b3781]::string::String>, fn() -> core[df12db4294e9bfd3]::result::Result<(), alloc[2182bb758b4b3781]::string::String>>
[INFO] [stdout]   19:     0x556a6eb54725 - test[9d35eded1c95d3be]::run_test::{closure#0}
[INFO] [stdout]   20:     0x556a6eb4dfe4 - std[70759c8f55707aa4]::sys::backtrace::__rust_begin_short_backtrace::<test[9d35eded1c95d3be]::run_test::{closure#1}, ()>
[INFO] [stdout]   21:     0x556a6eb57882 - <std[70759c8f55707aa4]::thread::lifecycle::spawn_unchecked<test[9d35eded1c95d3be]::run_test::{closure#1}, ()>::{closure#1} as core[df12db4294e9bfd3]::ops::function::FnOnce<()>>::call_once::{shim:vtable#0}
[INFO] [stdout]   22:     0x556a6ec3d209 - <std[70759c8f55707aa4]::sys::thread::unix::Thread>::new::thread_start
[INFO] [stdout]   23:     0x760cc3f16dfa - <unknown>
[INFO] [stdout]   24:     0x760cc3faa3d4 - clone
[INFO] [stdout]   25:                0x0 - <unknown>
[INFO] [stdout] 
[INFO] [stdout] 
[INFO] [stdout] failures:
[INFO] [stdout]     transport::integration_tests::tests::test_connection_timeout_handling
[INFO] [stdout] 
[INFO] [stdout] test result: FAILED. 210 passed; 1 failed; 0 ignored; 0 measured; 0 filtered out; finished in 2.97s
[INFO] [stdout] 
[INFO] running `Command { std: "docker" "inspect" "f8233fdcd547afde99e33365ebc6ba97cb1917061cef995a759748f4754a50d8", kill_on_drop: false }`
[INFO] running `Command { std: "docker" "rm" "-f" "f8233fdcd547afde99e33365ebc6ba97cb1917061cef995a759748f4754a50d8", kill_on_drop: false }`
[INFO] [stdout] f8233fdcd547afde99e33365ebc6ba97cb1917061cef995a759748f4754a50d8
