[INFO] fetching crate kni-rs 0.1.0...
[INFO] testing kni-rs-0.1.0 against 1.100.0-beta.1+cargoflags=--release for beta-release-1.100-2
[INFO] extracting crate kni-rs 0.1.0 into /workspace/builds/worker-1-tc2/source
[INFO] started tweaking crates.io crate kni-rs 0.1.0
[INFO] finished tweaking crates.io crate kni-rs 0.1.0
[INFO] tweaked toml for crates.io crate kni-rs 0.1.0 written to /workspace/builds/worker-1-tc2/source/Cargo.toml
[INFO] validating manifest of crates.io crate kni-rs 0.1.0 on toolchain 1.100.0-beta.1
[INFO] running `Command { std: CARGO_HOME="/workspace/cargo-home" RUSTUP_HOME="/workspace/rustup-home" "/workspace/cargo-home/bin/cargo" "+1.100.0-beta.1" "metadata" "--manifest-path" "Cargo.toml" "--no-deps", kill_on_drop: false }`
[INFO] running `Command { std: CARGO_HOME="/workspace/cargo-home" RUSTUP_HOME="/workspace/rustup-home" "/workspace/cargo-home/bin/cargo" "+1.100.0-beta.1" "generate-lockfile" "--manifest-path" "Cargo.toml", kill_on_drop: false }`
[INFO] [stderr]     Updating crates.io index
[INFO] [stderr]      Locking 111 packages to highest compatible versions
[INFO] [stderr]       Adding hyper v0.14.32 (available: v1.12.0)
[INFO] [stderr]       Adding hyper-tls v0.5.0 (available: v0.6.0)
[INFO] [stderr]       Adding serde-xml-rs v0.4.1 (available: v0.8.2)
[INFO] running `Command { std: CARGO_HOME="/workspace/cargo-home" RUSTUP_HOME="/workspace/rustup-home" "/workspace/cargo-home/bin/cargo" "+1.100.0-beta.1" "fetch" "--manifest-path" "Cargo.toml", kill_on_drop: false }`
[INFO] running `Command { std: "docker" "create" "-v" "/var/lib/crater-agent-workspace/builds/worker-1-tc2/source:/opt/rustwide/workdir:ro,Z" "-v" "/var/lib/crater-agent-workspace/builds/worker-1-tc2/target:/opt/rustwide/target:rw,Z" "-v" "/var/lib/crater-agent-workspace/cargo-home:/opt/rustwide/cargo-home:ro,Z" "-v" "/var/lib/crater-agent-workspace/rustup-home:/opt/rustwide/rustup-home:ro,Z" "-m" "1610612736" "--network" "none" "ghcr.io/rust-lang/crates-build-env/linux@sha256:77db811e55d90add9212f6832c23229e3de5f1c1f9905e8cb07319ea15df73ac" "sleep" "infinity", kill_on_drop: false }`
[INFO] [stdout] cc0bd01783c901fc33ae4a5e9b0a1c1e4e134372bcbfd6011879202ace9464ca
[INFO] running `Command { std: "docker" "start" "cc0bd01783c901fc33ae4a5e9b0a1c1e4e134372bcbfd6011879202ace9464ca", kill_on_drop: false }`
[INFO] running `Command { std: "docker" "inspect" "cc0bd01783c901fc33ae4a5e9b0a1c1e4e134372bcbfd6011879202ace9464ca", kill_on_drop: false }`
[INFO] running `Command { std: "docker" "exec" "-e" "SOURCE_DIR=/opt/rustwide/workdir" "-e" "CARGO_HOME=/opt/rustwide/cargo-home" "-e" "RUSTUP_HOME=/opt/rustwide/rustup-home" "-e" "CARGO_TARGET_DIR=/opt/rustwide/target" "-w" "/opt/rustwide/workdir" "--user" "0:0" "cc0bd01783c901fc33ae4a5e9b0a1c1e4e134372bcbfd6011879202ace9464ca" "/opt/rustwide/cargo-home/bin/cargo" "+1.100.0-beta.1" "metadata" "--no-deps" "--format-version=1", kill_on_drop: false }`
[INFO] running `Command { std: "docker" "inspect" "cc0bd01783c901fc33ae4a5e9b0a1c1e4e134372bcbfd6011879202ace9464ca", kill_on_drop: false }`
[INFO] running `Command { std: "docker" "exec" "-e" "SOURCE_DIR=/opt/rustwide/workdir" "-e" "CARGO_HOME=/opt/rustwide/cargo-home" "-e" "RUSTUP_HOME=/opt/rustwide/rustup-home" "-e" "CARGO_TARGET_DIR=/opt/rustwide/target" "-e" "CARGO_INCREMENTAL=0" "-e" "RUST_BACKTRACE=full" "-e" "RUSTFLAGS=--cap-lints=warn" "-e" "RUSTDOCFLAGS=--cap-lints=warn" "-w" "/opt/rustwide/workdir" "--user" "0:0" "cc0bd01783c901fc33ae4a5e9b0a1c1e4e134372bcbfd6011879202ace9464ca" "/opt/rustwide/cargo-home/bin/cargo" "+1.100.0-beta.1" "build" "--frozen" "--message-format=json" "--release", kill_on_drop: false }`
[INFO] [stderr]    Compiling syn v3.0.9
[INFO] [stderr]    Compiling openssl-sys v0.9.117
[INFO] [stderr]    Compiling openssl v0.10.81
[INFO] [stderr]    Compiling errno v0.3.14
[INFO] [stderr]    Compiling socket2 v0.6.5
[INFO] [stderr]    Compiling mio v1.2.4
[INFO] [stderr]    Compiling openssl-macros v0.1.1
[INFO] [stderr]    Compiling equivalent v1.0.3
[INFO] [stderr]    Compiling futures-util v0.3.34
[INFO] [stderr]    Compiling signal-hook-registry v1.4.8
[INFO] [stderr]    Compiling indexmap v2.14.2
[INFO] [stderr]    Compiling want v0.3.2
[INFO] [stderr]    Compiling http-body v0.4.6
[INFO] [stderr]    Compiling native-tls v0.2.18
[INFO] [stderr]    Compiling futures-channel v0.3.34
[INFO] [stderr]    Compiling socket2 v0.5.10
[INFO] [stderr]    Compiling thiserror-impl v1.0.69
[INFO] [stderr]    Compiling xml-rs v0.8.29
[INFO] [stderr]    Compiling thiserror v1.0.69
[INFO] [stderr]    Compiling tokio-macros v2.7.2
[INFO] [stderr]    Compiling serde_derive v1.0.229
[INFO] [stderr]    Compiling tokio v1.53.3
[INFO] [stderr]    Compiling serde v1.0.229
[INFO] [stderr]    Compiling serde-xml-rs v0.4.1
[INFO] [stderr]    Compiling tokio-util v0.7.20
[INFO] [stderr]    Compiling tokio-native-tls v0.3.1
[INFO] [stderr]    Compiling h2 v0.3.27
[INFO] [stderr]    Compiling hyper v0.14.32
[INFO] [stderr]    Compiling hyper-tls v0.5.0
[INFO] [stderr]    Compiling kni-rs v0.1.0 (/opt/rustwide/workdir)
[INFO] [stdout] warning: derive helper attribute is used before it is introduced
[INFO] [stdout]  --> src/response.rs:6:3
[INFO] [stdout]   |
[INFO] [stdout] 6 | #[serde(rename = "NoticesResults")]
[INFO] [stdout]   |   ^^^^^
[INFO] [stdout] 7 | #[derive(Debug, Clone, Deserialize, Serialize)]
[INFO] [stdout]   |                        ----------- the attribute is introduced here
[INFO] [stdout]   |
[INFO] [stdout]   = warning: this was previously accepted by the compiler but is being phased out; it will become a hard error in a future release!
[INFO] [stdout]   = note: for more information, see issue #79202 <https://github.com/rust-lang/rust/issues/79202>
[INFO] [stdout]   = note: `#[warn(legacy_derive_helpers)]` (part of `#[warn(future_incompatible)]`) on by default
[INFO] [stdout] 
[INFO] [stdout] 
[INFO] [stderr]     Finished `release` profile [optimized] target(s) in 1m 00s
[INFO] [stderr] warning: the following packages contain code that will be rejected by a future version of Rust: kni-rs v0.1.0 (/opt/rustwide/workdir)
[INFO] [stderr] note: to see what the problems were, use the option `--future-incompat-report`, or run `cargo report future-incompatibilities --id 8`
[INFO] running `Command { std: "docker" "inspect" "cc0bd01783c901fc33ae4a5e9b0a1c1e4e134372bcbfd6011879202ace9464ca", kill_on_drop: false }`
[INFO] running `Command { std: "docker" "exec" "-e" "SOURCE_DIR=/opt/rustwide/workdir" "-e" "CARGO_HOME=/opt/rustwide/cargo-home" "-e" "RUSTUP_HOME=/opt/rustwide/rustup-home" "-e" "CARGO_TARGET_DIR=/opt/rustwide/target" "-e" "CARGO_INCREMENTAL=0" "-e" "RUST_BACKTRACE=full" "-e" "RUSTFLAGS=--cap-lints=warn" "-e" "RUSTDOCFLAGS=--cap-lints=warn" "-w" "/opt/rustwide/workdir" "--user" "0:0" "cc0bd01783c901fc33ae4a5e9b0a1c1e4e134372bcbfd6011879202ace9464ca" "/opt/rustwide/cargo-home/bin/cargo" "+1.100.0-beta.1" "test" "--frozen" "--no-run" "--message-format=json" "--release", kill_on_drop: false }`
[INFO] [stderr]    Compiling kni-rs v0.1.0 (/opt/rustwide/workdir)
[INFO] [stdout] warning: derive helper attribute is used before it is introduced
[INFO] [stdout]  --> src/response.rs:6:3
[INFO] [stdout]   |
[INFO] [stdout] 6 | #[serde(rename = "NoticesResults")]
[INFO] [stdout]   |   ^^^^^
[INFO] [stdout] 7 | #[derive(Debug, Clone, Deserialize, Serialize)]
[INFO] [stdout]   |                        ----------- the attribute is introduced here
[INFO] [stdout]   |
[INFO] [stdout]   = warning: this was previously accepted by the compiler but is being phased out; it will become a hard error in a future release!
[INFO] [stdout]   = note: for more information, see issue #79202 <https://github.com/rust-lang/rust/issues/79202>
[INFO] [stdout]   = note: `#[warn(legacy_derive_helpers)]` (part of `#[warn(future_incompatible)]`) on by default
[INFO] [stdout] 
[INFO] [stdout] 
[INFO] [stdout] warning: derive helper attribute is used before it is introduced
[INFO] [stdout]  --> src/response.rs:6:3
[INFO] [stdout]   |
[INFO] [stdout] 6 | #[serde(rename = "NoticesResults")]
[INFO] [stdout]   |   ^^^^^
[INFO] [stdout] 7 | #[derive(Debug, Clone, Deserialize, Serialize)]
[INFO] [stdout]   |                        ----------- the attribute is introduced here
[INFO] [stdout]   |
[INFO] [stdout]   = warning: this was previously accepted by the compiler but is being phased out; it will become a hard error in a future release!
[INFO] [stdout]   = note: for more information, see issue #79202 <https://github.com/rust-lang/rust/issues/79202>
[INFO] [stdout]   = note: `#[warn(legacy_derive_helpers)]` (part of `#[warn(future_incompatible)]`) on by default
[INFO] [stdout] 
[INFO] [stdout] 
[INFO] [stderr]     Finished `release` profile [optimized] target(s) in 17.62s
[INFO] [stderr] warning: the following packages contain code that will be rejected by a future version of Rust: kni-rs v0.1.0 (/opt/rustwide/workdir)
[INFO] [stderr] note: to see what the problems were, use the option `--future-incompat-report`, or run `cargo report future-incompatibilities --id 9`
[INFO] running `Command { std: "docker" "inspect" "cc0bd01783c901fc33ae4a5e9b0a1c1e4e134372bcbfd6011879202ace9464ca", kill_on_drop: false }`
[INFO] running `Command { std: "docker" "exec" "-e" "SOURCE_DIR=/opt/rustwide/workdir" "-e" "CARGO_HOME=/opt/rustwide/cargo-home" "-e" "RUSTUP_HOME=/opt/rustwide/rustup-home" "-e" "CARGO_TARGET_DIR=/opt/rustwide/target" "-e" "CARGO_INCREMENTAL=0" "-e" "RUST_BACKTRACE=full" "-e" "RUSTFLAGS=--cap-lints=warn" "-e" "RUSTDOCFLAGS=--cap-lints=warn" "-w" "/opt/rustwide/workdir" "--user" "0:0" "cc0bd01783c901fc33ae4a5e9b0a1c1e4e134372bcbfd6011879202ace9464ca" "/opt/rustwide/cargo-home/bin/cargo" "+1.100.0-beta.1" "test" "--frozen" "--release", kill_on_drop: false }`
[INFO] [stderr] warning: derive helper attribute is used before it is introduced
[INFO] [stderr]  --> src/response.rs:6:3
[INFO] [stderr]   |
[INFO] [stderr] 6 | #[serde(rename = "NoticesResults")]
[INFO] [stderr]   |   ^^^^^
[INFO] [stderr] 7 | #[derive(Debug, Clone, Deserialize, Serialize)]
[INFO] [stderr]   |                        ----------- the attribute is introduced here
[INFO] [stderr]   |
[INFO] [stderr]   = warning: this was previously accepted by the compiler but is being phased out; it will become a hard error in a future release!
[INFO] [stderr]   = note: for more information, see issue #79202 <https://github.com/rust-lang/rust/issues/79202>
[INFO] [stderr]   = note: `#[warn(legacy_derive_helpers)]` (part of `#[warn(future_incompatible)]`) on by default
[INFO] [stderr] 
[INFO] [stderr] warning: `kni-rs` (lib) generated 1 warning
[INFO] [stderr] warning: `kni-rs` (lib test) generated 1 warning (1 duplicate)
[INFO] [stderr]     Finished `release` profile [optimized] target(s) in 0.10s
[INFO] [stderr] warning: the following packages contain code that will be rejected by a future version of Rust: kni-rs v0.1.0 (/opt/rustwide/workdir)
[INFO] [stderr] note: to see what the problems were, use the option `--future-incompat-report`, or run `cargo report future-incompatibilities --id 9`
[INFO] [stderr]      Running unittests src/lib.rs (/opt/rustwide/target/release/build/kni-rs/cf02effd6f77dd77/out/kni_rs-cf02effd6f77dd77)
[INFO] [stdout] 
[INFO] [stdout] running 3 tests
[INFO] [stdout] test tests::test_today ... FAILED
[INFO] [stdout] test tests::test_prev ... FAILED
[INFO] [stdout] test tests::test_bad_key ... FAILED
[INFO] [stdout] 
[INFO] [stdout] failures:
[INFO] [stdout] 
[INFO] [stdout] ---- tests::test_today stdout ----
[INFO] [stdout] 
[INFO] [stdout] thread 'tests::test_today' (705) panicked at src/lib.rs:88:53:
[INFO] [stdout] called `Result::unwrap()` on an `Err` value: hyper::Error(Connect, ConnectError("dns error", Custom { kind: Uncategorized, error: "failed to lookup address information: Temporary failure in name resolution" }))
[INFO] [stdout] stack backtrace:
[INFO] [stdout]    0:     0x559119a07cf1 - <<std[617be2ca0a6fd877]::sys::backtrace::BacktraceLock>::print::DisplayBacktrace as core[a373ad73a504971]::fmt::Display>::fmt
[INFO] [stdout]    1:     0x559119a1dd3a - core[a373ad73a504971]::fmt::write
[INFO] [stdout]    2:     0x559119a0c58c - <alloc[2e1b2a31b91974c5]::vec::Vec<u8> as core[a373ad73a504971]::io::write::Write>::write_fmt
[INFO] [stdout]    3:     0x5591199e2696 - std[617be2ca0a6fd877]::panicking::default_hook::{closure#0}
[INFO] [stdout]    4:     0x5591199ff459 - std[617be2ca0a6fd877]::panicking::default_hook
[INFO] [stdout]    5:     0x5591198f3e50 - test[aada8e7e76ba119b]::test_main_inner::{closure#0}
[INFO] [stdout]    6:     0x5591199ff782 - std[617be2ca0a6fd877]::panicking::panic_with_hook
[INFO] [stdout]    7:     0x5591199e2742 - std[617be2ca0a6fd877]::panicking::panic_handler::{closure#0}
[INFO] [stdout]    8:     0x5591199db1e9 - std[617be2ca0a6fd877]::sys::backtrace::__rust_end_short_backtrace::<std[617be2ca0a6fd877]::panicking::panic_handler::{closure#0}, !>
[INFO] [stdout]    9:     0x5591199e353d - __rustc[ea4f61d10b84890b]::rust_begin_unwind
[INFO] [stdout]   10:     0x559119a1e49c - core[a373ad73a504971]::panicking::panic_fmt
[INFO] [stdout]   11:     0x559119a1e272 - core[a373ad73a504971]::result::unwrap_failed
[INFO] [stdout]   12:     0x559119868b6a - <kni_rs[a8befbfa34375fe5]::Portal>::get_notices::{closure#0}
[INFO] [stdout]   13:     0x5591198696c2 - kni_rs[a8befbfa34375fe5]::tests::test_today::{closure#0}
[INFO] [stdout]   14:     0x5591198c1ed3 - <tokio[c3e91f39aac2b8c5]::runtime::scheduler::current_thread::Context>::enter::<core[a373ad73a504971]::task::poll::Poll<()>, <tokio[c3e91f39aac2b8c5]::runtime::scheduler::current_thread::CoreGuard>::block_on<core[a373ad73a504971]::pin::Pin<&mut core[a373ad73a504971]::pin::Pin<&mut dyn core[a373ad73a504971]::future::future::Future<Output = ()>>>>::{closure#0}::{closure#0}>
[INFO] [stdout]   15:     0x5591198b1e0c - <tokio[c3e91f39aac2b8c5]::runtime::context::scoped::Scoped<tokio[c3e91f39aac2b8c5]::runtime::scheduler::Context>>::set::<<tokio[c3e91f39aac2b8c5]::runtime::scheduler::current_thread::CoreGuard>::enter<<tokio[c3e91f39aac2b8c5]::runtime::scheduler::current_thread::CoreGuard>::block_on<core[a373ad73a504971]::pin::Pin<&mut core[a373ad73a504971]::pin::Pin<&mut dyn core[a373ad73a504971]::future::future::Future<Output = ()>>>>::{closure#0}, core[a373ad73a504971]::option::Option<()>>::{closure#0}, (alloc[2e1b2a31b91974c5]::boxed::Box<tokio[c3e91f39aac2b8c5]::runtime::scheduler::current_thread::Core>, core[a373ad73a504971]::option::Option<()>)>
[INFO] [stdout]   16:     0x5591198c2877 - <tokio[c3e91f39aac2b8c5]::runtime::scheduler::current_thread::CoreGuard>::block_on::<core[a373ad73a504971]::pin::Pin<&mut core[a373ad73a504971]::pin::Pin<&mut dyn core[a373ad73a504971]::future::future::Future<Output = ()>>>>
[INFO] [stdout]   17:     0x5591198c0ebd - tokio[c3e91f39aac2b8c5]::runtime::context::runtime::enter_runtime::<<tokio[c3e91f39aac2b8c5]::runtime::scheduler::current_thread::CurrentThread>::block_on<core[a373ad73a504971]::pin::Pin<&mut dyn core[a373ad73a504971]::future::future::Future<Output = ()>>>::{closure#0}, ()>
[INFO] [stdout]   18:     0x5591198cd445 - <tokio[c3e91f39aac2b8c5]::runtime::runtime::Runtime>::block_on::<core[a373ad73a504971]::pin::Pin<&mut dyn core[a373ad73a504971]::future::future::Future<Output = ()>>>
[INFO] [stdout]   19:     0x55911986dc9e - <kni_rs[a8befbfa34375fe5]::tests::test_today::{closure#0} as core[a373ad73a504971]::ops::function::FnOnce<()>>::call_once
[INFO] [stdout]   20:     0x5591198e729b - test[aada8e7e76ba119b]::__rust_begin_short_backtrace::<core[a373ad73a504971]::result::Result<(), alloc[2e1b2a31b91974c5]::string::String>, fn() -> core[a373ad73a504971]::result::Result<(), alloc[2e1b2a31b91974c5]::string::String>>
[INFO] [stdout]   21:     0x5591198f4475 - test[aada8e7e76ba119b]::run_test::{closure#0}
[INFO] [stdout]   22:     0x5591198edd64 - std[617be2ca0a6fd877]::sys::backtrace::__rust_begin_short_backtrace::<test[aada8e7e76ba119b]::run_test::{closure#1}, ()>
[INFO] [stdout]   23:     0x5591198f7502 - <std[617be2ca0a6fd877]::thread::lifecycle::spawn_unchecked<test[aada8e7e76ba119b]::run_test::{closure#1}, ()>::{closure#1} as core[a373ad73a504971]::ops::function::FnOnce<()>>::call_once::{shim:vtable#0}
[INFO] [stdout]   24:     0x559119a06b2f - <std[617be2ca0a6fd877]::sys::thread::unix::Thread>::new::thread_start
[INFO] [stdout]   25:     0x73dbe8afcdfa - <unknown>
[INFO] [stdout]   26:     0x73dbe8b903d4 - clone
[INFO] [stdout]   27:                0x0 - <unknown>
[INFO] [stdout] 
[INFO] [stdout] ---- tests::test_prev stdout ----
[INFO] [stdout] 
[INFO] [stdout] thread 'tests::test_prev' (704) panicked at src/lib.rs:88:53:
[INFO] [stdout] called `Result::unwrap()` on an `Err` value: hyper::Error(Connect, ConnectError("dns error", Custom { kind: Uncategorized, error: "failed to lookup address information: Temporary failure in name resolution" }))
[INFO] [stdout] stack backtrace:
[INFO] [stdout]    0:     0x559119a07cf1 - <<std[617be2ca0a6fd877]::sys::backtrace::BacktraceLock>::print::DisplayBacktrace as core[a373ad73a504971]::fmt::Display>::fmt
[INFO] [stdout]    1:     0x559119a1dd3a - core[a373ad73a504971]::fmt::write
[INFO] [stdout]    2:     0x559119a0c58c - <alloc[2e1b2a31b91974c5]::vec::Vec<u8> as core[a373ad73a504971]::io::write::Write>::write_fmt
[INFO] [stdout]    3:     0x5591199e2696 - std[617be2ca0a6fd877]::panicking::default_hook::{closure#0}
[INFO] [stdout]    4:     0x5591199ff459 - std[617be2ca0a6fd877]::panicking::default_hook
[INFO] [stdout]    5:     0x5591198f3e50 - test[aada8e7e76ba119b]::test_main_inner::{closure#0}
[INFO] [stdout]    6:     0x5591199ff782 - std[617be2ca0a6fd877]::panicking::panic_with_hook
[INFO] [stdout]    7:     0x5591199e2742 - std[617be2ca0a6fd877]::panicking::panic_handler::{closure#0}
[INFO] [stdout]    8:     0x5591199db1e9 - std[617be2ca0a6fd877]::sys::backtrace::__rust_end_short_backtrace::<std[617be2ca0a6fd877]::panicking::panic_handler::{closure#0}, !>
[INFO] [stdout]    9:     0x5591199e353d - __rustc[ea4f61d10b84890b]::rust_begin_unwind
[INFO] [stdout]   10:     0x559119a1e49c - core[a373ad73a504971]::panicking::panic_fmt
[INFO] [stdout]   11:     0x559119a1e272 - core[a373ad73a504971]::result::unwrap_failed
[INFO] [stdout]   12:     0x559119868b6a - <kni_rs[a8befbfa34375fe5]::Portal>::get_notices::{closure#0}
[INFO] [stdout]   13:     0x559119869f00 - kni_rs[a8befbfa34375fe5]::tests::test_prev::{closure#0}
[INFO] [stdout]   14:     0x5591198c1ed3 - <tokio[c3e91f39aac2b8c5]::runtime::scheduler::current_thread::Context>::enter::<core[a373ad73a504971]::task::poll::Poll<()>, <tokio[c3e91f39aac2b8c5]::runtime::scheduler::current_thread::CoreGuard>::block_on<core[a373ad73a504971]::pin::Pin<&mut core[a373ad73a504971]::pin::Pin<&mut dyn core[a373ad73a504971]::future::future::Future<Output = ()>>>>::{closure#0}::{closure#0}>
[INFO] [stdout]   15:     0x5591198b1e0c - <tokio[c3e91f39aac2b8c5]::runtime::context::scoped::Scoped<tokio[c3e91f39aac2b8c5]::runtime::scheduler::Context>>::set::<<tokio[c3e91f39aac2b8c5]::runtime::scheduler::current_thread::CoreGuard>::enter<<tokio[c3e91f39aac2b8c5]::runtime::scheduler::current_thread::CoreGuard>::block_on<core[a373ad73a504971]::pin::Pin<&mut core[a373ad73a504971]::pin::Pin<&mut dyn core[a373ad73a504971]::future::future::Future<Output = ()>>>>::{closure#0}, core[a373ad73a504971]::option::Option<()>>::{closure#0}, (alloc[2e1b2a31b91974c5]::boxed::Box<tokio[c3e91f39aac2b8c5]::runtime::scheduler::current_thread::Core>, core[a373ad73a504971]::option::Option<()>)>
[INFO] [stdout]   16:     0x5591198c2877 - <tokio[c3e91f39aac2b8c5]::runtime::scheduler::current_thread::CoreGuard>::block_on::<core[a373ad73a504971]::pin::Pin<&mut core[a373ad73a504971]::pin::Pin<&mut dyn core[a373ad73a504971]::future::future::Future<Output = ()>>>>
[INFO] [stdout]   17:     0x5591198c0ebd - tokio[c3e91f39aac2b8c5]::runtime::context::runtime::enter_runtime::<<tokio[c3e91f39aac2b8c5]::runtime::scheduler::current_thread::CurrentThread>::block_on<core[a373ad73a504971]::pin::Pin<&mut dyn core[a373ad73a504971]::future::future::Future<Output = ()>>>::{closure#0}, ()>
[INFO] [stdout]   18:     0x5591198cd445 - <tokio[c3e91f39aac2b8c5]::runtime::runtime::Runtime>::block_on::<core[a373ad73a504971]::pin::Pin<&mut dyn core[a373ad73a504971]::future::future::Future<Output = ()>>>
[INFO] [stdout]   19:     0x55911986e01e - <kni_rs[a8befbfa34375fe5]::tests::test_prev::{closure#0} as core[a373ad73a504971]::ops::function::FnOnce<()>>::call_once
[INFO] [stdout]   20:     0x5591198e729b - test[aada8e7e76ba119b]::__rust_begin_short_backtrace::<core[a373ad73a504971]::result::Result<(), alloc[2e1b2a31b91974c5]::string::String>, fn() -> core[a373ad73a504971]::result::Result<(), alloc[2e1b2a31b91974c5]::string::String>>
[INFO] [stdout]   21:     0x5591198f4475 - test[aada8e7e76ba119b]::run_test::{closure#0}
[INFO] [stdout]   22:     0x5591198edd64 - std[617be2ca0a6fd877]::sys::backtrace::__rust_begin_short_backtrace::<test[aada8e7e76ba119b]::run_test::{closure#1}, ()>
[INFO] [stdout]   23:     0x5591198f7502 - <std[617be2ca0a6fd877]::thread::lifecycle::spawn_unchecked<test[aada8e7e76ba119b]::run_test::{closure#1}, ()>::{closure#1} as core[a373ad73a504971]::ops::function::FnOnce<()>>::call_once::{shim:vtable#0}
[INFO] [stdout]   24:     0x559119a06b2f - <std[617be2ca0a6fd877]::sys::thread::unix::Thread>::new::thread_start
[INFO] [stdout]   25:     0x73dbe8afcdfa - <unknown>
[INFO] [stdout]   26:     0x73dbe8b903d4 - clone
[INFO] [stdout]   27:                0x0 - <unknown>
[INFO] [stdout] 
[INFO] [stdout] ---- tests::test_bad_key stdout ----
[INFO] [stdout] 
[INFO] [stdout] thread 'tests::test_bad_key' (703) panicked at src/lib.rs:88:53:
[INFO] [stdout] called `Result::unwrap()` on an `Err` value: hyper::Error(Connect, ConnectError("dns error", Custom { kind: Uncategorized, error: "failed to lookup address information: Temporary failure in name resolution" }))
[INFO] [stdout] stack backtrace:
[INFO] [stdout]    0:     0x559119a07cf1 - <<std[617be2ca0a6fd877]::sys::backtrace::BacktraceLock>::print::DisplayBacktrace as core[a373ad73a504971]::fmt::Display>::fmt
[INFO] [stdout]    1:     0x559119a1dd3a - core[a373ad73a504971]::fmt::write
[INFO] [stdout]    2:     0x559119a0c58c - <alloc[2e1b2a31b91974c5]::vec::Vec<u8> as core[a373ad73a504971]::io::write::Write>::write_fmt
[INFO] [stdout]    3:     0x5591199e2696 - std[617be2ca0a6fd877]::panicking::default_hook::{closure#0}
[INFO] [stdout]    4:     0x5591199ff459 - std[617be2ca0a6fd877]::panicking::default_hook
[INFO] [stdout]    5:     0x5591198f3e50 - test[aada8e7e76ba119b]::test_main_inner::{closure#0}
[INFO] [stdout]    6:     0x5591199ff782 - std[617be2ca0a6fd877]::panicking::panic_with_hook
[INFO] [stdout]    7:     0x5591199e2742 - std[617be2ca0a6fd877]::panicking::panic_handler::{closure#0}
[INFO] [stdout]    8:     0x5591199db1e9 - std[617be2ca0a6fd877]::sys::backtrace::__rust_end_short_backtrace::<std[617be2ca0a6fd877]::panicking::panic_handler::{closure#0}, !>
[INFO] [stdout]    9:     0x5591199e353d - __rustc[ea4f61d10b84890b]::rust_begin_unwind
[INFO] [stdout]   10:     0x559119a1e49c - core[a373ad73a504971]::panicking::panic_fmt
[INFO] [stdout]   11:     0x559119a1e272 - core[a373ad73a504971]::result::unwrap_failed
[INFO] [stdout]   12:     0x559119868b6a - <kni_rs[a8befbfa34375fe5]::Portal>::get_notices::{closure#0}
[INFO] [stdout]   13:     0x559119869aff - kni_rs[a8befbfa34375fe5]::tests::test_bad_key::{closure#0}
[INFO] [stdout]   14:     0x5591198c1ed3 - <tokio[c3e91f39aac2b8c5]::runtime::scheduler::current_thread::Context>::enter::<core[a373ad73a504971]::task::poll::Poll<()>, <tokio[c3e91f39aac2b8c5]::runtime::scheduler::current_thread::CoreGuard>::block_on<core[a373ad73a504971]::pin::Pin<&mut core[a373ad73a504971]::pin::Pin<&mut dyn core[a373ad73a504971]::future::future::Future<Output = ()>>>>::{closure#0}::{closure#0}>
[INFO] [stdout]   15:     0x5591198b1e0c - <tokio[c3e91f39aac2b8c5]::runtime::context::scoped::Scoped<tokio[c3e91f39aac2b8c5]::runtime::scheduler::Context>>::set::<<tokio[c3e91f39aac2b8c5]::runtime::scheduler::current_thread::CoreGuard>::enter<<tokio[c3e91f39aac2b8c5]::runtime::scheduler::current_thread::CoreGuard>::block_on<core[a373ad73a504971]::pin::Pin<&mut core[a373ad73a504971]::pin::Pin<&mut dyn core[a373ad73a504971]::future::future::Future<Output = ()>>>>::{closure#0}, core[a373ad73a504971]::option::Option<()>>::{closure#0}, (alloc[2e1b2a31b91974c5]::boxed::Box<tokio[c3e91f39aac2b8c5]::runtime::scheduler::current_thread::Core>, core[a373ad73a504971]::option::Option<()>)>
[INFO] [stdout]   16:     0x5591198c2877 - <tokio[c3e91f39aac2b8c5]::runtime::scheduler::current_thread::CoreGuard>::block_on::<core[a373ad73a504971]::pin::Pin<&mut core[a373ad73a504971]::pin::Pin<&mut dyn core[a373ad73a504971]::future::future::Future<Output = ()>>>>
[INFO] [stdout]   17:     0x5591198c0ebd - tokio[c3e91f39aac2b8c5]::runtime::context::runtime::enter_runtime::<<tokio[c3e91f39aac2b8c5]::runtime::scheduler::current_thread::CurrentThread>::block_on<core[a373ad73a504971]::pin::Pin<&mut dyn core[a373ad73a504971]::future::future::Future<Output = ()>>>::{closure#0}, ()>
[INFO] [stdout]   18:     0x5591198cd445 - <tokio[c3e91f39aac2b8c5]::runtime::runtime::Runtime>::block_on::<core[a373ad73a504971]::pin::Pin<&mut dyn core[a373ad73a504971]::future::future::Future<Output = ()>>>
[INFO] [stdout]   19:     0x55911986de5e - <kni_rs[a8befbfa34375fe5]::tests::test_bad_key::{closure#0} as core[a373ad73a504971]::ops::function::FnOnce<()>>::call_once
[INFO] [stdout]   20:     0x5591198e729b - test[aada8e7e76ba119b]::__rust_begin_short_backtrace::<core[a373ad73a504971]::result::Result<(), alloc[2e1b2a31b91974c5]::string::String>, fn() -> core[a373ad73a504971]::result::Result<(), alloc[2e1b2a31b91974c5]::string::String>>
[INFO] [stdout]   21:     0x5591198f4475 - test[aada8e7e76ba119b]::run_test::{closure#0}
[INFO] [stdout]   22:     0x5591198edd64 - std[617be2ca0a6fd877]::sys::backtrace::__rust_begin_short_backtrace::<test[aada8e7e76ba119b]::run_test::{closure#1}, ()>
[INFO] [stdout]   23:     0x5591198f7502 - <std[617be2ca0a6fd877]::thread::lifecycle::spawn_unchecked<test[aada8e7e76ba119b]::run_test::{closure#1}, ()>::{closure#1} as core[a373ad73a504971]::ops::function::FnOnce<()>>::call_once::{shim:vtable#0}
[INFO] [stdout]   24:     0x559119a06b2f - <std[617be2ca0a6fd877]::sys::thread::unix::Thread>::new::thread_start
[INFO] [stdout]   25:     0x73dbe8afcdfa - <unknown>
[INFO] [stdout]   26:     0x73dbe8b903d4 - clone
[INFO] [stdout]   27:                0x0 - <unknown>
[INFO] [stdout] 
[INFO] [stdout] 
[INFO] [stdout] failures:
[INFO] [stdout]     tests::test_bad_key
[INFO] [stdout]     tests::test_prev
[INFO] [stdout]     tests::test_today
[INFO] [stdout] 
[INFO] [stdout] test result: FAILED. 0 passed; 3 failed; 0 ignored; 0 measured; 0 filtered out; finished in 0.08s
[INFO] [stdout] 
[INFO] [stderr] error: test failed, to rerun pass `--lib`
[INFO] running `Command { std: "docker" "inspect" "cc0bd01783c901fc33ae4a5e9b0a1c1e4e134372bcbfd6011879202ace9464ca", kill_on_drop: false }`
[INFO] running `Command { std: "docker" "rm" "-f" "cc0bd01783c901fc33ae4a5e9b0a1c1e4e134372bcbfd6011879202ace9464ca", kill_on_drop: false }`
[INFO] [stdout] cc0bd01783c901fc33ae4a5e9b0a1c1e4e134372bcbfd6011879202ace9464ca
