[INFO] fetching crate knap 0.24.0...
[INFO] testing knap-0.24.0 against 1.99.0-beta.8+cargoflags=--release for beta-release-1.100-2
[INFO] extracting crate knap 0.24.0 into /workspace/builds/worker-1-tc1/source
[INFO] removed /workspace/builds/worker-1-tc1/source/.cargo/config.toml
[INFO] started tweaking crates.io crate knap 0.24.0
[INFO] finished tweaking crates.io crate knap 0.24.0
[INFO] tweaked toml for crates.io crate knap 0.24.0 written to /workspace/builds/worker-1-tc1/source/Cargo.toml
[INFO] validating manifest of crates.io crate knap 0.24.0 on toolchain 1.99.0-beta.8
[INFO] running `Command { std: CARGO_HOME="/workspace/cargo-home" RUSTUP_HOME="/workspace/rustup-home" "/workspace/cargo-home/bin/cargo" "+1.99.0-beta.8" "metadata" "--manifest-path" "Cargo.toml" "--no-deps", kill_on_drop: false }`
[INFO] crate crates.io crate knap 0.24.0 already has a lockfile, it will not be regenerated
[INFO] running `Command { std: CARGO_HOME="/workspace/cargo-home" RUSTUP_HOME="/workspace/rustup-home" "/workspace/cargo-home/bin/cargo" "+1.99.0-beta.8" "fetch" "--manifest-path" "Cargo.toml", kill_on_drop: false }`
[INFO] [stderr]     Blocking waiting for file lock on package cache
[INFO] running `Command { std: "docker" "create" "-v" "/var/lib/crater-agent-workspace/builds/worker-1-tc1/source:/opt/rustwide/workdir:ro,Z" "-v" "/var/lib/crater-agent-workspace/builds/worker-1-tc1/target:/opt/rustwide/target:rw,Z" "-v" "/var/lib/crater-agent-workspace/cargo-home:/opt/rustwide/cargo-home:ro,Z" "-v" "/var/lib/crater-agent-workspace/rustup-home:/opt/rustwide/rustup-home:ro,Z" "-m" "1610612736" "--network" "none" "ghcr.io/rust-lang/crates-build-env/linux@sha256:77db811e55d90add9212f6832c23229e3de5f1c1f9905e8cb07319ea15df73ac" "sleep" "infinity", kill_on_drop: false }`
[INFO] [stdout] b3e8f40434dad8ce69c20f50052e98791de7fedf2e59cc44a3d7b408a4d4f3c2
[INFO] running `Command { std: "docker" "start" "b3e8f40434dad8ce69c20f50052e98791de7fedf2e59cc44a3d7b408a4d4f3c2", kill_on_drop: false }`
[INFO] running `Command { std: "docker" "inspect" "b3e8f40434dad8ce69c20f50052e98791de7fedf2e59cc44a3d7b408a4d4f3c2", kill_on_drop: false }`
[INFO] running `Command { std: "docker" "exec" "-e" "SOURCE_DIR=/opt/rustwide/workdir" "-e" "CARGO_HOME=/opt/rustwide/cargo-home" "-e" "RUSTUP_HOME=/opt/rustwide/rustup-home" "-e" "CARGO_TARGET_DIR=/opt/rustwide/target" "-w" "/opt/rustwide/workdir" "--user" "0:0" "b3e8f40434dad8ce69c20f50052e98791de7fedf2e59cc44a3d7b408a4d4f3c2" "/opt/rustwide/cargo-home/bin/cargo" "+1.99.0-beta.8" "metadata" "--no-deps" "--format-version=1", kill_on_drop: false }`
[INFO] running `Command { std: "docker" "inspect" "b3e8f40434dad8ce69c20f50052e98791de7fedf2e59cc44a3d7b408a4d4f3c2", kill_on_drop: false }`
[INFO] running `Command { std: "docker" "exec" "-e" "SOURCE_DIR=/opt/rustwide/workdir" "-e" "CARGO_HOME=/opt/rustwide/cargo-home" "-e" "RUSTUP_HOME=/opt/rustwide/rustup-home" "-e" "CARGO_TARGET_DIR=/opt/rustwide/target" "-e" "CARGO_INCREMENTAL=0" "-e" "RUST_BACKTRACE=full" "-e" "RUSTFLAGS=--cap-lints=warn" "-e" "RUSTDOCFLAGS=--cap-lints=warn" "-w" "/opt/rustwide/workdir" "--user" "0:0" "b3e8f40434dad8ce69c20f50052e98791de7fedf2e59cc44a3d7b408a4d4f3c2" "/opt/rustwide/cargo-home/bin/cargo" "+1.99.0-beta.8" "build" "--frozen" "--message-format=json" "--release", kill_on_drop: false }`
[INFO] [stderr]    Compiling syn v2.0.119
[INFO] [stderr]    Compiling displaydoc v0.2.7
[INFO] [stderr]    Compiling smallvec v1.15.2
[INFO] [stderr]    Compiling regex-automata v0.4.18
[INFO] [stderr]    Compiling serde v1.0.229
[INFO] [stderr]    Compiling pulldown-cmark v0.13.4
[INFO] [stderr]    Compiling serde_json v1.0.151
[INFO] [stderr]    Compiling winnow v1.0.4
[INFO] [stderr]    Compiling fluent-uri v0.1.4
[INFO] [stderr]    Compiling dirs-sys v0.5.0
[INFO] [stderr]    Compiling clap_builder v4.6.6
[INFO] [stderr]    Compiling rustix v1.1.4
[INFO] [stderr]    Compiling jiff v0.2.35
[INFO] [stderr]    Compiling getopts v0.2.24
[INFO] [stderr]    Compiling clap_derive v4.6.4
[INFO] [stderr]    Compiling crossbeam-channel v0.5.16
[INFO] [stderr]    Compiling toml_datetime v1.1.1+spec-1.1.0
[INFO] [stderr]    Compiling serde_spanned v1.1.1
[INFO] [stderr]    Compiling serde_repr v0.1.21
[INFO] [stderr]    Compiling toml_parser v1.1.3+spec-1.1.0
[INFO] [stderr]    Compiling pulldown-cmark-escape v0.11.0
[INFO] [stderr]    Compiling toml_writer v1.1.2+spec-1.1.0
[INFO] [stderr]    Compiling dirs v6.0.0
[INFO] [stderr]    Compiling glob v0.3.4
[INFO] [stderr]    Compiling lsp-server v0.10.0
[INFO] [stderr]    Compiling lsp-types v0.97.0
[INFO] [stderr]    Compiling toml v1.1.4+spec-1.1.0
[INFO] [stderr]    Compiling tempfile v3.27.0
[INFO] [stderr]    Compiling synstructure v0.13.2
[INFO] [stderr]    Compiling clap v4.6.6
[INFO] [stderr]    Compiling zerovec-derive v0.11.3
[INFO] [stderr]    Compiling zerofrom-derive v0.1.7
[INFO] [stderr]    Compiling yoke-derive v0.8.2
[INFO] [stderr]    Compiling zerofrom v0.1.8
[INFO] [stderr]    Compiling yoke v0.8.3
[INFO] [stderr]    Compiling zerovec v0.11.6
[INFO] [stderr]    Compiling zerotrie v0.2.4
[INFO] [stderr]    Compiling regex v1.13.1
[INFO] [stderr]    Compiling env_filter v2.0.0
[INFO] [stderr]    Compiling env_logger v0.11.11
[INFO] [stderr]    Compiling tinystr v0.8.3
[INFO] [stderr]    Compiling potential_utf v0.1.5
[INFO] [stderr]    Compiling icu_locale_core v2.2.0
[INFO] [stderr]    Compiling icu_collections v2.2.0
[INFO] [stderr]    Compiling icu_provider v2.2.0
[INFO] [stderr]    Compiling icu_normalizer v2.2.0
[INFO] [stderr]    Compiling icu_properties v2.2.0
[INFO] [stderr]    Compiling idna_adapter v1.2.2
[INFO] [stderr]    Compiling idna v1.1.0
[INFO] [stderr]    Compiling url v2.5.8
[INFO] [stderr]    Compiling knap v0.24.0 (/opt/rustwide/workdir)
[INFO] [stderr]     Finished `release` profile [optimized] target(s) in 1m 25s
[INFO] running `Command { std: "docker" "inspect" "b3e8f40434dad8ce69c20f50052e98791de7fedf2e59cc44a3d7b408a4d4f3c2", kill_on_drop: false }`
[INFO] running `Command { std: "docker" "exec" "-e" "SOURCE_DIR=/opt/rustwide/workdir" "-e" "CARGO_HOME=/opt/rustwide/cargo-home" "-e" "RUSTUP_HOME=/opt/rustwide/rustup-home" "-e" "CARGO_TARGET_DIR=/opt/rustwide/target" "-e" "CARGO_INCREMENTAL=0" "-e" "RUST_BACKTRACE=full" "-e" "RUSTFLAGS=--cap-lints=warn" "-e" "RUSTDOCFLAGS=--cap-lints=warn" "-w" "/opt/rustwide/workdir" "--user" "0:0" "b3e8f40434dad8ce69c20f50052e98791de7fedf2e59cc44a3d7b408a4d4f3c2" "/opt/rustwide/cargo-home/bin/cargo" "+1.99.0-beta.8" "test" "--frozen" "--no-run" "--message-format=json" "--release", kill_on_drop: false }`
[INFO] [stderr]    Compiling tempfile v3.27.0
[INFO] [stderr]    Compiling rand v0.10.2
[INFO] [stderr]    Compiling knap v0.24.0 (/opt/rustwide/workdir)
[INFO] [stderr]     Finished `release` profile [optimized] target(s) in 51.17s
[INFO] running `Command { std: "docker" "inspect" "b3e8f40434dad8ce69c20f50052e98791de7fedf2e59cc44a3d7b408a4d4f3c2", kill_on_drop: false }`
[INFO] running `Command { std: "docker" "exec" "-e" "SOURCE_DIR=/opt/rustwide/workdir" "-e" "CARGO_HOME=/opt/rustwide/cargo-home" "-e" "RUSTUP_HOME=/opt/rustwide/rustup-home" "-e" "CARGO_TARGET_DIR=/opt/rustwide/target" "-e" "CARGO_INCREMENTAL=0" "-e" "RUST_BACKTRACE=full" "-e" "RUSTFLAGS=--cap-lints=warn" "-e" "RUSTDOCFLAGS=--cap-lints=warn" "-w" "/opt/rustwide/workdir" "--user" "0:0" "b3e8f40434dad8ce69c20f50052e98791de7fedf2e59cc44a3d7b408a4d4f3c2" "/opt/rustwide/cargo-home/bin/cargo" "+1.99.0-beta.8" "test" "--frozen" "--release", kill_on_drop: false }`
[INFO] [stderr]     Finished `release` profile [optimized] target(s) in 0.11s
[INFO] [stderr]      Running unittests src/lib.rs (/opt/rustwide/target/release/deps/knap-d83215017c1f2d3e)
[INFO] [stdout] 
[INFO] [stdout] running 538 tests
[INFO] [stdout] test cli::apply::tests::apply_one_rejects_rename_file_old_outside_root ... ok
[INFO] [stdout] test cli::apply::tests::apply_one_repoint_anchor_rejects_range_that_eats_closing_paren ... ok
[INFO] [stdout] test cli::apply::tests::apply_one_repoint_anchor_error_message_names_lint_suggest_rerun ... ok
[INFO] [stdout] test cli::apply::tests::apply_one_rename_file_reports_summary_and_touched_count ... ok
[INFO] [stdout] test cli::apply::tests::apply_one_repoint_anchor_strips_leading_hash_from_input ... ok
[INFO] [stdout] test cli::apply::tests::apply_one_repoint_link_rejects_range_that_eats_closing_paren ... ok
[INFO] [stdout] test cli::apply::tests::apply_one_repoint_link_error_message_names_lint_suggest_rerun ... ok
[INFO] [stdout] test cli::apply::tests::change_op_deserializes_rename_file ... ok
[INFO] [stdout] test cli::apply::tests::change_op_deserializes_repoint_link ... ok
[INFO] [stdout] test cli::apply::tests::change_op_fix_variant_no_longer_deserializes ... ok
[INFO] [stdout] test cli::apply::tests::change_op_unknown_op_errors ... ok
[INFO] [stdout] test cli::apply::tests::change_op_deserializes_rename_heading ... ok
[INFO] [stdout] test cli::apply::tests::change_op_deserializes_rename_tag ... ok
[INFO] [stdout] test cli::apply::tests::copy_tree_copies_files_and_skips_hidden_dirs ... ok
[INFO] [stdout] test cli::apply::tests::change_op_deserializes_repoint_anchor ... ok
[INFO] [stdout] test cli::apply::tests::diff_and_sync_dry_run_counts_without_writing ... ok
[INFO] [stdout] test cli::apply::tests::diff_and_sync_counts_and_copies_new_empty_file ... ok
[INFO] [stdout] test cli::apply::tests::apply_one_repoint_anchor_replaces_range_with_bare_slug ... ok
[INFO] [stdout] test cli::hint::tests::hint_apply_none_when_dry_run ... ok
[INFO] [stdout] test cli::apply::tests::diff_and_sync_counts_and_copies_changed_file ... ok
[INFO] [stdout] test cli::apply::tests::diff_and_sync_counts_and_copies_new_file ... ok
[INFO] [stdout] test cli::apply::tests::ensure_scoped_rejects_path_outside_root ... ok
[INFO] [stdout] test cli::apply::tests::ensure_scoped_accepts_relative_path_under_root ... ok
[INFO] [stdout] test cli::apply::tests::validate_link_round_trip_accepts_well_formed_link ... ok
[INFO] [stdout] test cli::hint::tests::hint_apply_some_when_not_dry_run ... ok
[INFO] [stdout] test cli::apply::tests::diff_and_sync_removes_file_absent_from_src ... ok
[INFO] [stdout] test cli::hint::tests::hint_index_none_when_no_broken_link ... ok
[INFO] [stdout] test cli::hint::tests::hint_index_some_when_broken_link ... ok
[INFO] [stdout] test cli::apply::tests::validate_link_round_trip_rejects_link_with_wrong_field ... ok
[INFO] [stdout] test cli::apply::tests::validate_link_round_trip_rejects_missing_link_at_line ... ok
[INFO] [stdout] test cli::hint::tests::hint_lint_none_when_neither_flag_set ... ok
[INFO] [stdout] test cli::hint::tests::hint_lint_both_flags_joins_both_clauses ... ok
[INFO] [stdout] test cli::index::tests::index_output_hint_present_for_directory_target_with_broken_link ... ok
[INFO] [stdout] test cli::hint::tests::hint_lint_manual_only ... ok
[INFO] [stdout] test cli::apply::tests::apply_one_rejects_repoint_link_file_outside_root ... ok
[INFO] [stdout] test cli::index::tests::index_output_top_level_shape_unchanged_by_flatten ... ok
[INFO] [stdout] test cli::lint::tests::lint_report_hint_absent_when_clean ... ok
[INFO] [stdout] test cli::lint::tests::fail_on_default_matches_todays_behavior ... ok
[INFO] [stdout] test cli::hint::tests::hint_lint_repointable_only ... ok
[INFO] [stdout] test cli::index::tests::has_broken_link_true_when_any_link_unresolved ... ok
[INFO] [stdout] test cli::hint::tests::hint_rename_is_always_some ... ok
[INFO] [stdout] test cli::index::tests::index_output_hint_absent_for_file_target_all_resolved ... ok
[INFO] [stdout] test cli::index::tests::index_output_hint_present_for_file_target_with_broken_link ... ok
[INFO] [stdout] test cli::apply::tests::apply_one_repoint_link_replaces_target_range_with_new_target ... ok
[INFO] [stdout] test cli::rename::tests::rename_report_json_serializes_op_summary_files_touched_and_hint ... ok
[INFO] [stdout] test cli::index::tests::has_broken_link_false_when_all_resolved ... ok
[INFO] [stdout] test cli::rename::tests::run_heading_json_true_prints_json_not_text ... ok
[INFO] [stdout] test cli::apply::tests::apply_report_hint_present_when_not_dry_run ... ok
[INFO] [stdout] test cli::lint::tests::lint_report_hint_present_for_broken_link ... ok
[INFO] [stdout] test cli::lint::tests::severity_rank_orders_error_above_warning_above_info_above_hint ... ok
[INFO] [stdout] test cli::rename::tests::run_file_json_true_prints_json_not_text ... ok
[INFO] [stdout] test cli::tests::default_log_filter_one_is_debug ... ok
[INFO] [stdout] test cli::tests::default_log_filter_two_or_more_is_trace ... ok
[INFO] [stdout] test cli::rename::tests::run_file_json_false_preserves_existing_text_output_plus_hint_line ... ok
[INFO] [stdout] test cli::rename::tests::run_tag_json_true_prints_json_not_text ... ok
[INFO] [stdout] test cli::tests::default_log_filter_zero_is_info ... ok
[INFO] [stdout] test cli::rename::tests::rename_file_at_new_path_exists_errors ... ok
[INFO] [stdout] test cli::tests::double_v_parses_as_two ... ok
[INFO] [stdout] test cli::tests::neither_path_nor_global_is_required ... ok
[INFO] [stdout] test cli::tests::global_alone_parses ... ok
[INFO] [stdout] test cli::apply::tests::apply_report_hint_absent_under_dry_run ... ok
[INFO] [stdout] test cli::apply::tests::apply_one_rejects_repoint_anchor_file_outside_root ... ok
[INFO] [stdout] test cli::rename::tests::rename_tag_at_scopes_to_given_root_not_cwd ... ok
[INFO] [stdout] test cli::rename::tests::wrap_rename_file_edit_appends_rename_op ... ok
[INFO] [stdout] test cli::tests::path_alone_parses ... ok
[INFO] [stdout] test cli::tests::verbose_flag_is_global_after_subcommand ... ok
[INFO] [stdout] test config::tests::config_finalize_propagates_path_filter_compile_error ... ok
[INFO] [stdout] test cli::tests::path_and_global_are_mutually_exclusive ... ok
[INFO] [stdout] test cli::tests::single_v_parses_as_one ... ok
[INFO] [stdout] test cli::skill::tests::writes_skill_md_into_new_target_dir ... ok
[INFO] [stdout] test cli::apply::tests::apply_one_repoint_link_accepts_target_needing_angle_bracket_escaping ... ok
[INFO] [stdout] test cli::tests::repeated_long_flag_counts ... ok
[INFO] [stdout] test cli::skill::tests::relative_path_resolves_against_cwd ... ok
[INFO] [stdout] test config::tests::for_lsp_extensions_from_init_options ... ok
[INFO] [stdout] test config::tests::for_lsp_ignore_link_targets_unions_knap_toml_and_init_options ... ok
[INFO] [stdout] test cli::rename::tests::rename_heading_at_scopes_to_given_root_not_cwd ... ok
[INFO] [stdout] test config::tests::for_lsp_knap_toml_and_init_options_merge ... ok
[INFO] [stdout] test config::tests::for_lsp_init_options_overrides_knap_toml ... ok
[INFO] [stdout] test cli::skill::tests::rerun_over_a_stale_copy_overwrites_it ... ok
[INFO] [stdout] test config::tests::for_lsp_schema_fields_parsed ... ok
[INFO] [stdout] test config::tests::for_lsp_new_note_dir_parsed ... ok
[INFO] [stdout] test config::tests::for_lsp_schema_absent_uses_default ... ok
[INFO] [stdout] test cli::rename::tests::rename_file_at_scopes_to_given_root_not_cwd ... ok
[INFO] [stdout] test config::tests::for_lsp_schema_flags_default_false ... ok
[INFO] [stdout] test config::tests::finalize_malformed_ignore_link_targets_pattern_errors ... ok
[INFO] [stdout] test config::tests::for_lsp_malformed_knap_toml_errors ... ok
[INFO] [stdout] test config::tests::for_lsp_exclude_default_empty ... ok
[INFO] [stdout] test config::tests::for_lsp_new_note_dir_absent ... ok
[INFO] [stdout] test config::tests::for_lsp_schema_fields_sorted ... ok
[INFO] [stdout] test config::tests::for_path_absent_knap_toml_exclude_defaults_empty ... ok
[INFO] [stdout] test config::tests::for_lsp_exclude_unions_knap_toml_and_init_options ... ok
[INFO] [stdout] test config::tests::for_lsp_extensions_default ... ok
[INFO] [stdout] test config::tests::for_lsp_malformed_init_options_falls_back ... ok
[INFO] [stdout] test config::tests::for_lsp_skip_dirs_init_options_overrides_knap_toml ... ok
[INFO] [stdout] test config::tests::for_path_absent_knap_toml_ignore_link_targets_defaults_empty ... ok
[INFO] [stdout] test config::tests::for_path_absent_knap_toml_skip_dirs_defaults_to_builtin ... ok
[INFO] [stdout] test config::tests::for_lsp_skip_dirs_default_when_unset ... ok
[INFO] [stdout] test config::tests::for_lsp_schema_flags_set ... ok
[INFO] [stdout] test config::tests::for_path_absent_knap_toml_uses_defaults ... ok
[INFO] [stdout] test config::tests::for_path_ignore_link_target_additions_appended ... ok
[INFO] [stdout] test config::tests::path_filter::path_filter_is_note_true_for_configured_extension ... ok
[INFO] [stdout] test config::tests::for_path_knap_toml_wrong_type_errors ... ok
[INFO] [stdout] test config::tests::for_path_loads_knap_toml_exclude ... ok
[INFO] [stdout] test config::tests::for_path_exclude_additions_appended ... ok
[INFO] [stdout] test config::tests::for_path_loads_knap_toml_skip_dirs ... ok
[INFO] [stdout] test config::tests::init_options_accepts_getting_started_frontmatter_schema_example ... ok
[INFO] [stdout] test config::tests::path_filter::path_filter_compile_dir_form_from_glob_star_star_suffix ... ok
[INFO] [stdout] test config::tests::for_path_loads_knap_toml ... ok
[INFO] [stdout] test config::tests::path_filter::path_filter_compile_rejects_malformed_pattern ... ok
[INFO] [stdout] test cli::tests::verbose_defaults_to_zero ... ok
[INFO] [stdout] test config::tests::knap_toml_accepts_readme_example ... ok
[INFO] [stdout] test config::tests::path_filter::path_filter_default_skip_dirs_matches_hardcoded_names ... ok
[INFO] [stdout] test config::tests::for_path_malformed_knap_toml_errors ... ok
[INFO] [stdout] test config::tests::path_filter::path_filter_is_note_false_for_other_extension ... ok
[INFO] [stdout] test config::tests::for_path_loads_knap_toml_ignore_link_targets ... ok
[INFO] [stdout] test config::tests::path_filter::path_filter_should_skip_dir_true_for_exclude_match ... ok
[INFO] [stdout] test config::tests::path_filter::path_filter_should_skip_dir_true_for_hardcoded_name ... ok
[INFO] [stdout] test config::tests::path_filter::path_filter_skip_dirs_malformed_pattern_errors ... ok
[INFO] [stdout] test config::tests::path_filter::path_filter_skip_dirs_empty_disables_pruning ... ok
[INFO] [stdout] test config::tests::path_filter::path_filter_should_index_true_for_leaf_dotfile ... ok
[INFO] [stdout] test config::tests::path_filter::path_filter_should_index_true_for_plain_file ... ok
[INFO] [stdout] test config::tests::path_filter::path_filter_skip_dirs_custom_pattern ... ok
[INFO] [stdout] test edit::tests::apply_changes_missing_file_errors ... ok
[INFO] [stdout] test edit::tests::apply_document_changes_create ... ok
[INFO] [stdout] test config::tests::path_filter::path_filter_should_index_false_for_excluded_glob_match ... ok
[INFO] [stdout] test config::tests::path_filter::path_filter_should_index_false_under_hardcoded_skip_dir ... ok
[INFO] [stdout] test cli::skill::tests::rerun_with_unchanged_content_is_a_no_op ... ok
[INFO] [stdout] test config::tests::path_filter_should_index_true_for_path_outside_all_roots ... ok
[INFO] [stdout] test edit::tests::apply_document_changes_delete_errors_not_implemented ... ok
[INFO] [stdout] test edit::tests::apply_changes_single_edit ... ok
[INFO] [stdout] test edit::tests::apply_changes_multiple_files ... ok
[INFO] [stdout] test edit::tests::apply_changes_multiple_edits_same_file ... ok
[INFO] [stdout] test handlers::tests::anchor_completion_insert_is_slug ... ok
[INFO] [stdout] test handlers::tests::anchor_completion_label_is_heading_text ... ok
[INFO] [stdout] test handlers::tests::anchor_completion_no_headings_empty ... ok
[INFO] [stdout] test handlers::tests::check_dir_trigger_none_outside_link ... ok
[INFO] [stdout] test handlers::tests::check_frontmatter_key_trigger_in_value ... ok
[INFO] [stdout] test handlers::tests::check_frontmatter_key_trigger_no_frontmatter ... ok
[INFO] [stdout] test handlers::tests::check_frontmatter_key_trigger_on_closing_delimiter ... ok
[INFO] [stdout] test handlers::tests::check_frontmatter_value_trigger_basic ... ok
[INFO] [stdout] test handlers::tests::check_frontmatter_key_trigger_on_list_item ... ok
[INFO] [stdout] test handlers::tests::check_frontmatter_value_trigger_before_colon ... ok
[INFO] [stdout] test handlers::tests::anchor_completion_returns_headings ... ok
[INFO] [stdout] test handlers::tests::anchor_completion_does_not_fire_on_plain_hash ... ok
[INFO] [stdout] test handlers::tests::check_frontmatter_value_trigger_empty_partial ... ok
[INFO] [stdout] test handlers::tests::check_frontmatter_value_trigger_no_frontmatter ... ok
[INFO] [stdout] test handlers::tests::check_dir_trigger_empty_after_open ... ok
[INFO] [stdout] test handlers::tests::check_dir_trigger_none_in_anchor_context ... ok
[INFO] [stdout] test handlers::tests::check_frontmatter_value_trigger_inline_list ... ok
[INFO] [stdout] test handlers::tests::check_frontmatter_key_trigger_basic ... ok
[INFO] [stdout] test handlers::tests::check_frontmatter_key_trigger_blank_line ... ok
[INFO] [stdout] test edit::tests::apply_document_changes_edit_then_rename_in_order ... ok
[INFO] [stdout] test handlers::tests::check_frontmatter_value_trigger_tags_key ... ok
[INFO] [stdout] test handlers::tests::code_actions_create_note_already_wrapped_target_not_double_escaped ... ok
[INFO] [stdout] test handlers::tests::code_actions_create_note_ignore_if_exists ... ok
[INFO] [stdout] test handlers::tests::code_actions_create_note_target_with_space_adds_text_edit ... ok
[INFO] [stdout] test handlers::tests::code_actions_create_note_for_broken_link ... ok
[INFO] [stdout] test handlers::tests::code_actions_default_path_relative ... ok
[INFO] [stdout] test handlers::tests::anchor_completion_unknown_file_empty ... ok
[INFO] [stdout] test handlers::tests::check_dir_trigger_partial_path ... ok
[INFO] [stdout] test handlers::tests::code_actions_fix_anchor_edit_replaces_range ... ok
[INFO] [stdout] test handlers::tests::code_actions_fix_anchor_no_anchor_range_skipped ... ok
[INFO] [stdout] test handlers::tests::code_actions_create_note_target_without_space_no_text_edit ... ok
[INFO] [stdout] test handlers::tests::code_actions_fix_anchor_no_headings_empty ... ok
[INFO] [stdout] test handlers::tests::check_frontmatter_value_trigger_outside_block ... ok
[INFO] [stdout] test handlers::tests::code_actions_fix_anchor_offers_headings ... ok
[INFO] [stdout] test handlers::tests::code_actions_fix_anchor_valid_anchor_skipped ... ok
[INFO] [stdout] test handlers::tests::code_actions_new_note_dir_respected ... ok
[INFO] [stdout] test handlers::tests::code_actions_no_action_off_link ... ok
[INFO] [stdout] test handlers::tests::code_actions_skips_anchor_only_links ... ok
[INFO] [stdout] test handlers::tests::code_lens_command_name ... ok
[INFO] [stdout] test handlers::tests::code_lens_heading_lens_at_heading_line ... ok
[INFO] [stdout] test handlers::tests::code_actions_no_action_for_valid_link ... ok
[INFO] [stdout] test handlers::tests::code_lens_heading_no_anchors_no_lens ... ok
[INFO] [stdout] test handlers::tests::code_lens_heading_same_file_anchors ... ok
[INFO] [stdout] test handlers::tests::code_lens_multiple_backlinks ... ok
[INFO] [stdout] test handlers::tests::code_lens_no_backlinks ... ok
[INFO] [stdout] test handlers::tests::code_lens_range_is_line_zero ... ok
[INFO] [stdout] test handlers::tests::code_lens_backlinks_lens_still_present ... ok
[INFO] [stdout] test handlers::tests::code_lens_heading_cross_file_anchors ... ok
[INFO] [stdout] test handlers::tests::combined_distance_blends_both_terms_when_text_signal_present ... ok
[INFO] [stdout] test handlers::tests::code_lens_unknown_file ... ok
[INFO] [stdout] test handlers::tests::combined_distance_falls_back_to_path_term_when_no_text_signal ... ok
[INFO] [stdout] test handlers::tests::completion_bare_anchor_does_not_include_other_notes ... ok
[INFO] [stdout] test handlers::tests::completion_bare_anchor_empty_headings ... ok
[INFO] [stdout] test handlers::tests::code_lens_single_backlink ... ok
[INFO] [stdout] test handlers::tests::completion_bare_anchor_returns_current_file_headings ... ok
[INFO] [stdout] test handlers::tests::completion_dir_trigger_lists_child_dirs_including_empty ... ok
[INFO] [stdout] test handlers::tests::completion_dir_trigger_no_accept_item_for_unindexed_partial ... ok
[INFO] [stdout] test handlers::tests::completion_dir_trigger_offers_accept_item_when_drilled_in ... ok
[INFO] [stdout] test handlers::tests::completion_folder_item_with_space_not_wrapped ... ok
[INFO] [stdout] test handlers::tests::completion_dir_trigger_no_accept_item_at_note_own_dir ... ok
[INFO] [stdout] test handlers::tests::completion_global_item_with_space_wraps_target ... ok
[INFO] [stdout] test handlers::tests::completion_attachment_label_is_filename ... ok
[INFO] [stdout] test handlers::tests::completion_includes_attachments ... ok
[INFO] [stdout] test handlers::tests::completion_trigger_returns_notes ... ok
[INFO] [stdout] test handlers::tests::compute_create_missing_file_fix_matches_prior_action_shape ... ok
[INFO] [stdout] test handlers::tests::compute_diagnostics_broken_anchor_diagnostic_unaffected_by_ignore_patterns ... ok
[INFO] [stdout] test handlers::tests::completion_title_used_as_label ... ok
[INFO] [stdout] test handlers::tests::compute_diagnostics_broken_link_ignored_by_frontmatter_exact_match ... ok
[INFO] [stdout] test handlers::tests::compute_diagnostics_broken_anchor_on_dir_link ... ok
[INFO] [stdout] test handlers::tests::compute_diagnostics_broken_link_ignored_by_knap_toml_pattern ... ok
[INFO] [stdout] test handlers::tests::compute_diagnostics_found_link_unaffected_by_ignore_patterns ... ok
[INFO] [stdout] test handlers::tests::compute_diagnostics_broken_link_ignored_by_frontmatter_glob ... ok
[INFO] [stdout] test handlers::tests::completion_file_item_with_space_wraps_target ... ok
[INFO] [stdout] test handlers::tests::compute_anchor_fix_replaces_anchor_range ... ok
[INFO] [stdout] test handlers::tests::completion_no_trigger_empty ... ok
[INFO] [stdout] test handlers::tests::completion_relative_path_subdirectory ... ok
[INFO] [stdout] test handlers::tests::completion_file_item_without_space_unchanged ... ok
[INFO] [stdout] test handlers::tests::compute_diagnostics_malformed_frontmatter_pattern_skipped_not_panicking ... ok
[INFO] [stdout] test handlers::tests::compute_diagnostics_no_broken_link_for_existing_dir ... ok
[INFO] [stdout] test handlers::tests::compute_diagnostics_with_suggestions_omits_suggestions_for_ignored_target ... ok
[INFO] [stdout] test handlers::tests::compute_diagnostics_with_suggestions_includes_text_distance_field ... ok
[INFO] [stdout] test handlers::tests::compute_diagnostics_with_suggestions_omits_text_mismatch_when_false ... ok
[INFO] [stdout] test handlers::tests::compute_diagnostics_broken_link_not_ignored_by_other_docs_frontmatter ... ok
[INFO] [stdout] test handlers::tests::compute_diagnostics_broken_link_still_reported_when_no_pattern_matches ... ok
[INFO] [stdout] test handlers::tests::compute_diagnostics_with_suggestions_sets_text_mismatch_on_data ... ok
[INFO] [stdout] test handlers::tests::compute_tag_rename_covers_all_notes ... ok
[INFO] [stdout] test handlers::tests::definition_broken_link_returns_none ... ok
[INFO] [stdout] test handlers::tests::compute_tag_rename_no_notes_returns_empty_edit ... ok
[INFO] [stdout] test handlers::tests::definition_missing_anchor_falls_back_to_top ... ok
[INFO] [stdout] test handlers::tests::compute_heading_rename_updates_cross_file_anchors ... ok
[INFO] [stdout] test handlers::tests::definition_navigates_to_heading ... ok
[INFO] [stdout] test handlers::tests::compute_heading_rename_updates_same_file_anchors ... ok
[INFO] [stdout] test handlers::tests::definition_navigates_to_file_top ... ok
[INFO] [stdout] test handlers::tests::definition_on_tag_not_in_frontmatter_still_resolves_link ... ok
[INFO] [stdout] test handlers::tests::definition_on_tag_returns_all_files ... ok
[INFO] [stdout] test handlers::tests::definition_same_file_anchor_missing_falls_back_to_top ... ok
[INFO] [stdout] test handlers::tests::definition_same_file_anchor_navigates_to_heading ... ok
[INFO] [stdout] test handlers::tests::completion_same_file_anchor_trigger_lists_current_note_headings ... ok
[INFO] [stdout] test handlers::tests::diagnostic_broken_link_has_broken_link_code ... ok
[INFO] [stdout] test handlers::tests::diagnostic_invalid_value_has_invalid_field_value_code ... ok
[INFO] [stdout] test handlers::tests::diagnostic_missing_required_field_has_missing_required_field_code ... ok
[INFO] [stdout] test handlers::tests::diagnostic_unknown_key_has_unknown_field_code ... ok
[INFO] [stdout] test handlers::tests::diagnostics_anchor_only_skipped ... ok
[INFO] [stdout] test handlers::tests::diagnostic_broken_anchor_has_broken_anchor_code ... ok
[INFO] [stdout] test handlers::tests::diagnostics_bare_anchor_empty_slug_no_diagnostic ... ok
[INFO] [stdout] test handlers::tests::diagnostics_bare_anchor_broken ... ok
[INFO] [stdout] test handlers::tests::diagnostics_bare_anchor_valid ... ok
[INFO] [stdout] test handlers::tests::diagnostics_bare_anchor_no_headings ... ok
[INFO] [stdout] test handlers::tests::diagnostics_broken_anchor ... ok
[INFO] [stdout] test handlers::tests::diagnostics_broken_link ... ok
[INFO] [stdout] test handlers::tests::diagnostic_missing_frontmatter_has_missing_frontmatter_code ... ok
[INFO] [stdout] test handlers::tests::diagnostics_external_url_with_anchor_no_warning ... ok
[INFO] [stdout] test handlers::tests::diagnostics_same_file_anchor_missing_emits_heading_not_found ... ok
[INFO] [stdout] test handlers::tests::diagnostics_same_file_anchor_valid_no_warning ... ok
[INFO] [stdout] test handlers::tests::diagnostics_valid_anchor_no_warning ... ok
[INFO] [stdout] test handlers::tests::diagnostics_with_suggestions_zero_n_omits_data ... ok
[INFO] [stdout] test handlers::tests::dir_completion_initial_excludes_current ... ok
[INFO] [stdout] test handlers::tests::dir_completion_attachment_filename_label ... ok
[INFO] [stdout] test handlers::tests::diagnostics_with_suggestions_attaches_ranked_candidates_to_broken_link ... ok
[INFO] [stdout] test handlers::tests::diagnostics_valid_link_no_warning ... ok
[INFO] [stdout] test handlers::tests::dir_completion_initial_shows_siblings ... ok
[INFO] [stdout] test handlers::tests::dir_completion_initial_shows_subdir ... ok
[INFO] [stdout] test handlers::tests::dir_completion_parent_dir_option ... ok
[INFO] [stdout] test handlers::tests::dir_completion_subdir_shows_children ... ok
[INFO] [stdout] test handlers::tests::dir_completion_text_edit_replaces_partial ... ok
[INFO] [stdout] test handlers::tests::document_symbols_kind_is_string ... ok
[INFO] [stdout] test handlers::tests::document_symbols_no_headings_returns_empty ... ok
[INFO] [stdout] test handlers::tests::document_symbols_range_matches_heading ... ok
[INFO] [stdout] test handlers::tests::document_symbols_returns_all_headings ... ok
[INFO] [stdout] test handlers::tests::document_symbols_note_absent_returns_none ... ok
[INFO] [stdout] test handlers::tests::dir_completion_title_as_label ... ok
[INFO] [stdout] test handlers::tests::edit_distance_counts_substitutions ... ok
[INFO] [stdout] test handlers::tests::escape_link_target_escapes_inner_angle_brackets_when_wrapping ... ok
[INFO] [stdout] test handlers::tests::edit_distance_identical_strings_is_zero ... ok
[INFO] [stdout] test handlers::tests::escape_link_target_no_special_chars_unchanged ... ok
[INFO] [stdout] test handlers::tests::folding_code_fence_emitted ... ok
[INFO] [stdout] test handlers::tests::folding_last_heading_spans_to_doc_end ... ok
[INFO] [stdout] test handlers::tests::escape_link_target_parens_wrap_in_angle_brackets ... ok
[INFO] [stdout] test handlers::tests::escape_link_target_space_wraps_in_angle_brackets ... ok
[INFO] [stdout] test handlers::tests::folding_nested_h3_ends_before_parent ... ok
[INFO] [stdout] test handlers::tests::folding_no_headings_returns_fences_only ... ok
[INFO] [stdout] test handlers::tests::handle_code_actions_no_anchor_fix_offered_for_dir_link ... ok
[INFO] [stdout] test handlers::tests::goto_definition_same_file_anchor_jumps_to_heading ... ok
[INFO] [stdout] test handlers::tests::find_heading_no_match_returns_none ... ok
[INFO] [stdout] test handlers::tests::find_heading_matches_exact_text ... ok
[INFO] [stdout] test handlers::tests::folding_h2_section_spans_to_next_h2 ... ok
[INFO] [stdout] test handlers::tests::find_heading_matches_slug ... ok
[INFO] [stdout] test handlers::tests::folding_single_line_section_omitted ... ok
[INFO] [stdout] test handlers::tests::inlay_hint_label_is_title_string ... ok
[INFO] [stdout] test handlers::tests::inlay_hint_filtered_by_range ... ok
[INFO] [stdout] test handlers::tests::inlay_hint_omits_broken_link ... ok
[INFO] [stdout] test handlers::tests::inlay_hint_omits_note_without_title ... ok
[INFO] [stdout] test handlers::tests::handle_definition_directory_link_returns_location ... ok
[INFO] [stdout] test handlers::tests::inlay_hint_shows_title ... ok
[INFO] [stdout] test handlers::tests::inlay_hint_omits_url ... ok
[INFO] [stdout] test handlers::tests::prepare_rename_disk_fallback ... ok
[INFO] [stdout] test handlers::tests::normalized_distance_handles_empty_strings_without_div_by_zero ... ok
[INFO] [stdout] test handlers::tests::handle_definition_directory_link_with_anchor_returns_no_heading ... ok
[INFO] [stdout] test handlers::tests::normalized_distance_divides_by_longer_string_length ... ok
[INFO] [stdout] test handlers::tests::handle_references_directory_link_returns_backlinks ... ok
[INFO] [stdout] test handlers::tests::prepare_rename_disk_fallback_off_heading ... ok
[INFO] [stdout] test handlers::tests::prepare_rename_on_heading_returns_text_range_and_placeholder ... ok
[INFO] [stdout] test handlers::tests::prepare_rename_outside_tag_returns_none ... ok
[INFO] [stdout] test handlers::tests::prepare_rename_tag_bare_scalar ... ok
[INFO] [stdout] test handlers::tests::prepare_rename_no_headings_returns_none ... ok
[INFO] [stdout] test handlers::tests::prepare_rename_tag_block_list ... ok
[INFO] [stdout] test handlers::tests::prepare_rename_placeholder_is_raw_text ... ok
[INFO] [stdout] test handlers::tests::rank_anchor_candidates_orders_by_combined_including_link_text_term ... ok
[INFO] [stdout] test handlers::tests::prepare_rename_tag_heading_unchanged ... ok
[INFO] [stdout] test handlers::tests::prepare_rename_off_heading_returns_none ... ok
[INFO] [stdout] test handlers::tests::rank_link_candidates_compares_text_against_file_stem_not_full_path ... ok
[INFO] [stdout] test handlers::tests::rank_link_candidates_skips_text_term_for_empty_link_text ... ok
[INFO] [stdout] test handlers::tests::references_broken_link_returns_empty ... ok
[INFO] [stdout] test handlers::tests::rank_link_candidates_orders_by_combined_not_raw_path_distance ... ok
[INFO] [stdout] test handlers::tests::references_fallback_returns_backlinks_to_self ... ok
[INFO] [stdout] test handlers::tests::prepare_rename_tag_inline_list ... ok
[INFO] [stdout] test handlers::tests::prepare_rename_tag_returns_range_and_placeholder ... ok
[INFO] [stdout] test handlers::tests::references_from_link_returns_backlinks ... ok
[INFO] [stdout] test handlers::tests::prepare_rename_note_absent_returns_none ... ok
[INFO] [stdout] test handlers::tests::references_heading_includes_cross_file_anchors ... ok
[INFO] [stdout] test handlers::tests::references_on_tag_returns_all_files_using_it ... ok
[INFO] [stdout] test handlers::tests::relative_path_parent_dir ... ok
[INFO] [stdout] test handlers::tests::references_same_file_anchor_link_returns_backlinks_to_current_file ... ok
[INFO] [stdout] test handlers::tests::relative_path_same_dir ... ok
[INFO] [stdout] test handlers::tests::references_heading_excludes_non_matching_anchors ... ok
[INFO] [stdout] test handlers::tests::references_on_tag_single_file ... ok
[INFO] [stdout] test handlers::tests::relative_path_subdirectory ... ok
[INFO] [stdout] test handlers::tests::rename_heading_case_insensitive_match ... ok
[INFO] [stdout] test handlers::tests::references_heading_includes_same_file_bare_anchors ... ok
[INFO] [stdout] test handlers::tests::references_heading_no_refs_returns_empty ... ok
[INFO] [stdout] test handlers::tests::rename_disk_fallback_edits_heading ... ok
[INFO] [stdout] test handlers::tests::references_on_tag_location_points_to_tag_range ... ok
[INFO] [stdout] test handlers::tests::rename_disk_fallback_no_incoming_links ... ok
[INFO] [stdout] test handlers::tests::rename_heading_edits_text ... ok
[INFO] [stdout] test handlers::tests::rename_heading_unchanged_by_tag_branch ... ok
[INFO] [stdout] test handlers::tests::rename_heading_updates_incoming_anchor ... ok
[INFO] [stdout] test handlers::tests::rename_heading_updates_self_anchor ... ok
[INFO] [stdout] test handlers::tests::rename_no_changes_same_dir ... ok
[INFO] [stdout] test handlers::tests::rename_skips_url_targets ... ok
[INFO] [stdout] test handlers::tests::rename_heading_no_heading_at_cursor_none ... ok
[INFO] [stdout] test handlers::tests::rename_heading_non_matching_anchor_skipped ... ok
[INFO] [stdout] test handlers::tests::rename_tag_case_insensitive_match ... ok
[INFO] [stdout] test handlers::tests::rename_tag_replaces_correct_range ... ok
[INFO] [stdout] test handlers::tests::rename_tag_current_note_always_included ... ok
[INFO] [stdout] test handlers::tests::rename_tag_updates_all_notes ... ok
[INFO] [stdout] test handlers::tests::rename_updates_incoming_links ... ok
[INFO] [stdout] test handlers::tests::rename_updates_both_incoming_and_outgoing ... ok
[INFO] [stdout] test handlers::tests::rename_updates_outgoing_links ... ok
[INFO] [stdout] test handlers::tests::schema_diag_no_frontmatter_require_on_warns ... ok
[INFO] [stdout] test handlers::tests::schema_diag_no_frontmatter_require_off_no_warning ... ok
[INFO] [stdout] test handlers::tests::schema_diag_required_key_absent ... ok
[INFO] [stdout] test handlers::tests::schema_diag_unknown_key_warn_off_no_diagnostic ... ok
[INFO] [stdout] test handlers::tests::rename_tag_only_matching_tag_edited ... ok
[INFO] [stdout] test handlers::tests::rename_unlinked_file_empty_edit ... ok
[INFO] [stdout] test handlers::tests::schema_diag_required_key_present_no_warning ... ok
[INFO] [stdout] test handlers::tests::schema_diag_key_match_is_case_insensitive ... ok
[INFO] [stdout] test handlers::tests::schema_diag_value_match_is_exact_case ... ok
[INFO] [stdout] test handlers::tests::schema_key_completion_empty_schema_returns_empty ... ok
[INFO] [stdout] test handlers::tests::schema_diag_complex_value_skipped ... ok
[INFO] [stdout] test handlers::tests::schema_diag_unknown_key_warn_on_warns ... ok
[INFO] [stdout] test handlers::tests::schema_diag_exact_value_match_no_warning ... ok
[INFO] [stdout] test handlers::tests::schema_key_completion_insert_text_has_colon ... ok
[INFO] [stdout] test handlers::tests::schema_key_completion_offers_all_unused_keys ... ok
[INFO] [stdout] test handlers::tests::schema_empty_no_diagnostics ... ok
[INFO] [stdout] test handlers::tests::schema_value_completion_filters_by_partial ... ok
[INFO] [stdout] test handlers::tests::selection_range_no_word_on_whitespace ... ok
[INFO] [stdout] test handlers::tests::schema_key_completion_excludes_used_keys ... ok
[INFO] [stdout] test handlers::tests::schema_key_completion_filters_by_partial ... ok
[INFO] [stdout] test handlers::tests::schema_value_completion_empty_partial_returns_all ... ok
[INFO] [stdout] test handlers::tests::schema_value_completion_no_values_list_returns_empty ... ok
[INFO] [stdout] test handlers::tests::schema_value_completion_offers_enum_values ... ok
[INFO] [stdout] test handlers::tests::schema_value_completion_tags_key_skipped ... ok
[INFO] [stdout] test handlers::tests::schema_value_completion_partial_is_case_sensitive ... ok
[INFO] [stdout] test handlers::tests::schema_value_completion_unknown_key_returns_empty ... ok
[INFO] [stdout] test handlers::tests::selection_range_paragraph_bounds ... ok
[INFO] [stdout] test handlers::tests::selection_range_section_range ... ok
[INFO] [stdout] test handlers::tests::tag_completion_bare_scalar_returns_tags ... ok
[INFO] [stdout] test handlers::tests::selection_range_document_always_outermost ... ok
[INFO] [stdout] test handlers::tests::selection_range_word_at_cursor ... ok
[INFO] [stdout] test handlers::tests::tag_completion_filters_by_partial ... ok
[INFO] [stdout] test handlers::tests::tag_completion_item_kind_is_value ... ok
[INFO] [stdout] test handlers::tests::tag_completion_does_not_fire_outside_frontmatter ... ok
[INFO] [stdout] test handlers::tests::tag_trigger_bare_scalar ... ok
[INFO] [stdout] test handlers::tests::tag_completion_excludes_already_used_tags ... ok
[INFO] [stdout] test handlers::tests::tag_completion_text_edit_replaces_partial ... ok
[INFO] [stdout] test handlers::tests::selection_range_multiple_positions ... ok
[INFO] [stdout] test handlers::tests::tag_trigger_bare_scalar_empty ... ok
[INFO] [stdout] test handlers::tests::tag_trigger_block_list_item ... ok
[INFO] [stdout] test handlers::tests::selection_range_cursor_inside_link ... ok
[INFO] [stdout] test handlers::tests::text_mismatch_false_on_empty_ranked ... ok
[INFO] [stdout] test handlers::tests::tag_trigger_block_list_second_item ... ok
[INFO] [stdout] test handlers::tests::tag_trigger_on_closing_marker_returns_none ... ok
[INFO] [stdout] test handlers::tests::text_mismatch_false_when_no_candidate_has_a_text_signal ... ok
[INFO] [stdout] test handlers::tests::workspace_symbols_empty_query_returns_all ... ok
[INFO] [stdout] test handlers::tests::tag_trigger_outside_frontmatter_returns_none ... ok
[INFO] [stdout] test handlers::tests::tag_trigger_block_list_wrong_key_returns_none ... ok
[INFO] [stdout] test handlers::tests::workspace_symbols_includes_tags ... ok
[INFO] [stdout] test handlers::tests::workspace_symbols_query_filters ... ok
[INFO] [stdout] test handlers::tests::workspace_symbols_no_tags_in_note_omitted ... ok
[INFO] [stdout] test handlers::tests::workspace_symbols_tag_location_points_to_tag_range ... ok
[INFO] [stdout] test handlers::tests::workspace_symbols_tag_container_is_filename ... ok
[INFO] [stdout] test handlers::tests::workspace_symbols_tag_query_case_insensitive ... ok
[INFO] [stdout] test index::tests::all_attachment_paths_excludes_notes ... ok
[INFO] [stdout] test index::tests::all_tags_distinct ... ok
[INFO] [stdout] test handlers::tests::text_mismatch_true_when_top_combined_and_top_text_disagree ... ok
[INFO] [stdout] test index::tests::add_dir_resolves_previously_broken_link ... ok
[INFO] [stdout] test index::tests::attachment_remove_breaks_links ... ok
[INFO] [stdout] test handlers::tests::workspace_symbols_tags_query_filters ... ok
[INFO] [stdout] test handlers::tests::tag_trigger_inline_list_first_item ... ok
[INFO] [stdout] test index::tests::build_bare_star_pattern_does_not_cross_directories ... ok
[INFO] [stdout] test index::tests::build_excludes_file_by_glob ... ok
[INFO] [stdout] test index::tests::build_malformed_pattern_errors ... ok
[INFO] [stdout] test handlers::tests::tag_trigger_inline_list_partial ... ok
[INFO] [stdout] test handlers::tests::workspace_symbols_multiple_notes ... ok
[INFO] [stdout] test handlers::tests::tag_trigger_inline_list_past_bracket_returns_none ... ok
[INFO] [stdout] test handlers::tests::tag_completion_block_list_item ... ok
[INFO] [stdout] test handlers::tests::workspace_symbols_no_match_returns_empty ... ok
[INFO] [stdout] test index::tests::attachment_recheck_heals_link ... ok
[INFO] [stdout] test index::tests::build_excludes_directory_by_glob ... ok
[INFO] [stdout] test index::tests::build_registers_every_directory_including_empty ... ok
[INFO] [stdout] test index::tests::delta_includes_affected ... ok
[INFO] [stdout] test index::tests::build_registers_workspace_root_as_dir ... ok
[INFO] [stdout] test index::tests::build_excludes_directory_by_glob_without_opening_it ... ok
[INFO] [stdout] test index::tests::build_excludes_directory_by_exact_path ... ok
[INFO] [stdout] test index::tests::duplicate_tags_within_note_not_double_counted ... ok
[INFO] [stdout] test handlers::tests::workspace_symbols_container_is_filename ... ok
[INFO] [stdout] test index::tests::is_dir_indexed_true_for_known_dir ... ok
[INFO] [stdout] test index::tests::index_replaces_existing ... ok
[INFO] [stdout] test handlers::tests::tag_trigger_no_frontmatter_returns_none ... ok
[INFO] [stdout] test index::tests::index_by_tag_populated ... ok
[INFO] [stdout] test index::tests::build_with_leading_curdir_root_resolves_relative_links ... FAILED
[INFO] [stdout] test index::tests::child_dirs_includes_empty_directory ... ok
[INFO] [stdout] test index::tests::index_by_tag_removed ... ok
[INFO] [stdout] test index::tests::child_dirs_returns_immediate_children_only ... ok
[INFO] [stdout] test index::tests::index_populates_links_to_for_dir_target ... ok
[INFO] [stdout] test index::tests::index_replace_updates_tags ... ok
[INFO] [stdout] test index::tests::note_report_matches_report_entry ... ok
[INFO] [stdout] test index::tests::note_report_none_for_unindexed_path ... ok
[INFO] [stdout] test index::tests::build_excludes_dir_matching_exclude_pattern ... ok
[INFO] [stdout] test index::tests::build_excluded_file_not_registered_as_attachment ... ok
[INFO] [stdout] test index::tests::build_no_excludes_is_unchanged ... ok
[INFO] [stdout] test index::tests::notes_by_tag_case_insensitive ... ok
[INFO] [stdout] test index::tests::remove_clears_note ... ok
[INFO] [stdout] test index::tests::remove_delta_includes_incoming ... ok
[INFO] [stdout] test index::tests::report_includes_all_notes_sorted_by_path ... ok
[INFO] [stdout] test index::tests::resolve_empty_target_resolves_to_source ... ok
[INFO] [stdout] test index::tests::test_recheck_incoming_with_escaped_target ... ok
[INFO] [stdout] test index::tests::test_remove_breaks_incoming ... ok
[INFO] [stdout] test index::tests::test_resolve_broken ... ok
[INFO] [stdout] test index::tests::test_resolve_escaped_target_with_inner_angle_bracket ... ok
[INFO] [stdout] test index::tests::test_resolve_parent_dir ... ok
[INFO] [stdout] test index::tests::remove_dir_breaks_links ... ok
[INFO] [stdout] test index::tests::test_recheck_incoming ... ok
[INFO] [stdout] test index::tests::report_tags_map_groups_by_tag ... ok
[INFO] [stdout] test index::tests::test_resolve_url ... ok
[INFO] [stdout] test index::tests::walk_files_strips_leading_curdir_from_root ... FAILED
[INFO] [stdout] test parser::tests::code_fence_indented_block_skipped ... ok
[INFO] [stdout] test parser::tests::code_fence_language_annotation ... ok
[INFO] [stdout] test index::tests::test_index_populates_links_to_with_escaped_target ... ok
[INFO] [stdout] test index::tests::report_link_summary_marks_broken_links ... ok
[INFO] [stdout] test index::tests::resolve_empty_target_with_anchor_resolves_to_source ... ok
[INFO] [stdout] test index::tests::resolve_nonexistent_dir_broken ... ok
[INFO] [stdout] test index::tests::test_index_populates_links_to ... ok
[INFO] [stdout] test index::tests::test_resolve_escaped_target_with_space ... ok
[INFO] [stdout] test parser::tests::code_fence_start_end_lines ... ok
[INFO] [stdout] test index::tests::report_link_summary_marks_resolved_links ... ok
[INFO] [stdout] test index::tests::test_resolve_relative ... ok
[INFO] [stdout] test parser::tests::extract_ignore_link_targets_duplicate_entries_both_kept ... ok
[INFO] [stdout] test parser::tests::content_stored_verbatim ... ok
[INFO] [stdout] test parser::tests::extract_ignore_link_targets_inline_list ... ok
[INFO] [stdout] test parser::tests::extract_ignore_link_targets_absent_key_returns_empty ... ok
[INFO] [stdout] test index::tests::test_add_attachment_resolves ... ok
[INFO] [stdout] test parser::tests::extract_ignore_link_targets_block_list ... ok
[INFO] [stdout] test parser::tests::extract_ignore_link_targets_bare_scalar ... ok
[INFO] [stdout] test parser::tests::extract_ignore_link_targets_block_scalar_ignored ... ok
[INFO] [stdout] test index::tests::resolve_existing_dir_found ... ok
[INFO] [stdout] test parser::tests::extract_ignore_link_targets_no_frontmatter_returns_empty ... ok
[INFO] [stdout] test parser::tests::fields_double_quoted_value ... ok
[INFO] [stdout] test parser::tests::fields_block_scalar_skipped ... ok
[INFO] [stdout] test parser::tests::fields_empty_value ... ok
[INFO] [stdout] test parser::tests::fields_no_frontmatter ... ok
[INFO] [stdout] test parser::tests::fields_scalar_values ... ok
[INFO] [stdout] test parser::tests::fields_single_quoted_value ... ok
[INFO] [stdout] test parser::tests::frontmatter_block_scalar_ignored ... ok
[INFO] [stdout] test parser::tests::fields_inline_list_skipped ... ok
[INFO] [stdout] test parser::tests::fields_key_range_correct ... ok
[INFO] [stdout] test parser::tests::heading_in_code_block_ignored ... ok
[INFO] [stdout] test parser::tests::frontmatter_headings_not_scanned ... ok
[INFO] [stdout] test parser::tests::frontmatter_no_block ... ok
[INFO] [stdout] test parser::tests::frontmatter_title_absent ... ok
[INFO] [stdout] test parser::tests::heading_text_range_with_em_dash_utf16 ... ok
[INFO] [stdout] test parser::tests::heading_multiple_levels ... ok
[INFO] [stdout] test parser::tests::heading_single ... ok
[INFO] [stdout] test parser::tests::line_index_positions ... ok
[INFO] [stdout] test parser::tests::frontmatter_title_double_quoted ... ok
[INFO] [stdout] test parser::tests::frontmatter_title_plain ... ok
[INFO] [stdout] test parser::tests::frontmatter_title_single_quoted ... ok
[INFO] [stdout] test parser::tests::frontmatter_unclosed ... ok
[INFO] [stdout] test parser::tests::heading_mixed_text_and_inline_code ... ok
[INFO] [stdout] test parser::tests::line_index_single_line ... ok
[INFO] [stdout] test parser::tests::md_link_fallback_bare_paren_target ... ok
[INFO] [stdout] test parser::tests::md_link_basic ... ok
[INFO] [stdout] test parser::tests::md_link_external_url ... ok
[INFO] [stdout] test parser::tests::md_link_fallback_no_bracket_no_link ... ok
[INFO] [stdout] test parser::tests::md_link_fallback_image_with_space ... ok
[INFO] [stdout] test parser::tests::fields_title_and_status_both_extracted ... ok
[INFO] [stdout] test parser::tests::md_link_after_offset ... ok
[INFO] [stdout] test parser::tests::fields_value_range_correct ... ok
[INFO] [stdout] test parser::tests::line_index_utf16_multibyte ... ok
[INFO] [stdout] test parser::tests::heading_text_range ... ok
[INFO] [stdout] test parser::tests::heading_with_inline_code ... ok
[INFO] [stdout] test parser::tests::md_link_fallback_multiple_on_one_line ... ok
[INFO] [stdout] test parser::tests::md_link_image ... ok
[INFO] [stdout] test parser::tests::line_index_range ... ok
[INFO] [stdout] test parser::tests::heading_text_range_trailing_italic ... ok
[INFO] [stdout] test parser::tests::md_link_fallback_skips_fenced_code ... ok
[INFO] [stdout] test parser::tests::md_link_anchor_only ... ok
[INFO] [stdout] test parser::tests::md_link_fallback_bare_space_target ... ok
[INFO] [stdout] test parser::tests::md_link_anchor_range ... ok
[INFO] [stdout] test parser::tests::md_link_fallback_does_not_duplicate_valid_links ... ok
[INFO] [stdout] test parser::tests::md_link_fallback_recovers_link_outside_code_span_on_same_line ... ok
[INFO] [stdout] test parser::tests::frontmatter_body_offset_eof_terminated ... ok
[INFO] [stdout] test parser::tests::md_link_target_range_no_anchor ... ok
[INFO] [stdout] test parser::tests::md_link_fallback_skips_inline_code_span ... ok
[INFO] [stdout] test parser::tests::md_link_with_anchor ... ok
[INFO] [stdout] test parser::tests::tags_absent ... ok
[INFO] [stdout] test parser::tests::tags_block_range ... ok
[INFO] [stdout] test parser::tests::parse_populates_frontmatter_ignore_link_targets ... ok
[INFO] [stdout] test parser::tests::tags_block_list ... ok
[INFO] [stdout] test parser::tests::md_link_in_fenced_code_ignored ... ok
[INFO] [stdout] test parser::tests::md_link_target_range_with_anchor ... ok
[INFO] [stdout] test server::register_ancestor_dirs_tests::register_ancestor_dirs_registers_new_nested_dirs ... ok
[INFO] [stdout] test parser::tests::tags_inline_range ... ok
[INFO] [stdout] test parser::tests::tags_empty_value_no_list_items ... ok
[INFO] [stdout] test parser::tests::md_link_range ... ok
[INFO] [stdout] test parser::tests::tags_block_scalar_ignored ... ok
[INFO] [stdout] test parser::tests::tags_bare_scalar ... ok
[INFO] [stdout] test parser::tests::md_link_fallback_with_anchor ... ok
[INFO] [stdout] test server::register_ancestor_dirs_tests::register_ancestor_dirs_stops_at_known_ancestor ... ok
[INFO] [stdout] test parser::tests::offset_handles_multibyte_line ... ok
[INFO] [stdout] test parser::tests::tags_inline_list ... ok
[INFO] [stdout] test parser::tests::offset_round_trips_with_position ... ok
[INFO] [stdout] test server::register_ancestor_dirs_tests::register_ancestor_dirs_no_root_match_returns_empty ... ok
[INFO] [stdout] test parser::tests::tags_trimmed ... ok
[INFO] [stderr] error: test failed, to rerun pass `--lib`
[INFO] [stdout] test parser::tests::tags_no_frontmatter ... ok
[INFO] [stdout] test parser::tests::offset_clamps_past_end_of_content ... ok
[INFO] [stdout] 
[INFO] [stdout] failures:
[INFO] [stdout] 
[INFO] [stdout] ---- index::tests::build_with_leading_curdir_root_resolves_relative_links stdout ----
[INFO] [stdout] 
[INFO] [stdout] thread 'index::tests::build_with_leading_curdir_root_resolves_relative_links' (1638) panicked at src/index/tests.rs:549:5:
[INFO] [stdout] expected note.md's link to target.md to resolve as Found
[INFO] [stdout] stack backtrace:
[INFO] [stdout]    0:     0x64bea6824561 - <<std[70759c8f55707aa4]::sys::backtrace::BacktraceLock>::print::DisplayBacktrace as core[df12db4294e9bfd3]::fmt::Display>::fmt
[INFO] [stdout]    1:     0x64bea683beea - core[df12db4294e9bfd3]::fmt::write
[INFO] [stdout]    2:     0x64bea68292bc - <alloc[2182bb758b4b3781]::vec::Vec<u8> as core[df12db4294e9bfd3]::io::write::Write>::write_fmt
[INFO] [stdout]    3:     0x64bea67fc936 - std[70759c8f55707aa4]::panicking::default_hook::{closure#0}
[INFO] [stdout]    4:     0x64bea681aa29 - std[70759c8f55707aa4]::panicking::default_hook
[INFO] [stdout]    5:     0x64bea673d790 - test[9d35eded1c95d3be]::test_main_inner::<test[9d35eded1c95d3be]::test_main_static::{closure#0}>::{closure#0}
[INFO] [stdout]    6:     0x64bea681abe2 - std[70759c8f55707aa4]::panicking::panic_with_hook
[INFO] [stdout]    7:     0x64bea67fca14 - std[70759c8f55707aa4]::panicking::panic_handler::{closure#0}
[INFO] [stdout]    8:     0x64bea67f4d99 - std[70759c8f55707aa4]::sys::backtrace::__rust_end_short_backtrace::<std[70759c8f55707aa4]::panicking::panic_handler::{closure#0}, !>
[INFO] [stdout]    9:     0x64bea67fd7dd - __rustc[8fa7c3cbc660c2b3]::rust_begin_unwind
[INFO] [stdout]   10:     0x64bea683c65c - core[df12db4294e9bfd3]::panicking::panic_fmt
[INFO] [stdout]   11:     0x64bea66c9951 - knap[787ddfd3432d762e]::index::tests::build_with_leading_curdir_root_resolves_relative_links
[INFO] [stdout]   12:     0x64bea6633609 - <knap[787ddfd3432d762e]::index::tests::build_with_leading_curdir_root_resolves_relative_links::{closure#0} as core[df12db4294e9bfd3]::ops::function::FnOnce<()>>::call_once
[INFO] [stdout]   13:     0x64bea6730a7b - test[9d35eded1c95d3be]::__rust_begin_short_backtrace::<core[df12db4294e9bfd3]::result::Result<(), alloc[2182bb758b4b3781]::string::String>, fn() -> core[df12db4294e9bfd3]::result::Result<(), alloc[2182bb758b4b3781]::string::String>>
[INFO] [stdout]   14:     0x64bea673e0e5 - test[9d35eded1c95d3be]::run_test::{closure#0}
[INFO] [stdout]   15:     0x64bea67379a4 - std[70759c8f55707aa4]::sys::backtrace::__rust_begin_short_backtrace::<test[9d35eded1c95d3be]::run_test::{closure#1}, ()>
[INFO] [stdout]   16:     0x64bea6741242 - <std[70759c8f55707aa4]::thread::lifecycle::spawn_unchecked<test[9d35eded1c95d3be]::run_test::{closure#1}, ()>::{closure#1} as core[df12db4294e9bfd3]::ops::function::FnOnce<()>>::call_once::{shim:vtable#0}
[INFO] [stdout]   17:     0x64bea68234f9 - <std[70759c8f55707aa4]::sys::thread::unix::Thread>::new::thread_start
[INFO] [stdout]   18:     0x7e2062437dfa - <unknown>
[INFO] [stdout]   19:     0x7e20624cb3d4 - clone
[INFO] [stdout]   20:                0x0 - <unknown>
[INFO] [stdout] 
[INFO] [stdout] ---- index::tests::walk_files_strips_leading_curdir_from_root stdout ----
[INFO] [stdout] 
[INFO] [stdout] thread 'index::tests::walk_files_strips_leading_curdir_from_root' (1675) panicked at src/index/tests.rs:531:5:
[INFO] [stdout] expected walk_files_and_dirs to find fixture files
[INFO] [stdout] stack backtrace:
[INFO] [stdout]    0:     0x64bea6824561 - <<std[70759c8f55707aa4]::sys::backtrace::BacktraceLock>::print::DisplayBacktrace as core[df12db4294e9bfd3]::fmt::Display>::fmt
[INFO] [stdout]    1:     0x64bea683beea - core[df12db4294e9bfd3]::fmt::write
[INFO] [stdout]    2:     0x64bea68292bc - <alloc[2182bb758b4b3781]::vec::Vec<u8> as core[df12db4294e9bfd3]::io::write::Write>::write_fmt
[INFO] [stdout]    3:     0x64bea67fc936 - std[70759c8f55707aa4]::panicking::default_hook::{closure#0}
[INFO] [stdout]    4:     0x64bea681aa29 - std[70759c8f55707aa4]::panicking::default_hook
[INFO] [stdout]    5:     0x64bea673d790 - test[9d35eded1c95d3be]::test_main_inner::<test[9d35eded1c95d3be]::test_main_static::{closure#0}>::{closure#0}
[INFO] [stdout]    6:     0x64bea681abe2 - std[70759c8f55707aa4]::panicking::panic_with_hook
[INFO] [stdout]    7:     0x64bea67fca14 - std[70759c8f55707aa4]::panicking::panic_handler::{closure#0}
[INFO] [stdout]    8:     0x64bea67f4d99 - std[70759c8f55707aa4]::sys::backtrace::__rust_end_short_backtrace::<std[70759c8f55707aa4]::panicking::panic_handler::{closure#0}, !>
[INFO] [stdout]    9:     0x64bea67fd7dd - __rustc[8fa7c3cbc660c2b3]::rust_begin_unwind
[INFO] [stdout]   10:     0x64bea683c65c - core[df12db4294e9bfd3]::panicking::panic_fmt
[INFO] [stdout]   11:     0x64bea66c5d4a - knap[787ddfd3432d762e]::index::tests::walk_files_strips_leading_curdir_from_root
[INFO] [stdout]   12:     0x64bea66334c9 - <knap[787ddfd3432d762e]::index::tests::walk_files_strips_leading_curdir_from_root::{closure#0} as core[df12db4294e9bfd3]::ops::function::FnOnce<()>>::call_once
[INFO] [stdout]   13:     0x64bea6730a7b - test[9d35eded1c95d3be]::__rust_begin_short_backtrace::<core[df12db4294e9bfd3]::result::Result<(), alloc[2182bb758b4b3781]::string::String>, fn() -> core[df12db4294e9bfd3]::result::Result<(), alloc[2182bb758b4b3781]::string::String>>
[INFO] [stdout]   14:     0x64bea673e0e5 - test[9d35eded1c95d3be]::run_test::{closure#0}
[INFO] [stdout]   15:     0x64bea67379a4 - std[70759c8f55707aa4]::sys::backtrace::__rust_begin_short_backtrace::<test[9d35eded1c95d3be]::run_test::{closure#1}, ()>
[INFO] [stdout]   16:     0x64bea6741242 - <std[70759c8f55707aa4]::thread::lifecycle::spawn_unchecked<test[9d35eded1c95d3be]::run_test::{closure#1}, ()>::{closure#1} as core[df12db4294e9bfd3]::ops::function::FnOnce<()>>::call_once::{shim:vtable#0}
[INFO] [stdout]   17:     0x64bea68234f9 - <std[70759c8f55707aa4]::sys::thread::unix::Thread>::new::thread_start
[INFO] [stdout]   18:     0x7e2062437dfa - <unknown>
[INFO] [stdout]   19:     0x7e20624cb3d4 - clone
[INFO] [stdout]   20:                0x0 - <unknown>
[INFO] [stdout] 
[INFO] [stdout] 
[INFO] [stdout] failures:
[INFO] [stdout]     index::tests::build_with_leading_curdir_root_resolves_relative_links
[INFO] [stdout]     index::tests::walk_files_strips_leading_curdir_from_root
[INFO] [stdout] 
[INFO] [stdout] test result: FAILED. 536 passed; 2 failed; 0 ignored; 0 measured; 0 filtered out; finished in 0.14s
[INFO] [stdout] 
[INFO] running `Command { std: "docker" "inspect" "b3e8f40434dad8ce69c20f50052e98791de7fedf2e59cc44a3d7b408a4d4f3c2", kill_on_drop: false }`
[INFO] running `Command { std: "docker" "rm" "-f" "b3e8f40434dad8ce69c20f50052e98791de7fedf2e59cc44a3d7b408a4d4f3c2", kill_on_drop: false }`
[INFO] [stdout] b3e8f40434dad8ce69c20f50052e98791de7fedf2e59cc44a3d7b408a4d4f3c2
