[INFO] fetching crate kms-aead 0.29.0...
[INFO] testing kms-aead-0.29.0 against 1.100.0-beta.1+cargoflags=--release for beta-release-1.100-2
[INFO] extracting crate kms-aead 0.29.0 into /workspace/builds/worker-7-tc2/source
[INFO] started tweaking crates.io crate kms-aead 0.29.0
[INFO] finished tweaking crates.io crate kms-aead 0.29.0
[INFO] tweaked toml for crates.io crate kms-aead 0.29.0 written to /workspace/builds/worker-7-tc2/source/Cargo.toml
[INFO] validating manifest of crates.io crate kms-aead 0.29.0 on toolchain 1.100.0-beta.1
[INFO] running `Command { std: CARGO_HOME="/workspace/cargo-home" RUSTUP_HOME="/workspace/rustup-home" "/workspace/cargo-home/bin/cargo" "+1.100.0-beta.1" "metadata" "--manifest-path" "Cargo.toml" "--no-deps", kill_on_drop: false }`
[INFO] crate crates.io crate kms-aead 0.29.0 already has a lockfile, it will not be regenerated
[INFO] running `Command { std: CARGO_HOME="/workspace/cargo-home" RUSTUP_HOME="/workspace/rustup-home" "/workspace/cargo-home/bin/cargo" "+1.100.0-beta.1" "fetch" "--manifest-path" "Cargo.toml", kill_on_drop: false }`
[INFO] [stderr] warning: `package.homepage` is redundant with `package.repository`
[INFO] [stderr]    --> Cargo.toml:186:12
[INFO] [stderr]     |
[INFO] [stderr] 186 | homepage = "https://github.com/abdolence/kms-aead-rs"
[INFO] [stderr]     |            ^^^^^^^^^^^^^^^^^^^^^^^^^^^^^^^^^^^^^^^^^^
[INFO] [stderr] ...
[INFO] [stderr] 192 | repository = "https://github.com/abdolence/kms-aead-rs"
[INFO] [stderr]     |              ------------------------------------------
[INFO] [stderr]     |
[INFO] [stderr]     = note: `cargo::redundant_homepage` is set to `warn` by default
[INFO] [stderr] help: consider removing `package.homepage`
[INFO] [stderr] warning: `kms-aead` (manifest) generated 1 warning
[INFO] running `Command { std: "docker" "create" "-v" "/var/lib/crater-agent-workspace/builds/worker-7-tc2/source:/opt/rustwide/workdir:ro,Z" "-v" "/var/lib/crater-agent-workspace/builds/worker-7-tc2/target:/opt/rustwide/target:rw,Z" "-v" "/var/lib/crater-agent-workspace/cargo-home:/opt/rustwide/cargo-home:ro,Z" "-v" "/var/lib/crater-agent-workspace/rustup-home:/opt/rustwide/rustup-home:ro,Z" "-m" "1610612736" "--network" "none" "ghcr.io/rust-lang/crates-build-env/linux@sha256:77db811e55d90add9212f6832c23229e3de5f1c1f9905e8cb07319ea15df73ac" "sleep" "infinity", kill_on_drop: false }`
[INFO] [stdout] f38e54bf6b6512f7b2c348776a12c833dbee7b740c5259f23a44ff4cc7733793
[INFO] running `Command { std: "docker" "start" "f38e54bf6b6512f7b2c348776a12c833dbee7b740c5259f23a44ff4cc7733793", kill_on_drop: false }`
[INFO] running `Command { std: "docker" "inspect" "f38e54bf6b6512f7b2c348776a12c833dbee7b740c5259f23a44ff4cc7733793", kill_on_drop: false }`
[INFO] running `Command { std: "docker" "exec" "-e" "SOURCE_DIR=/opt/rustwide/workdir" "-e" "CARGO_HOME=/opt/rustwide/cargo-home" "-e" "RUSTUP_HOME=/opt/rustwide/rustup-home" "-e" "CARGO_TARGET_DIR=/opt/rustwide/target" "-w" "/opt/rustwide/workdir" "--user" "0:0" "f38e54bf6b6512f7b2c348776a12c833dbee7b740c5259f23a44ff4cc7733793" "/opt/rustwide/cargo-home/bin/cargo" "+1.100.0-beta.1" "metadata" "--no-deps" "--format-version=1", kill_on_drop: false }`
[INFO] running `Command { std: "docker" "inspect" "f38e54bf6b6512f7b2c348776a12c833dbee7b740c5259f23a44ff4cc7733793", kill_on_drop: false }`
[INFO] running `Command { std: "docker" "exec" "-e" "SOURCE_DIR=/opt/rustwide/workdir" "-e" "CARGO_HOME=/opt/rustwide/cargo-home" "-e" "RUSTUP_HOME=/opt/rustwide/rustup-home" "-e" "CARGO_TARGET_DIR=/opt/rustwide/target" "-e" "CARGO_INCREMENTAL=0" "-e" "RUST_BACKTRACE=full" "-e" "RUSTFLAGS=--cap-lints=warn" "-e" "RUSTDOCFLAGS=--cap-lints=warn" "-w" "/opt/rustwide/workdir" "--user" "0:0" "f38e54bf6b6512f7b2c348776a12c833dbee7b740c5259f23a44ff4cc7733793" "/opt/rustwide/cargo-home/bin/cargo" "+1.100.0-beta.1" "build" "--frozen" "--message-format=json" "--release", kill_on_drop: false }`
[INFO] [stderr] warning: `package.homepage` is redundant with `package.repository`
[INFO] [stderr]    --> Cargo.toml:186:12
[INFO] [stderr]     |
[INFO] [stderr] 186 | homepage = "https://github.com/abdolence/kms-aead-rs"
[INFO] [stderr]     |            ^^^^^^^^^^^^^^^^^^^^^^^^^^^^^^^^^^^^^^^^^^
[INFO] [stderr] ...
[INFO] [stderr] 192 | repository = "https://github.com/abdolence/kms-aead-rs"
[INFO] [stderr]     |              ------------------------------------------
[INFO] [stderr]     |
[INFO] [stderr]     = note: `cargo::redundant_homepage` is set to `warn` by default
[INFO] [stderr] help: consider removing `package.homepage`
[INFO] [stderr] warning: `kms-aead` (manifest) generated 1 warning
[INFO] [stderr]    Compiling syn v1.0.109
[INFO] [stderr]    Compiling syn v3.0.3
[INFO] [stderr]    Compiling zeroize_derive v1.5.0
[INFO] [stderr]    Compiling tracing-attributes v0.1.31
[INFO] [stderr]    Compiling zeroize v1.9.0
[INFO] [stderr]    Compiling secret-vault-value v1.0.1
[INFO] [stderr]    Compiling tracing v0.1.44
[INFO] [stderr]    Compiling async-trait v0.1.91
[INFO] [stderr]    Compiling rvs_derive v0.3.2
[INFO] [stderr]    Compiling rsb_derive v0.5.1
[INFO] [stderr]    Compiling rvstruct v0.3.2
[INFO] [stderr]    Compiling kms-aead v0.29.0 (/opt/rustwide/workdir)
[INFO] [stderr] warning: unused dependency `tracing`
[INFO] [stderr]    --> Cargo.toml:108:15
[INFO] [stderr]     |
[INFO] [stderr] 108 | [dependencies.tracing]
[INFO] [stderr]     |               ^^^^^^^^
[INFO] [stderr]     |
[INFO] [stderr]     = note: `cargo::unused_dependencies` is set to `warn` by default
[INFO] [stderr] help: consider removing the dependency on `tracing`
[INFO] [stderr] warning: `kms-aead` (manifest) generated 1 warning
[INFO] [stderr]     Finished `release` profile [optimized] target(s) in 7.37s
[INFO] running `Command { std: "docker" "inspect" "f38e54bf6b6512f7b2c348776a12c833dbee7b740c5259f23a44ff4cc7733793", kill_on_drop: false }`
[INFO] running `Command { std: "docker" "exec" "-e" "SOURCE_DIR=/opt/rustwide/workdir" "-e" "CARGO_HOME=/opt/rustwide/cargo-home" "-e" "RUSTUP_HOME=/opt/rustwide/rustup-home" "-e" "CARGO_TARGET_DIR=/opt/rustwide/target" "-e" "CARGO_INCREMENTAL=0" "-e" "RUST_BACKTRACE=full" "-e" "RUSTFLAGS=--cap-lints=warn" "-e" "RUSTDOCFLAGS=--cap-lints=warn" "-w" "/opt/rustwide/workdir" "--user" "0:0" "f38e54bf6b6512f7b2c348776a12c833dbee7b740c5259f23a44ff4cc7733793" "/opt/rustwide/cargo-home/bin/cargo" "+1.100.0-beta.1" "test" "--frozen" "--no-run" "--message-format=json" "--release", kill_on_drop: false }`
[INFO] [stderr] warning: `package.homepage` is redundant with `package.repository`
[INFO] [stderr]    --> Cargo.toml:186:12
[INFO] [stderr]     |
[INFO] [stderr] 186 | homepage = "https://github.com/abdolence/kms-aead-rs"
[INFO] [stderr]     |            ^^^^^^^^^^^^^^^^^^^^^^^^^^^^^^^^^^^^^^^^^^
[INFO] [stderr] ...
[INFO] [stderr] 192 | repository = "https://github.com/abdolence/kms-aead-rs"
[INFO] [stderr]     |              ------------------------------------------
[INFO] [stderr]     |
[INFO] [stderr]     = note: `cargo::redundant_homepage` is set to `warn` by default
[INFO] [stderr] help: consider removing `package.homepage`
[INFO] [stderr] warning: `kms-aead` (manifest) generated 1 warning
[INFO] [stderr]    Compiling smallvec v1.15.2
[INFO] [stderr]    Compiling futures-core v0.3.33
[INFO] [stderr]    Compiling futures-sink v0.3.33
[INFO] [stderr]    Compiling zerocopy v0.8.55
[INFO] [stderr]    Compiling syn v2.0.119
[INFO] [stderr]    Compiling getrandom v0.4.3
[INFO] [stderr]    Compiling futures-io v0.3.33
[INFO] [stderr]    Compiling cc v1.4.0
[INFO] [stderr]    Compiling crossbeam-utils v0.8.22
[INFO] [stderr]    Compiling crossbeam-epoch v0.9.20
[INFO] [stderr]    Compiling serde v1.0.229
[INFO] [stderr]    Compiling crossbeam-deque v0.8.7
[INFO] [stderr]    Compiling aws-lc-rs v1.17.3
[INFO] [stderr]    Compiling tracing-core v0.1.36
[INFO] [stderr]    Compiling time-macros v0.2.32
[INFO] [stderr]    Compiling event-listener v5.4.2
[INFO] [stderr]    Compiling chacha20 v0.10.2
[INFO] [stderr]    Compiling futures-channel v0.3.33
[INFO] [stderr]    Compiling regex-automata v0.4.16
[INFO] [stderr]    Compiling async-trait v0.1.91
[INFO] [stderr]    Compiling deranged v0.5.8
[INFO] [stderr]    Compiling either v1.17.0
[INFO] [stderr]    Compiling rustix v1.1.4
[INFO] [stderr]    Compiling rand v0.10.2
[INFO] [stderr]    Compiling uuid v1.24.0
[INFO] [stderr]    Compiling parking_lot_core v0.9.12
[INFO] [stderr]    Compiling azure_core v1.1.0
[INFO] [stderr]    Compiling log v0.4.33
[INFO] [stderr]    Compiling event-listener-strategy v0.5.4
[INFO] [stderr]    Compiling clap_builder v4.6.2
[INFO] [stderr]    Compiling itertools v0.13.0
[INFO] [stderr]    Compiling async-lock v3.4.2
[INFO] [stderr]    Compiling parking_lot v0.12.5
[INFO] [stderr]    Compiling cargo-husky v1.5.0
[INFO] [stderr]    Compiling rustls v0.23.42
[INFO] [stderr]    Compiling tinytemplate v1.2.1
[INFO] [stderr]    Compiling tracing-log v0.2.0
[INFO] [stderr]    Compiling plotters v0.3.7
[INFO] [stderr]    Compiling rand v0.9.5
[INFO] [stderr]    Compiling cmake v0.1.58
[INFO] [stderr]    Compiling rayon-core v1.13.0
[INFO] [stderr]    Compiling thread_local v1.1.10
[INFO] [stderr]    Compiling aws-lc-sys v0.43.0
[INFO] [stderr]    Compiling alloca v0.4.0
[INFO] [stderr]    Compiling time v0.3.54
[INFO] [stderr]    Compiling rayon v1.12.0
[INFO] [stderr]    Compiling tempfile v3.27.0
[INFO] [stderr]    Compiling criterion-plot v0.8.2
[INFO] [stderr]    Compiling rusty-fork v0.3.1
[INFO] [stderr]    Compiling clap v4.6.4
[INFO] [stderr]    Compiling synstructure v0.13.2
[INFO] [stderr]    Compiling matchers v0.2.0
[INFO] [stderr]    Compiling regex v1.13.1
[INFO] [stderr]    Compiling zerofrom-derive v0.1.7
[INFO] [stderr]    Compiling yoke-derive v0.8.2
[INFO] [stderr]    Compiling zerovec-derive v0.11.3
[INFO] [stderr]    Compiling displaydoc v0.2.6
[INFO] [stderr]    Compiling futures-macro v0.3.33
[INFO] [stderr]    Compiling tracing-attributes v0.1.31
[INFO] [stderr]    Compiling zerocopy-derive v0.8.55
[INFO] [stderr]    Compiling zeroize_derive v1.5.0
[INFO] [stderr]    Compiling pin-project-internal v1.1.13
[INFO] [stderr]    Compiling typespec_macros v1.0.0
[INFO] [stderr]    Compiling tokio-macros v2.7.1
[INFO] [stderr]    Compiling zerofrom v0.1.8
[INFO] [stderr]    Compiling yoke v0.8.3
[INFO] [stderr]    Compiling futures-util v0.3.33
[INFO] [stderr]    Compiling zeroize v1.9.0
[INFO] [stderr]    Compiling zerovec v0.11.6
[INFO] [stderr]    Compiling zerotrie v0.2.4
[INFO] [stderr]    Compiling rustls-pki-types v1.15.1
[INFO] [stderr]    Compiling tokio v1.53.1
[INFO] [stderr]    Compiling secret-vault-value v1.0.1
[INFO] [stderr]    Compiling pin-project v1.1.13
[INFO] [stderr]    Compiling tracing v0.1.44
[INFO] [stderr]    Compiling tinystr v0.8.3
[INFO] [stderr]    Compiling potential_utf v0.1.5
[INFO] [stderr]    Compiling icu_collections v2.2.0
[INFO] [stderr]    Compiling azure_core_macros v1.0.0
[INFO] [stderr]    Compiling icu_locale_core v2.2.0
[INFO] [stderr]    Compiling tracing-subscriber v0.3.23
[INFO] [stderr]    Compiling kms-aead v0.29.0 (/opt/rustwide/workdir)
[INFO] [stderr]    Compiling icu_provider v2.2.0
[INFO] [stderr]    Compiling icu_normalizer v2.2.0
[INFO] [stderr]    Compiling icu_properties v2.2.0
[INFO] [stderr]    Compiling futures-executor v0.3.33
[INFO] [stderr]    Compiling futures v0.3.33
[INFO] [stderr]    Compiling idna_adapter v1.2.2
[INFO] [stderr]    Compiling idna v1.1.0
[INFO] [stderr]    Compiling url v2.5.8
[INFO] [stderr]    Compiling typespec v1.1.0
[INFO] [stderr]    Compiling typespec_client_core v1.1.0
[INFO] [stderr]    Compiling half v2.7.1
[INFO] [stderr]    Compiling ppv-lite86 v0.2.21
[INFO] [stderr]    Compiling ciborium-ll v0.2.2
[INFO] [stderr]    Compiling ciborium v0.2.2
[INFO] [stderr]    Compiling rand_chacha v0.9.0
[INFO] [stderr]    Compiling proptest v1.11.0
[INFO] [stderr]    Compiling criterion v0.8.2
[INFO] [stderr]    Compiling azure_identity v1.0.0
[INFO] [stderr]    Compiling rustls-webpki v0.103.13
[INFO] [stderr] warning: unused dependency `tracing`
[INFO] [stderr]    --> Cargo.toml:108:15
[INFO] [stderr]     |
[INFO] [stderr] 108 | [dependencies.tracing]
[INFO] [stderr]     |               ^^^^^^^^
[INFO] [stderr]     |
[INFO] [stderr]     = note: `cargo::unused_dependencies` is set to `warn` by default
[INFO] [stderr] help: consider removing the dependency on `tracing`
[INFO] [stderr] warning: `kms-aead` (manifest) generated 1 warning
[INFO] [stderr]     Finished `release` profile [optimized] target(s) in 2m 36s
[INFO] running `Command { std: "docker" "inspect" "f38e54bf6b6512f7b2c348776a12c833dbee7b740c5259f23a44ff4cc7733793", kill_on_drop: false }`
[INFO] running `Command { std: "docker" "exec" "-e" "SOURCE_DIR=/opt/rustwide/workdir" "-e" "CARGO_HOME=/opt/rustwide/cargo-home" "-e" "RUSTUP_HOME=/opt/rustwide/rustup-home" "-e" "CARGO_TARGET_DIR=/opt/rustwide/target" "-e" "CARGO_INCREMENTAL=0" "-e" "RUST_BACKTRACE=full" "-e" "RUSTFLAGS=--cap-lints=warn" "-e" "RUSTDOCFLAGS=--cap-lints=warn" "-w" "/opt/rustwide/workdir" "--user" "0:0" "f38e54bf6b6512f7b2c348776a12c833dbee7b740c5259f23a44ff4cc7733793" "/opt/rustwide/cargo-home/bin/cargo" "+1.100.0-beta.1" "test" "--frozen" "--release", kill_on_drop: false }`
[INFO] [stderr] warning: `package.homepage` is redundant with `package.repository`
[INFO] [stderr]    --> Cargo.toml:186:12
[INFO] [stderr]     |
[INFO] [stderr] 186 | homepage = "https://github.com/abdolence/kms-aead-rs"
[INFO] [stderr]     |            ^^^^^^^^^^^^^^^^^^^^^^^^^^^^^^^^^^^^^^^^^^
[INFO] [stderr] ...
[INFO] [stderr] 192 | repository = "https://github.com/abdolence/kms-aead-rs"
[INFO] [stderr]     |              ------------------------------------------
[INFO] [stderr]     |
[INFO] [stderr]     = note: `cargo::redundant_homepage` is set to `warn` by default
[INFO] [stderr] help: consider removing `package.homepage`
[INFO] [stderr] warning: `kms-aead` (manifest) generated 1 warning
[INFO] [stderr] warning: unused dependency `tracing`
[INFO] [stderr]    --> Cargo.toml:108:15
[INFO] [stderr]     |
[INFO] [stderr] 108 | [dependencies.tracing]
[INFO] [stderr]     |               ^^^^^^^^
[INFO] [stderr]     |
[INFO] [stderr]     = note: `cargo::unused_dependencies` is set to `warn` by default
[INFO] [stderr] help: consider removing the dependency on `tracing`
[INFO] [stderr] warning: `kms-aead` (manifest) generated 1 warning
[INFO] [stderr]     Finished `release` profile [optimized] target(s) in 0.41s
[INFO] [stderr]      Running unittests src/lib.rs (/opt/rustwide/target/release/build/kms-aead/3adf2eccc61cd0b7/out/kms_aead-3adf2eccc61cd0b7)
[INFO] [stdout] 
[INFO] [stdout] running 21 tests
[INFO] [stdout] test types::tests::hex_that_does_not_decode_is_rejected ... ok
[INFO] [stdout] test types::tests::serialized_key_with_a_key_version_past_the_end_is_rejected ... ok
[INFO] [stdout] test types::tests::test_constant_time_cipher_text_with_key_comparison ... ok
[INFO] [stdout] test types::tests::empty_encrypted_key_is_rejected ... ok
[INFO] [stdout] test types::tests::serialized_key_parser_returns_on_arbitrary_input ... ok
[INFO] [stdout] test types::tests::layout_v1_without_key_version_is_pinned ... ok
[INFO] [stdout] test types::tests::length_fields_past_the_buffer_are_rejected ... ok
[INFO] [stdout] test types::tests::serialized_key_with_an_unknown_layout_tag_is_rejected ... ok
[INFO] [stdout] test types::tests::serialized_key_with_key_version_is_pinned ... ok
[INFO] [stdout] test types::tests::layout_v1_with_key_version_is_pinned ... ok
[INFO] [stdout] test types::tests::separate_returns_on_arbitrary_bytes ... ok
[INFO] [stdout] test types::tests::unknown_layout_tags_are_rejected ... ok
[INFO] [stdout] test types::tests::test_cipher_text_hex_encoding ... ok
[INFO] [stdout] test types::tests::test_cipher_text_with_key_hex_encoding ... ok
[INFO] [stdout] test types::tests::key_version_outside_ascii_alphanumeric_is_rejected_on_read_without_echoing_it ... ok
[INFO] [stdout] test types::tests::kms_key_version_is_1_to_255_ascii_alphanumeric_characters ... ok
[INFO] [stdout] test types::tests::serialized_key_without_key_version_is_pinned ... ok
[INFO] [stdout] test types::tests::wrapped_key_above_65535_bytes_is_rejected_on_write ... ok
[INFO] [stdout] test types::tests::serialized_key_round_trips ... ok
[INFO] [stdout] test types::tests::layout_v1_round_trips ... ok
[INFO] [stdout] test types::tests::test_constant_time_encrypted_dek_comparison ... ok
[INFO] [stdout] 
[INFO] [stdout] test result: ok. 21 passed; 0 failed; 0 ignored; 0 measured; 0 filtered out; finished in 0.14s
[INFO] [stdout] 
[INFO] [stderr]    Doc-tests kms_aead
[INFO] [stdout] 
[INFO] [stdout] running 1 test
[INFO] [stdout] test src/lib.rs - (line 17) - compile ... FAILED
[INFO] [stdout] 
[INFO] [stdout] failures:
[INFO] [stdout] 
[INFO] [stdout] ---- src/lib.rs - (line 17) stdout ----
[INFO] [stdout] error[E0432]: unresolved import `kms_aead::providers::AwsKmsProvider`
[INFO] [stdout]   --> src/lib.rs:19:5
[INFO] [stdout]    |
[INFO] [stdout] 19 | use kms_aead::providers::AwsKmsProvider;
[INFO] [stdout]    |     ^^^^^^^^^^^^^^^^^^^^^--------------
[INFO] [stdout]    |                          |
[INFO] [stdout]    |                          no `AwsKmsProvider` in `providers`
[INFO] [stdout] 
[INFO] [stdout] error[E0433]: cannot find `AwsKmsKeyRef` in `providers`
[INFO] [stdout]   --> src/lib.rs:28:40
[INFO] [stdout]    |
[INFO] [stdout] 28 |     let kms_ref = kms_aead::providers::AwsKmsKeyRef::new(aws_account_id, aws_key_id);
[INFO] [stdout]    |                                        ^^^^^^^^^^^^ could not find `AwsKmsKeyRef` in `providers`
[INFO] [stdout] 
[INFO] [stdout] error[E0433]: cannot find `KmsAeadRingEnvelopeEncryption` in `kms_aead`
[INFO] [stdout]   --> src/lib.rs:31:19
[INFO] [stdout]    |
[INFO] [stdout] 31 |         kms_aead::KmsAeadRingEnvelopeEncryption::new(providers::AwsKmsProvider::new(&kms_ref).await?)
[INFO] [stdout]    |                   ^^^^^^^^^^^^^^^^^^^^^^^^^^^^^ could not find `KmsAeadRingEnvelopeEncryption` in `kms_aead`
[INFO] [stdout]    |
[INFO] [stdout] help: a trait with a similar name exists
[INFO] [stdout]    |
[INFO] [stdout] 31 -         kms_aead::KmsAeadRingEnvelopeEncryption::new(providers::AwsKmsProvider::new(&kms_ref).await?)
[INFO] [stdout] 31 +         kms_aead::KmsAeadEnvelopeEncryption::new(providers::AwsKmsProvider::new(&kms_ref).await?)
[INFO] [stdout]    |
[INFO] [stdout] 
[INFO] [stdout] error[E0433]: cannot find `AwsKmsProvider` in `providers`
[INFO] [stdout]   --> src/lib.rs:31:65
[INFO] [stdout]    |
[INFO] [stdout] 31 |         kms_aead::KmsAeadRingEnvelopeEncryption::new(providers::AwsKmsProvider::new(&kms_ref).await?)
[INFO] [stdout]    |                                                                 ^^^^^^^^^^^^^^ could not find `AwsKmsProvider` in `providers`
[INFO] [stdout] 
[INFO] [stdout] error[E0425]: cannot find type `KmsAeadRingEnvelopeEncryption` in this scope
[INFO] [stdout]   --> src/lib.rs:30:21
[INFO] [stdout]    |
[INFO] [stdout] 30 |     let encryption: KmsAeadRingEnvelopeEncryption<AwsKmsProvider> =
[INFO] [stdout]    |                     ^^^^^^^^^^^^^^^^^^^^^^^^^^^^^ not found in this scope
[INFO] [stdout]    |
[INFO] [stdout] note: similarly named trait `KmsAeadEnvelopeEncryption` defined here
[INFO] [stdout]   --> src/api.rs:28:1
[INFO] [stdout]    |
[INFO] [stdout] 28 | pub trait KmsAeadEnvelopeEncryption<Aad> {
[INFO] [stdout]    | ^^^^^^^^^^^^^^^^^^^^^^^^^^^^^^^^^^^^^^^^
[INFO] [stdout] help: a trait with a similar name exists
[INFO] [stdout]    |
[INFO] [stdout] 30 -     let encryption: KmsAeadRingEnvelopeEncryption<AwsKmsProvider> =
[INFO] [stdout] 30 +     let encryption: KmsAeadEnvelopeEncryption<AwsKmsProvider> =
[INFO] [stdout]    |
[INFO] [stdout] 
[INFO] [stdout] warning: method call on a diverging inference variable
[INFO] [stdout]   --> src/lib.rs:45:22
[INFO] [stdout]    |
[INFO] [stdout] 45 |         secret_value.sensitive_value_to_str().unwrap() == "test-secret"
[INFO] [stdout]    |                      ^^^^^^^^^^^^^^^^^^^^^^
[INFO] [stdout]    |
[INFO] [stdout]    = help: consider providing a type annotation
[INFO] [stdout]    = warning: this was previously accepted by the compiler but is being phased out; it will become a hard error in a future release!
[INFO] [stdout]    = note: for more information, see issue #156047 <https://github.com/rust-lang/rust/issues/156047>
[INFO] [stdout]    = note: `#[warn(method_call_on_diverging_infer_var)]` (part of `#[warn(future_incompatible)]`) on by default
[INFO] [stdout] 
[INFO] [stdout] error[E0599]: no method named `sensitive_value_to_str` found for type `!` in the current scope
[INFO] [stdout]   --> src/lib.rs:45:22
[INFO] [stdout]    |
[INFO] [stdout] 45 |         secret_value.sensitive_value_to_str().unwrap() == "test-secret"
[INFO] [stdout]    |                      ^^^^^^^^^^^^^^^^^^^^^^ method not found in `!`
[INFO] [stdout]    |
[INFO] [stdout] note: there's an earlier shadowed binding `secret_value` of type `SecretValue` that has method `sensitive_value_to_str` available
[INFO] [stdout]   --> src/lib.rs:34:9
[INFO] [stdout]    |
[INFO] [stdout] 34 |     let secret_value = SecretValue::from("test-secret");
[INFO] [stdout]    |         ^^^^^^^^^^^^ `secret_value` of type `SecretValue` that has method `sensitive_value_to_str` defined earlier here
[INFO] [stdout] ...
[INFO] [stdout] 39 |     let secret_value = encryption
[INFO] [stdout]    |         ------------ earlier `secret_value` shadowed here with type `!`
[INFO] [stdout] 
[INFO] [stdout] error: aborting due to 6 previous errors; 1 warning emitted
[INFO] [stdout] 
[INFO] [stdout] Some errors have detailed explanations: E0425, E0432, E0433, E0599.
[INFO] [stdout] For more information about an error, try `rustc --explain E0425`.
[INFO] [stdout] Couldn't compile the test.
[INFO] [stdout] 
[INFO] [stdout] failures:
[INFO] [stdout]     src/lib.rs - (line 17)
[INFO] [stdout] 
[INFO] [stdout] test result: FAILED. 0 passed; 1 failed; 0 ignored; 0 measured; 0 filtered out; finished in 0.33s
[INFO] [stdout] 
[INFO] [stderr] error: doctest failed, to rerun pass `--doc`
[INFO] running `Command { std: "docker" "inspect" "f38e54bf6b6512f7b2c348776a12c833dbee7b740c5259f23a44ff4cc7733793", kill_on_drop: false }`
[INFO] running `Command { std: "docker" "rm" "-f" "f38e54bf6b6512f7b2c348776a12c833dbee7b740c5259f23a44ff4cc7733793", kill_on_drop: false }`
[INFO] [stdout] f38e54bf6b6512f7b2c348776a12c833dbee7b740c5259f23a44ff4cc7733793
