[INFO] fetching crate kmeans-color-gpu-cli 0.1.0...
[INFO] testing kmeans-color-gpu-cli-0.1.0 against 1.100.0-beta.1+cargoflags=--release for beta-release-1.100-2
[INFO] extracting crate kmeans-color-gpu-cli 0.1.0 into /workspace/builds/worker-6-tc2/source
[INFO] started tweaking crates.io crate kmeans-color-gpu-cli 0.1.0
[INFO] finished tweaking crates.io crate kmeans-color-gpu-cli 0.1.0
[INFO] tweaked toml for crates.io crate kmeans-color-gpu-cli 0.1.0 written to /workspace/builds/worker-6-tc2/source/Cargo.toml
[INFO] validating manifest of crates.io crate kmeans-color-gpu-cli 0.1.0 on toolchain 1.100.0-beta.1
[INFO] running `Command { std: CARGO_HOME="/workspace/cargo-home" RUSTUP_HOME="/workspace/rustup-home" "/workspace/cargo-home/bin/cargo" "+1.100.0-beta.1" "metadata" "--manifest-path" "Cargo.toml" "--no-deps", kill_on_drop: false }`
[INFO] crate crates.io crate kmeans-color-gpu-cli 0.1.0 already has a lockfile, it will not be regenerated
[INFO] running `Command { std: CARGO_HOME="/workspace/cargo-home" RUSTUP_HOME="/workspace/rustup-home" "/workspace/cargo-home/bin/cargo" "+1.100.0-beta.1" "fetch" "--manifest-path" "Cargo.toml", kill_on_drop: false }`
[INFO] running `Command { std: "docker" "create" "-v" "/var/lib/crater-agent-workspace/builds/worker-6-tc2/source:/opt/rustwide/workdir:ro,Z" "-v" "/var/lib/crater-agent-workspace/builds/worker-6-tc2/target:/opt/rustwide/target:rw,Z" "-v" "/var/lib/crater-agent-workspace/cargo-home:/opt/rustwide/cargo-home:ro,Z" "-v" "/var/lib/crater-agent-workspace/rustup-home:/opt/rustwide/rustup-home:ro,Z" "-m" "1610612736" "--network" "none" "ghcr.io/rust-lang/crates-build-env/linux@sha256:77db811e55d90add9212f6832c23229e3de5f1c1f9905e8cb07319ea15df73ac" "sleep" "infinity", kill_on_drop: false }`
[INFO] [stdout] cab7c00e8850376c92113b95dafeec2b8a0cc02b1c450ab5e442da1286057e31
[INFO] running `Command { std: "docker" "start" "cab7c00e8850376c92113b95dafeec2b8a0cc02b1c450ab5e442da1286057e31", kill_on_drop: false }`
[INFO] running `Command { std: "docker" "inspect" "cab7c00e8850376c92113b95dafeec2b8a0cc02b1c450ab5e442da1286057e31", kill_on_drop: false }`
[INFO] running `Command { std: "docker" "exec" "-e" "SOURCE_DIR=/opt/rustwide/workdir" "-e" "CARGO_HOME=/opt/rustwide/cargo-home" "-e" "RUSTUP_HOME=/opt/rustwide/rustup-home" "-e" "CARGO_TARGET_DIR=/opt/rustwide/target" "-w" "/opt/rustwide/workdir" "--user" "0:0" "cab7c00e8850376c92113b95dafeec2b8a0cc02b1c450ab5e442da1286057e31" "/opt/rustwide/cargo-home/bin/cargo" "+1.100.0-beta.1" "metadata" "--no-deps" "--format-version=1", kill_on_drop: false }`
[INFO] running `Command { std: "docker" "inspect" "cab7c00e8850376c92113b95dafeec2b8a0cc02b1c450ab5e442da1286057e31", kill_on_drop: false }`
[INFO] running `Command { std: "docker" "exec" "-e" "SOURCE_DIR=/opt/rustwide/workdir" "-e" "CARGO_HOME=/opt/rustwide/cargo-home" "-e" "RUSTUP_HOME=/opt/rustwide/rustup-home" "-e" "CARGO_TARGET_DIR=/opt/rustwide/target" "-e" "CARGO_INCREMENTAL=0" "-e" "RUST_BACKTRACE=full" "-e" "RUSTFLAGS=--cap-lints=warn" "-e" "RUSTDOCFLAGS=--cap-lints=warn" "-w" "/opt/rustwide/workdir" "--user" "0:0" "cab7c00e8850376c92113b95dafeec2b8a0cc02b1c450ab5e442da1286057e31" "/opt/rustwide/cargo-home/bin/cargo" "+1.100.0-beta.1" "build" "--frozen" "--message-format=json" "--release", kill_on_drop: false }`
[INFO] [stderr]    Compiling proc-macro2 v1.0.67
[INFO] [stderr]    Compiling libc v0.2.148
[INFO] [stderr]    Compiling num-traits v0.2.16
[INFO] [stderr]    Compiling bitflags v2.4.0
[INFO] [stderr]    Compiling once_cell v1.18.0
[INFO] [stderr]    Compiling anyhow v1.0.75
[INFO] [stderr]    Compiling lock_api v0.4.10
[INFO] [stderr]    Compiling termcolor v1.3.0
[INFO] [stderr]    Compiling thiserror v1.0.48
[INFO] [stderr]    Compiling parking_lot_core v0.9.8
[INFO] [stderr]    Compiling memchr v2.6.3
[INFO] [stderr]    Compiling libloading v0.7.4
[INFO] [stderr]    Compiling ahash v0.7.6
[INFO] [stderr]    Compiling smallvec v1.11.1
[INFO] [stderr]    Compiling ash v0.37.3+1.3.251
[INFO] [stderr]    Compiling bit-vec v0.6.3
[INFO] [stderr]    Compiling khronos-egl v4.1.0
[INFO] [stderr]    Compiling siphasher v0.3.11
[INFO] [stderr]    Compiling regex-syntax v0.7.5
[INFO] [stderr]    Compiling log v0.4.20
[INFO] [stderr]    Compiling gpu-alloc-types v0.3.0
[INFO] [stderr]    Compiling rand v0.8.5
[INFO] [stderr]    Compiling gpu-descriptor-types v0.1.1
[INFO] [stderr]    Compiling bit-set v0.5.3
[INFO] [stderr]    Compiling phf_shared v0.11.2
[INFO] [stderr]    Compiling hexf-parse v0.2.1
[INFO] [stderr]    Compiling simd-adler32 v0.3.7
[INFO] [stderr]    Compiling unicode-xid v0.2.4
[INFO] [stderr]    Compiling wgpu-types v0.17.0
[INFO] [stderr]    Compiling gpu-alloc v0.6.0
[INFO] [stderr]    Compiling libloading v0.8.0
[INFO] [stderr]    Compiling num-integer v0.1.45
[INFO] [stderr]    Compiling quote v1.0.33
[INFO] [stderr]    Compiling codespan-reporting v0.11.1
[INFO] [stderr]    Compiling aho-corasick v1.1.1
[INFO] [stderr]    Compiling raw-window-handle v0.5.2
[INFO] [stderr]    Compiling syn v2.0.37
[INFO] [stderr]    Compiling rustix v0.38.14
[INFO] [stderr]    Compiling glow v0.12.3
[INFO] [stderr]    Compiling renderdoc-sys v1.0.0
[INFO] [stderr]    Compiling arrayvec v0.7.4
[INFO] [stderr]    Compiling getrandom v0.2.10
[INFO] [stderr]    Compiling profiling v1.0.11
[INFO] [stderr]    Compiling parking_lot v0.12.1
[INFO] [stderr]    Compiling pathdiff v0.2.1
[INFO] [stderr]    Compiling hashbrown v0.12.3
[INFO] [stderr]    Compiling phf_generator v0.11.2
[INFO] [stderr]    Compiling miniz_oxide v0.7.1
[INFO] [stderr]    Compiling num-rational v0.4.1
[INFO] [stderr]    Compiling linux-raw-sys v0.4.7
[INFO] [stderr]    Compiling anstyle v1.0.3
[INFO] [stderr]    Compiling palette v0.7.3
[INFO] [stderr]    Compiling anstream v0.5.0
[INFO] [stderr]    Compiling flate2 v1.0.27
[INFO] [stderr]    Compiling spirv v0.2.0+1.5.4
[INFO] [stderr]    Compiling approx v0.5.1
[INFO] [stderr]    Compiling indexmap v1.9.3
[INFO] [stderr]    Compiling gpu-descriptor v0.2.3
[INFO] [stderr]    Compiling fdeflate v0.3.0
[INFO] [stderr]    Compiling fast-srgb8 v1.0.0
[INFO] [stderr]    Compiling clap_lex v0.5.1
[INFO] [stderr]    Compiling jpeg-decoder v0.3.0
[INFO] [stderr]    Compiling regex-automata v0.3.8
[INFO] [stderr]    Compiling clap_builder v4.4.4
[INFO] [stderr]    Compiling png v0.17.10
[INFO] [stderr]    Compiling pollster v0.3.0
[INFO] [stderr]    Compiling is-terminal v0.4.9
[INFO] [stderr]    Compiling thiserror-impl v1.0.48
[INFO] [stderr]    Compiling bytemuck_derive v1.5.0
[INFO] [stderr]    Compiling phf_macros v0.11.2
[INFO] [stderr]    Compiling palette_derive v0.7.3
[INFO] [stderr]    Compiling clap_derive v4.4.2
[INFO] [stderr]    Compiling phf v0.11.2
[INFO] [stderr]    Compiling bytemuck v1.14.0
[INFO] [stderr]    Compiling regex v1.9.5
[INFO] [stderr]    Compiling rgb v0.8.36
[INFO] [stderr]    Compiling image v0.24.7
[INFO] [stderr]    Compiling kmeans-color-gpu-preprocessor v0.1.0
[INFO] [stderr]    Compiling naga v0.13.0
[INFO] [stderr]    Compiling kmeans-color-gpu v0.1.0
[INFO] [stderr]    Compiling env_logger v0.10.0
[INFO] [stderr]    Compiling clap v4.4.4
[INFO] [stderr]    Compiling wgpu-hal v0.17.0
[INFO] [stderr]    Compiling wgpu-core v0.17.0
[INFO] [stderr]    Compiling wgpu v0.17.0
[INFO] [stderr]    Compiling kmeans-color-gpu-cli v0.1.0 (/opt/rustwide/workdir)
[INFO] [stderr]     Finished `release` profile [optimized] target(s) in 1m 27s
[INFO] running `Command { std: "docker" "inspect" "cab7c00e8850376c92113b95dafeec2b8a0cc02b1c450ab5e442da1286057e31", kill_on_drop: false }`
[INFO] running `Command { std: "docker" "exec" "-e" "SOURCE_DIR=/opt/rustwide/workdir" "-e" "CARGO_HOME=/opt/rustwide/cargo-home" "-e" "RUSTUP_HOME=/opt/rustwide/rustup-home" "-e" "CARGO_TARGET_DIR=/opt/rustwide/target" "-e" "CARGO_INCREMENTAL=0" "-e" "RUST_BACKTRACE=full" "-e" "RUSTFLAGS=--cap-lints=warn" "-e" "RUSTDOCFLAGS=--cap-lints=warn" "-w" "/opt/rustwide/workdir" "--user" "0:0" "cab7c00e8850376c92113b95dafeec2b8a0cc02b1c450ab5e442da1286057e31" "/opt/rustwide/cargo-home/bin/cargo" "+1.100.0-beta.1" "test" "--frozen" "--no-run" "--message-format=json" "--release", kill_on_drop: false }`
[INFO] [stderr]    Compiling kmeans-color-gpu-cli v0.1.0 (/opt/rustwide/workdir)
[INFO] [stderr]     Finished `release` profile [optimized] target(s) in 1.18s
[INFO] running `Command { std: "docker" "inspect" "cab7c00e8850376c92113b95dafeec2b8a0cc02b1c450ab5e442da1286057e31", kill_on_drop: false }`
[INFO] running `Command { std: "docker" "exec" "-e" "SOURCE_DIR=/opt/rustwide/workdir" "-e" "CARGO_HOME=/opt/rustwide/cargo-home" "-e" "RUSTUP_HOME=/opt/rustwide/rustup-home" "-e" "CARGO_TARGET_DIR=/opt/rustwide/target" "-e" "CARGO_INCREMENTAL=0" "-e" "RUST_BACKTRACE=full" "-e" "RUSTFLAGS=--cap-lints=warn" "-e" "RUSTDOCFLAGS=--cap-lints=warn" "-w" "/opt/rustwide/workdir" "--user" "0:0" "cab7c00e8850376c92113b95dafeec2b8a0cc02b1c450ab5e442da1286057e31" "/opt/rustwide/cargo-home/bin/cargo" "+1.100.0-beta.1" "test" "--frozen" "--release", kill_on_drop: false }`
[INFO] [stderr]     Finished `release` profile [optimized] target(s) in 0.16s
[INFO] [stderr]      Running unittests src/main.rs (/opt/rustwide/target/release/build/kmeans-color-gpu-cli/cd01339a81ed1f2b/out/kmeans_color_gpu_cli-cd01339a81ed1f2b)
[INFO] [stdout] 
[INFO] [stdout] running 5 tests
[INFO] [stdout] test args::tests::test_validate_k ... ok
[INFO] [stdout] test args::tests::test_validate_palette ... ok
[INFO] [stdout] test args::tests::test_parse_colors ... ok
[INFO] [stdout] test args::tests::test_validate_filename ... ok
[INFO] [stdout] test args::tests::test_parse_palette ... FAILED
[INFO] [stdout] 
[INFO] [stdout] failures:
[INFO] [stdout] 
[INFO] [stdout] ---- args::tests::test_parse_palette stdout ----
[INFO] [stdout] 
[INFO] [stdout] thread 'args::tests::test_parse_palette' (2078) panicked at src/args.rs:288:9:
[INFO] [stdout] assertion failed: parsed.is_ok()
[INFO] [stdout] stack backtrace:
[INFO] [stdout]    0:     0x62ed1f5c0321 - <<std[617be2ca0a6fd877]::sys::backtrace::BacktraceLock>::print::DisplayBacktrace as core[a373ad73a504971]::fmt::Display>::fmt
[INFO] [stdout]    1:     0x62ed1f5d5dba - core[a373ad73a504971]::fmt::write
[INFO] [stdout]    2:     0x62ed1f5c45ec - <alloc[2e1b2a31b91974c5]::vec::Vec<u8> as core[a373ad73a504971]::io::write::Write>::write_fmt
[INFO] [stdout]    3:     0x62ed1f59c6d6 - std[617be2ca0a6fd877]::panicking::default_hook::{closure#0}
[INFO] [stdout]    4:     0x62ed1f5b89b9 - std[617be2ca0a6fd877]::panicking::default_hook
[INFO] [stdout]    5:     0x62ed1f455f60 - test[aada8e7e76ba119b]::test_main_inner::{closure#0}
[INFO] [stdout]    6:     0x62ed1f5b8b72 - std[617be2ca0a6fd877]::panicking::panic_with_hook
[INFO] [stdout]    7:     0x62ed1f59c7b4 - std[617be2ca0a6fd877]::panicking::panic_handler::{closure#0}
[INFO] [stdout]    8:     0x62ed1f595469 - std[617be2ca0a6fd877]::sys::backtrace::__rust_end_short_backtrace::<std[617be2ca0a6fd877]::panicking::panic_handler::{closure#0}, !>
[INFO] [stdout]    9:     0x62ed1f59d38d - __rustc[ea4f61d10b84890b]::rust_begin_unwind
[INFO] [stdout]   10:     0x62ed1f5d659c - core[a373ad73a504971]::panicking::panic_fmt
[INFO] [stdout]   11:     0x62ed1f5d6562 - core[a373ad73a504971]::panicking::panic
[INFO] [stdout]   12:     0x62ed1f447bd1 - <kmeans_color_gpu_cli[80145447ee6c81ee]::args::tests::test_parse_palette::{closure#0} as core[a373ad73a504971]::ops::function::FnOnce<()>>::call_once
[INFO] [stdout]   13:     0x62ed1f4493ab - test[aada8e7e76ba119b]::__rust_begin_short_backtrace::<core[a373ad73a504971]::result::Result<(), alloc[2e1b2a31b91974c5]::string::String>, fn() -> core[a373ad73a504971]::result::Result<(), alloc[2e1b2a31b91974c5]::string::String>>
[INFO] [stdout]   14:     0x62ed1f456585 - test[aada8e7e76ba119b]::run_test::{closure#0}
[INFO] [stdout]   15:     0x62ed1f44fe74 - std[617be2ca0a6fd877]::sys::backtrace::__rust_begin_short_backtrace::<test[aada8e7e76ba119b]::run_test::{closure#1}, ()>
[INFO] [stdout]   16:     0x62ed1f459612 - <std[617be2ca0a6fd877]::thread::lifecycle::spawn_unchecked<test[aada8e7e76ba119b]::run_test::{closure#1}, ()>::{closure#1} as core[a373ad73a504971]::ops::function::FnOnce<()>>::call_once::{shim:vtable#0}
[INFO] [stdout]   17:     0x62ed1f5bfb7f - <std[617be2ca0a6fd877]::sys::thread::unix::Thread>::new::thread_start
[INFO] [stdout]   18:     0x72d9b9085dfa - <unknown>
[INFO] [stdout]   19:     0x72d9b91193d4 - clone
[INFO] [stdout]   20:                0x0 - <unknown>
[INFO] [stdout] 
[INFO] [stdout] 
[INFO] [stdout] failures:
[INFO] [stdout]     args::tests::test_parse_palette
[INFO] [stdout] 
[INFO] [stdout] test result: FAILED. 4 passed; 1 failed; 0 ignored; 0 measured; 0 filtered out; finished in 0.00s
[INFO] [stdout] 
[INFO] [stderr] error: test failed, to rerun pass `--bin kmeans-color-gpu-cli`
[INFO] running `Command { std: "docker" "inspect" "cab7c00e8850376c92113b95dafeec2b8a0cc02b1c450ab5e442da1286057e31", kill_on_drop: false }`
[INFO] running `Command { std: "docker" "rm" "-f" "cab7c00e8850376c92113b95dafeec2b8a0cc02b1c450ab5e442da1286057e31", kill_on_drop: false }`
[INFO] [stdout] cab7c00e8850376c92113b95dafeec2b8a0cc02b1c450ab5e442da1286057e31
