[INFO] fetching crate kmdbook-driver 0.1.0-beta.2.1...
[INFO] testing kmdbook-driver-0.1.0-beta.2.1 against 1.100.0-beta.1+cargoflags=--release for beta-release-1.100-2
[INFO] extracting crate kmdbook-driver 0.1.0-beta.2.1 into /workspace/builds/worker-4-tc2/source
[INFO] started tweaking crates.io crate kmdbook-driver 0.1.0-beta.2.1
[INFO] finished tweaking crates.io crate kmdbook-driver 0.1.0-beta.2.1
[INFO] tweaked toml for crates.io crate kmdbook-driver 0.1.0-beta.2.1 written to /workspace/builds/worker-4-tc2/source/Cargo.toml
[INFO] validating manifest of crates.io crate kmdbook-driver 0.1.0-beta.2.1 on toolchain 1.100.0-beta.1
[INFO] running `Command { std: CARGO_HOME="/workspace/cargo-home" RUSTUP_HOME="/workspace/rustup-home" "/workspace/cargo-home/bin/cargo" "+1.100.0-beta.1" "metadata" "--manifest-path" "Cargo.toml" "--no-deps", kill_on_drop: false }`
[INFO] crate crates.io crate kmdbook-driver 0.1.0-beta.2.1 already has a lockfile, it will not be regenerated
[INFO] running `Command { std: CARGO_HOME="/workspace/cargo-home" RUSTUP_HOME="/workspace/rustup-home" "/workspace/cargo-home/bin/cargo" "+1.100.0-beta.1" "fetch" "--manifest-path" "Cargo.toml", kill_on_drop: false }`
[INFO] running `Command { std: "docker" "create" "-v" "/var/lib/crater-agent-workspace/builds/worker-4-tc2/source:/opt/rustwide/workdir:ro,Z" "-v" "/var/lib/crater-agent-workspace/builds/worker-4-tc2/target:/opt/rustwide/target:rw,Z" "-v" "/var/lib/crater-agent-workspace/cargo-home:/opt/rustwide/cargo-home:ro,Z" "-v" "/var/lib/crater-agent-workspace/rustup-home:/opt/rustwide/rustup-home:ro,Z" "-m" "1610612736" "--network" "none" "ghcr.io/rust-lang/crates-build-env/linux@sha256:77db811e55d90add9212f6832c23229e3de5f1c1f9905e8cb07319ea15df73ac" "sleep" "infinity", kill_on_drop: false }`
[INFO] [stdout] f37fba8bd104f190f4c6c1a141257ef17ff97a29e03709a54d0a73941c680c60
[INFO] running `Command { std: "docker" "start" "f37fba8bd104f190f4c6c1a141257ef17ff97a29e03709a54d0a73941c680c60", kill_on_drop: false }`
[INFO] running `Command { std: "docker" "inspect" "f37fba8bd104f190f4c6c1a141257ef17ff97a29e03709a54d0a73941c680c60", kill_on_drop: false }`
[INFO] running `Command { std: "docker" "exec" "-e" "SOURCE_DIR=/opt/rustwide/workdir" "-e" "CARGO_HOME=/opt/rustwide/cargo-home" "-e" "RUSTUP_HOME=/opt/rustwide/rustup-home" "-e" "CARGO_TARGET_DIR=/opt/rustwide/target" "-w" "/opt/rustwide/workdir" "--user" "0:0" "f37fba8bd104f190f4c6c1a141257ef17ff97a29e03709a54d0a73941c680c60" "/opt/rustwide/cargo-home/bin/cargo" "+1.100.0-beta.1" "metadata" "--no-deps" "--format-version=1", kill_on_drop: false }`
[INFO] running `Command { std: "docker" "inspect" "f37fba8bd104f190f4c6c1a141257ef17ff97a29e03709a54d0a73941c680c60", kill_on_drop: false }`
[INFO] running `Command { std: "docker" "exec" "-e" "SOURCE_DIR=/opt/rustwide/workdir" "-e" "CARGO_HOME=/opt/rustwide/cargo-home" "-e" "RUSTUP_HOME=/opt/rustwide/rustup-home" "-e" "CARGO_TARGET_DIR=/opt/rustwide/target" "-e" "CARGO_INCREMENTAL=0" "-e" "RUST_BACKTRACE=full" "-e" "RUSTFLAGS=--cap-lints=warn" "-e" "RUSTDOCFLAGS=--cap-lints=warn" "-w" "/opt/rustwide/workdir" "--user" "0:0" "f37fba8bd104f190f4c6c1a141257ef17ff97a29e03709a54d0a73941c680c60" "/opt/rustwide/cargo-home/bin/cargo" "+1.100.0-beta.1" "build" "--frozen" "--message-format=json" "--release", kill_on_drop: false }`
[INFO] [stderr]    Compiling libc v0.2.177
[INFO] [stderr]    Compiling siphasher v1.0.1
[INFO] [stderr]    Compiling rand_core v0.6.4
[INFO] [stderr]    Compiling aho-corasick v1.1.4
[INFO] [stderr]    Compiling winnow v0.7.13
[INFO] [stderr]    Compiling new_debug_unreachable v1.0.6
[INFO] [stderr]    Compiling darling_core v0.20.11
[INFO] [stderr]    Compiling toml_datetime v0.7.3
[INFO] [stderr]    Compiling serde_json v1.0.145
[INFO] [stderr]    Compiling serde_spanned v1.0.3
[INFO] [stderr]    Compiling toml_writer v1.0.4
[INFO] [stderr]    Compiling memchr v2.7.6
[INFO] [stderr]    Compiling serde v1.0.228
[INFO] [stderr]    Compiling ucd-trie v0.1.7
[INFO] [stderr]    Compiling pulldown-cmark v0.13.0
[INFO] [stderr]    Compiling mac v0.1.1
[INFO] [stderr]    Compiling precomputed-hash v0.1.1
[INFO] [stderr]    Compiling futf v0.1.5
[INFO] [stderr]    Compiling unicase v2.8.1
[INFO] [stderr]    Compiling rand v0.8.5
[INFO] [stderr]    Compiling phf_shared v0.11.3
[INFO] [stderr]    Compiling log v0.4.28
[INFO] [stderr]    Compiling pulldown-cmark-escape v0.11.0
[INFO] [stderr]    Compiling tendril v0.4.3
[INFO] [stderr]    Compiling num-modular v0.6.1
[INFO] [stderr]    Compiling phf v0.11.3
[INFO] [stderr]    Compiling digest v0.10.7
[INFO] [stderr]    Compiling pest v2.8.3
[INFO] [stderr]    Compiling match_token v0.35.0
[INFO] [stderr]    Compiling phf_generator v0.11.3
[INFO] [stderr]    Compiling hashbrown v0.16.0
[INFO] [stderr]    Compiling sha2 v0.10.9
[INFO] [stderr]    Compiling ego-tree v0.10.0
[INFO] [stderr]    Compiling phf_codegen v0.11.3
[INFO] [stderr]    Compiling string_cache_codegen v0.5.4
[INFO] [stderr]    Compiling font-awesome-as-a-crate v0.3.0
[INFO] [stderr]    Compiling shlex v1.3.0
[INFO] [stderr]    Compiling topological-sort v0.2.2
[INFO] [stderr]    Compiling num-order v1.2.0
[INFO] [stderr]    Compiling web_atoms v0.1.3
[INFO] [stderr]    Compiling parking_lot_core v0.9.12
[INFO] [stderr]    Compiling indexmap v2.12.0
[INFO] [stderr]    Compiling getrandom v0.3.4
[INFO] [stderr]    Compiling regex-automata v0.4.13
[INFO] [stderr]    Compiling parking_lot v0.12.5
[INFO] [stderr]    Compiling tempfile v3.23.0
[INFO] [stderr]    Compiling string_cache v0.8.9
[INFO] [stderr]    Compiling pest_meta v2.8.3
[INFO] [stderr]    Compiling darling_macro v0.20.11
[INFO] [stderr]    Compiling markup5ever v0.35.0
[INFO] [stderr]    Compiling darling v0.20.11
[INFO] [stderr]    Compiling toml_parser v1.0.4
[INFO] [stderr]    Compiling derive_builder_core v0.20.2
[INFO] [stderr]    Compiling pest_generator v2.8.3
[INFO] [stderr]    Compiling html5ever v0.35.0
[INFO] [stderr]    Compiling toml v0.9.8
[INFO] [stderr]    Compiling pest_derive v2.8.3
[INFO] [stderr]    Compiling derive_builder_macro v0.20.2
[INFO] [stderr]    Compiling derive_builder v0.20.2
[INFO] [stderr]    Compiling handlebars v6.3.2
[INFO] [stderr]    Compiling regex v1.12.2
[INFO] [stderr]    Compiling mdbook-core v0.5.0-beta.2
[INFO] [stderr]    Compiling mdbook-markdown v0.5.0-beta.2
[INFO] [stderr]    Compiling mdbook-renderer v0.5.0-beta.2
[INFO] [stderr]    Compiling mdbook-summary v0.5.0-beta.2
[INFO] [stderr]    Compiling mdbook-preprocessor v0.5.0-beta.2
[INFO] [stderr]    Compiling mdbook-html v0.5.0-beta.2
[INFO] [stderr]    Compiling kmdbook-html v0.1.0-beta.2.1
[INFO] [stderr]    Compiling kmdbook-driver v0.1.0-beta.2.1 (/opt/rustwide/workdir)
[INFO] [stderr] warning: unused dependency `mdbook-html`
[INFO] [stderr]   --> Cargo.toml:13:15
[INFO] [stderr]    |
[INFO] [stderr] 13 | [dependencies.mdbook-html]
[INFO] [stderr]    |               ^^^^^^^^^^^^
[INFO] [stderr]    |
[INFO] [stderr]    = note: `cargo::unused_dependencies` is set to `warn` by default
[INFO] [stderr] help: consider removing the dependency on `mdbook-html`
[INFO] [stderr] warning: `kmdbook-driver` (manifest) generated 1 warning
[INFO] [stderr]     Finished `release` profile [optimized] target(s) in 1m 01s
[INFO] running `Command { std: "docker" "inspect" "f37fba8bd104f190f4c6c1a141257ef17ff97a29e03709a54d0a73941c680c60", kill_on_drop: false }`
[INFO] running `Command { std: "docker" "exec" "-e" "SOURCE_DIR=/opt/rustwide/workdir" "-e" "CARGO_HOME=/opt/rustwide/cargo-home" "-e" "RUSTUP_HOME=/opt/rustwide/rustup-home" "-e" "CARGO_TARGET_DIR=/opt/rustwide/target" "-e" "CARGO_INCREMENTAL=0" "-e" "RUST_BACKTRACE=full" "-e" "RUSTFLAGS=--cap-lints=warn" "-e" "RUSTDOCFLAGS=--cap-lints=warn" "-w" "/opt/rustwide/workdir" "--user" "0:0" "f37fba8bd104f190f4c6c1a141257ef17ff97a29e03709a54d0a73941c680c60" "/opt/rustwide/cargo-home/bin/cargo" "+1.100.0-beta.1" "test" "--frozen" "--no-run" "--message-format=json" "--release", kill_on_drop: false }`
[INFO] [stderr]    Compiling kmdbook-driver v0.1.0-beta.2.1 (/opt/rustwide/workdir)
[INFO] [stderr] warning: unused dependency `mdbook-html`
[INFO] [stderr]   --> Cargo.toml:13:15
[INFO] [stderr]    |
[INFO] [stderr] 13 | [dependencies.mdbook-html]
[INFO] [stderr]    |               ^^^^^^^^^^^^
[INFO] [stderr]    |
[INFO] [stderr]    = note: `cargo::unused_dependencies` is set to `warn` by default
[INFO] [stderr] help: consider removing the dependency on `mdbook-html`
[INFO] [stderr] warning: `kmdbook-driver` (manifest) generated 1 warning
[INFO] [stderr]     Finished `release` profile [optimized] target(s) in 8.46s
[INFO] running `Command { std: "docker" "inspect" "f37fba8bd104f190f4c6c1a141257ef17ff97a29e03709a54d0a73941c680c60", kill_on_drop: false }`
[INFO] running `Command { std: "docker" "exec" "-e" "SOURCE_DIR=/opt/rustwide/workdir" "-e" "CARGO_HOME=/opt/rustwide/cargo-home" "-e" "RUSTUP_HOME=/opt/rustwide/rustup-home" "-e" "CARGO_TARGET_DIR=/opt/rustwide/target" "-e" "CARGO_INCREMENTAL=0" "-e" "RUST_BACKTRACE=full" "-e" "RUSTFLAGS=--cap-lints=warn" "-e" "RUSTDOCFLAGS=--cap-lints=warn" "-w" "/opt/rustwide/workdir" "--user" "0:0" "f37fba8bd104f190f4c6c1a141257ef17ff97a29e03709a54d0a73941c680c60" "/opt/rustwide/cargo-home/bin/cargo" "+1.100.0-beta.1" "test" "--frozen" "--release", kill_on_drop: false }`
[INFO] [stderr] warning: unused dependency `mdbook-html`
[INFO] [stderr]   --> Cargo.toml:13:15
[INFO] [stderr]    |
[INFO] [stderr] 13 | [dependencies.mdbook-html]
[INFO] [stderr]    |               ^^^^^^^^^^^^
[INFO] [stderr]    |
[INFO] [stderr]    = note: `cargo::unused_dependencies` is set to `warn` by default
[INFO] [stderr] help: consider removing the dependency on `mdbook-html`
[INFO] [stderr] warning: `kmdbook-driver` (manifest) generated 1 warning
[INFO] [stderr]     Finished `release` profile [optimized] target(s) in 0.10s
[INFO] [stderr]      Running unittests src/lib.rs (/opt/rustwide/target/release/build/kmdbook-driver/602a07d463b20a33/out/kmdbook_driver-602a07d463b20a33)
[INFO] [stdout] 
[INFO] [stdout] running 64 tests
[INFO] [stdout] test builtin_preprocessors::index::tests::file_stem_exactly_matches_readme_case_insensitively ... ok
[INFO] [stdout] test builtin_preprocessors::cmd::tests::round_trip_write_and_parse_input ... FAILED
[INFO] [stdout] test builtin_preprocessors::links::take_lines::tests::take_lines_test ... ok
[INFO] [stdout] test builtin_preprocessors::links::take_lines::tests::take_rustdoc_include_lines_test ... ok
[INFO] [stdout] test builtin_preprocessors::links::take_lines::tests::take_rustdoc_include_anchored_lines_test ... ok
[INFO] [stdout] test builtin_preprocessors::links::tests::parse_start_with_garbage_interpreted_as_start_only_range ... ok
[INFO] [stdout] test builtin_preprocessors::links::tests::parse_with_one_number_after_colon_only_that_line ... ok
[INFO] [stdout] test builtin_preprocessors::links::tests::parse_with_two_colons_includes_all ... ok
[INFO] [stdout] test builtin_preprocessors::links::tests::parse_with_zero_based_start_stays_zero_based_but_is_probably_an_error ... ok
[INFO] [stdout] test builtin_preprocessors::links::tests::parse_without_colon_includes_all ... ok
[INFO] [stdout] test builtin_preprocessors::links::tests::parse_with_nothing_after_colon_includes_all ... ok
[INFO] [stdout] test builtin_preprocessors::links::tests::parse_start_only_range ... ok
[INFO] [stdout] test builtin_preprocessors::links::tests::parse_with_garbage_after_two_colons_includes_all ... ok
[INFO] [stdout] test builtin_preprocessors::links::tests::parse_start_and_end_range ... ok
[INFO] [stdout] test builtin_preprocessors::links::tests::parse_with_more_than_three_colons_ignores_everything_after_third_colon ... ok
[INFO] [stdout] test builtin_preprocessors::links::tests::parse_with_anchor_followed_by_colon ... ok
[INFO] [stdout] test builtin_preprocessors::links::tests::parse_with_floating_point_interpreted_as_anchor ... ok
[INFO] [stdout] test builtin_preprocessors::links::tests::test_find_links_empty_link ... ok
[INFO] [stdout] test builtin_preprocessors::links::tests::test_find_links_simple_link ... ok
[INFO] [stdout] test builtin_preprocessors::links::tests::parse_with_one_based_start_becomes_zero_based ... ok
[INFO] [stdout] test builtin_preprocessors::links::tests::test_find_links_escaped_link ... ok
[INFO] [stdout] test builtin_preprocessors::links::take_lines::tests::take_anchored_lines_test ... ok
[INFO] [stdout] test builtin_preprocessors::links::tests::test_find_links_no_link ... ok
[INFO] [stdout] test builtin_preprocessors::links::tests::test_find_links_partial_link ... ok
[INFO] [stdout] test builtin_preprocessors::links::tests::parse_end_only_range ... ok
[INFO] [stdout] test builtin_preprocessors::links::tests::test_find_links_unknown_link_type ... ok
[INFO] [stdout] test builtin_preprocessors::links::tests::test_find_links_with_anchor ... ok
[INFO] [stdout] test builtin_preprocessors::links::tests::test_find_links_with_full_range ... ok
[INFO] [stdout] test builtin_preprocessors::links::tests::test_find_links_with_from_range ... ok
[INFO] [stdout] test builtin_preprocessors::links::tests::test_find_links_with_line_number ... ok
[INFO] [stdout] test builtin_preprocessors::links::tests::test_find_all_link_types ... ok
[INFO] [stdout] test builtin_preprocessors::links::tests::test_find_links_with_no_range_specified ... ok
[INFO] [stdout] test builtin_preprocessors::links::tests::test_find_links_with_range ... ok
[INFO] [stdout] test builtin_preprocessors::links::tests::test_find_playgrounds_with_properties ... ok
[INFO] [stdout] test builtin_preprocessors::links::tests::test_replace_all_escaped ... ok
[INFO] [stdout] test builtin_preprocessors::links::tests::test_set_chapter_title ... ok
[INFO] [stdout] test load::tests::cant_load_a_nonexistent_chapter ... ok
[INFO] [stdout] test builtin_preprocessors::links::tests::test_find_links_with_special_characters ... ok
[INFO] [stdout] test mdbook::tests::can_determine_third_party_preprocessors ... ok
[INFO] [stdout] test load::tests::cant_open_summary_md ... ok
[INFO] [stdout] test load::tests::load_a_single_chapter_with_utf8_bom_from_disk ... ok
[INFO] [stdout] test load::tests::cant_load_chapters_with_an_empty_path ... ok
[INFO] [stdout] test load::tests::cant_load_chapters_when_the_link_is_a_directory ... ok
[INFO] [stdout] test builtin_preprocessors::links::tests::test_find_links_with_to_range ... ok
[INFO] [stdout] test mdbook::tests::cyclic_dependencies_are_detected ... ok
[INFO] [stdout] test load::tests::load_recursive_link_with_separators ... ok
[INFO] [stdout] test load::tests::load_a_book_with_a_single_chapter ... ok
[INFO] [stdout] test load::tests::load_a_single_chapter_from_disk ... ok
[INFO] [stdout] test mdbook::tests::add_a_random_renderer_with_custom_command_to_the_config ... ok
[INFO] [stdout] test mdbook::tests::config_defaults_to_html_renderer_if_empty ... ok
[INFO] [stdout] test mdbook::tests::config_defaults_to_link_and_index_preprocessor_if_not_set ... ok
[INFO] [stdout] test mdbook::tests::config_respects_preprocessor_selection ... ok
[INFO] [stdout] test builtin_preprocessors::links::tests::parse_with_negative_interpreted_as_anchor ... ok
[INFO] [stdout] test mdbook::tests::add_a_random_renderer_to_the_config ... ok
[INFO] [stdout] test mdbook::tests::preprocessor_order_is_honored ... ok
[INFO] [stdout] test mdbook::tests::preprocessor_before_must_be_array ... ok
[INFO] [stdout] test mdbook::tests::preprocessors_can_provide_their_own_commands ... ok
[INFO] [stdout] test mdbook::tests::renderers_sorted_by_name ... ok
[INFO] [stdout] test mdbook::tests::dependencies_dont_register_undefined_preprocessors ... ok
[INFO] [stdout] test mdbook::tests::preprocessor_after_must_be_array ... ok
[INFO] [stdout] test mdbook::tests::preprocessor_should_run_falls_back_to_supports_renderer_method ... ok
[INFO] [stdout] test mdbook::tests::use_default_preprocessors_works ... ok
[INFO] [stdout] test mdbook::tests::dependencies_dont_register_builtin_preprocessors_if_disabled ... ok
[INFO] [stdout] test mdbook::tests::preprocessor_sorted_by_name ... ok
[INFO] [stdout] 
[INFO] [stdout] failures:
[INFO] [stdout] 
[INFO] [stdout] ---- builtin_preprocessors::cmd::tests::round_trip_write_and_parse_input stdout ----
[INFO] [stdout] 
[INFO] [stdout] thread 'builtin_preprocessors::cmd::tests::round_trip_write_and_parse_input' (1309) panicked at src/builtin_preprocessors/cmd.rs:157:31:
[INFO] [stdout] called `Result::unwrap()` on an `Err` value: failed to read `/opt/rustwide/workdir/../../guide/src/SUMMARY.md`
[INFO] [stdout] 
[INFO] [stdout] Caused by:
[INFO] [stdout]     No such file or directory (os error 2)
[INFO] [stdout] 
[INFO] [stdout] Stack backtrace:
[INFO] [stdout]    0: <core::io::error::Error as anyhow::context::ext::StdError>::ext_context::<alloc::string::String>
[INFO] [stdout]    1: kmdbook_driver::load::load_book::<std::path::PathBuf>
[INFO] [stdout]    2: <kmdbook_driver::mdbook::MDBook>::load::<std::path::PathBuf>
[INFO] [stdout]    3: <kmdbook_driver::builtin_preprocessors::cmd::tests::round_trip_write_and_parse_input::{closure#0} as core::ops::function::FnOnce<()>>::call_once
[INFO] [stdout]    4: test::__rust_begin_short_backtrace::<core::result::Result<(), alloc::string::String>, fn() -> core::result::Result<(), alloc::string::String>>
[INFO] [stdout]    5: test::run_test::{closure#0}
[INFO] [stdout]    6: std::sys::backtrace::__rust_begin_short_backtrace::<test::run_test::{closure#1}, ()>
[INFO] [stdout]    7: <std::thread::lifecycle::spawn_unchecked<test::run_test::{closure#1}, ()>::{closure#1} as core::ops::function::FnOnce<()>>::call_once::{shim:vtable#0}
[INFO] [stdout]    8: <std::sys::thread::unix::Thread>::new::thread_start
[INFO] [stdout]    9: <unknown>
[INFO] [stdout]   10: clone
[INFO] [stdout] stack backtrace:
[INFO] [stdout]    0:     0x587724142431 - <<std[617be2ca0a6fd877]::sys::backtrace::BacktraceLock>::print::DisplayBacktrace as core[a373ad73a504971]::fmt::Display>::fmt
[INFO] [stdout]    1:     0x58772415a6aa - core[a373ad73a504971]::fmt::write
[INFO] [stdout]    2:     0x5877241474fc - <alloc[2e1b2a31b91974c5]::vec::Vec<u8> as core[a373ad73a504971]::io::write::Write>::write_fmt
[INFO] [stdout]    3:     0x58772411a406 - std[617be2ca0a6fd877]::panicking::default_hook::{closure#0}
[INFO] [stdout]    4:     0x587724138a29 - std[617be2ca0a6fd877]::panicking::default_hook
[INFO] [stdout]    5:     0x587723e5a0d0 - test[aada8e7e76ba119b]::test_main_inner::{closure#0}
[INFO] [stdout]    6:     0x587724138be2 - std[617be2ca0a6fd877]::panicking::panic_with_hook
[INFO] [stdout]    7:     0x58772411a4b2 - std[617be2ca0a6fd877]::panicking::panic_handler::{closure#0}
[INFO] [stdout]    8:     0x5877241128e9 - std[617be2ca0a6fd877]::sys::backtrace::__rust_end_short_backtrace::<std[617be2ca0a6fd877]::panicking::panic_handler::{closure#0}, !>
[INFO] [stdout]    9:     0x58772411b1cd - __rustc[ea4f61d10b84890b]::rust_begin_unwind
[INFO] [stdout]   10:     0x58772415aecc - core[a373ad73a504971]::panicking::panic_fmt
[INFO] [stdout]   11:     0x58772415aca2 - core[a373ad73a504971]::result::unwrap_failed
[INFO] [stdout]   12:     0x587723e4904a - <kmdbook_driver[bbd1784fb48de1cf]::builtin_preprocessors::cmd::tests::round_trip_write_and_parse_input::{closure#0} as core[a373ad73a504971]::ops::function::FnOnce<()>>::call_once
[INFO] [stdout]   13:     0x587723e4d51b - test[aada8e7e76ba119b]::__rust_begin_short_backtrace::<core[a373ad73a504971]::result::Result<(), alloc[2e1b2a31b91974c5]::string::String>, fn() -> core[a373ad73a504971]::result::Result<(), alloc[2e1b2a31b91974c5]::string::String>>
[INFO] [stdout]   14:     0x587723e5a6f5 - test[aada8e7e76ba119b]::run_test::{closure#0}
[INFO] [stdout]   15:     0x587723e53fe4 - std[617be2ca0a6fd877]::sys::backtrace::__rust_begin_short_backtrace::<test[aada8e7e76ba119b]::run_test::{closure#1}, ()>
[INFO] [stdout]   16:     0x587723e5d782 - <std[617be2ca0a6fd877]::thread::lifecycle::spawn_unchecked<test[aada8e7e76ba119b]::run_test::{closure#1}, ()>::{closure#1} as core[a373ad73a504971]::ops::function::FnOnce<()>>::call_once::{shim:vtable#0}
[INFO] [stdout]   17:     0x58772414134f - <std[617be2ca0a6fd877]::sys::thread::unix::Thread>::new::thread_start
[INFO] [stdout]   18:     0x76a16d7dddfa - <unknown>
[INFO] [stdout]   19:     0x76a16d8713d4 - clone
[INFO] [stdout]   20:                0x0 - <unknown>
[INFO] [stdout] 
[INFO] [stdout] 
[INFO] [stdout] failures:
[INFO] [stdout]     builtin_preprocessors::cmd::tests::round_trip_write_and_parse_input
[INFO] [stdout] 
[INFO] [stdout] test result: FAILED. 63 passed; 1 failed; 0 ignored; 0 measured; 0 filtered out; finished in 0.03s
[INFO] [stdout] 
[INFO] [stderr] error: test failed, to rerun pass `--lib`
[INFO] running `Command { std: "docker" "inspect" "f37fba8bd104f190f4c6c1a141257ef17ff97a29e03709a54d0a73941c680c60", kill_on_drop: false }`
[INFO] running `Command { std: "docker" "rm" "-f" "f37fba8bd104f190f4c6c1a141257ef17ff97a29e03709a54d0a73941c680c60", kill_on_drop: false }`
[INFO] [stdout] f37fba8bd104f190f4c6c1a141257ef17ff97a29e03709a54d0a73941c680c60
