[INFO] fetching crate klattsch-text 0.1.2...
[INFO] testing klattsch-text-0.1.2 against 1.100.0-beta.1+cargoflags=--release for beta-release-1.100-2
[INFO] extracting crate klattsch-text 0.1.2 into /workspace/builds/worker-0-tc2/source
[INFO] started tweaking crates.io crate klattsch-text 0.1.2
[INFO] removed 0 missing examples
[INFO] removed 0 missing tests
[INFO] finished tweaking crates.io crate klattsch-text 0.1.2
[INFO] tweaked toml for crates.io crate klattsch-text 0.1.2 written to /workspace/builds/worker-0-tc2/source/Cargo.toml
[INFO] validating manifest of crates.io crate klattsch-text 0.1.2 on toolchain 1.100.0-beta.1
[INFO] running `Command { std: CARGO_HOME="/workspace/cargo-home" RUSTUP_HOME="/workspace/rustup-home" "/workspace/cargo-home/bin/cargo" "+1.100.0-beta.1" "metadata" "--manifest-path" "Cargo.toml" "--no-deps", kill_on_drop: false }`
[INFO] crate crates.io crate klattsch-text 0.1.2 already has a lockfile, it will not be regenerated
[INFO] running `Command { std: CARGO_HOME="/workspace/cargo-home" RUSTUP_HOME="/workspace/rustup-home" "/workspace/cargo-home/bin/cargo" "+1.100.0-beta.1" "fetch" "--manifest-path" "Cargo.toml", kill_on_drop: false }`
[INFO] running `Command { std: "docker" "create" "-v" "/var/lib/crater-agent-workspace/builds/worker-0-tc2/source:/opt/rustwide/workdir:ro,Z" "-v" "/var/lib/crater-agent-workspace/builds/worker-0-tc2/target:/opt/rustwide/target:rw,Z" "-v" "/var/lib/crater-agent-workspace/cargo-home:/opt/rustwide/cargo-home:ro,Z" "-v" "/var/lib/crater-agent-workspace/rustup-home:/opt/rustwide/rustup-home:ro,Z" "-m" "1610612736" "--network" "none" "ghcr.io/rust-lang/crates-build-env/linux@sha256:77db811e55d90add9212f6832c23229e3de5f1c1f9905e8cb07319ea15df73ac" "sleep" "infinity", kill_on_drop: false }`
[INFO] [stdout] 965a2e0deca65be461ee1b4b5610b26a8e0a780e07f5a15c190b5fc3f950c0b8
[INFO] running `Command { std: "docker" "start" "965a2e0deca65be461ee1b4b5610b26a8e0a780e07f5a15c190b5fc3f950c0b8", kill_on_drop: false }`
[INFO] running `Command { std: "docker" "inspect" "965a2e0deca65be461ee1b4b5610b26a8e0a780e07f5a15c190b5fc3f950c0b8", kill_on_drop: false }`
[INFO] running `Command { std: "docker" "exec" "-e" "SOURCE_DIR=/opt/rustwide/workdir" "-e" "CARGO_HOME=/opt/rustwide/cargo-home" "-e" "RUSTUP_HOME=/opt/rustwide/rustup-home" "-e" "CARGO_TARGET_DIR=/opt/rustwide/target" "-w" "/opt/rustwide/workdir" "--user" "0:0" "965a2e0deca65be461ee1b4b5610b26a8e0a780e07f5a15c190b5fc3f950c0b8" "/opt/rustwide/cargo-home/bin/cargo" "+1.100.0-beta.1" "metadata" "--no-deps" "--format-version=1", kill_on_drop: false }`
[INFO] running `Command { std: "docker" "inspect" "965a2e0deca65be461ee1b4b5610b26a8e0a780e07f5a15c190b5fc3f950c0b8", kill_on_drop: false }`
[INFO] running `Command { std: "docker" "exec" "-e" "SOURCE_DIR=/opt/rustwide/workdir" "-e" "CARGO_HOME=/opt/rustwide/cargo-home" "-e" "RUSTUP_HOME=/opt/rustwide/rustup-home" "-e" "CARGO_TARGET_DIR=/opt/rustwide/target" "-e" "CARGO_INCREMENTAL=0" "-e" "RUST_BACKTRACE=full" "-e" "RUSTFLAGS=--cap-lints=warn" "-e" "RUSTDOCFLAGS=--cap-lints=warn" "-w" "/opt/rustwide/workdir" "--user" "0:0" "965a2e0deca65be461ee1b4b5610b26a8e0a780e07f5a15c190b5fc3f950c0b8" "/opt/rustwide/cargo-home/bin/cargo" "+1.100.0-beta.1" "build" "--frozen" "--message-format=json" "--release", kill_on_drop: false }`
[INFO] [stderr]    Compiling tinyvec_macros v0.1.1
[INFO] [stderr]    Compiling klattsch-core v0.1.2
[INFO] [stderr]    Compiling tinyvec v1.12.0
[INFO] [stderr]    Compiling unicode-normalization v0.1.25
[INFO] [stderr]    Compiling klattsch-text v0.1.2 (/opt/rustwide/workdir)
[INFO] [stderr]     Finished `release` profile [optimized] target(s) in 3.67s
[INFO] running `Command { std: "docker" "inspect" "965a2e0deca65be461ee1b4b5610b26a8e0a780e07f5a15c190b5fc3f950c0b8", kill_on_drop: false }`
[INFO] running `Command { std: "docker" "exec" "-e" "SOURCE_DIR=/opt/rustwide/workdir" "-e" "CARGO_HOME=/opt/rustwide/cargo-home" "-e" "RUSTUP_HOME=/opt/rustwide/rustup-home" "-e" "CARGO_TARGET_DIR=/opt/rustwide/target" "-e" "CARGO_INCREMENTAL=0" "-e" "RUST_BACKTRACE=full" "-e" "RUSTFLAGS=--cap-lints=warn" "-e" "RUSTDOCFLAGS=--cap-lints=warn" "-w" "/opt/rustwide/workdir" "--user" "0:0" "965a2e0deca65be461ee1b4b5610b26a8e0a780e07f5a15c190b5fc3f950c0b8" "/opt/rustwide/cargo-home/bin/cargo" "+1.100.0-beta.1" "test" "--frozen" "--no-run" "--message-format=json" "--release", kill_on_drop: false }`
[INFO] [stderr]    Compiling proc-macro2 v1.0.107
[INFO] [stderr]    Compiling quote v1.0.47
[INFO] [stderr]    Compiling serde_core v1.0.229
[INFO] [stderr]    Compiling zmij v1.0.23
[INFO] [stderr]    Compiling serde v1.0.229
[INFO] [stderr]    Compiling serde_json v1.0.151
[INFO] [stderr]    Compiling memchr v2.8.3
[INFO] [stderr]    Compiling syn v3.0.3
[INFO] [stderr]    Compiling serde_derive v1.0.229
[INFO] [stderr]    Compiling klattsch-text v0.1.2 (/opt/rustwide/workdir)
[INFO] [stderr]     Finished `release` profile [optimized] target(s) in 18.36s
[INFO] running `Command { std: "docker" "inspect" "965a2e0deca65be461ee1b4b5610b26a8e0a780e07f5a15c190b5fc3f950c0b8", kill_on_drop: false }`
[INFO] running `Command { std: "docker" "exec" "-e" "SOURCE_DIR=/opt/rustwide/workdir" "-e" "CARGO_HOME=/opt/rustwide/cargo-home" "-e" "RUSTUP_HOME=/opt/rustwide/rustup-home" "-e" "CARGO_TARGET_DIR=/opt/rustwide/target" "-e" "CARGO_INCREMENTAL=0" "-e" "RUST_BACKTRACE=full" "-e" "RUSTFLAGS=--cap-lints=warn" "-e" "RUSTDOCFLAGS=--cap-lints=warn" "-w" "/opt/rustwide/workdir" "--user" "0:0" "965a2e0deca65be461ee1b4b5610b26a8e0a780e07f5a15c190b5fc3f950c0b8" "/opt/rustwide/cargo-home/bin/cargo" "+1.100.0-beta.1" "test" "--frozen" "--release", kill_on_drop: false }`
[INFO] [stderr]     Finished `release` profile [optimized] target(s) in 0.05s
[INFO] [stderr]      Running unittests src/lib.rs (/opt/rustwide/target/release/build/klattsch-text/b2d45c5dc98f16e4/out/klattsch_text-b2d45c5dc98f16e4)
[INFO] [stdout] 
[INFO] [stdout] running 31 tests
[INFO] [stdout] test compile::tests::hello_compiles_to_some_events ... ok
[INFO] [stdout] test compile::tests::unmatched_close_paren_errors ... ok
[INFO] [stdout] test compile::tests::directive_changes_pitch ... ok
[INFO] [stdout] test compile::tests::empty_input_produces_only_trailing_silence ... ok
[INFO] [stdout] test compile::tests::pitch_directive_relative ... ok
[INFO] [stdout] test compile::tests::syllable_groups_compress_to_one_slot ... ok
[INFO] [stdout] test compile::tests::unclosed_open_paren_warns_and_flushes ... ok
[INFO] [stdout] test compile::tests::unknown_phoneme_warns ... ok
[INFO] [stdout] test compile::tests::note_directive_sets_pitch ... ok
[INFO] [stdout] test tokenize::tests::note_to_hz_c4_middle_c ... ok
[INFO] [stdout] test tokenize::tests::tokenize_bare_letter_is_reset ... ok
[INFO] [stdout] test normalize::tests::ascii_passes_through ... ok
[INFO] [stdout] test normalize::tests::folds_cyrillic_lookalikes ... ok
[INFO] [stdout] test normalize::tests::nfkc_normalizes_compat_chars ... ok
[INFO] [stdout] test normalize::tests::strips_zero_width_joiner ... ok
[INFO] [stdout] test tokenize::tests::note_to_hz_a4 ... ok
[INFO] [stdout] test tokenize::tests::note_to_hz_with_accidentals ... ok
[INFO] [stdout] test tokenize::tests::tokenize_bare_p_is_dropped ... ok
[INFO] [stdout] test tokenize::tests::tokenize_phoneme_transient_delta ... ok
[INFO] [stdout] test tokenize::tests::tokenize_relative_directive ... ok
[INFO] [stdout] test tokenize::tests::tokenize_phoneme_sticky_delta ... ok
[INFO] [stdout] test tokenize::tests::tokenize_directives ... ok
[INFO] [stdout] test tokenize::tests::tokenize_explicit_equals_directive_is_absolute ... ok
[INFO] [stdout] test tokenize::tests::tokenize_note_directive ... ok
[INFO] [stdout] test tokenize::tests::tokenize_pause_punctuation ... ok
[INFO] [stdout] test tokenize::tests::tokenize_simple_phonemes ... ok
[INFO] [stdout] test tokenize::tests::tokenize_skips_line_comment ... ok
[INFO] [stdout] test tokenize::tests::tokenize_stress_mark_attaches_to_previous ... ok
[INFO] [stdout] test tokenize::tests::tokenize_syllable_grouping ... ok
[INFO] [stdout] test tokenize::tests::tokenize_unknown_emits_unknown_token ... ok
[INFO] [stdout] test tokenize::tests::tokenize_skips_block_comment ... ok
[INFO] [stdout] 
[INFO] [stdout] test result: ok. 31 passed; 0 failed; 0 ignored; 0 measured; 0 filtered out; finished in 0.01s
[INFO] [stdout] 
[INFO] [stderr]      Running tests/bank_compile.rs (/opt/rustwide/target/release/build/klattsch-text/e01975a7e96f35c8/out/bank_compile-e01975a7e96f35c8)
[INFO] [stdout] 
[INFO] [stdout] running 4 tests
[INFO] [stdout] test a_bank_drives_the_compiler ... ok
[INFO] [stdout] test japanese_phonemes_only_resolve_in_a_japanese_bank ... ok
[INFO] [stdout] test the_english_bank_matches_the_built_in_table ... ok
[INFO] [stderr]      Running tests/parity.rs (/opt/rustwide/target/release/build/klattsch-text/fd60e6ce09c34604/out/parity-fd60e6ce09c34604)
[INFO] [stdout] test the_two_japanese_tunings_render_differently ... ok
[INFO] [stdout] 
[INFO] [stdout] test result: ok. 4 passed; 0 failed; 0 ignored; 0 measured; 0 filtered out; finished in 0.06s
[INFO] [stdout] 
[INFO] [stdout] 
[INFO] [stdout] running 1 test
[INFO] [stdout] test parity_with_js_goldens ... FAILED
[INFO] [stdout] 
[INFO] [stdout] failures:
[INFO] [stdout] 
[INFO] [stdout] ---- parity_with_js_goldens stdout ----
[INFO] [stdout] 
[INFO] [stdout] thread 'parity_with_js_goldens' (588) panicked at tests/parity.rs:100:29:
[INFO] [stdout] read manifest /opt/rustwide/workdir/../../tests/golden/manifest.json: No such file or directory (os error 2)
[INFO] [stdout] stack backtrace:
[INFO] [stdout]    0:     0x620c55fcd081 - <<std[617be2ca0a6fd877]::sys::backtrace::BacktraceLock>::print::DisplayBacktrace as core[a373ad73a504971]::fmt::Display>::fmt
[INFO] [stdout]    1:     0x620c55fe262a - core[a373ad73a504971]::fmt::write
[INFO] [stdout]    2:     0x620c55fd12bc - <alloc[2e1b2a31b91974c5]::vec::Vec<u8> as core[a373ad73a504971]::io::write::Write>::write_fmt
[INFO] [stdout]    3:     0x620c55fa8ce6 - std[617be2ca0a6fd877]::panicking::default_hook::{closure#0}
[INFO] [stdout]    4:     0x620c55fc50a9 - std[617be2ca0a6fd877]::panicking::default_hook
[INFO] [stdout]    5:     0x620c55f55d00 - test[aada8e7e76ba119b]::test_main_inner::{closure#0}
[INFO] [stdout]    6:     0x620c55fc5262 - std[617be2ca0a6fd877]::panicking::panic_with_hook
[INFO] [stdout]    7:     0x620c55fa8d92 - std[617be2ca0a6fd877]::panicking::panic_handler::{closure#0}
[INFO] [stdout]    8:     0x620c55fa1919 - std[617be2ca0a6fd877]::sys::backtrace::__rust_end_short_backtrace::<std[617be2ca0a6fd877]::panicking::panic_handler::{closure#0}, !>
[INFO] [stdout]    9:     0x620c55fa999d - __rustc[ea4f61d10b84890b]::rust_begin_unwind
[INFO] [stdout]   10:     0x620c55fe2d5c - core[a373ad73a504971]::panicking::panic_fmt
[INFO] [stdout]   11:     0x620c55f3f739 - parity[48646f26089f7039]::parity_with_js_goldens::{closure#0}
[INFO] [stdout]   12:     0x620c55f40f9e - <parity[48646f26089f7039]::parity_with_js_goldens::{closure#0} as core[a373ad73a504971]::ops::function::FnOnce<()>>::call_once
[INFO] [stdout]   13:     0x620c55f4914b - test[aada8e7e76ba119b]::__rust_begin_short_backtrace::<core[a373ad73a504971]::result::Result<(), alloc[2e1b2a31b91974c5]::string::String>, fn() -> core[a373ad73a504971]::result::Result<(), alloc[2e1b2a31b91974c5]::string::String>>
[INFO] [stdout]   14:     0x620c55f56325 - test[aada8e7e76ba119b]::run_test::{closure#0}
[INFO] [stdout]   15:     0x620c55f4fc14 - std[617be2ca0a6fd877]::sys::backtrace::__rust_begin_short_backtrace::<test[aada8e7e76ba119b]::run_test::{closure#1}, ()>
[INFO] [stdout]   16:     0x620c55f593b2 - <std[617be2ca0a6fd877]::thread::lifecycle::spawn_unchecked<test[aada8e7e76ba119b]::run_test::{closure#1}, ()>::{closure#1} as core[a373ad73a504971]::ops::function::FnOnce<()>>::call_once::{shim:vtable#0}
[INFO] [stdout]   17:     0x620c55fcc26f - <std[617be2ca0a6fd877]::sys::thread::unix::Thread>::new::thread_start
[INFO] [stdout]   18:     0x702f7269edfa - <unknown>
[INFO] [stdout]   19:     0x702f727323d4 - clone
[INFO] [stdout]   20:                0x0 - <unknown>
[INFO] [stdout] 
[INFO] [stdout] 
[INFO] [stdout] failures:
[INFO] [stdout]     parity_with_js_goldens
[INFO] [stdout] 
[INFO] [stdout] test result: FAILED. 0 passed; 1 failed; 0 ignored; 0 measured; 0 filtered out; finished in 0.00s
[INFO] [stdout] 
[INFO] [stderr] error: test failed, to rerun pass `--test parity`
[INFO] running `Command { std: "docker" "inspect" "965a2e0deca65be461ee1b4b5610b26a8e0a780e07f5a15c190b5fc3f950c0b8", kill_on_drop: false }`
[INFO] running `Command { std: "docker" "rm" "-f" "965a2e0deca65be461ee1b4b5610b26a8e0a780e07f5a15c190b5fc3f950c0b8", kill_on_drop: false }`
[INFO] [stdout] 965a2e0deca65be461ee1b4b5610b26a8e0a780e07f5a15c190b5fc3f950c0b8
