[INFO] fetching crate kiwi-keymapper 0.4.3...
[INFO] testing kiwi-keymapper-0.4.3 against 1.99.0-beta.8+cargoflags=--release for beta-release-1.100-2
[INFO] extracting crate kiwi-keymapper 0.4.3 into /workspace/builds/worker-3-tc1/source
[INFO] started tweaking crates.io crate kiwi-keymapper 0.4.3
[INFO] removed 0 missing tests
[INFO] finished tweaking crates.io crate kiwi-keymapper 0.4.3
[INFO] tweaked toml for crates.io crate kiwi-keymapper 0.4.3 written to /workspace/builds/worker-3-tc1/source/Cargo.toml
[INFO] validating manifest of crates.io crate kiwi-keymapper 0.4.3 on toolchain 1.99.0-beta.8
[INFO] running `Command { std: CARGO_HOME="/workspace/cargo-home" RUSTUP_HOME="/workspace/rustup-home" "/workspace/cargo-home/bin/cargo" "+1.99.0-beta.8" "metadata" "--manifest-path" "Cargo.toml" "--no-deps", kill_on_drop: false }`
[INFO] crate crates.io crate kiwi-keymapper 0.4.3 already has a lockfile, it will not be regenerated
[INFO] running `Command { std: CARGO_HOME="/workspace/cargo-home" RUSTUP_HOME="/workspace/rustup-home" "/workspace/cargo-home/bin/cargo" "+1.99.0-beta.8" "fetch" "--manifest-path" "Cargo.toml", kill_on_drop: false }`
[INFO] [stderr]  Downloading crates ...
[INFO] [stderr]   Downloaded core-graphics v0.25.0
[INFO] [stderr]   Downloaded indexmap v2.14.1
[INFO] [stderr]   Downloaded libredox v0.1.21
[INFO] [stderr]   Downloaded core-graphics-types v0.2.0
[INFO] [stderr]   Downloaded clap_derive v4.6.4
[INFO] running `Command { std: "docker" "create" "-v" "/var/lib/crater-agent-workspace/builds/worker-3-tc1/source:/opt/rustwide/workdir:ro,Z" "-v" "/var/lib/crater-agent-workspace/builds/worker-3-tc1/target:/opt/rustwide/target:rw,Z" "-v" "/var/lib/crater-agent-workspace/cargo-home:/opt/rustwide/cargo-home:ro,Z" "-v" "/var/lib/crater-agent-workspace/rustup-home:/opt/rustwide/rustup-home:ro,Z" "-m" "1610612736" "--network" "none" "ghcr.io/rust-lang/crates-build-env/linux@sha256:77db811e55d90add9212f6832c23229e3de5f1c1f9905e8cb07319ea15df73ac" "sleep" "infinity", kill_on_drop: false }`
[INFO] [stdout] 79af4e8f5c0997ccd8dad9f6edda236c0df62148223d4a66ff99f5c60626def1
[INFO] running `Command { std: "docker" "start" "79af4e8f5c0997ccd8dad9f6edda236c0df62148223d4a66ff99f5c60626def1", kill_on_drop: false }`
[INFO] running `Command { std: "docker" "inspect" "79af4e8f5c0997ccd8dad9f6edda236c0df62148223d4a66ff99f5c60626def1", kill_on_drop: false }`
[INFO] running `Command { std: "docker" "exec" "-e" "SOURCE_DIR=/opt/rustwide/workdir" "-e" "CARGO_HOME=/opt/rustwide/cargo-home" "-e" "RUSTUP_HOME=/opt/rustwide/rustup-home" "-e" "CARGO_TARGET_DIR=/opt/rustwide/target" "-w" "/opt/rustwide/workdir" "--user" "0:0" "79af4e8f5c0997ccd8dad9f6edda236c0df62148223d4a66ff99f5c60626def1" "/opt/rustwide/cargo-home/bin/cargo" "+1.99.0-beta.8" "metadata" "--no-deps" "--format-version=1", kill_on_drop: false }`
[INFO] running `Command { std: "docker" "inspect" "79af4e8f5c0997ccd8dad9f6edda236c0df62148223d4a66ff99f5c60626def1", kill_on_drop: false }`
[INFO] running `Command { std: "docker" "exec" "-e" "SOURCE_DIR=/opt/rustwide/workdir" "-e" "CARGO_HOME=/opt/rustwide/cargo-home" "-e" "RUSTUP_HOME=/opt/rustwide/rustup-home" "-e" "CARGO_TARGET_DIR=/opt/rustwide/target" "-e" "CARGO_INCREMENTAL=0" "-e" "RUST_BACKTRACE=full" "-e" "RUSTFLAGS=--cap-lints=warn" "-e" "RUSTDOCFLAGS=--cap-lints=warn" "-w" "/opt/rustwide/workdir" "--user" "0:0" "79af4e8f5c0997ccd8dad9f6edda236c0df62148223d4a66ff99f5c60626def1" "/opt/rustwide/cargo-home/bin/cargo" "+1.99.0-beta.8" "build" "--frozen" "--message-format=json" "--release", kill_on_drop: false }`
[INFO] [stderr]    Compiling proc-macro2 v1.0.107
[INFO] [stderr]    Compiling quote v1.0.47
[INFO] [stderr]    Compiling serde_core v1.0.229
[INFO] [stderr]    Compiling unicode-ident v1.0.24
[INFO] [stderr]    Compiling utf8parse v0.2.2
[INFO] [stderr]    Compiling libc v0.2.189
[INFO] [stderr]    Compiling is_terminal_polyfill v1.70.2
[INFO] [stderr]    Compiling colorchoice v1.0.5
[INFO] [stderr]    Compiling anstyle-query v1.1.5
[INFO] [stderr]    Compiling anstyle v1.0.14
[INFO] [stderr]    Compiling zmij v1.0.23
[INFO] [stderr]    Compiling heck v0.5.0
[INFO] [stderr]    Compiling option-ext v0.2.0
[INFO] [stderr]    Compiling serde_json v1.0.151
[INFO] [stderr]    Compiling winnow v1.0.4
[INFO] [stderr]    Compiling anyhow v1.0.104
[INFO] [stderr]    Compiling anstyle-parse v1.0.0
[INFO] [stderr]    Compiling serde v1.0.229
[INFO] [stderr]    Compiling strsim v0.11.1
[INFO] [stderr]    Compiling clap_lex v1.1.0
[INFO] [stderr]    Compiling memchr v2.8.3
[INFO] [stderr]    Compiling toml_writer v1.1.2+spec-1.1.0
[INFO] [stderr]    Compiling itoa v1.0.18
[INFO] [stderr]    Compiling anstream v1.0.0
[INFO] [stderr]    Compiling toml_parser v1.1.3+spec-1.1.0
[INFO] [stderr]    Compiling clap_builder v4.6.6
[INFO] [stderr]    Compiling syn v3.0.4
[INFO] [stderr]    Compiling dirs-sys v0.5.0
[INFO] [stderr]    Compiling dirs v6.0.0
[INFO] [stderr]    Compiling serde_spanned v1.1.1
[INFO] [stderr]    Compiling toml_datetime v1.1.1+spec-1.1.0
[INFO] [stderr]    Compiling toml v1.1.4+spec-1.1.0
[INFO] [stderr]    Compiling clap_derive v4.6.4
[INFO] [stderr]    Compiling serde_derive v1.0.229
[INFO] [stderr]    Compiling clap v4.6.6
[INFO] [stderr]    Compiling kiwi-keymapper v0.4.3 (/opt/rustwide/workdir)
[INFO] [stdout] warning: methods `cheatsheet` and `feedback_policy` are never used
[INFO] [stdout]   --> src/engine.rs:87:19
[INFO] [stdout]    |
[INFO] [stdout] 44 | impl Engine {
[INFO] [stdout]    | ----------- methods in this implementation
[INFO] [stdout] ...
[INFO] [stdout] 87 |     pub(crate) fn cheatsheet(&self) -> Option<(Arc<[BindingSummary]>, u64)> {
[INFO] [stdout]    |                   ^^^^^^^^^^
[INFO] [stdout] ...
[INFO] [stdout] 96 |     pub(crate) fn feedback_policy(&self) -> FeedbackPolicy {
[INFO] [stdout]    |                   ^^^^^^^^^^^^^^^
[INFO] [stdout]    |
[INFO] [stdout]    = note: `#[warn(dead_code)]` (part of `#[warn(unused)]`) on by default
[INFO] [stdout] 
[INFO] [stdout] 
[INFO] [stdout] warning: associated function `from_static` is never used
[INFO] [stdout]   --> src/key.rs:13:19
[INFO] [stdout]    |
[INFO] [stdout]  8 | impl Key {
[INFO] [stdout]    | -------- associated function in this implementation
[INFO] [stdout] ...
[INFO] [stdout] 13 |     pub(crate) fn from_static(value: &'static str) -> Option<Self> {
[INFO] [stdout]    |                   ^^^^^^^^^^^
[INFO] [stdout] 
[INFO] [stdout] 
[INFO] [stderr]     Finished `release` profile [optimized] target(s) in 24.30s
[INFO] running `Command { std: "docker" "inspect" "79af4e8f5c0997ccd8dad9f6edda236c0df62148223d4a66ff99f5c60626def1", kill_on_drop: false }`
[INFO] running `Command { std: "docker" "exec" "-e" "SOURCE_DIR=/opt/rustwide/workdir" "-e" "CARGO_HOME=/opt/rustwide/cargo-home" "-e" "RUSTUP_HOME=/opt/rustwide/rustup-home" "-e" "CARGO_TARGET_DIR=/opt/rustwide/target" "-e" "CARGO_INCREMENTAL=0" "-e" "RUST_BACKTRACE=full" "-e" "RUSTFLAGS=--cap-lints=warn" "-e" "RUSTDOCFLAGS=--cap-lints=warn" "-w" "/opt/rustwide/workdir" "--user" "0:0" "79af4e8f5c0997ccd8dad9f6edda236c0df62148223d4a66ff99f5c60626def1" "/opt/rustwide/cargo-home/bin/cargo" "+1.99.0-beta.8" "test" "--frozen" "--no-run" "--message-format=json" "--release", kill_on_drop: false }`
[INFO] [stderr]    Compiling serde_core v1.0.229
[INFO] [stderr]    Compiling utf8parse v0.2.2
[INFO] [stderr]    Compiling anstyle v1.0.14
[INFO] [stderr]    Compiling is_terminal_polyfill v1.70.2
[INFO] [stderr]    Compiling colorchoice v1.0.5
[INFO] [stderr]    Compiling anstyle-query v1.1.5
[INFO] [stderr]    Compiling option-ext v0.2.0
[INFO] [stderr]    Compiling strsim v0.11.1
[INFO] [stderr]    Compiling libc v0.2.189
[INFO] [stderr]    Compiling clap_lex v1.1.0
[INFO] [stderr]    Compiling winnow v1.0.4
[INFO] [stderr]    Compiling zmij v1.0.23
[INFO] [stderr]    Compiling itoa v1.0.18
[INFO] [stderr]    Compiling memchr v2.8.3
[INFO] [stderr]    Compiling toml_writer v1.1.2+spec-1.1.0
[INFO] [stderr]    Compiling anyhow v1.0.104
[INFO] [stdout] warning: methods `cheatsheet` and `feedback_policy` are never used
[INFO] [stdout]   --> src/engine.rs:87:19
[INFO] [stdout]    |
[INFO] [stdout] 44 | impl Engine {
[INFO] [stdout]    | ----------- methods in this implementation
[INFO] [stdout] ...
[INFO] [stdout] 87 |     pub(crate) fn cheatsheet(&self) -> Option<(Arc<[BindingSummary]>, u64)> {
[INFO] [stdout]    |                   ^^^^^^^^^^
[INFO] [stdout] ...
[INFO] [stdout] 96 |     pub(crate) fn feedback_policy(&self) -> FeedbackPolicy {
[INFO] [stdout]    |                   ^^^^^^^^^^^^^^^
[INFO] [stdout]    |
[INFO] [stdout]    = note: `#[warn(dead_code)]` (part of `#[warn(unused)]`) on by default
[INFO] [stdout] 
[INFO] [stdout] 
[INFO] [stdout] warning: associated function `from_static` is never used
[INFO] [stdout]   --> src/key.rs:13:19
[INFO] [stdout]    |
[INFO] [stdout]  8 | impl Key {
[INFO] [stdout]    | -------- associated function in this implementation
[INFO] [stdout] ...
[INFO] [stdout] 13 |     pub(crate) fn from_static(value: &'static str) -> Option<Self> {
[INFO] [stdout]    |                   ^^^^^^^^^^^
[INFO] [stdout] 
[INFO] [stdout] 
[INFO] [stderr]    Compiling anstyle-parse v1.0.0
[INFO] [stderr]    Compiling anstream v1.0.0
[INFO] [stderr]    Compiling clap_builder v4.6.6
[INFO] [stderr]    Compiling toml_parser v1.1.3+spec-1.1.0
[INFO] [stderr]    Compiling dirs-sys v0.5.0
[INFO] [stderr]    Compiling dirs v6.0.0
[INFO] [stderr]    Compiling clap v4.6.6
[INFO] [stderr]    Compiling toml_datetime v1.1.1+spec-1.1.0
[INFO] [stderr]    Compiling serde_spanned v1.1.1
[INFO] [stderr]    Compiling serde v1.0.229
[INFO] [stderr]    Compiling serde_json v1.0.151
[INFO] [stderr]    Compiling toml v1.1.4+spec-1.1.0
[INFO] [stderr]    Compiling kiwi-keymapper v0.4.3 (/opt/rustwide/workdir)
[INFO] [stdout] warning: methods `cheatsheet` and `feedback_policy` are never used
[INFO] [stdout]   --> src/engine.rs:87:19
[INFO] [stdout]    |
[INFO] [stdout] 44 | impl Engine {
[INFO] [stdout]    | ----------- methods in this implementation
[INFO] [stdout] ...
[INFO] [stdout] 87 |     pub(crate) fn cheatsheet(&self) -> Option<(Arc<[BindingSummary]>, u64)> {
[INFO] [stdout]    |                   ^^^^^^^^^^
[INFO] [stdout] ...
[INFO] [stdout] 96 |     pub(crate) fn feedback_policy(&self) -> FeedbackPolicy {
[INFO] [stdout]    |                   ^^^^^^^^^^^^^^^
[INFO] [stdout]    |
[INFO] [stdout]    = note: `#[warn(dead_code)]` (part of `#[warn(unused)]`) on by default
[INFO] [stdout] 
[INFO] [stdout] 
[INFO] [stdout] warning: associated function `from_static` is never used
[INFO] [stdout]   --> src/key.rs:13:19
[INFO] [stdout]    |
[INFO] [stdout]  8 | impl Key {
[INFO] [stdout]    | -------- associated function in this implementation
[INFO] [stdout] ...
[INFO] [stdout] 13 |     pub(crate) fn from_static(value: &'static str) -> Option<Self> {
[INFO] [stdout]    |                   ^^^^^^^^^^^
[INFO] [stdout] 
[INFO] [stdout] 
[INFO] [stdout] warning: methods `cheatsheet` and `feedback_policy` are never used
[INFO] [stdout]   --> src/engine.rs:87:19
[INFO] [stdout]    |
[INFO] [stdout] 44 | impl Engine {
[INFO] [stdout]    | ----------- methods in this implementation
[INFO] [stdout] ...
[INFO] [stdout] 87 |     pub(crate) fn cheatsheet(&self) -> Option<(Arc<[BindingSummary]>, u64)> {
[INFO] [stdout]    |                   ^^^^^^^^^^
[INFO] [stdout] ...
[INFO] [stdout] 96 |     pub(crate) fn feedback_policy(&self) -> FeedbackPolicy {
[INFO] [stdout]    |                   ^^^^^^^^^^^^^^^
[INFO] [stdout]    |
[INFO] [stdout]    = note: `#[warn(dead_code)]` (part of `#[warn(unused)]`) on by default
[INFO] [stdout] 
[INFO] [stdout] 
[INFO] [stdout] warning: associated function `from_static` is never used
[INFO] [stdout]   --> src/key.rs:13:19
[INFO] [stdout]    |
[INFO] [stdout]  8 | impl Key {
[INFO] [stdout]    | -------- associated function in this implementation
[INFO] [stdout] ...
[INFO] [stdout] 13 |     pub(crate) fn from_static(value: &'static str) -> Option<Self> {
[INFO] [stdout]    |                   ^^^^^^^^^^^
[INFO] [stdout] 
[INFO] [stdout] 
[INFO] [stderr]     Finished `release` profile [optimized] target(s) in 1m 04s
[INFO] running `Command { std: "docker" "inspect" "79af4e8f5c0997ccd8dad9f6edda236c0df62148223d4a66ff99f5c60626def1", kill_on_drop: false }`
[INFO] running `Command { std: "docker" "exec" "-e" "SOURCE_DIR=/opt/rustwide/workdir" "-e" "CARGO_HOME=/opt/rustwide/cargo-home" "-e" "RUSTUP_HOME=/opt/rustwide/rustup-home" "-e" "CARGO_TARGET_DIR=/opt/rustwide/target" "-e" "CARGO_INCREMENTAL=0" "-e" "RUST_BACKTRACE=full" "-e" "RUSTFLAGS=--cap-lints=warn" "-e" "RUSTDOCFLAGS=--cap-lints=warn" "-w" "/opt/rustwide/workdir" "--user" "0:0" "79af4e8f5c0997ccd8dad9f6edda236c0df62148223d4a66ff99f5c60626def1" "/opt/rustwide/cargo-home/bin/cargo" "+1.99.0-beta.8" "test" "--frozen" "--release", kill_on_drop: false }`
[INFO] [stderr] warning: methods `cheatsheet` and `feedback_policy` are never used
[INFO] [stderr]   --> src/engine.rs:87:19
[INFO] [stderr]    |
[INFO] [stderr] 44 | impl Engine {
[INFO] [stderr]    | ----------- methods in this implementation
[INFO] [stderr] ...
[INFO] [stderr] 87 |     pub(crate) fn cheatsheet(&self) -> Option<(Arc<[BindingSummary]>, u64)> {
[INFO] [stderr]    |                   ^^^^^^^^^^
[INFO] [stderr] ...
[INFO] [stderr] 96 |     pub(crate) fn feedback_policy(&self) -> FeedbackPolicy {
[INFO] [stderr]    |                   ^^^^^^^^^^^^^^^
[INFO] [stderr]    |
[INFO] [stderr]    = note: `#[warn(dead_code)]` (part of `#[warn(unused)]`) on by default
[INFO] [stderr] 
[INFO] [stderr] warning: associated function `from_static` is never used
[INFO] [stderr]   --> src/key.rs:13:19
[INFO] [stderr]    |
[INFO] [stderr]  8 | impl Key {
[INFO] [stderr]    | -------- associated function in this implementation
[INFO] [stderr] ...
[INFO] [stderr] 13 |     pub(crate) fn from_static(value: &'static str) -> Option<Self> {
[INFO] [stderr]    |                   ^^^^^^^^^^^
[INFO] [stderr] 
[INFO] [stderr] warning: `kiwi-keymapper` (lib) generated 2 warnings
[INFO] [stderr] warning: `kiwi-keymapper` (lib) generated 2 warnings (2 duplicates)
[INFO] [stderr] warning: `kiwi-keymapper` (lib test) generated 2 warnings (2 duplicates)
[INFO] [stderr]     Finished `release` profile [optimized] target(s) in 0.10s
[INFO] [stderr]      Running unittests src/lib.rs (/opt/rustwide/target/release/deps/kiwi_keymapper-c27e51ed4672f78d)
[INFO] [stdout] 
[INFO] [stdout] running 2 tests
[INFO] [stdout] test conflicts::tests::bundled_catalog_is_valid_and_covers_every_required_source ... ok
[INFO] [stderr]      Running unittests src/main.rs (/opt/rustwide/target/release/deps/kiwi-482e180bad196b8c)
[INFO] [stdout] test conflicts::tests::generic_catalog_modifier_matches_either_physical_side ... ok
[INFO] [stdout] 
[INFO] [stdout] test result: ok. 2 passed; 0 failed; 0 ignored; 0 measured; 0 filtered out; finished in 0.00s
[INFO] [stdout] 
[INFO] [stdout] 
[INFO] [stdout] running 0 tests
[INFO] [stdout] 
[INFO] [stdout] test result: ok. 0 passed; 0 failed; 0 ignored; 0 measured; 0 filtered out; finished in 0.00s
[INFO] [stderr]      Running tests/cli.rs (/opt/rustwide/target/release/deps/cli-b4934f8acb6636d6)
[INFO] [stdout] 
[INFO] [stdout] 
[INFO] [stdout] running 21 tests
[INFO] [stdout] test list_conflicts_exits_zero_when_there_are_no_hits ... FAILED
[INFO] [stdout] test help_uses_the_kiwi_command_name ... FAILED
[INFO] [stdout] test json_list_conflicts_adds_a_stable_conflicts_array_to_the_list_object ... FAILED
[INFO] [stdout] test hidden_cheatsheet_helper_rejects_invalid_structured_input_without_opening_a_window ... FAILED
[INFO] [stdout] test shipped_default_config_is_valid_and_matches_the_migration_example ... ok
[INFO] [stdout] test help_exposes_the_list_command ... FAILED
[INFO] [stdout] test list_json_prints_stable_config_and_enabled_bindings ... FAILED
[INFO] [stdout] test list_prints_enabled_shortcuts_as_an_aligned_table ... FAILED
[INFO] [stdout] test default_config_path_is_dotfiles_friendly_on_macos ... FAILED
[INFO] [stdout] test list_help_documents_the_conflicts_flag ... FAILED
[INFO] [stdout] test help_exposes_start_and_stop_commands ... FAILED
[INFO] [stdout] test help_exposes_the_listen_command ... FAILED
[INFO] [stdout] test conflict_text_and_json_distinguish_app_behavior ... FAILED
[INFO] [stdout] test hidden_cheatsheet_helper_parses_but_is_not_advertised ... FAILED
[INFO] [stdout] test json_list_conflicts_reports_an_empty_array_and_exits_zero_without_hits ... FAILED
[INFO] [stdout] test list_conflicts_matches_side_specific_physical_binding ... FAILED
[INFO] [stdout] test list_conflicts_prints_an_aligned_table_and_exits_one ... FAILED
[INFO] [stdout] test list_text_and_json_distinguish_app_behaviors ... FAILED
[INFO] [stdout] test validate_command_checks_the_selected_config ... FAILED
[INFO] [stdout] test validate_rejects_cheatsheet_with_more_than_64_enabled_hyper_bindings ... FAILED
[INFO] [stdout] test ordinary_json_list_does_not_add_conflicts_array ... FAILED
[INFO] [stdout] 
[INFO] [stdout] failures:
[INFO] [stdout] 
[INFO] [stdout] ---- list_conflicts_exits_zero_when_there_are_no_hits stdout ----
[INFO] [stdout] 
[INFO] [stdout] thread 'list_conflicts_exits_zero_when_there_are_no_hits' (1408) panicked at tests/cli.rs:397:5:
[INFO] [stdout] assertion failed: output.status.success()
[INFO] [stdout] stack backtrace:
[INFO] [stdout]    0:     0x6491e2036216 - <unknown>
[INFO] [stdout]    1:     0x6491e1fbfd0a - <unknown>
[INFO] [stdout]    2:     0x6491e203bc0c - <unknown>
[INFO] [stdout]    3:     0x6491e2012aa2 - <unknown>
[INFO] [stdout]    4:     0x6491e202ea51 - <unknown>
[INFO] [stdout]    5:     0x6491e202ec32 - <unknown>
[INFO] [stdout]    6:     0x6491e2012b84 - <unknown>
[INFO] [stdout]    7:     0x6491e200b3d9 - <unknown>
[INFO] [stdout]    8:     0x6491e20138ed - <unknown>
[INFO] [stdout]    9:     0x6491e1fc043c - <unknown>
[INFO] [stdout]   10:     0x6491e1fc0402 - <unknown>
[INFO] [stdout]   11:     0x6491e1fb9084 - <unknown>
[INFO] [stdout]   12:     0x6491e203d9cb - <unknown>
[INFO] [stdout]   13:     0x6491e204bb21 - <unknown>
[INFO] [stdout]   14:     0x6491e2045234 - <unknown>
[INFO] [stdout]   15:     0x6491e204f942 - <unknown>
[INFO] [stdout]   16:     0x6491e203585e - <unknown>
[INFO] [stdout]   17:     0x7d1923f7ddfa - <unknown>
[INFO] [stdout]   18:     0x7d19240113d4 - clone
[INFO] [stdout]   19:                0x0 - <unknown>
[INFO] [stdout] 
[INFO] [stdout] ---- help_uses_the_kiwi_command_name stdout ----
[INFO] [stdout] 
[INFO] [stdout] thread 'help_uses_the_kiwi_command_name' (1403) panicked at tests/cli.rs:94:5:
[INFO] [stdout] assertion failed: output.status.success()
[INFO] [stdout] stack backtrace:
[INFO] [stdout]    0:     0x6491e2036216 - <unknown>
[INFO] [stdout]    1:     0x6491e1fbfd0a - <unknown>
[INFO] [stdout]    2:     0x6491e203bc0c - <unknown>
[INFO] [stdout]    3:     0x6491e2012aa2 - <unknown>
[INFO] [stdout]    4:     0x6491e202ea51 - <unknown>
[INFO] [stdout]    5:     0x6491e202ec32 - <unknown>
[INFO] [stdout]    6:     0x6491e2012b84 - <unknown>
[INFO] [stdout]    7:     0x6491e200b3d9 - <unknown>
[INFO] [stdout]    8:     0x6491e20138ed - <unknown>
[INFO] [stdout]    9:     0x6491e1fc043c - <unknown>
[INFO] [stdout]   10:     0x6491e1fc0402 - <unknown>
[INFO] [stdout]   11:     0x6491e1fb6253 - <unknown>
[INFO] [stdout]   12:     0x6491e203d9cb - <unknown>
[INFO] [stdout]   13:     0x6491e204bb21 - <unknown>
[INFO] [stdout]   14:     0x6491e2045234 - <unknown>
[INFO] [stdout]   15:     0x6491e204f942 - <unknown>
[INFO] [stdout]   16:     0x6491e203585e - <unknown>
[INFO] [stdout]   17:     0x7d1923f7ddfa - <unknown>
[INFO] [stdout]   18:     0x7d19240113d4 - clone
[INFO] [stdout]   19:                0x0 - <unknown>
[INFO] [stdout] 
[INFO] [stdout] ---- json_list_conflicts_adds_a_stable_conflicts_array_to_the_list_object stdout ----
[INFO] [stdout] 
[INFO] [stdout] thread 'json_list_conflicts_adds_a_stable_conflicts_array_to_the_list_object' (1406) panicked at tests/cli.rs:421:5:
[INFO] [stdout] assertion failed: output.stderr.is_empty()
[INFO] [stdout] stack backtrace:
[INFO] [stdout]    0:     0x6491e2036216 - <unknown>
[INFO] [stdout]    1:     0x6491e1fbfd0a - <unknown>
[INFO] [stdout]    2:     0x6491e203bc0c - <unknown>
[INFO] [stdout]    3:     0x6491e2012aa2 - <unknown>
[INFO] [stdout]    4:     0x6491e202ea51 - <unknown>
[INFO] [stdout]    5:     0x6491e202ec32 - <unknown>
[INFO] [stdout]    6:     0x6491e2012b84 - <unknown>
[INFO] [stdout]    7:     0x6491e200b3d9 - <unknown>
[INFO] [stdout]    8:     0x6491e20138ed - <unknown>
[INFO] [stdout]    9:     0x6491e1fc043c - <unknown>
[INFO] [stdout]   10:     0x6491e1fc0402 - <unknown>
[INFO] [stdout]   11:     0x6491e1fbb199 - <unknown>
[INFO] [stdout]   12:     0x6491e203d9cb - <unknown>
[INFO] [stdout]   13:     0x6491e204bb21 - <unknown>
[INFO] [stdout]   14:     0x6491e2045234 - <unknown>
[INFO] [stdout]   15:     0x6491e204f942 - <unknown>
[INFO] [stdout]   16:     0x6491e203585e - <unknown>
[INFO] [stdout]   17:     0x7d1923f7ddfa - <unknown>
[INFO] [stdout]   18:     0x7d19240113d4 - clone
[INFO] [stdout]   19:                0x0 - <unknown>
[INFO] [stdout] 
[INFO] [stdout] ---- hidden_cheatsheet_helper_rejects_invalid_structured_input_without_opening_a_window stdout ----
[INFO] [stdout] 
[INFO] [stdout] thread 'hidden_cheatsheet_helper_rejects_invalid_structured_input_without_opening_a_window' (1405) panicked at tests/cli.rs:151:5:
[INFO] [stdout] kiwi only supports macOS
[INFO] [stdout] 
[INFO] [stdout] stack backtrace:
[INFO] [stdout]    0:     0x6491e2036216 - <unknown>
[INFO] [stdout]    1:     0x6491e1fbfd0a - <unknown>
[INFO] [stdout]    2:     0x6491e203bc0c - <unknown>
[INFO] [stdout]    3:     0x6491e2012aa2 - <unknown>
[INFO] [stdout]    4:     0x6491e202ea51 - <unknown>
[INFO] [stdout]    5:     0x6491e202ec32 - <unknown>
[INFO] [stdout]    6:     0x6491e2012b52 - <unknown>
[INFO] [stdout]    7:     0x6491e200b3d9 - <unknown>
[INFO] [stdout]    8:     0x6491e20138ed - <unknown>
[INFO] [stdout]    9:     0x6491e1fc043c - <unknown>
[INFO] [stdout]   10:     0x6491e1fbc282 - <unknown>
[INFO] [stdout]   11:     0x6491e203d9cb - <unknown>
[INFO] [stdout]   12:     0x6491e204bb21 - <unknown>
[INFO] [stdout]   13:     0x6491e2045234 - <unknown>
[INFO] [stdout]   14:     0x6491e204f942 - <unknown>
[INFO] [stdout]   15:     0x6491e203585e - <unknown>
[INFO] [stdout]   16:     0x7d1923f7ddfa - <unknown>
[INFO] [stdout]   17:     0x7d19240113d4 - clone
[INFO] [stdout]   18:                0x0 - <unknown>
[INFO] [stdout] 
[INFO] [stdout] ---- help_exposes_the_list_command stdout ----
[INFO] [stdout] 
[INFO] [stdout] thread 'help_exposes_the_list_command' (1401) panicked at tests/cli.rs:309:5:
[INFO] [stdout] assertion failed: output.status.success()
[INFO] [stdout] stack backtrace:
[INFO] [stdout]    0:     0x6491e2036216 - <unknown>
[INFO] [stdout]    1:     0x6491e1fbfd0a - <unknown>
[INFO] [stdout]    2:     0x6491e203bc0c - <unknown>
[INFO] [stdout]    3:     0x6491e2012aa2 - <unknown>
[INFO] [stdout]    4:     0x6491e202ea51 - <unknown>
[INFO] [stdout]    5:     0x6491e202ec32 - <unknown>
[INFO] [stdout]    6:     0x6491e2012b84 - <unknown>
[INFO] [stdout]    7:     0x6491e200b3d9 - <unknown>
[INFO] [stdout]    8:     0x6491e20138ed - <unknown>
[INFO] [stdout]    9:     0x6491e1fc043c - <unknown>
[INFO] [stdout]   10:     0x6491e1fc0402 - <unknown>
[INFO] [stdout]   11:     0x6491e1fb5e05 - <unknown>
[INFO] [stdout]   12:     0x6491e203d9cb - <unknown>
[INFO] [stdout]   13:     0x6491e204bb21 - <unknown>
[INFO] [stdout]   14:     0x6491e2045234 - <unknown>
[INFO] [stdout]   15:     0x6491e204f942 - <unknown>
[INFO] [stdout]   16:     0x6491e203585e - <unknown>
[INFO] [stdout]   17:     0x7d1923f7ddfa - <unknown>
[INFO] [stdout]   18:     0x7d19240113d4 - clone
[INFO] [stdout]   19:                0x0 - <unknown>
[INFO] [stdout] 
[INFO] [stdout] ---- list_json_prints_stable_config_and_enabled_bindings stdout ----
[INFO] [stdout] 
[INFO] [stdout] thread 'list_json_prints_stable_config_and_enabled_bindings' (1412) panicked at tests/cli.rs:234:5:
[INFO] [stdout] kiwi only supports macOS
[INFO] [stdout] 
[INFO] [stdout] stack backtrace:
[INFO] [stdout]    0:     0x6491e2036216 - <unknown>
[INFO] [stdout]    1:     0x6491e1fbfd0a - <unknown>
[INFO] [stdout]    2:     0x6491e203bc0c - <unknown>
[INFO] [stdout]    3:     0x6491e2012aa2 - <unknown>
[INFO] [stdout]    4:     0x6491e202ea51 - <unknown>
[INFO] [stdout]    5:     0x6491e202ec32 - <unknown>
[INFO] [stdout]    6:     0x6491e2012b52 - <unknown>
[INFO] [stdout]    7:     0x6491e200b3d9 - <unknown>
[INFO] [stdout]    8:     0x6491e20138ed - <unknown>
[INFO] [stdout]    9:     0x6491e1fc043c - <unknown>
[INFO] [stdout]   10:     0x6491e1fba049 - <unknown>
[INFO] [stdout]   11:     0x6491e203d9cb - <unknown>
[INFO] [stdout]   12:     0x6491e204bb21 - <unknown>
[INFO] [stdout]   13:     0x6491e2045234 - <unknown>
[INFO] [stdout]   14:     0x6491e204f942 - <unknown>
[INFO] [stdout]   15:     0x6491e203585e - <unknown>
[INFO] [stdout]   16:     0x7d1923f7ddfa - <unknown>
[INFO] [stdout]   17:     0x7d19240113d4 - clone
[INFO] [stdout]   18:                0x0 - <unknown>
[INFO] [stdout] 
[INFO] [stdout] ---- list_prints_enabled_shortcuts_as_an_aligned_table stdout ----
[INFO] [stdout] 
[INFO] [stdout] thread 'list_prints_enabled_shortcuts_as_an_aligned_table' (1413) panicked at tests/cli.rs:180:5:
[INFO] [stdout] assertion failed: output.status.success()
[INFO] [stdout] stack backtrace:
[INFO] [stdout]    0:     0x6491e2036216 - <unknown>
[INFO] [stdout]    1:     0x6491e1fbfd0a - <unknown>
[INFO] [stdout]    2:     0x6491e203bc0c - <unknown>
[INFO] [stdout]    3:     0x6491e2012aa2 - <unknown>
[INFO] [stdout]    4:     0x6491e202ea51 - <unknown>
[INFO] [stdout]    5:     0x6491e202ec32 - <unknown>
[INFO] [stdout]    6:     0x6491e2012b84 - <unknown>
[INFO] [stdout]    7:     0x6491e200b3d9 - <unknown>
[INFO] [stdout]    8:     0x6491e20138ed - <unknown>
[INFO] [stdout]    9:     0x6491e1fc043c - <unknown>
[INFO] [stdout]   10:     0x6491e1fc0402 - <unknown>
[INFO] [stdout]   11:     0x6491e1fb9906 - <unknown>
[INFO] [stdout]   12:     0x6491e203d9cb - <unknown>
[INFO] [stdout]   13:     0x6491e204bb21 - <unknown>
[INFO] [stdout]   14:     0x6491e2045234 - <unknown>
[INFO] [stdout]   15:     0x6491e204f942 - <unknown>
[INFO] [stdout]   16:     0x6491e203585e - <unknown>
[INFO] [stdout]   17:     0x7d1923f7ddfa - <unknown>
[INFO] [stdout]   18:     0x7d19240113d4 - clone
[INFO] [stdout]   19:                0x0 - <unknown>
[INFO] [stdout] 
[INFO] [stdout] ---- default_config_path_is_dotfiles_friendly_on_macos stdout ----
[INFO] [stdout] 
[INFO] [stdout] thread 'default_config_path_is_dotfiles_friendly_on_macos' (1399) panicked at tests/cli.rs:78:5:
[INFO] [stdout] assertion failed: output.status.success()
[INFO] [stdout] stack backtrace:
[INFO] [stdout]    0:     0x6491e2036216 - <unknown>
[INFO] [stdout]    1:     0x6491e1fbfd0a - <unknown>
[INFO] [stdout]    2:     0x6491e203bc0c - <unknown>
[INFO] [stdout]    3:     0x6491e2012aa2 - <unknown>
[INFO] [stdout]    4:     0x6491e202ea51 - <unknown>
[INFO] [stdout]    5:     0x6491e202ec32 - <unknown>
[INFO] [stdout]    6:     0x6491e2012b84 - <unknown>
[INFO] [stdout]    7:     0x6491e200b3d9 - <unknown>
[INFO] [stdout]    8:     0x6491e20138ed - <unknown>
[INFO] [stdout]    9:     0x6491e1fc043c - <unknown>
[INFO] [stdout]   10:     0x6491e1fc0402 - <unknown>
[INFO] [stdout]   11:     0x6491e1fb93b8 - <unknown>
[INFO] [stdout]   12:     0x6491e203d9cb - <unknown>
[INFO] [stdout]   13:     0x6491e204bb21 - <unknown>
[INFO] [stdout]   14:     0x6491e2045234 - <unknown>
[INFO] [stdout]   15:     0x6491e204f942 - <unknown>
[INFO] [stdout]   16:     0x6491e203585e - <unknown>
[INFO] [stdout]   17:     0x7d1923f7ddfa - <unknown>
[INFO] [stdout]   18:     0x7d19240113d4 - clone
[INFO] [stdout]   19:                0x0 - <unknown>
[INFO] [stdout] 
[INFO] [stdout] ---- list_help_documents_the_conflicts_flag stdout ----
[INFO] [stdout] 
[INFO] [stdout] thread 'list_help_documents_the_conflicts_flag' (1411) panicked at tests/cli.rs:520:5:
[INFO] [stdout] assertion failed: output.status.success()
[INFO] [stdout] stack backtrace:
[INFO] [stdout]    0:     0x6491e2036216 - <unknown>
[INFO] [stdout]    1:     0x6491e1fbfd0a - <unknown>
[INFO] [stdout]    2:     0x6491e203bc0c - <unknown>
[INFO] [stdout]    3:     0x6491e2012aa2 - <unknown>
[INFO] [stdout]    4:     0x6491e202ea51 - <unknown>
[INFO] [stdout]    5:     0x6491e202ec32 - <unknown>
[INFO] [stdout]    6:     0x6491e2012b84 - <unknown>
[INFO] [stdout]    7:     0x6491e200b3d9 - <unknown>
[INFO] [stdout]    8:     0x6491e20138ed - <unknown>
[INFO] [stdout]    9:     0x6491e1fc043c - <unknown>
[INFO] [stdout]   10:     0x6491e1fc0402 - <unknown>
[INFO] [stdout]   11:     0x6491e1fb670a - <unknown>
[INFO] [stdout]   12:     0x6491e203d9cb - <unknown>
[INFO] [stdout]   13:     0x6491e204bb21 - <unknown>
[INFO] [stdout]   14:     0x6491e2045234 - <unknown>
[INFO] [stdout]   15:     0x6491e204f942 - <unknown>
[INFO] [stdout]   16:     0x6491e203585e - <unknown>
[INFO] [stdout]   17:     0x7d1923f7ddfa - <unknown>
[INFO] [stdout]   18:     0x7d19240113d4 - clone
[INFO] [stdout]   19:                0x0 - <unknown>
[INFO] [stdout] 
[INFO] [stdout] ---- help_exposes_start_and_stop_commands stdout ----
[INFO] [stdout] 
[INFO] [stdout] thread 'help_exposes_start_and_stop_commands' (1400) panicked at tests/cli.rs:110:5:
[INFO] [stdout] assertion failed: output.status.success()
[INFO] [stdout] stack backtrace:
[INFO] [stdout]    0:     0x6491e2036216 - <unknown>
[INFO] [stdout]    1:     0x6491e1fbfd0a - <unknown>
[INFO] [stdout]    2:     0x6491e203bc0c - <unknown>
[INFO] [stdout]    3:     0x6491e2012aa2 - <unknown>
[INFO] [stdout]    4:     0x6491e202ea51 - <unknown>
[INFO] [stdout]    5:     0x6491e202ec32 - <unknown>
[INFO] [stdout]    6:     0x6491e2012b84 - <unknown>
[INFO] [stdout]    7:     0x6491e200b3d9 - <unknown>
[INFO] [stdout]    8:     0x6491e20138ed - <unknown>
[INFO] [stdout]    9:     0x6491e1fc043c - <unknown>
[INFO] [stdout]   10:     0x6491e1fc0402 - <unknown>
[INFO] [stdout]   11:     0x6491e1fb64dc - <unknown>
[INFO] [stdout]   12:     0x6491e203d9cb - <unknown>
[INFO] [stdout]   13:     0x6491e204bb21 - <unknown>
[INFO] [stdout]   14:     0x6491e2045234 - <unknown>
[INFO] [stdout]   15:     0x6491e204f942 - <unknown>
[INFO] [stdout]   16:     0x6491e203585e - <unknown>
[INFO] [stdout]   17:     0x7d1923f7ddfa - <unknown>
[INFO] [stdout]   18:     0x7d19240113d4 - clone
[INFO] [stdout]   19:                0x0 - <unknown>
[INFO] [stdout] 
[INFO] [stdout] ---- help_exposes_the_listen_command stdout ----
[INFO] [stdout] 
[INFO] [stdout] thread 'help_exposes_the_listen_command' (1402) panicked at tests/cli.rs:321:5:
[INFO] [stdout] assertion failed: output.status.success()
[INFO] [stdout] stack backtrace:
[INFO] [stdout]    0:     0x6491e2036216 - <unknown>
[INFO] [stdout]    1:     0x6491e1fbfd0a - <unknown>
[INFO] [stdout]    2:     0x6491e203bc0c - <unknown>
[INFO] [stdout]    3:     0x6491e2012aa2 - <unknown>
[INFO] [stdout]    4:     0x6491e202ea51 - <unknown>
[INFO] [stdout]    5:     0x6491e202ec32 - <unknown>
[INFO] [stdout]    6:     0x6491e2012b84 - <unknown>
[INFO] [stdout]    7:     0x6491e200b3d9 - <unknown>
[INFO] [stdout]    8:     0x6491e20138ed - <unknown>
[INFO] [stdout]    9:     0x6491e1fc043c - <unknown>
[INFO] [stdout]   10:     0x6491e1fc0402 - <unknown>
[INFO] [stdout]   11:     0x6491e1fb6035 - <unknown>
[INFO] [stdout]   12:     0x6491e203d9cb - <unknown>
[INFO] [stdout]   13:     0x6491e204bb21 - <unknown>
[INFO] [stdout]   14:     0x6491e2045234 - <unknown>
[INFO] [stdout]   15:     0x6491e204f942 - <unknown>
[INFO] [stdout]   16:     0x6491e203585e - <unknown>
[INFO] [stdout]   17:     0x7d1923f7ddfa - <unknown>
[INFO] [stdout]   18:     0x7d19240113d4 - clone
[INFO] [stdout]   19:                0x0 - <unknown>
[INFO] [stdout] 
[INFO] [stdout] ---- conflict_text_and_json_distinguish_app_behavior stdout ----
[INFO] [stdout] 
[INFO] [stdout] thread 'conflict_text_and_json_distinguish_app_behavior' (1398) panicked at tests/cli.rs:486:9:
[INFO] [stdout] assertion failed: String::from_utf8(text.stdout).unwrap().contains(expected)
[INFO] [stdout] stack backtrace:
[INFO] [stdout]    0:     0x6491e2036216 - <unknown>
[INFO] [stdout]    1:     0x6491e1fbfd0a - <unknown>
[INFO] [stdout]    2:     0x6491e203bc0c - <unknown>
[INFO] [stdout]    3:     0x6491e2012aa2 - <unknown>
[INFO] [stdout]    4:     0x6491e202ea51 - <unknown>
[INFO] [stdout]    5:     0x6491e202ec32 - <unknown>
[INFO] [stdout]    6:     0x6491e2012b84 - <unknown>
[INFO] [stdout]    7:     0x6491e200b3d9 - <unknown>
[INFO] [stdout]    8:     0x6491e20138ed - <unknown>
[INFO] [stdout]    9:     0x6491e1fc043c - <unknown>
[INFO] [stdout]   10:     0x6491e1fc0402 - <unknown>
[INFO] [stdout]   11:     0x6491e1fb8ba0 - <unknown>
[INFO] [stdout]   12:     0x6491e203d9cb - <unknown>
[INFO] [stdout]   13:     0x6491e204bb21 - <unknown>
[INFO] [stdout]   14:     0x6491e2045234 - <unknown>
[INFO] [stdout]   15:     0x6491e204f942 - <unknown>
[INFO] [stdout]   16:     0x6491e203585e - <unknown>
[INFO] [stdout]   17:     0x7d1923f7ddfa - <unknown>
[INFO] [stdout]   18:     0x7d19240113d4 - clone
[INFO] [stdout]   19:                0x0 - <unknown>
[INFO] [stdout] 
[INFO] [stdout] ---- hidden_cheatsheet_helper_parses_but_is_not_advertised stdout ----
[INFO] [stdout] 
[INFO] [stdout] thread 'hidden_cheatsheet_helper_parses_but_is_not_advertised' (1404) panicked at tests/cli.rs:131:5:
[INFO] [stdout] kiwi only supports macOS
[INFO] [stdout] 
[INFO] [stdout] stack backtrace:
[INFO] [stdout]    0:     0x6491e2036216 - <unknown>
[INFO] [stdout]    1:     0x6491e1fbfd0a - <unknown>
[INFO] [stdout]    2:     0x6491e203bc0c - <unknown>
[INFO] [stdout]    3:     0x6491e2012aa2 - <unknown>
[INFO] [stdout]    4:     0x6491e202ea51 - <unknown>
[INFO] [stdout]    5:     0x6491e202ec32 - <unknown>
[INFO] [stdout]    6:     0x6491e2012b52 - <unknown>
[INFO] [stdout]    7:     0x6491e200b3d9 - <unknown>
[INFO] [stdout]    8:     0x6491e20138ed - <unknown>
[INFO] [stdout]    9:     0x6491e1fc043c - <unknown>
[INFO] [stdout]   10:     0x6491e1fba758 - <unknown>
[INFO] [stdout]   11:     0x6491e203d9cb - <unknown>
[INFO] [stdout]   12:     0x6491e204bb21 - <unknown>
[INFO] [stdout]   13:     0x6491e2045234 - <unknown>
[INFO] [stdout]   14:     0x6491e204f942 - <unknown>
[INFO] [stdout]   15:     0x6491e203585e - <unknown>
[INFO] [stdout]   16:     0x7d1923f7ddfa - <unknown>
[INFO] [stdout]   17:     0x7d19240113d4 - clone
[INFO] [stdout]   18:                0x0 - <unknown>
[INFO] [stdout] 
[INFO] [stdout] ---- json_list_conflicts_reports_an_empty_array_and_exits_zero_without_hits stdout ----
[INFO] [stdout] 
[INFO] [stdout] thread 'json_list_conflicts_reports_an_empty_array_and_exits_zero_without_hits' (1407) panicked at tests/cli.rs:457:5:
[INFO] [stdout] assertion failed: output.status.success()
[INFO] [stdout] stack backtrace:
[INFO] [stdout]    0:     0x6491e2036216 - <unknown>
[INFO] [stdout]    1:     0x6491e1fbfd0a - <unknown>
[INFO] [stdout]    2:     0x6491e203bc0c - <unknown>
[INFO] [stdout]    3:     0x6491e2012aa2 - <unknown>
[INFO] [stdout]    4:     0x6491e202ea51 - <unknown>
[INFO] [stdout]    5:     0x6491e202ec32 - <unknown>
[INFO] [stdout]    6:     0x6491e2012b84 - <unknown>
[INFO] [stdout]    7:     0x6491e200b3d9 - <unknown>
[INFO] [stdout]    8:     0x6491e20138ed - <unknown>
[INFO] [stdout]    9:     0x6491e1fc043c - <unknown>
[INFO] [stdout]   10:     0x6491e1fc0402 - <unknown>
[INFO] [stdout]   11:     0x6491e1fbbec2 - <unknown>
[INFO] [stdout]   12:     0x6491e203d9cb - <unknown>
[INFO] [stdout]   13:     0x6491e204bb21 - <unknown>
[INFO] [stdout]   14:     0x6491e2045234 - <unknown>
[INFO] [stdout]   15:     0x6491e204f942 - <unknown>
[INFO] [stdout]   16:     0x6491e203585e - <unknown>
[INFO] [stdout]   17:     0x7d1923f7ddfa - <unknown>
[INFO] [stdout]   18:     0x7d19240113d4 - clone
[INFO] [stdout]   19:                0x0 - <unknown>
[INFO] [stdout] 
[INFO] [stdout] ---- list_conflicts_matches_side_specific_physical_binding stdout ----
[INFO] [stdout] 
[INFO] [stdout] thread 'list_conflicts_matches_side_specific_physical_binding' (1409) panicked at tests/cli.rs:379:5:
[INFO] [stdout] assertion failed: String::from_utf8(output.stdout).unwrap().contains("left_command+space")
[INFO] [stdout] stack backtrace:
[INFO] [stdout]    0:     0x6491e2036216 - <unknown>
[INFO] [stdout]    1:     0x6491e1fbfd0a - <unknown>
[INFO] [stdout]    2:     0x6491e203bc0c - <unknown>
[INFO] [stdout]    3:     0x6491e2012aa2 - <unknown>
[INFO] [stdout]    4:     0x6491e202ea51 - <unknown>
[INFO] [stdout]    5:     0x6491e202ec32 - <unknown>
[INFO] [stdout]    6:     0x6491e2012b84 - <unknown>
[INFO] [stdout]    7:     0x6491e200b3d9 - <unknown>
[INFO] [stdout]    8:     0x6491e20138ed - <unknown>
[INFO] [stdout]    9:     0x6491e1fc043c - <unknown>
[INFO] [stdout]   10:     0x6491e1fc0402 - <unknown>
[INFO] [stdout]   11:     0x6491e1fba9e1 - <unknown>
[INFO] [stdout]   12:     0x6491e203d9cb - <unknown>
[INFO] [stdout]   13:     0x6491e204bb21 - <unknown>
[INFO] [stdout]   14:     0x6491e2045234 - <unknown>
[INFO] [stdout]   15:     0x6491e204f942 - <unknown>
[INFO] [stdout]   16:     0x6491e203585e - <unknown>
[INFO] [stdout]   17:     0x7d1923f7ddfa - <unknown>
[INFO] [stdout]   18:     0x7d19240113d4 - clone
[INFO] [stdout]   19:                0x0 - <unknown>
[INFO] [stdout] 
[INFO] [stdout] ---- list_conflicts_prints_an_aligned_table_and_exits_one stdout ----
[INFO] [stdout] 
[INFO] [stdout] thread 'list_conflicts_prints_an_aligned_table_and_exits_one' (1410) panicked at tests/cli.rs:355:5:
[INFO] [stdout] assertion failed: output.stderr.is_empty()
[INFO] [stdout] stack backtrace:
[INFO] [stdout]    0:     0x6491e2036216 - <unknown>
[INFO] [stdout]    1:     0x6491e1fbfd0a - <unknown>
[INFO] [stdout]    2:     0x6491e203bc0c - <unknown>
[INFO] [stdout]    3:     0x6491e2012aa2 - <unknown>
[INFO] [stdout]    4:     0x6491e202ea51 - <unknown>
[INFO] [stdout]    5:     0x6491e202ec32 - <unknown>
[INFO] [stdout]    6:     0x6491e2012b84 - <unknown>
[INFO] [stdout]    7:     0x6491e200b3d9 - <unknown>
[INFO] [stdout]    8:     0x6491e20138ed - <unknown>
[INFO] [stdout]    9:     0x6491e1fc043c - <unknown>
[INFO] [stdout]   10:     0x6491e1fc0402 - <unknown>
[INFO] [stdout]   11:     0x6491e1fba3c8 - <unknown>
[INFO] [stdout]   12:     0x6491e203d9cb - <unknown>
[INFO] [stdout]   13:     0x6491e204bb21 - <unknown>
[INFO] [stdout]   14:     0x6491e2045234 - <unknown>
[INFO] [stdout]   15:     0x6491e204f942 - <unknown>
[INFO] [stdout]   16:     0x6491e203585e - <unknown>
[INFO] [stdout]   17:     0x7d1923f7ddfa - <unknown>
[INFO] [stdout]   18:     0x7d19240113d4 - clone
[INFO] [stdout]   19:                0x0 - <unknown>
[INFO] [stdout] 
[INFO] [stdout] ---- list_text_and_json_distinguish_app_behaviors stdout ----
[INFO] [stdout] 
[INFO] [stdout] thread 'list_text_and_json_distinguish_app_behaviors' (1427) panicked at tests/cli.rs:273:5:
[INFO] [stdout] assertion failed: text.status.success()
[INFO] [stdout] stack backtrace:
[INFO] [stdout]    0:     0x6491e2036216 - <unknown>
[INFO] [stdout]    1:     0x6491e1fbfd0a - <unknown>
[INFO] [stdout]    2:     0x6491e203bc0c - <unknown>
[INFO] [stdout]    3:     0x6491e2012aa2 - <unknown>
[INFO] [stdout]    4:     0x6491e202ea51 - <unknown>
[INFO] [stdout]    5:     0x6491e202ec32 - <unknown>
[INFO] [stdout]    6:     0x6491e2012b84 - <unknown>
[INFO] [stdout]    7:     0x6491e200b3d9 - <unknown>
[INFO] [stdout]    8:     0x6491e20138ed - <unknown>
[INFO] [stdout]    9:     0x6491e1fc043c - <unknown>
[INFO] [stdout]   10:     0x6491e1fc0402 - <unknown>
[INFO] [stdout]   11:     0x6491e1fb7a74 - <unknown>
[INFO] [stdout]   12:     0x6491e203d9cb - <unknown>
[INFO] [stdout]   13:     0x6491e204bb21 - <unknown>
[INFO] [stdout]   14:     0x6491e2045234 - <unknown>
[INFO] [stdout]   15:     0x6491e204f942 - <unknown>
[INFO] [stdout]   16:     0x6491e203585e - <unknown>
[INFO] [stdout]   17:     0x7d1923f7ddfa - <unknown>
[INFO] [stdout]   18:     0x7d19240113d4 - clone
[INFO] [stdout]   19:                0x0 - <unknown>
[INFO] [stdout] 
[INFO] [stdout] ---- validate_command_checks_the_selected_config stdout ----
[INFO] [stdout] 
[INFO] [stdout] thread 'validate_command_checks_the_selected_config' (1433) panicked at tests/cli.rs:32:5:
[INFO] [stdout] assertion failed: output.status.success()
[INFO] [stdout] stack backtrace:
[INFO] [stdout]    0:     0x6491e2036216 - <unknown>
[INFO] [stdout]    1:     0x6491e1fbfd0a - <unknown>
[INFO] [stdout]    2:     0x6491e203bc0c - <unknown>
[INFO] [stdout]    3:     0x6491e2012aa2 - <unknown>
[INFO] [stdout]    4:     0x6491e202ea51 - <unknown>
[INFO] [stdout]    5:     0x6491e202ec32 - <unknown>
[INFO] [stdout]    6:     0x6491e2012b84 - <unknown>
[INFO] [stdout]    7:     0x6491e200b3d9 - <unknown>
[INFO] [stdout]    8:     0x6491e20138ed - <unknown>
[INFO] [stdout]    9:     0x6491e1fc043c - <unknown>
[INFO] [stdout]   10:     0x6491e1fc0402 - <unknown>
[INFO] [stdout]   11:     0x6491e1fb6c24 - <unknown>
[INFO] [stdout]   12:     0x6491e203d9cb - <unknown>
[INFO] [stdout]   13:     0x6491e204bb21 - <unknown>
[INFO] [stdout]   14:     0x6491e2045234 - <unknown>
[INFO] [stdout]   15:     0x6491e204f942 - <unknown>
[INFO] [stdout]   16:     0x6491e203585e - <unknown>
[INFO] [stdout]   17:     0x7d1923f7ddfa - <unknown>
[INFO] [stdout]   18:     0x7d19240113d4 - clone
[INFO] [stdout]   19:                0x0 - <unknown>
[INFO] [stdout] 
[INFO] [stdout] ---- validate_rejects_cheatsheet_with_more_than_64_enabled_hyper_bindings stdout ----
[INFO] [stdout] 
[INFO] [stdout] thread 'validate_rejects_cheatsheet_with_more_than_64_enabled_hyper_bindings' (1436) panicked at tests/cli.rs:67:5:
[INFO] [stdout] kiwi only supports macOS
[INFO] [stdout] 
[INFO] [stdout] stack backtrace:
[INFO] [stdout]    0:     0x6491e2036216 - <unknown>
[INFO] [stdout]    1:     0x6491e1fbfd0a - <unknown>
[INFO] [stdout]    2:     0x6491e203bc0c - <unknown>
[INFO] [stdout]    3:     0x6491e2012aa2 - <unknown>
[INFO] [stdout]    4:     0x6491e202ea51 - <unknown>
[INFO] [stdout]    5:     0x6491e202ec32 - <unknown>
[INFO] [stdout]    6:     0x6491e2012b52 - <unknown>
[INFO] [stdout]    7:     0x6491e200b3d9 - <unknown>
[INFO] [stdout]    8:     0x6491e20138ed - <unknown>
[INFO] [stdout]    9:     0x6491e1fc043c - <unknown>
[INFO] [stdout]   10:     0x6491e1fbbb00 - <unknown>
[INFO] [stdout]   11:     0x6491e203d9cb - <unknown>
[INFO] [stdout]   12:     0x6491e204bb21 - <unknown>
[INFO] [stdout]   13:     0x6491e2045234 - <unknown>
[INFO] [stdout]   14:     0x6491e204f942 - <unknown>
[INFO] [stdout]   15:     0x6491e203585e - <unknown>
[INFO] [stdout]   16:     0x7d1923f7ddfa - <unknown>
[INFO] [stdout]   17:     0x7d19240113d4 - clone
[INFO] [stdout]   18:                0x0 - <unknown>
[INFO] [stdout] 
[INFO] [stdout] ---- ordinary_json_list_does_not_add_conflicts_array stdout ----
[INFO] [stdout] 
[INFO] [stdout] thread 'ordinary_json_list_does_not_add_conflicts_array' (1428) panicked at tests/cli.rs:508:5:
[INFO] [stdout] assertion failed: output.status.success()
[INFO] [stdout] stack backtrace:
[INFO] [stdout]    0:     0x6491e2036216 - <unknown>
[INFO] [stdout]    1:     0x6491e1fbfd0a - <unknown>
[INFO] [stdout]    2:     0x6491e203bc0c - <unknown>
[INFO] [stdout]    3:     0x6491e2012aa2 - <unknown>
[INFO] [stdout]    4:     0x6491e202ea51 - <unknown>
[INFO] [stdout]    5:     0x6491e202ec32 - <unknown>
[INFO] [stdout]    6:     0x6491e2012b84 - <unknown>
[INFO] [stdout]    7:     0x6491e200b3d9 - <unknown>
[INFO] [stdout]    8:     0x6491e20138ed - <unknown>
[INFO] [stdout]    9:     0x6491e1fc043c - <unknown>
[INFO] [stdout]   10:     0x6491e1fc0402 - <unknown>
[INFO] [stdout]   11:     0x6491e1fb8e7e - <unknown>
[INFO] [stdout]   12:     0x6491e203d9cb - <unknown>
[INFO] [stdout]   13:     0x6491e204bb21 - <unknown>
[INFO] [stdout]   14:     0x6491e2045234 - <unknown>
[INFO] [stdout]   15:     0x6491e204f942 - <unknown>
[INFO] [stdout]   16:     0x6491e203585e - <unknown>
[INFO] [stdout]   17:     0x7d1923f7ddfa - <unknown>
[INFO] [stdout]   18:     0x7d19240113d4 - clone
[INFO] [stdout]   19:                0x0 - <unknown>
[INFO] [stdout] 
[INFO] [stdout] 
[INFO] [stdout] failures:
[INFO] [stdout]     conflict_text_and_json_distinguish_app_behavior
[INFO] [stdout]     default_config_path_is_dotfiles_friendly_on_macos
[INFO] [stdout]     help_exposes_start_and_stop_commands
[INFO] [stdout]     help_exposes_the_list_command
[INFO] [stdout]     help_exposes_the_listen_command
[INFO] [stdout]     help_uses_the_kiwi_command_name
[INFO] [stdout]     hidden_cheatsheet_helper_parses_but_is_not_advertised
[INFO] [stdout]     hidden_cheatsheet_helper_rejects_invalid_structured_input_without_opening_a_window
[INFO] [stdout]     json_list_conflicts_adds_a_stable_conflicts_array_to_the_list_object
[INFO] [stdout]     json_list_conflicts_reports_an_empty_array_and_exits_zero_without_hits
[INFO] [stdout]     list_conflicts_exits_zero_when_there_are_no_hits
[INFO] [stdout]     list_conflicts_matches_side_specific_physical_binding
[INFO] [stdout]     list_conflicts_prints_an_aligned_table_and_exits_one
[INFO] [stdout]     list_help_documents_the_conflicts_flag
[INFO] [stdout]     list_json_prints_stable_config_and_enabled_bindings
[INFO] [stdout]     list_prints_enabled_shortcuts_as_an_aligned_table
[INFO] [stdout]     list_text_and_json_distinguish_app_behaviors
[INFO] [stdout]     ordinary_json_list_does_not_add_conflicts_array
[INFO] [stdout]     validate_command_checks_the_selected_config
[INFO] [stdout]     validate_rejects_cheatsheet_with_more_than_64_enabled_hyper_bindings
[INFO] [stdout] 
[INFO] [stdout] test result: FAILED. 1 passed; 20 failed; 0 ignored; 0 measured; 0 filtered out; finished in 0.02s
[INFO] [stdout] 
[INFO] [stderr] error: test failed, to rerun pass `--test cli`
[INFO] running `Command { std: "docker" "inspect" "79af4e8f5c0997ccd8dad9f6edda236c0df62148223d4a66ff99f5c60626def1", kill_on_drop: false }`
[INFO] running `Command { std: "docker" "rm" "-f" "79af4e8f5c0997ccd8dad9f6edda236c0df62148223d4a66ff99f5c60626def1", kill_on_drop: false }`
[INFO] [stdout] 79af4e8f5c0997ccd8dad9f6edda236c0df62148223d4a66ff99f5c60626def1
