[INFO] fetching crate kiwi-ecs 1.4.1...
[INFO] testing kiwi-ecs-1.4.1 against 1.99.0-beta.8+cargoflags=--release for beta-release-1.100-2
[INFO] extracting crate kiwi-ecs 1.4.1 into /workspace/builds/worker-0-tc1/source
[INFO] started tweaking crates.io crate kiwi-ecs 1.4.1
[INFO] finished tweaking crates.io crate kiwi-ecs 1.4.1
[INFO] tweaked toml for crates.io crate kiwi-ecs 1.4.1 written to /workspace/builds/worker-0-tc1/source/Cargo.toml
[INFO] validating manifest of crates.io crate kiwi-ecs 1.4.1 on toolchain 1.99.0-beta.8
[INFO] running `Command { std: CARGO_HOME="/workspace/cargo-home" RUSTUP_HOME="/workspace/rustup-home" "/workspace/cargo-home/bin/cargo" "+1.99.0-beta.8" "metadata" "--manifest-path" "Cargo.toml" "--no-deps", kill_on_drop: false }`
[INFO] running `Command { std: CARGO_HOME="/workspace/cargo-home" RUSTUP_HOME="/workspace/rustup-home" "/workspace/cargo-home/bin/cargo" "+1.99.0-beta.8" "generate-lockfile" "--manifest-path" "Cargo.toml", kill_on_drop: false }`
[INFO] [stderr]     Updating crates.io index
[INFO] [stderr]      Locking 6 packages to highest compatible versions
[INFO] running `Command { std: CARGO_HOME="/workspace/cargo-home" RUSTUP_HOME="/workspace/rustup-home" "/workspace/cargo-home/bin/cargo" "+1.99.0-beta.8" "fetch" "--manifest-path" "Cargo.toml", kill_on_drop: false }`
[INFO] [stderr]  Downloading crates ...
[INFO] [stderr]   Downloaded kiwi-macros v1.0.7
[INFO] [stderr]   Downloaded kiwi-internal-macros v1.0.7
[INFO] running `Command { std: "docker" "create" "-v" "/var/lib/crater-agent-workspace/builds/worker-0-tc1/source:/opt/rustwide/workdir:ro,Z" "-v" "/var/lib/crater-agent-workspace/builds/worker-0-tc1/target:/opt/rustwide/target:rw,Z" "-v" "/var/lib/crater-agent-workspace/cargo-home:/opt/rustwide/cargo-home:ro,Z" "-v" "/var/lib/crater-agent-workspace/rustup-home:/opt/rustwide/rustup-home:ro,Z" "-m" "1610612736" "--network" "none" "ghcr.io/rust-lang/crates-build-env/linux@sha256:77db811e55d90add9212f6832c23229e3de5f1c1f9905e8cb07319ea15df73ac" "sleep" "infinity", kill_on_drop: false }`
[INFO] [stdout] e88dce48c38bd9f9d52cd1f63e8f33d9734949afab4c9c718e7c168cc276516b
[INFO] running `Command { std: "docker" "start" "e88dce48c38bd9f9d52cd1f63e8f33d9734949afab4c9c718e7c168cc276516b", kill_on_drop: false }`
[INFO] running `Command { std: "docker" "inspect" "e88dce48c38bd9f9d52cd1f63e8f33d9734949afab4c9c718e7c168cc276516b", kill_on_drop: false }`
[INFO] running `Command { std: "docker" "exec" "-e" "SOURCE_DIR=/opt/rustwide/workdir" "-e" "CARGO_HOME=/opt/rustwide/cargo-home" "-e" "RUSTUP_HOME=/opt/rustwide/rustup-home" "-e" "CARGO_TARGET_DIR=/opt/rustwide/target" "-w" "/opt/rustwide/workdir" "--user" "0:0" "e88dce48c38bd9f9d52cd1f63e8f33d9734949afab4c9c718e7c168cc276516b" "/opt/rustwide/cargo-home/bin/cargo" "+1.99.0-beta.8" "metadata" "--no-deps" "--format-version=1", kill_on_drop: false }`
[INFO] running `Command { std: "docker" "inspect" "e88dce48c38bd9f9d52cd1f63e8f33d9734949afab4c9c718e7c168cc276516b", kill_on_drop: false }`
[INFO] running `Command { std: "docker" "exec" "-e" "SOURCE_DIR=/opt/rustwide/workdir" "-e" "CARGO_HOME=/opt/rustwide/cargo-home" "-e" "RUSTUP_HOME=/opt/rustwide/rustup-home" "-e" "CARGO_TARGET_DIR=/opt/rustwide/target" "-e" "CARGO_INCREMENTAL=0" "-e" "RUST_BACKTRACE=full" "-e" "RUSTFLAGS=--cap-lints=warn" "-e" "RUSTDOCFLAGS=--cap-lints=warn" "-w" "/opt/rustwide/workdir" "--user" "0:0" "e88dce48c38bd9f9d52cd1f63e8f33d9734949afab4c9c718e7c168cc276516b" "/opt/rustwide/cargo-home/bin/cargo" "+1.99.0-beta.8" "build" "--frozen" "--message-format=json" "--release", kill_on_drop: false }`
[INFO] [stderr]    Compiling kiwi-internal-macros v1.0.7
[INFO] [stderr]    Compiling kiwi-macros v1.0.7
[INFO] [stderr]    Compiling kiwi-ecs v1.4.1 (/opt/rustwide/workdir)
[INFO] [stderr]     Finished `release` profile [optimized] target(s) in 5.87s
[INFO] running `Command { std: "docker" "inspect" "e88dce48c38bd9f9d52cd1f63e8f33d9734949afab4c9c718e7c168cc276516b", kill_on_drop: false }`
[INFO] running `Command { std: "docker" "exec" "-e" "SOURCE_DIR=/opt/rustwide/workdir" "-e" "CARGO_HOME=/opt/rustwide/cargo-home" "-e" "RUSTUP_HOME=/opt/rustwide/rustup-home" "-e" "CARGO_TARGET_DIR=/opt/rustwide/target" "-e" "CARGO_INCREMENTAL=0" "-e" "RUST_BACKTRACE=full" "-e" "RUSTFLAGS=--cap-lints=warn" "-e" "RUSTDOCFLAGS=--cap-lints=warn" "-w" "/opt/rustwide/workdir" "--user" "0:0" "e88dce48c38bd9f9d52cd1f63e8f33d9734949afab4c9c718e7c168cc276516b" "/opt/rustwide/cargo-home/bin/cargo" "+1.99.0-beta.8" "test" "--frozen" "--no-run" "--message-format=json" "--release", kill_on_drop: false }`
[INFO] [stderr]    Compiling kiwi-ecs v1.4.1 (/opt/rustwide/workdir)
[INFO] [stdout] warning: field `0` is never read
[INFO] [stdout]   --> tests/scenarios.rs:27:25
[INFO] [stdout]    |
[INFO] [stdout] 27 |     pub struct Position(pub Vec2);
[INFO] [stdout]    |                -------- ^^^^^^^^
[INFO] [stdout]    |                |
[INFO] [stdout]    |                field in this struct
[INFO] [stdout]    |
[INFO] [stdout]    = help: consider removing this field
[INFO] [stdout]    = note: `Position` has a derived impl for the trait `Debug`, but this is intentionally ignored during dead code analysis
[INFO] [stdout]    = note: `#[warn(dead_code)]` (part of `#[warn(unused)]`) on by default
[INFO] [stdout] 
[INFO] [stdout] 
[INFO] [stdout] warning: field `0` is never read
[INFO] [stdout]   --> tests/tests.rs:52:22
[INFO] [stdout]    |
[INFO] [stdout] 52 |         struct $name(u32);
[INFO] [stdout]    |                      ^^^
[INFO] [stdout] ...
[INFO] [stdout] 68 |     comp!(C1);
[INFO] [stdout]    |     ---------
[INFO] [stdout]    |     |     |
[INFO] [stdout]    |     |     field in this struct
[INFO] [stdout]    |     in this macro invocation
[INFO] [stdout]    |
[INFO] [stdout]    = help: consider removing this field
[INFO] [stdout]    = note: `#[warn(dead_code)]` (part of `#[warn(unused)]`) on by default
[INFO] [stdout]    = note: this warning originates in the macro `comp` (in Nightly builds, run with -Z macro-backtrace for more info)
[INFO] [stdout] 
[INFO] [stdout] 
[INFO] [stdout] warning: field `0` is never read
[INFO] [stdout]   --> tests/tests.rs:52:22
[INFO] [stdout]    |
[INFO] [stdout] 52 |         struct $name(u32);
[INFO] [stdout]    |                      ^^^
[INFO] [stdout] ...
[INFO] [stdout] 69 |     comp!(C2);
[INFO] [stdout]    |     ---------
[INFO] [stdout]    |     |     |
[INFO] [stdout]    |     |     field in this struct
[INFO] [stdout]    |     in this macro invocation
[INFO] [stdout]    |
[INFO] [stdout]    = help: consider removing this field
[INFO] [stdout]    = note: this warning originates in the macro `comp` (in Nightly builds, run with -Z macro-backtrace for more info)
[INFO] [stdout] 
[INFO] [stdout] 
[INFO] [stdout] warning: field `0` is never read
[INFO] [stdout]   --> tests/scenarios.rs:30:25
[INFO] [stdout]    |
[INFO] [stdout] 30 |     pub struct Velocity(pub Vec2);
[INFO] [stdout]    |                -------- ^^^^^^^^
[INFO] [stdout]    |                |
[INFO] [stdout]    |                field in this struct
[INFO] [stdout]    |
[INFO] [stdout]    = help: consider removing this field
[INFO] [stdout] 
[INFO] [stdout] 
[INFO] [stdout] warning: field `0` is never read
[INFO] [stdout]   --> tests/scenarios.rs:33:22
[INFO] [stdout]    |
[INFO] [stdout] 33 |     pub struct Speed(pub f32);
[INFO] [stdout]    |                ----- ^^^^^^^
[INFO] [stdout]    |                |
[INFO] [stdout]    |                field in this struct
[INFO] [stdout]    |
[INFO] [stdout]    = help: consider removing this field
[INFO] [stdout] 
[INFO] [stdout] 
[INFO] [stdout] warning: field `0` is never read
[INFO] [stdout]   --> tests/scenarios.rs:36:31
[INFO] [stdout]    |
[INFO] [stdout] 36 |     pub struct DeployPosition(pub Vec2);
[INFO] [stdout]    |                -------------- ^^^^^^^^
[INFO] [stdout]    |                |
[INFO] [stdout]    |                field in this struct
[INFO] [stdout]    |
[INFO] [stdout]    = help: consider removing this field
[INFO] [stdout] 
[INFO] [stdout] 
[INFO] [stdout] warning: field `0` is never read
[INFO] [stdout]   --> tests/tests.rs:52:22
[INFO] [stdout]    |
[INFO] [stdout] 52 |         struct $name(u32);
[INFO] [stdout]    |                      ^^^
[INFO] [stdout] ...
[INFO] [stdout] 70 |     comp!(C3);
[INFO] [stdout]    |     ---------
[INFO] [stdout]    |     |     |
[INFO] [stdout]    |     |     field in this struct
[INFO] [stdout]    |     in this macro invocation
[INFO] [stdout]    |
[INFO] [stdout]    = help: consider removing this field
[INFO] [stdout]    = note: this warning originates in the macro `comp` (in Nightly builds, run with -Z macro-backtrace for more info)
[INFO] [stdout] 
[INFO] [stdout] 
[INFO] [stdout] warning: field `0` is never read
[INFO] [stdout]   --> tests/tests.rs:52:22
[INFO] [stdout]    |
[INFO] [stdout] 52 |         struct $name(u32);
[INFO] [stdout]    |                      ^^^
[INFO] [stdout] ...
[INFO] [stdout] 71 |     comp!(C4);
[INFO] [stdout]    |     ---------
[INFO] [stdout]    |     |     |
[INFO] [stdout]    |     |     field in this struct
[INFO] [stdout]    |     in this macro invocation
[INFO] [stdout]    |
[INFO] [stdout]    = help: consider removing this field
[INFO] [stdout]    = note: this warning originates in the macro `comp` (in Nightly builds, run with -Z macro-backtrace for more info)
[INFO] [stdout] 
[INFO] [stdout] 
[INFO] [stdout] warning: field `0` is never read
[INFO] [stdout]   --> tests/tests.rs:52:22
[INFO] [stdout]    |
[INFO] [stdout] 52 |         struct $name(u32);
[INFO] [stdout]    |                      ^^^
[INFO] [stdout] ...
[INFO] [stdout] 72 |     comp!(C5);
[INFO] [stdout]    |     ---------
[INFO] [stdout]    |     |     |
[INFO] [stdout]    |     |     field in this struct
[INFO] [stdout]    |     in this macro invocation
[INFO] [stdout]    |
[INFO] [stdout]    = help: consider removing this field
[INFO] [stdout]    = note: this warning originates in the macro `comp` (in Nightly builds, run with -Z macro-backtrace for more info)
[INFO] [stdout] 
[INFO] [stdout] 
[INFO] [stdout] warning: field `0` is never read
[INFO] [stdout]   --> tests/scenarios.rs:40:23
[INFO] [stdout]    |
[INFO] [stdout] 40 |     pub struct Target(pub Option<EntityId>);
[INFO] [stdout]    |                ------ ^^^^^^^^^^^^^^^^^^^^
[INFO] [stdout]    |                |
[INFO] [stdout]    |                field in this struct
[INFO] [stdout]    |
[INFO] [stdout]    = help: consider removing this field
[INFO] [stdout] 
[INFO] [stdout] 
[INFO] [stdout] warning: field `0` is never read
[INFO] [stdout]   --> tests/scenarios.rs:43:23
[INFO] [stdout]    |
[INFO] [stdout] 43 |     pub struct Sprite(pub usize);
[INFO] [stdout]    |                ------ ^^^^^^^^^
[INFO] [stdout]    |                |
[INFO] [stdout]    |                field in this struct
[INFO] [stdout]    |
[INFO] [stdout]    = help: consider removing this field
[INFO] [stdout] 
[INFO] [stdout] 
[INFO] [stdout] warning: field `0` is never read
[INFO] [stdout]   --> tests/tests.rs:52:22
[INFO] [stdout]    |
[INFO] [stdout] 52 |         struct $name(u32);
[INFO] [stdout]    |                      ^^^
[INFO] [stdout] ...
[INFO] [stdout] 73 |     comp!(C6);
[INFO] [stdout]    |     ---------
[INFO] [stdout]    |     |     |
[INFO] [stdout]    |     |     field in this struct
[INFO] [stdout]    |     in this macro invocation
[INFO] [stdout]    |
[INFO] [stdout]    = help: consider removing this field
[INFO] [stdout]    = note: this warning originates in the macro `comp` (in Nightly builds, run with -Z macro-backtrace for more info)
[INFO] [stdout] 
[INFO] [stdout] 
[INFO] [stdout] warning: field `0` is never read
[INFO] [stdout]   --> tests/scenarios.rs:46:23
[INFO] [stdout]    |
[INFO] [stdout] 46 |     pub struct Bounds(pub Vec2);
[INFO] [stdout]    |                ------ ^^^^^^^^
[INFO] [stdout]    |                |
[INFO] [stdout]    |                field in this struct
[INFO] [stdout]    |
[INFO] [stdout]    = help: consider removing this field
[INFO] [stdout] 
[INFO] [stdout] 
[INFO] [stdout] warning: field `0` is never read
[INFO] [stdout]   --> src/component.rs:22:26
[INFO] [stdout]    |
[INFO] [stdout] 22 |     struct SomeComponent(u8);
[INFO] [stdout]    |            ------------- ^^
[INFO] [stdout]    |            |
[INFO] [stdout]    |            field in this struct
[INFO] [stdout]    |
[INFO] [stdout]    = help: consider removing this field
[INFO] [stdout]    = note: `#[warn(dead_code)]` (part of `#[warn(unused)]`) on by default
[INFO] [stdout] 
[INFO] [stdout] 
[INFO] [stderr]     Finished `release` profile [optimized] target(s) in 6.38s
[INFO] running `Command { std: "docker" "inspect" "e88dce48c38bd9f9d52cd1f63e8f33d9734949afab4c9c718e7c168cc276516b", kill_on_drop: false }`
[INFO] running `Command { std: "docker" "exec" "-e" "SOURCE_DIR=/opt/rustwide/workdir" "-e" "CARGO_HOME=/opt/rustwide/cargo-home" "-e" "RUSTUP_HOME=/opt/rustwide/rustup-home" "-e" "CARGO_TARGET_DIR=/opt/rustwide/target" "-e" "CARGO_INCREMENTAL=0" "-e" "RUST_BACKTRACE=full" "-e" "RUSTFLAGS=--cap-lints=warn" "-e" "RUSTDOCFLAGS=--cap-lints=warn" "-w" "/opt/rustwide/workdir" "--user" "0:0" "e88dce48c38bd9f9d52cd1f63e8f33d9734949afab4c9c718e7c168cc276516b" "/opt/rustwide/cargo-home/bin/cargo" "+1.99.0-beta.8" "test" "--frozen" "--release", kill_on_drop: false }`
[INFO] [stderr] warning: field `0` is never read
[INFO] [stderr]   --> tests/scenarios.rs:27:25
[INFO] [stderr]    |
[INFO] [stderr] 27 |     pub struct Position(pub Vec2);
[INFO] [stderr]    |                -------- ^^^^^^^^
[INFO] [stderr]    |                |
[INFO] [stderr]    |                field in this struct
[INFO] [stderr]    |
[INFO] [stderr]    = help: consider removing this field
[INFO] [stderr]    = note: `Position` has a derived impl for the trait `Debug`, but this is intentionally ignored during dead code analysis
[INFO] [stderr]    = note: `#[warn(dead_code)]` (part of `#[warn(unused)]`) on by default
[INFO] [stderr] 
[INFO] [stderr] warning: field `0` is never read
[INFO] [stderr]   --> tests/scenarios.rs:30:25
[INFO] [stderr]    |
[INFO] [stderr] 30 |     pub struct Velocity(pub Vec2);
[INFO] [stderr]    |                -------- ^^^^^^^^
[INFO] [stderr]    |                |
[INFO] [stderr]    |                field in this struct
[INFO] [stderr]    |
[INFO] [stderr]    = help: consider removing this field
[INFO] [stderr] 
[INFO] [stderr] warning: field `0` is never read
[INFO] [stderr]   --> tests/scenarios.rs:33:22
[INFO] [stderr]    |
[INFO] [stderr] 33 |     pub struct Speed(pub f32);
[INFO] [stderr]    |                ----- ^^^^^^^
[INFO] [stderr]    |                |
[INFO] [stderr]    |                field in this struct
[INFO] [stderr]    |
[INFO] [stderr]    = help: consider removing this field
[INFO] [stderr] 
[INFO] [stderr] warning: field `0` is never read
[INFO] [stderr]   --> tests/scenarios.rs:36:31
[INFO] [stderr]    |
[INFO] [stderr] 36 |     pub struct DeployPosition(pub Vec2);
[INFO] [stderr]    |                -------------- ^^^^^^^^
[INFO] [stderr]    |                |
[INFO] [stderr]    |                field in this struct
[INFO] [stderr]    |
[INFO] [stderr]    = help: consider removing this field
[INFO] [stderr] 
[INFO] [stderr] warning: field `0` is never read
[INFO] [stderr]   --> tests/scenarios.rs:40:23
[INFO] [stderr]    |
[INFO] [stderr] 40 |     pub struct Target(pub Option<EntityId>);
[INFO] [stderr]    |                ------ ^^^^^^^^^^^^^^^^^^^^
[INFO] [stderr]    |                |
[INFO] [stderr]    |                field in this struct
[INFO] [stderr]    |
[INFO] [stderr]    = help: consider removing this field
[INFO] [stderr] 
[INFO] [stderr] warning: field `0` is never read
[INFO] [stderr]   --> tests/scenarios.rs:43:23
[INFO] [stderr]    |
[INFO] [stderr] 43 |     pub struct Sprite(pub usize);
[INFO] [stderr]    |                ------ ^^^^^^^^^
[INFO] [stderr]    |                |
[INFO] [stderr]    |                field in this struct
[INFO] [stderr]    |
[INFO] [stderr]    = help: consider removing this field
[INFO] [stderr] 
[INFO] [stderr] warning: field `0` is never read
[INFO] [stderr]   --> tests/scenarios.rs:46:23
[INFO] [stderr]    |
[INFO] [stderr] 46 |     pub struct Bounds(pub Vec2);
[INFO] [stderr]    |                ------ ^^^^^^^^
[INFO] [stderr]    |                |
[INFO] [stderr]    |                field in this struct
[INFO] [stderr]    |
[INFO] [stderr]    = help: consider removing this field
[INFO] [stderr] 
[INFO] [stderr] warning: `kiwi-ecs` (test "scenarios") generated 7 warnings
[INFO] [stderr] warning: field `0` is never read
[INFO] [stderr]   --> tests/tests.rs:52:22
[INFO] [stderr]    |
[INFO] [stderr] 52 |         struct $name(u32);
[INFO] [stderr]    |                      ^^^
[INFO] [stderr] ...
[INFO] [stderr] 68 |     comp!(C1);
[INFO] [stderr]    |     ---------
[INFO] [stderr]    |     |     |
[INFO] [stderr]    |     |     field in this struct
[INFO] [stderr]    |     in this macro invocation
[INFO] [stderr]    |
[INFO] [stderr]    = help: consider removing this field
[INFO] [stderr]    = note: `#[warn(dead_code)]` (part of `#[warn(unused)]`) on by default
[INFO] [stderr]    = note: this warning originates in the macro `comp` (in Nightly builds, run with -Z macro-backtrace for more info)
[INFO] [stderr] 
[INFO] [stderr] warning: field `0` is never read
[INFO] [stderr]   --> tests/tests.rs:52:22
[INFO] [stderr]    |
[INFO] [stderr] 52 |         struct $name(u32);
[INFO] [stderr]    |                      ^^^
[INFO] [stderr] ...
[INFO] [stderr] 69 |     comp!(C2);
[INFO] [stderr]    |     ---------
[INFO] [stderr]    |     |     |
[INFO] [stderr]    |     |     field in this struct
[INFO] [stderr]    |     in this macro invocation
[INFO] [stderr]    |
[INFO] [stderr]    = help: consider removing this field
[INFO] [stderr]    = note: this warning originates in the macro `comp` (in Nightly builds, run with -Z macro-backtrace for more info)
[INFO] [stderr] 
[INFO] [stderr] warning: field `0` is never read
[INFO] [stderr]   --> tests/tests.rs:52:22
[INFO] [stderr]    |
[INFO] [stderr] 52 |         struct $name(u32);
[INFO] [stderr]    |                      ^^^
[INFO] [stderr] ...
[INFO] [stderr] 70 |     comp!(C3);
[INFO] [stderr]    |     ---------
[INFO] [stderr]    |     |     |
[INFO] [stderr]    |     |     field in this struct
[INFO] [stderr]    |     in this macro invocation
[INFO] [stderr]    |
[INFO] [stderr]    = help: consider removing this field
[INFO] [stderr]    = note: this warning originates in the macro `comp` (in Nightly builds, run with -Z macro-backtrace for more info)
[INFO] [stderr] 
[INFO] [stderr] warning: field `0` is never read
[INFO] [stderr]   --> tests/tests.rs:52:22
[INFO] [stderr]    |
[INFO] [stderr] 52 |         struct $name(u32);
[INFO] [stderr]    |                      ^^^
[INFO] [stderr] ...
[INFO] [stderr] 71 |     comp!(C4);
[INFO] [stderr]    |     ---------
[INFO] [stderr]    |     |     |
[INFO] [stderr]    |     |     field in this struct
[INFO] [stderr]    |     in this macro invocation
[INFO] [stderr]    |
[INFO] [stderr]    = help: consider removing this field
[INFO] [stderr]    = note: this warning originates in the macro `comp` (in Nightly builds, run with -Z macro-backtrace for more info)
[INFO] [stderr] 
[INFO] [stderr] warning: field `0` is never read
[INFO] [stderr]   --> tests/tests.rs:52:22
[INFO] [stderr]    |
[INFO] [stderr] 52 |         struct $name(u32);
[INFO] [stderr]    |                      ^^^
[INFO] [stderr] ...
[INFO] [stderr] 72 |     comp!(C5);
[INFO] [stderr]    |     ---------
[INFO] [stderr]    |     |     |
[INFO] [stderr]    |     |     field in this struct
[INFO] [stderr]    |     in this macro invocation
[INFO] [stderr]    |
[INFO] [stderr]    = help: consider removing this field
[INFO] [stderr]    = note: this warning originates in the macro `comp` (in Nightly builds, run with -Z macro-backtrace for more info)
[INFO] [stderr] 
[INFO] [stderr] warning: field `0` is never read
[INFO] [stderr]   --> tests/tests.rs:52:22
[INFO] [stderr]    |
[INFO] [stderr] 52 |         struct $name(u32);
[INFO] [stderr]    |                      ^^^
[INFO] [stderr] ...
[INFO] [stderr] 73 |     comp!(C6);
[INFO] [stderr]    |     ---------
[INFO] [stderr]    |     |     |
[INFO] [stderr]    |     |     field in this struct
[INFO] [stderr]    |     in this macro invocation
[INFO] [stderr]    |
[INFO] [stderr]    = help: consider removing this field
[INFO] [stderr]    = note: this warning originates in the macro `comp` (in Nightly builds, run with -Z macro-backtrace for more info)
[INFO] [stderr] 
[INFO] [stderr] warning: field `0` is never read
[INFO] [stderr]   --> src/component.rs:22:26
[INFO] [stderr]    |
[INFO] [stderr] 22 |     struct SomeComponent(u8);
[INFO] [stderr]    |            ------------- ^^
[INFO] [stderr]    |            |
[INFO] [stderr]    |            field in this struct
[INFO] [stderr]    |
[INFO] [stderr]    = help: consider removing this field
[INFO] [stderr]    = note: `#[warn(dead_code)]` (part of `#[warn(unused)]`) on by default
[INFO] [stderr] 
[INFO] [stderr] warning: `kiwi-ecs` (test "tests") generated 6 warnings
[INFO] [stderr] warning: `kiwi-ecs` (lib test) generated 1 warning
[INFO] [stderr]     Finished `release` profile [optimized] target(s) in 0.03s
[INFO] [stderr]      Running unittests src/lib.rs (/opt/rustwide/target/release/deps/kiwi_ecs-c583122f21f715ea)
[INFO] [stdout] 
[INFO] [stdout] running 4 tests
[INFO] [stdout] test component::tests::static_archetypes ... ok
[INFO] [stdout] test entity::tests::new_entity_id ... ok
[INFO] [stderr]      Running tests/scenarios.rs (/opt/rustwide/target/release/deps/scenarios-4d0a989a91c3067b)
[INFO] [stdout] test arch_store::test::get_archetype_id_for_components_list ... ok
[INFO] [stdout] test entity::tests::kill_entity ... ok
[INFO] [stdout] 
[INFO] [stdout] test result: ok. 4 passed; 0 failed; 0 ignored; 0 measured; 0 filtered out; finished in 0.01s
[INFO] [stdout] 
[INFO] [stdout] 
[INFO] [stdout] running 2 tests
[INFO] [stdout] test reuse_ids ... ok
[INFO] [stdout] test spawn_fighter_game ... ok
[INFO] [stdout] 
[INFO] [stdout] test result: ok. 2 passed; 0 failed; 0 ignored; 0 measured; 0 filtered out; finished in 0.00s
[INFO] [stdout] 
[INFO] [stderr]      Running tests/tests.rs (/opt/rustwide/target/release/deps/tests-0de8adbc0f8f3a49)
[INFO] [stdout] 
[INFO] [stdout] running 15 tests
[INFO] [stdout] test example::example ... ok
[INFO] [stdout] test mut_query ... ok
[INFO] [stdout] test reuse_entity_id_flags ... ok
[INFO] [stdout] test flags ... ok
[INFO] [stdout] test get_component ... ok
[INFO] [stdout] test query_ids ... ok
[INFO] [stdout] test system_macro_ids ... ok
[INFO] [stdout] test query ... ok
[INFO] [stdout] test unset_flag ... ok
[INFO] [stdout] test system_single_component ... ok
[INFO] [stdout] test spawn_entity_macro ... ok
[INFO] [stdout] test mut_query_after_set_component ... FAILED
[INFO] [stdout] test kill_entity_query ... ok
[INFO] [stdout] test spawn_entity ... ok
[INFO] [stdout] test spawn_multiple_entities ... ok
[INFO] [stdout] 
[INFO] [stdout] failures:
[INFO] [stdout] 
[INFO] [stdout] ---- mut_query_after_set_component stdout ----
[INFO] [stdout] 
[INFO] [stdout] thread 'mut_query_after_set_component' (305) panicked at tests/tests.rs:190:9:
[INFO] [stdout] assertion `left == right` failed
[INFO] [stdout]   left: Pos { x: 6, y: 10 }
[INFO] [stdout]  right: Pos { x: 6, y: 10 }
[INFO] [stdout] stack backtrace:
[INFO] [stdout]    0:     0x649e431206d1 - <<std[70759c8f55707aa4]::sys::backtrace::BacktraceLock>::print::DisplayBacktrace as core[df12db4294e9bfd3]::fmt::Display>::fmt
[INFO] [stdout]    1:     0x649e431349aa - core[df12db4294e9bfd3]::fmt::write
[INFO] [stdout]    2:     0x649e43124b6c - <alloc[2182bb758b4b3781]::vec::Vec<u8> as core[df12db4294e9bfd3]::io::write::Write>::write_fmt
[INFO] [stdout]    3:     0x649e430fccc6 - std[70759c8f55707aa4]::panicking::default_hook::{closure#0}
[INFO] [stdout]    4:     0x649e43118e39 - std[70759c8f55707aa4]::panicking::default_hook
[INFO] [stdout]    5:     0x649e430b2be0 - test[9d35eded1c95d3be]::test_main_inner::<test[9d35eded1c95d3be]::test_main_static::{closure#0}>::{closure#0}
[INFO] [stdout]    6:     0x649e43118ff2 - std[70759c8f55707aa4]::panicking::panic_with_hook
[INFO] [stdout]    7:     0x649e430fcd72 - std[70759c8f55707aa4]::panicking::panic_handler::{closure#0}
[INFO] [stdout]    8:     0x649e430f5af9 - std[70759c8f55707aa4]::sys::backtrace::__rust_end_short_backtrace::<std[70759c8f55707aa4]::panicking::panic_handler::{closure#0}, !>
[INFO] [stdout]    9:     0x649e430fd96d - __rustc[8fa7c3cbc660c2b3]::rust_begin_unwind
[INFO] [stdout]   10:     0x649e431350dc - core[df12db4294e9bfd3]::panicking::panic_fmt
[INFO] [stdout]   11:     0x649e43134ff3 - core[df12db4294e9bfd3]::panicking::assert_failed_inner
[INFO] [stdout]   12:     0x649e430a50ec - core[df12db4294e9bfd3]::panicking::assert_failed::<tests[aa80679eced9fbf2]::mut_query_after_set_component::Pos, tests[aa80679eced9fbf2]::mut_query_after_set_component::Pos>
[INFO] [stdout]   13:     0x649e430a4cd6 - core[df12db4294e9bfd3]::iter::traits::iterator::Iterator::for_each::call::<(u32, &mut tests[aa80679eced9fbf2]::mut_query_after_set_component::Pos), tests[aa80679eced9fbf2]::mut_query_after_set_component::{closure#0}>::{closure#0}
[INFO] [stdout]   14:     0x649e430a4d5c - <&mut core[df12db4294e9bfd3]::iter::adapters::map::map_fold<(u32, &mut tests[aa80679eced9fbf2]::mut_query_after_set_component::Pos), (u32, &mut tests[aa80679eced9fbf2]::mut_query_after_set_component::Pos), (), <kiwi_ecs[32ae9810b6382237]::world::World>::query_mut_ids1<tests[aa80679eced9fbf2]::mut_query_after_set_component::Pos>::{closure#1}, core[df12db4294e9bfd3]::iter::traits::iterator::Iterator::for_each::call<(u32, &mut tests[aa80679eced9fbf2]::mut_query_after_set_component::Pos), tests[aa80679eced9fbf2]::mut_query_after_set_component::{closure#0}>::{closure#0}>::{closure#0} as core[df12db4294e9bfd3]::ops::function::FnMut<((), (u32, &mut tests[aa80679eced9fbf2]::mut_query_after_set_component::Pos))>>::call_mut
[INFO] [stdout]   15:     0x649e4309ed6b - <alloc[2182bb758b4b3781]::vec::into_iter::IntoIter<u32> as core[df12db4294e9bfd3]::iter::traits::iterator::Iterator>::fold::<(), core[df12db4294e9bfd3]::iter::adapters::map::map_fold<u32, core[df12db4294e9bfd3]::iter::adapters::zip::Zip<core[df12db4294e9bfd3]::iter::adapters::map::Map<core[df12db4294e9bfd3]::iter::adapters::filter::Filter<core[df12db4294e9bfd3]::iter::adapters::enumerate::Enumerate<core[df12db4294e9bfd3]::slice::iter::Iter<u32>>, <kiwi_ecs[32ae9810b6382237]::archetype::Archetype>::get_entity_ids::{closure#0}>, <kiwi_ecs[32ae9810b6382237]::archetype::Archetype>::get_entity_ids::{closure#1}>, core[df12db4294e9bfd3]::iter::adapters::map::Map<core[df12db4294e9bfd3]::iter::adapters::map::Map<core[df12db4294e9bfd3]::iter::adapters::filter::Filter<core[df12db4294e9bfd3]::iter::adapters::enumerate::Enumerate<core[df12db4294e9bfd3]::slice::iter::Iter<u32>>, <kiwi_ecs[32ae9810b6382237]::archetype::Archetype>::get_arch_rows::{closure#0}>, <kiwi_ecs[32ae9810b6382237]::archetype::Archetype>::get_arch_rows::{closure#1}>, <kiwi_ecs[32ae9810b6382237]::archetype::Archetype>::get_all_components_mut<tests[aa80679eced9fbf2]::mut_query_after_set_component::Pos, core[df12db4294e9bfd3]::iter::adapters::map::Map<core[df12db4294e9bfd3]::iter::adapters::filter::Filter<core[df12db4294e9bfd3]::iter::adapters::enumerate::Enumerate<core[df12db4294e9bfd3]::slice::iter::Iter<u32>>, <kiwi_ecs[32ae9810b6382237]::archetype::Archetype>::get_arch_rows::{closure#0}>, <kiwi_ecs[32ae9810b6382237]::archetype::Archetype>::get_arch_rows::{closure#1}>>::{closure#0}>>, (), <kiwi_ecs[32ae9810b6382237]::world::World>::query_mut_ids1<tests[aa80679eced9fbf2]::mut_query_after_set_component::Pos>::{closure#0}, <core[df12db4294e9bfd3]::iter::adapters::flatten::FlattenCompat<_, _>>::iter_fold::flatten<core[df12db4294e9bfd3]::iter::adapters::zip::Zip<core[df12db4294e9bfd3]::iter::adapters::map::Map<core[df12db4294e9bfd3]::iter::adapters::filter::Filter<core[df12db4294e9bfd3]::iter::adapters::enumerate::Enumerate<core[df12db4294e9bfd3]::slice::iter::Iter<u32>>, <kiwi_ecs[32ae9810b6382237]::archetype::Archetype>::get_entity_ids::{closure#0}>, <kiwi_ecs[32ae9810b6382237]::archetype::Archetype>::get_entity_ids::{closure#1}>, core[df12db4294e9bfd3]::iter::adapters::map::Map<core[df12db4294e9bfd3]::iter::adapters::map::Map<core[df12db4294e9bfd3]::iter::adapters::filter::Filter<core[df12db4294e9bfd3]::iter::adapters::enumerate::Enumerate<core[df12db4294e9bfd3]::slice::iter::Iter<u32>>, <kiwi_ecs[32ae9810b6382237]::archetype::Archetype>::get_arch_rows::{closure#0}>, <kiwi_ecs[32ae9810b6382237]::archetype::Archetype>::get_arch_rows::{closure#1}>, <kiwi_ecs[32ae9810b6382237]::archetype::Archetype>::get_all_components_mut<tests[aa80679eced9fbf2]::mut_query_after_set_component::Pos, core[df12db4294e9bfd3]::iter::adapters::map::Map<core[df12db4294e9bfd3]::iter::adapters::filter::Filter<core[df12db4294e9bfd3]::iter::adapters::enumerate::Enumerate<core[df12db4294e9bfd3]::slice::iter::Iter<u32>>, <kiwi_ecs[32ae9810b6382237]::archetype::Archetype>::get_arch_rows::{closure#0}>, <kiwi_ecs[32ae9810b6382237]::archetype::Archetype>::get_arch_rows::{closure#1}>>::{closure#0}>>, (), <core[df12db4294e9bfd3]::iter::adapters::flatten::FlattenCompat<_, _> as core[df12db4294e9bfd3]::iter::traits::iterator::Iterator>::fold::flatten<core[df12db4294e9bfd3]::iter::adapters::zip::Zip<core[df12db4294e9bfd3]::iter::adapters::map::Map<core[df12db4294e9bfd3]::iter::adapters::filter::Filter<core[df12db4294e9bfd3]::iter::adapters::enumerate::Enumerate<core[df12db4294e9bfd3]::slice::iter::Iter<u32>>, <kiwi_ecs[32ae9810b6382237]::archetype::Archetype>::get_entity_ids::{closure#0}>, <kiwi_ecs[32ae9810b6382237]::archetype::Archetype>::get_entity_ids::{closure#1}>, core[df12db4294e9bfd3]::iter::adapters::map::Map<core[df12db4294e9bfd3]::iter::adapters::map::Map<core[df12db4294e9bfd3]::iter::adapters::filter::Filter<core[df12db4294e9bfd3]::iter::adapters::enumerate::Enumerate<core[df12db4294e9bfd3]::slice::iter::Iter<u32>>, <kiwi_ecs[32ae9810b6382237]::archetype::Archetype>::get_arch_rows::{closure#0}>, <kiwi_ecs[32ae9810b6382237]::archetype::Archetype>::get_arch_rows::{closure#1}>, <kiwi_ecs[32ae9810b6382237]::archetype::Archetype>::get_all_components_mut<tests[aa80679eced9fbf2]::mut_query_after_set_component::Pos, core[df12db4294e9bfd3]::iter::adapters::map::Map<core[df12db4294e9bfd3]::iter::adapters::filter::Filter<core[df12db4294e9bfd3]::iter::adapters::enumerate::Enumerate<core[df12db4294e9bfd3]::slice::iter::Iter<u32>>, <kiwi_ecs[32ae9810b6382237]::archetype::Archetype>::get_arch_rows::{closure#0}>, <kiwi_ecs[32ae9810b6382237]::archetype::Archetype>::get_arch_rows::{closure#1}>>::{closure#0}>>, (), core[df12db4294e9bfd3]::iter::adapters::map::map_fold<(u32, &mut tests[aa80679eced9fbf2]::mut_query_after_set_component::Pos), (u32, &mut tests[aa80679eced9fbf2]::mut_query_after_set_component::Pos), (), <kiwi_ecs[32ae9810b6382237]::world::World>::query_mut_ids1<tests[aa80679eced9fbf2]::mut_query_after_set_component::Pos>::{closure#1}, core[df12db4294e9bfd3]::iter::traits::iterator::Iterator::for_each::call<(u32, &mut tests[aa80679eced9fbf2]::mut_query_after_set_component::Pos), tests[aa80679eced9fbf2]::mut_query_after_set_component::{closure#0}>::{closure#0}>::{closure#0}>::{closure#0}>::{closure#0}>::{closure#0}>
[INFO] [stdout]   16:     0x649e430a1b08 - <tests[aa80679eced9fbf2]::mut_query_after_set_component::{closure#0} as core[df12db4294e9bfd3]::ops::function::FnOnce<()>>::call_once
[INFO] [stdout]   17:     0x649e430a5ecb - test[9d35eded1c95d3be]::__rust_begin_short_backtrace::<core[df12db4294e9bfd3]::result::Result<(), alloc[2182bb758b4b3781]::string::String>, fn() -> core[df12db4294e9bfd3]::result::Result<(), alloc[2182bb758b4b3781]::string::String>>
[INFO] [stdout]   18:     0x649e430b3535 - test[9d35eded1c95d3be]::run_test::{closure#0}
[INFO] [stdout]   19:     0x649e430acdf4 - std[70759c8f55707aa4]::sys::backtrace::__rust_begin_short_backtrace::<test[9d35eded1c95d3be]::run_test::{closure#1}, ()>
[INFO] [stdout]   20:     0x649e430b6692 - <std[70759c8f55707aa4]::thread::lifecycle::spawn_unchecked<test[9d35eded1c95d3be]::run_test::{closure#1}, ()>::{closure#1} as core[df12db4294e9bfd3]::ops::function::FnOnce<()>>::call_once::{shim:vtable#0}
[INFO] [stdout]   21:     0x649e4311ffa9 - <std[70759c8f55707aa4]::sys::thread::unix::Thread>::new::thread_start
[INFO] [stdout]   22:     0x78f2b549ddfa - <unknown>
[INFO] [stdout]   23:     0x78f2b55313d4 - clone
[INFO] [stdout]   24:                0x0 - <unknown>
[INFO] [stdout] 
[INFO] [stdout] 
[INFO] [stdout] failures:
[INFO] [stdout]     mut_query_after_set_component
[INFO] [stdout] 
[INFO] [stdout] test result: FAILED. 14 passed; 1 failed; 0 ignored; 0 measured; 0 filtered out; finished in 0.01s
[INFO] [stdout] 
[INFO] [stderr] error: test failed, to rerun pass `--test tests`
[INFO] running `Command { std: "docker" "inspect" "e88dce48c38bd9f9d52cd1f63e8f33d9734949afab4c9c718e7c168cc276516b", kill_on_drop: false }`
[INFO] running `Command { std: "docker" "rm" "-f" "e88dce48c38bd9f9d52cd1f63e8f33d9734949afab4c9c718e7c168cc276516b", kill_on_drop: false }`
[INFO] [stdout] e88dce48c38bd9f9d52cd1f63e8f33d9734949afab4c9c718e7c168cc276516b
