[INFO] fetching crate kittens-render 0.1.1...
[INFO] testing kittens-render-0.1.1 against 1.100.0-beta.1+cargoflags=--release for beta-release-1.100-2
[INFO] extracting crate kittens-render 0.1.1 into /workspace/builds/worker-3-tc2/source
[INFO] started tweaking crates.io crate kittens-render 0.1.1
[INFO] removed 0 missing examples
[INFO] removed 0 missing tests
[INFO] finished tweaking crates.io crate kittens-render 0.1.1
[INFO] tweaked toml for crates.io crate kittens-render 0.1.1 written to /workspace/builds/worker-3-tc2/source/Cargo.toml
[INFO] validating manifest of crates.io crate kittens-render 0.1.1 on toolchain 1.100.0-beta.1
[INFO] running `Command { std: CARGO_HOME="/workspace/cargo-home" RUSTUP_HOME="/workspace/rustup-home" "/workspace/cargo-home/bin/cargo" "+1.100.0-beta.1" "metadata" "--manifest-path" "Cargo.toml" "--no-deps", kill_on_drop: false }`
[INFO] crate crates.io crate kittens-render 0.1.1 already has a lockfile, it will not be regenerated
[INFO] running `Command { std: CARGO_HOME="/workspace/cargo-home" RUSTUP_HOME="/workspace/rustup-home" "/workspace/cargo-home/bin/cargo" "+1.100.0-beta.1" "fetch" "--manifest-path" "Cargo.toml", kill_on_drop: false }`
[INFO] running `Command { std: "docker" "create" "-v" "/var/lib/crater-agent-workspace/builds/worker-3-tc2/source:/opt/rustwide/workdir:ro,Z" "-v" "/var/lib/crater-agent-workspace/builds/worker-3-tc2/target:/opt/rustwide/target:rw,Z" "-v" "/var/lib/crater-agent-workspace/cargo-home:/opt/rustwide/cargo-home:ro,Z" "-v" "/var/lib/crater-agent-workspace/rustup-home:/opt/rustwide/rustup-home:ro,Z" "-m" "1610612736" "--network" "none" "ghcr.io/rust-lang/crates-build-env/linux@sha256:77db811e55d90add9212f6832c23229e3de5f1c1f9905e8cb07319ea15df73ac" "sleep" "infinity", kill_on_drop: false }`
[INFO] [stdout] e793402c3c35a663b8bea72198669ae173c924e829a7eb2500a109298215f51c
[INFO] running `Command { std: "docker" "start" "e793402c3c35a663b8bea72198669ae173c924e829a7eb2500a109298215f51c", kill_on_drop: false }`
[INFO] running `Command { std: "docker" "inspect" "e793402c3c35a663b8bea72198669ae173c924e829a7eb2500a109298215f51c", kill_on_drop: false }`
[INFO] running `Command { std: "docker" "exec" "-e" "SOURCE_DIR=/opt/rustwide/workdir" "-e" "CARGO_HOME=/opt/rustwide/cargo-home" "-e" "RUSTUP_HOME=/opt/rustwide/rustup-home" "-e" "CARGO_TARGET_DIR=/opt/rustwide/target" "-w" "/opt/rustwide/workdir" "--user" "0:0" "e793402c3c35a663b8bea72198669ae173c924e829a7eb2500a109298215f51c" "/opt/rustwide/cargo-home/bin/cargo" "+1.100.0-beta.1" "metadata" "--no-deps" "--format-version=1", kill_on_drop: false }`
[INFO] running `Command { std: "docker" "inspect" "e793402c3c35a663b8bea72198669ae173c924e829a7eb2500a109298215f51c", kill_on_drop: false }`
[INFO] running `Command { std: "docker" "exec" "-e" "SOURCE_DIR=/opt/rustwide/workdir" "-e" "CARGO_HOME=/opt/rustwide/cargo-home" "-e" "RUSTUP_HOME=/opt/rustwide/rustup-home" "-e" "CARGO_TARGET_DIR=/opt/rustwide/target" "-e" "CARGO_INCREMENTAL=0" "-e" "RUST_BACKTRACE=full" "-e" "RUSTFLAGS=--cap-lints=warn" "-e" "RUSTDOCFLAGS=--cap-lints=warn" "-w" "/opt/rustwide/workdir" "--user" "0:0" "e793402c3c35a663b8bea72198669ae173c924e829a7eb2500a109298215f51c" "/opt/rustwide/cargo-home/bin/cargo" "+1.100.0-beta.1" "build" "--frozen" "--message-format=json" "--release", kill_on_drop: false }`
[INFO] [stderr]    Compiling kittens-render v0.1.1 (/opt/rustwide/workdir)
[INFO] [stdout] warning: use of deprecated method `core::sync::atomic::Atomic::<u32>::fetch_update`: renamed to `try_update` for consistency
[INFO] [stdout]   --> src/demand.rs:59:10
[INFO] [stdout]    |
[INFO] [stdout] 59 |         .fetch_update(Ordering::Relaxed, Ordering::Relaxed, |id| id.checked_add(1))
[INFO] [stdout]    |          ^^^^^^^^^^^^
[INFO] [stdout]    |
[INFO] [stdout]    = note: `#[warn(deprecated)]` on by default
[INFO] [stdout] help: replace the use of the deprecated method
[INFO] [stdout]    |
[INFO] [stdout] 59 -         .fetch_update(Ordering::Relaxed, Ordering::Relaxed, |id| id.checked_add(1))
[INFO] [stdout] 59 +         .try_update(Ordering::Relaxed, Ordering::Relaxed, |id| id.checked_add(1))
[INFO] [stdout]    |
[INFO] [stdout] 
[INFO] [stdout] 
[INFO] [stderr]     Finished `release` profile [optimized] target(s) in 0.42s
[INFO] running `Command { std: "docker" "inspect" "e793402c3c35a663b8bea72198669ae173c924e829a7eb2500a109298215f51c", kill_on_drop: false }`
[INFO] running `Command { std: "docker" "exec" "-e" "SOURCE_DIR=/opt/rustwide/workdir" "-e" "CARGO_HOME=/opt/rustwide/cargo-home" "-e" "RUSTUP_HOME=/opt/rustwide/rustup-home" "-e" "CARGO_TARGET_DIR=/opt/rustwide/target" "-e" "CARGO_INCREMENTAL=0" "-e" "RUST_BACKTRACE=full" "-e" "RUSTFLAGS=--cap-lints=warn" "-e" "RUSTDOCFLAGS=--cap-lints=warn" "-w" "/opt/rustwide/workdir" "--user" "0:0" "e793402c3c35a663b8bea72198669ae173c924e829a7eb2500a109298215f51c" "/opt/rustwide/cargo-home/bin/cargo" "+1.100.0-beta.1" "test" "--frozen" "--no-run" "--message-format=json" "--release", kill_on_drop: false }`
[INFO] [stdout] warning: use of deprecated method `core::sync::atomic::Atomic::<u32>::fetch_update`: renamed to `try_update` for consistency
[INFO] [stdout]   --> src/demand.rs:59:10
[INFO] [stdout]    |
[INFO] [stdout] 59 |         .fetch_update(Ordering::Relaxed, Ordering::Relaxed, |id| id.checked_add(1))
[INFO] [stdout]    |          ^^^^^^^^^^^^
[INFO] [stdout]    |
[INFO] [stdout]    = note: `#[warn(deprecated)]` on by default
[INFO] [stdout] help: replace the use of the deprecated method
[INFO] [stdout]    |
[INFO] [stdout] 59 -         .fetch_update(Ordering::Relaxed, Ordering::Relaxed, |id| id.checked_add(1))
[INFO] [stdout] 59 +         .try_update(Ordering::Relaxed, Ordering::Relaxed, |id| id.checked_add(1))
[INFO] [stdout]    |
[INFO] [stdout] 
[INFO] [stdout] 
[INFO] [stderr]    Compiling toml v1.1.4+spec-1.1.0
[INFO] [stderr]    Compiling serde_json v1.0.151
[INFO] [stderr]    Compiling syn v3.0.3
[INFO] [stderr]    Compiling serde_derive v1.0.229
[INFO] [stderr]    Compiling trybuild v1.0.120
[INFO] [stderr]    Compiling kittens-render v0.1.1 (/opt/rustwide/workdir)
[INFO] [stdout] warning: use of deprecated method `core::sync::atomic::Atomic::<u32>::fetch_update`: renamed to `try_update` for consistency
[INFO] [stdout]   --> src/demand.rs:59:10
[INFO] [stdout]    |
[INFO] [stdout] 59 |         .fetch_update(Ordering::Relaxed, Ordering::Relaxed, |id| id.checked_add(1))
[INFO] [stdout]    |          ^^^^^^^^^^^^
[INFO] [stdout]    |
[INFO] [stdout]    = note: `#[warn(deprecated)]` on by default
[INFO] [stdout] help: replace the use of the deprecated method
[INFO] [stdout]    |
[INFO] [stdout] 59 -         .fetch_update(Ordering::Relaxed, Ordering::Relaxed, |id| id.checked_add(1))
[INFO] [stdout] 59 +         .try_update(Ordering::Relaxed, Ordering::Relaxed, |id| id.checked_add(1))
[INFO] [stdout]    |
[INFO] [stdout] 
[INFO] [stdout] 
[INFO] [stderr]     Finished `release` profile [optimized] target(s) in 19.89s
[INFO] running `Command { std: "docker" "inspect" "e793402c3c35a663b8bea72198669ae173c924e829a7eb2500a109298215f51c", kill_on_drop: false }`
[INFO] running `Command { std: "docker" "exec" "-e" "SOURCE_DIR=/opt/rustwide/workdir" "-e" "CARGO_HOME=/opt/rustwide/cargo-home" "-e" "RUSTUP_HOME=/opt/rustwide/rustup-home" "-e" "CARGO_TARGET_DIR=/opt/rustwide/target" "-e" "CARGO_INCREMENTAL=0" "-e" "RUST_BACKTRACE=full" "-e" "RUSTFLAGS=--cap-lints=warn" "-e" "RUSTDOCFLAGS=--cap-lints=warn" "-w" "/opt/rustwide/workdir" "--user" "0:0" "e793402c3c35a663b8bea72198669ae173c924e829a7eb2500a109298215f51c" "/opt/rustwide/cargo-home/bin/cargo" "+1.100.0-beta.1" "test" "--frozen" "--release", kill_on_drop: false }`
[INFO] [stderr] warning: use of deprecated method `core::sync::atomic::Atomic::<u32>::fetch_update`: renamed to `try_update` for consistency
[INFO] [stderr]   --> src/demand.rs:59:10
[INFO] [stderr]    |
[INFO] [stderr] 59 |         .fetch_update(Ordering::Relaxed, Ordering::Relaxed, |id| id.checked_add(1))
[INFO] [stderr]    |          ^^^^^^^^^^^^
[INFO] [stderr]    |
[INFO] [stderr]    = note: `#[warn(deprecated)]` on by default
[INFO] [stderr] help: replace the use of the deprecated method
[INFO] [stderr]    |
[INFO] [stderr] 59 -         .fetch_update(Ordering::Relaxed, Ordering::Relaxed, |id| id.checked_add(1))
[INFO] [stderr] 59 +         .try_update(Ordering::Relaxed, Ordering::Relaxed, |id| id.checked_add(1))
[INFO] [stderr]    |
[INFO] [stderr] 
[INFO] [stderr] warning: `kittens-render` (lib) generated 1 warning (run `cargo fix --lib -p kittens-render` to apply 1 suggestion)
[INFO] [stderr] warning: `kittens-render` (lib test) generated 1 warning (1 duplicate)
[INFO] [stderr]     Finished `release` profile [optimized] target(s) in 0.05s
[INFO] [stderr]      Running unittests src/lib.rs (/opt/rustwide/target/release/build/kittens-render/0550b2a9a38e7d2d/out/kittens_render-0550b2a9a38e7d2d)
[INFO] [stdout] 
[INFO] [stdout] running 8 tests
[INFO] [stdout] test touch::tests::increment_then_latch_closes_idle_check_lost_wake ... ok
[INFO] [stdout] test demand::tests::epoch_horizon_mints_max_once_then_panics_stickily ... ok
[INFO] [stdout] test demand::tests::eligibility_horizon_accepts_max_and_rejects_overflow ... ok
[INFO] [stdout] test transfer::tests::driven_flight_is_pending_ready_then_terminal ... ok
[INFO] [stdout] test sweep::tests::settle_rejection_predicates_preserve_all_private_state ... ok
[INFO] [stdout] test transfer::tests::model_transfer_fixture_cancel_is_idempotent ... ok
[INFO] [stdout] test demand::tests::panicking_begin_preserves_pending_invalidation ... ok
[INFO] [stdout] test demand::tests::demand_id_exhaustion_is_sticky ... ok
[INFO] [stdout] 
[INFO] [stdout] test result: ok. 8 passed; 0 failed; 0 ignored; 0 measured; 0 filtered out; finished in 0.00s
[INFO] [stdout] 
[INFO] [stderr]      Running tests/k2r0_demand_sweep.rs (/opt/rustwide/target/release/build/kittens-render/9f1f03f8af75490f/out/k2r0_demand_sweep-9f1f03f8af75490f)
[INFO] [stdout] 
[INFO] [stdout] running 24 tests
[INFO] [stdout] test abandon_recovers_a_dropped_sweep ... ok
[INFO] [stdout] test cross_demand_stripe_settlement_is_rejected_without_mutation ... ok
[INFO] [stdout] test abandoned_epochs_witnesses_are_terminally_rejected ... ok
[INFO] [stdout] test foreign_and_stale_settlement_is_rejected_without_mutation ... ok
[INFO] [stdout] test cancelled_settlement_poisons_sweep ... ok
[INFO] [stdout] test failed_sweep_retains_demand_and_throttle_position ... ok
[INFO] [stdout] test invalid_plans_are_rejected_including_overflow ... ok
[INFO] [stdout] test slow_sweep_throttles_from_its_finish_instant ... ok
[INFO] [stdout] test effective_settlement_advances_throttle_and_clears_obligation ... ok
[INFO] [stdout] test foreign_failed_settlement_is_rejected_without_mutation ... ok
[INFO] [stdout] test invalidation_mid_sweep_discards_that_sweeps_settlement ... ok
[INFO] [stdout] test only_one_target_is_outstanding_and_settlement_clears_it ... ok
[INFO] [stdout] test regressing_finish_time_is_clamped ... ok
[INFO] [stdout] test request_during_active_sweep_survives_settlement ... ok
[INFO] [stdout] test requests_coalesce_and_epochs_are_monotonic ... ok
[INFO] [stdout] test throttled_begin_does_not_consume_idle_invalidation ... ok
[INFO] [stdout] test snapshot_is_owned_through_the_sweep_and_returned_at_the_end ... ok
[INFO] [stdout] test idle_invalidation_after_abandon_sticks_to_the_replacement ... ok
[INFO] [stdout] test failed_settlement_poisons_sweep ... ok
[INFO] [stdout] test stale_failed_settlement_is_rejected_without_mutation ... ok
[INFO] [stdout] test plan_tiles_the_panel_exactly_including_partial_last_stripe ... ok
[INFO] [stdout] test idle_invalidation_after_abort_sticks_to_the_replacement ... ok
[INFO] [stdout] test clean_demand_mints_nothing ... ok
[INFO] [stdout] test tick_horizon_is_checked_without_state_mutation ... ok
[INFO] [stdout] 
[INFO] [stdout] test result: ok. 24 passed; 0 failed; 0 ignored; 0 measured; 0 filtered out; finished in 0.01s
[INFO] [stdout] 
[INFO] [stderr]      Running tests/k2r0_pixel_equivalence.rs (/opt/rustwide/target/release/build/kittens-render/974f78e58e99e6c0/out/k2r0_pixel_equivalence-974f78e58e99e6c0)
[INFO] [stderr]      Running tests/k2r0_touch.rs (/opt/rustwide/target/release/build/kittens-render/f10808428e7786dc/out/k2r0_touch-f10808428e7786dc)
[INFO] [stdout] 
[INFO] [stdout] running 0 tests
[INFO] [stdout] 
[INFO] [stdout] test result: ok. 0 passed; 0 failed; 0 ignored; 0 measured; 0 filtered out; finished in 0.00s
[INFO] [stdout] 
[INFO] [stdout] 
[INFO] [stdout] running 16 tests
[INFO] [stdout] test edge_reconstruction_covers_down_changed_move_up_and_two_contacts ... ok
[INFO] [stdout] test coalescing_is_honest_edges_between_surfaced_reports ... ok
[INFO] [stdout] test budget_exhaustion_keeps_retry_latched_after_int_deasserts ... ok
[INFO] [stdout] test idle_activation_services_nothing ... ok
[INFO] [stdout] test generation_wrap_boundary_remains_serviceable ... ok
[INFO] [stdout] test produce_after_idle_handoff_requests_a_wake ... ok
[INFO] [stdout] test one_produce_surfaces_one_untorn_report_and_clears_pending ... ok
[INFO] [stdout] test produce_during_read_relatches_even_when_generation_wrap_is_not_needed ... ok
[INFO] [stdout] test read_failure_keeps_retry_latched_and_next_activation_recovers ... ok
[INFO] [stdout] test produces_coalesce_while_pending_without_duplicate_wakes ... ok
[INFO] [stdout] test startup_int_read_failure_retries_after_int_deasserts ... ok
[INFO] [stdout] test seeded_two_to_the_32_produces_cannot_alias_pending_to_idle ... ok
[INFO] [stdout] test stuck_int_identical_snapshots_emit_no_false_movement_edges ... ok
[INFO] [stdout] test startup_with_int_already_asserted_services_without_a_produce ... ok
[INFO] [stdout] test service_budget_is_nonzero_by_construction ... ok
[INFO] [stdout] test negative_control_check_before_increment_loses_idle_wake ... ok
[INFO] [stderr]      Running tests/k2r0a_a_prime.rs (/opt/rustwide/target/release/build/kittens-render/99bba3b54e8cac8d/out/k2r0a_a_prime-99bba3b54e8cac8d)
[INFO] [stdout] 
[INFO] [stdout] test result: ok. 16 passed; 0 failed; 0 ignored; 0 measured; 0 filtered out; finished in 0.01s
[INFO] [stdout] 
[INFO] [stdout] 
[INFO] [stdout] running 14 tests
[INFO] [stdout] test cancel_then_late_completion_stays_cancelled ... ok
[INFO] [stdout] test completion_during_registration_is_not_lost ... ok
[INFO] [stdout] test drain_is_idempotent_and_spent_flight_is_terminal ... ok
[INFO] [stdout] test spare_is_writable_during_flight_and_drain_flag_clears ... ok
[INFO] [stdout] test starter_error_returns_target_spare_and_error_for_retry ... ok
[INFO] [stdout] test late_completion_after_recovery_is_inert_via_disarm ... ok
[INFO] [stdout] test polled_then_lost_arbitration_gets_exactly_one_wake ... ok
[INFO] [stdout] test negative_control_check_then_register_loses_the_wake ... ok
[INFO] [stdout] test sequential_transfers_reuse_the_same_slot ... ok
[INFO] [stdout] test drain_racing_prior_completion_reports_completed ... ok
[INFO] [stdout] test dropped_pending_transfer_disarms_the_slot ... ok
[INFO] [stdout] test failure_settles_returns_resources_and_mints_unwritten_witness ... ok
[INFO] [stderr]      Running tests/ui.rs (/opt/rustwide/target/release/build/kittens-render/5ac7626f32c124cd/out/ui-5ac7626f32c124cd)
[INFO] [stdout] test waker_replacement_wakes_only_the_newest ... ok
[INFO] [stdout] test unpolled_below_winner_recovers_on_first_poll ... ok
[INFO] [stdout] 
[INFO] [stdout] test result: ok. 14 passed; 0 failed; 0 ignored; 0 measured; 0 filtered out; finished in 0.01s
[INFO] [stdout] 
[INFO] [stdout] 
[INFO] [stdout] running 1 test
[INFO] [stderr]    Compiling kittens-render v0.1.1 (/opt/rustwide/workdir)
[INFO] [stderr] warning: use of deprecated method `core::sync::atomic::Atomic::<u32>::fetch_update`: renamed to `try_update` for consistency
[INFO] [stderr]   --> /opt/rustwide/workdir/src/demand.rs:59:10
[INFO] [stderr]    |
[INFO] [stderr] 59 |         .fetch_update(Ordering::Relaxed, Ordering::Relaxed, |id| id.checked_add(1))
[INFO] [stderr]    |          ^^^^^^^^^^^^
[INFO] [stderr]    |
[INFO] [stderr]    = note: `#[warn(deprecated)]` on by default
[INFO] [stderr] help: replace the use of the deprecated method
[INFO] [stderr]    |
[INFO] [stderr] 59 -         .fetch_update(Ordering::Relaxed, Ordering::Relaxed, |id| id.checked_add(1))
[INFO] [stderr] 59 +         .try_update(Ordering::Relaxed, Ordering::Relaxed, |id| id.checked_add(1))
[INFO] [stderr]    |
[INFO] [stderr] 
[INFO] [stderr] warning: `kittens-render` (lib) generated 1 warning (run `cargo fix --lib -p kittens-render` to apply 1 suggestion)
[INFO] [stderr]    Compiling kittens-render-tests v0.0.0 (/opt/rustwide/target/tests/trybuild/kittens-render)
[INFO] [stderr]     Finished `dev` profile [unoptimized + debuginfo] target(s) in 0.41s
[INFO] [stderr] 
[INFO] [stderr] 
[INFO] [stderr] test tests/ui/clone_aborted_sweep.rs [should fail to compile] ... ok
[INFO] [stderr] test tests/ui/clone_settled.rs [should fail to compile] ... ok
[INFO] [stderr] test tests/ui/clone_start_flight_error.rs [should fail to compile] ... ok
[INFO] [stderr] test tests/ui/clone_start_permit.rs [should fail to compile] ... ok
[INFO] [stderr] test tests/ui/clone_stripe_settlement.rs [should fail to compile] ... ok
[INFO] [stderr] test tests/ui/clone_stripe_target.rs [should fail to compile] ... ok
[INFO] [stderr] test tests/ui/clone_stripe_unwritten.rs [should fail to compile] ... ok
[INFO] [stderr] test tests/ui/clone_stripe_written.rs [should fail to compile] ... ok
[INFO] [stderr] test tests/ui/clone_sweep_written.rs [should fail to compile] ... ok
[INFO] [stderr] test tests/ui/construct_start_permit.rs [should fail to compile] ... ok
[INFO] [stderr] test tests/ui/direct_flight_starter_invocation.rs [should fail to compile] ... ok
[INFO] [stderr] test tests/ui/forge_aborted_sweep.rs [should fail to compile] ... ok
[INFO] [stderr] test tests/ui/forge_frame_epoch.rs [should fail to compile] ... mismatch
[INFO] [stderr] 
[INFO] [stderr] EXPECTED:
[INFO] [stderr] ┈┈┈┈┈┈┈┈┈┈┈┈┈┈┈┈┈┈┈┈┈┈┈┈┈┈┈┈┈┈┈┈┈┈┈┈┈┈┈┈┈┈┈┈┈┈┈┈┈┈┈┈┈┈┈┈┈┈┈┈
[INFO] [stderr] error[E0423]: cannot initialize a tuple struct which contains private fields
[INFO] [stderr]  --> tests/ui/forge_frame_epoch.rs:4:18
[INFO] [stderr]   |
[INFO] [stderr] 4 |     let _epoch = FrameEpoch(7);
[INFO] [stderr]   |                  ^^^^^^^^^^
[INFO] [stderr]   |
[INFO] [stderr] note: constructor is not visible here due to private fields
[INFO] [stderr]  --> src/geometry.rs
[INFO] [stderr]   |
[INFO] [stderr]   | pub struct FrameEpoch(pub(crate) u64);
[INFO] [stderr]   |                       ^^^^^^^^^^^^^^ private field
[INFO] [stderr] ┈┈┈┈┈┈┈┈┈┈┈┈┈┈┈┈┈┈┈┈┈┈┈┈┈┈┈┈┈┈┈┈┈┈┈┈┈┈┈┈┈┈┈┈┈┈┈┈┈┈┈┈┈┈┈┈┈┈┈┈
[INFO] [stderr] 
[INFO] [stderr] ACTUAL OUTPUT:
[INFO] [stderr] ┈┈┈┈┈┈┈┈┈┈┈┈┈┈┈┈┈┈┈┈┈┈┈┈┈┈┈┈┈┈┈┈┈┈┈┈┈┈┈┈┈┈┈┈┈┈┈┈┈┈┈┈┈┈┈┈┈┈┈┈
[INFO] [stderr] error[E0423]: cannot initialize a tuple struct which contains private fields
[INFO] [stderr]  --> tests/ui/forge_frame_epoch.rs:4:18
[INFO] [stderr]   |
[INFO] [stderr] 4 |     let _epoch = FrameEpoch(7);
[INFO] [stderr]   |                  ^^^^^^^^^^
[INFO] [stderr]   |
[INFO] [stderr]   = note: a struct named `FrameEpoch` exists in another namespace
[INFO] [stderr] note: constructor is not visible here due to private fields
[INFO] [stderr]  --> src/geometry.rs
[INFO] [stderr]   |
[INFO] [stderr]   | pub struct FrameEpoch(pub(crate) u64);
[INFO] [stderr]   |                       ^^^^^^^^^^^^^^ private field
[INFO] [stderr] ┈┈┈┈┈┈┈┈┈┈┈┈┈┈┈┈┈┈┈┈┈┈┈┈┈┈┈┈┈┈┈┈┈┈┈┈┈┈┈┈┈┈┈┈┈┈┈┈┈┈┈┈┈┈┈┈┈┈┈┈
[INFO] [stderr] note: If the actual output is the correct output you can bless it by rerunning
[INFO] [stderr]       your test with the environment variable TRYBUILD=overwrite
[INFO] [stderr] 
[INFO] [stderr] test tests/ui/forge_panel_geometry.rs [should fail to compile] ... ok
[INFO] [stderr] test tests/ui/forge_settled.rs [should fail to compile] ... ok
[INFO] [stderr] test tests/ui/forge_stripe_target.rs [should fail to compile] ... ok
[INFO] [stderr] test tests/ui/forge_stripe_unwritten.rs [should fail to compile] ... ok
[INFO] [stderr] test tests/ui/forge_stripe_written.rs [should fail to compile] ... ok
[INFO] [stderr] test tests/ui/forge_sweep_written.rs [should fail to compile] ... ok
[INFO] [stderr] test tests/ui/in_flight_from_started_is_not_public.rs [should fail to compile] ... ok
[INFO] [stderr] test tests/ui/in_flight_is_conditionally_unpin.rs [should fail to compile] ... mismatch
[INFO] [stderr] 
[INFO] [stderr] EXPECTED:
[INFO] [stderr] ┈┈┈┈┈┈┈┈┈┈┈┈┈┈┈┈┈┈┈┈┈┈┈┈┈┈┈┈┈┈┈┈┈┈┈┈┈┈┈┈┈┈┈┈┈┈┈┈┈┈┈┈┈┈┈┈┈┈┈┈
[INFO] [stderr] error[E0277]: `PhantomPinned` cannot be unpinned
[INFO] [stderr]   --> tests/ui/in_flight_is_conditionally_unpin.rs:30:20
[INFO] [stderr]    |
[INFO] [stderr] 30 |     assert_unpin::<InFlight<AddressSensitive, ()>>();
[INFO] [stderr]    |                    ^^^^^^^^^^^^^^^^^^^^^^^^^^^^^^ within `AddressSensitive`, the trait `Unpin` is not implemented for `PhantomPinned`
[INFO] [stderr]    |
[INFO] [stderr]    = note: consider using the `pin!` macro
[INFO] [stderr]            consider using `Box::pin` if you need to access the pinned value outside of the current scope
[INFO] [stderr] note: required because it appears within the type `AddressSensitive`
[INFO] [stderr]   --> tests/ui/in_flight_is_conditionally_unpin.rs:6:8
[INFO] [stderr]    |
[INFO] [stderr]  6 | struct AddressSensitive(PhantomPinned);
[INFO] [stderr]    |        ^^^^^^^^^^^^^^^^
[INFO] [stderr]    = note: required for `InFlight<AddressSensitive, ()>` to implement `Unpin`
[INFO] [stderr] note: required by a bound in `assert_unpin`
[INFO] [stderr]   --> tests/ui/in_flight_is_conditionally_unpin.rs:27:20
[INFO] [stderr]    |
[INFO] [stderr] 27 | fn assert_unpin<T: Unpin>() {}
[INFO] [stderr]    |                    ^^^^^ required by this bound in `assert_unpin`
[INFO] [stderr] ┈┈┈┈┈┈┈┈┈┈┈┈┈┈┈┈┈┈┈┈┈┈┈┈┈┈┈┈┈┈┈┈┈┈┈┈┈┈┈┈┈┈┈┈┈┈┈┈┈┈┈┈┈┈┈┈┈┈┈┈
[INFO] [stderr] 
[INFO] [stderr] ACTUAL OUTPUT:
[INFO] [stderr] ┈┈┈┈┈┈┈┈┈┈┈┈┈┈┈┈┈┈┈┈┈┈┈┈┈┈┈┈┈┈┈┈┈┈┈┈┈┈┈┈┈┈┈┈┈┈┈┈┈┈┈┈┈┈┈┈┈┈┈┈
[INFO] [stderr] error[E0277]: `PhantomPinned` cannot be unpinned
[INFO] [stderr]   --> tests/ui/in_flight_is_conditionally_unpin.rs:30:20
[INFO] [stderr]    |
[INFO] [stderr] 30 |     assert_unpin::<InFlight<AddressSensitive, ()>>();
[INFO] [stderr]    |                    ^^^^^^^^^^^^^^^^^^^^^^^^^^^^^^ within `AddressSensitive`, the trait `Unpin` is not implemented for `PhantomPinned`
[INFO] [stderr]    |
[INFO] [stderr]    = note: consider using the `pin!` macro
[INFO] [stderr]            consider using `Box::pin` if you need to access the pinned value outside of the current scope
[INFO] [stderr] note: required because it appears within the type `AddressSensitive`
[INFO] [stderr]   --> tests/ui/in_flight_is_conditionally_unpin.rs:6:25
[INFO] [stderr]    |
[INFO] [stderr]  6 | struct AddressSensitive(PhantomPinned);
[INFO] [stderr]    |                         ^^^^^^^^^^^^^ required by this field
[INFO] [stderr]    = note: required for `InFlight<AddressSensitive, ()>` to implement `Unpin`
[INFO] [stderr] note: required by a bound in `assert_unpin`
[INFO] [stderr]   --> tests/ui/in_flight_is_conditionally_unpin.rs:27:20
[INFO] [stderr]    |
[INFO] [stderr] 27 | fn assert_unpin<T: Unpin>() {}
[INFO] [stderr]    |                    ^^^^^ required by this bound in `assert_unpin`
[INFO] [stderr] ┈┈┈┈┈┈┈┈┈┈┈┈┈┈┈┈┈┈┈┈┈┈┈┈┈┈┈┈┈┈┈┈┈┈┈┈┈┈┈┈┈┈┈┈┈┈┈┈┈┈┈┈┈┈┈┈┈┈┈┈
[INFO] [stderr] note: If the actual output is the correct output you can bless it by rerunning
[INFO] [stderr]       your test with the environment variable TRYBUILD=overwrite
[INFO] [stderr] 
[INFO] [stderr] test tests/ui/in_flight_spare_is_conditionally_unpin.rs [should fail to compile] ... ok
[INFO] [stderr] test tests/ui/in_flight_struct_literal_is_private.rs [should fail to compile] ... ok
[INFO] [stderr] test tests/ui/private_sweep_mint.rs [should fail to compile] ... ok
[INFO] [stderr] test tests/ui/private_sweep_plan_constructor.rs [should fail to compile] ... ok
[INFO] [stderr] test tests/ui/raw_closure_start_is_not_supported.rs [should fail to compile] ... mismatch
[INFO] [stderr] 
[INFO] [stderr] EXPECTED:
[INFO] [stderr] ┈┈┈┈┈┈┈┈┈┈┈┈┈┈┈┈┈┈┈┈┈┈┈┈┈┈┈┈┈┈┈┈┈┈┈┈┈┈┈┈┈┈┈┈┈┈┈┈┈┈┈┈┈┈┈┈┈┈┈┈
[INFO] [stderr] error[E0277]: the trait bound `{closure@$DIR/tests/ui/raw_closure_start_is_not_supported.rs:7:36: 7:58}: FlightStarter` is not satisfied
[INFO] [stderr]  --> tests/ui/raw_closure_start_is_not_supported.rs:7:36
[INFO] [stderr]   |
[INFO] [stderr] 7 |         target.start_flight(spare, move |_region: Region| Ok::<X, ()>(transfer));
[INFO] [stderr]   |                ------------        ^^^^^^^^^^^^^^^^^^^^^^^^^^^^^^^^^^^^^^^^^^^^ unsatisfied trait bound
[INFO] [stderr]   |                |
[INFO] [stderr]   |                required by a bound introduced by this call
[INFO] [stderr]   |
[INFO] [stderr]   = help: the trait `FlightStarter` is not implemented for closure `{closure@$DIR/tests/ui/raw_closure_start_is_not_supported.rs:7:36: 7:58}`
[INFO] [stderr] note: required by a bound in `transfer::<impl StripeTarget>::start_flight`
[INFO] [stderr]  --> src/transfer.rs
[INFO] [stderr]   |
[INFO] [stderr]   |     pub fn start_flight<F, S>(
[INFO] [stderr]   |            ------------ required by a bound in this associated function
[INFO] [stderr] ...
[INFO] [stderr]   |         F: FlightStarter,
[INFO] [stderr]   |            ^^^^^^^^^^^^^ required by this bound in `transfer::<impl StripeTarget>::start_flight`
[INFO] [stderr] ┈┈┈┈┈┈┈┈┈┈┈┈┈┈┈┈┈┈┈┈┈┈┈┈┈┈┈┈┈┈┈┈┈┈┈┈┈┈┈┈┈┈┈┈┈┈┈┈┈┈┈┈┈┈┈┈┈┈┈┈
[INFO] [stderr] 
[INFO] [stderr] ACTUAL OUTPUT:
[INFO] [stderr] ┈┈┈┈┈┈┈┈┈┈┈┈┈┈┈┈┈┈┈┈┈┈┈┈┈┈┈┈┈┈┈┈┈┈┈┈┈┈┈┈┈┈┈┈┈┈┈┈┈┈┈┈┈┈┈┈┈┈┈┈
[INFO] [stderr] error[E0277]: the trait bound `{closure@$DIR/tests/ui/raw_closure_start_is_not_supported.rs:7:36: 7:58}: FlightStarter` is not satisfied
[INFO] [stderr]  --> tests/ui/raw_closure_start_is_not_supported.rs:7:36
[INFO] [stderr]   |
[INFO] [stderr] 7 |         target.start_flight(spare, move |_region: Region| Ok::<X, ()>(transfer));
[INFO] [stderr]   |                ------------        ^^^^^^^^^^^^^^^^^^^^^^^^^^^^^^^^^^^^^^^^^^^^ unsatisfied trait bound
[INFO] [stderr]   |                |
[INFO] [stderr]   |                required by a bound introduced by this call
[INFO] [stderr]   |
[INFO] [stderr]   = help: the trait `FlightStarter` is not implemented for closure `{closure@$DIR/tests/ui/raw_closure_start_is_not_supported.rs:7:36: 7:58}`
[INFO] [stderr] note: required by a bound in `transfer::<impl StripeTarget>::start_flight`
[INFO] [stderr]  --> src/transfer.rs
[INFO] [stderr]   |
[INFO] [stderr]   | impl StripeTarget {
[INFO] [stderr] ...
[INFO] [stderr]   |     pub fn start_flight<F, S>(
[INFO] [stderr] ...
[INFO] [stderr]   |         F: FlightStarter,
[INFO] [stderr]   |            ^^^^^^^^^^^^^ required by this bound in `transfer::<impl StripeTarget>::start_flight`
[INFO] [stderr] ┈┈┈┈┈┈┈┈┈┈┈┈┈┈┈┈┈┈┈┈┈┈┈┈┈┈┈┈┈┈┈┈┈┈┈┈┈┈┈┈┈┈┈┈┈┈┈┈┈┈┈┈┈┈┈┈┈┈┈┈
[INFO] [stderr] note: If the actual output is the correct output you can bless it by rerunning
[INFO] [stderr]       your test with the environment variable TRYBUILD=overwrite
[INFO] [stderr] 
[INFO] [stderr] test tests/ui/replay_stripe_written.rs [should fail to compile] ... ok
[INFO] [stderr] test tests/ui/replay_sweep_written.rs [should fail to compile] ... ok
[INFO] [stderr] test tests/ui/reuse_stripe_target.rs [should fail to compile] ... ok
[INFO] [stderr] test tests/ui/rewrite_settled_outcome.rs [should fail to compile] ... ok
[INFO] [stderr] test tests/ui/start_permit_cannot_escape.rs [should fail to compile] ... ok
[INFO] [stderr] test tests/ui/start_permit_struct_literal_is_private.rs [should fail to compile] ... ok
[INFO] [stderr] test tests/ui-pass/custom_unvalidated_panel.rs [should pass] ... ok
[INFO] [stderr] 
[INFO] [stderr] STDERR:
[INFO] [stderr] ┈┈┈┈┈┈┈┈┈┈┈┈┈┈┈┈┈┈┈┈┈┈┈┈┈┈┈┈┈┈┈┈┈┈┈┈┈┈┈┈┈┈┈┈┈┈┈┈┈┈┈┈┈┈┈┈┈┈┈┈
[INFO] [stderr] warning: use of deprecated method `core::sync::atomic::Atomic::<u32>::fetch_update`: renamed to `try_update` for consistency
[INFO] [stderr]   --> /opt/rustwide/workdir/src/demand.rs:59:10
[INFO] [stderr]    |
[INFO] [stderr] 59 |         .fetch_update(Ordering::Relaxed, Ordering::Relaxed, |id| id.checked_add(1))
[INFO] [stderr]    |          ^^^^^^^^^^^^
[INFO] [stderr]    |
[INFO] [stderr]    = note: `#[warn(deprecated)]` on by default
[INFO] [stderr] help: replace the use of the deprecated method
[INFO] [stderr]    |
[INFO] [stderr] 59 -         .fetch_update(Ordering::Relaxed, Ordering::Relaxed, |id| id.checked_add(1))
[INFO] [stderr] 59 +         .try_update(Ordering::Relaxed, Ordering::Relaxed, |id| id.checked_add(1))
[INFO] [stderr]    |
[INFO] [stderr] ┈┈┈┈┈┈┈┈┈┈┈┈┈┈┈┈┈┈┈┈┈┈┈┈┈┈┈┈┈┈┈┈┈┈┈┈┈┈┈┈┈┈┈┈┈┈┈┈┈┈┈┈┈┈┈┈┈┈┈┈
[INFO] [stderr] 
[INFO] [stderr] test tests/ui-pass/dishonest_starter_ignores_region.rs [should pass] ... ok
[INFO] [stderr] 
[INFO] [stderr] STDERR:
[INFO] [stderr] ┈┈┈┈┈┈┈┈┈┈┈┈┈┈┈┈┈┈┈┈┈┈┈┈┈┈┈┈┈┈┈┈┈┈┈┈┈┈┈┈┈┈┈┈┈┈┈┈┈┈┈┈┈┈┈┈┈┈┈┈
[INFO] [stderr] warning: use of deprecated method `core::sync::atomic::Atomic::<u32>::fetch_update`: renamed to `try_update` for consistency
[INFO] [stderr]   --> /opt/rustwide/workdir/src/demand.rs:59:10
[INFO] [stderr]    |
[INFO] [stderr] 59 |         .fetch_update(Ordering::Relaxed, Ordering::Relaxed, |id| id.checked_add(1))
[INFO] [stderr]    |          ^^^^^^^^^^^^
[INFO] [stderr]    |
[INFO] [stderr]    = note: `#[warn(deprecated)]` on by default
[INFO] [stderr] help: replace the use of the deprecated method
[INFO] [stderr]    |
[INFO] [stderr] 59 -         .fetch_update(Ordering::Relaxed, Ordering::Relaxed, |id| id.checked_add(1))
[INFO] [stderr] 59 +         .try_update(Ordering::Relaxed, Ordering::Relaxed, |id| id.checked_add(1))
[INFO] [stderr]    |
[INFO] [stderr] ┈┈┈┈┈┈┈┈┈┈┈┈┈┈┈┈┈┈┈┈┈┈┈┈┈┈┈┈┈┈┈┈┈┈┈┈┈┈┈┈┈┈┈┈┈┈┈┈┈┈┈┈┈┈┈┈┈┈┈┈
[INFO] [stderr] 
[INFO] [stderr] test tests/ui-pass/in_flight_unpin_when_parts_are_unpin.rs [should pass] ... ok
[INFO] [stderr] 
[INFO] [stderr] STDERR:
[INFO] [stderr] ┈┈┈┈┈┈┈┈┈┈┈┈┈┈┈┈┈┈┈┈┈┈┈┈┈┈┈┈┈┈┈┈┈┈┈┈┈┈┈┈┈┈┈┈┈┈┈┈┈┈┈┈┈┈┈┈┈┈┈┈
[INFO] [stderr] warning: use of deprecated method `core::sync::atomic::Atomic::<u32>::fetch_update`: renamed to `try_update` for consistency
[INFO] [stderr]   --> /opt/rustwide/workdir/src/demand.rs:59:10
[INFO] [stderr]    |
[INFO] [stderr] 59 |         .fetch_update(Ordering::Relaxed, Ordering::Relaxed, |id| id.checked_add(1))
[INFO] [stderr]    |          ^^^^^^^^^^^^
[INFO] [stderr]    |
[INFO] [stderr]    = note: `#[warn(deprecated)]` on by default
[INFO] [stderr] help: replace the use of the deprecated method
[INFO] [stderr]    |
[INFO] [stderr] 59 -         .fetch_update(Ordering::Relaxed, Ordering::Relaxed, |id| id.checked_add(1))
[INFO] [stderr] 59 +         .try_update(Ordering::Relaxed, Ordering::Relaxed, |id| id.checked_add(1))
[INFO] [stderr]    |
[INFO] [stderr] ┈┈┈┈┈┈┈┈┈┈┈┈┈┈┈┈┈┈┈┈┈┈┈┈┈┈┈┈┈┈┈┈┈┈┈┈┈┈┈┈┈┈┈┈┈┈┈┈┈┈┈┈┈┈┈┈┈┈┈┈
[INFO] [stderr] 
[INFO] [stderr] test tests/ui-pass/interior_mutable_snapshot.rs [should pass] ... ok
[INFO] [stderr] 
[INFO] [stderr] STDERR:
[INFO] [stderr] ┈┈┈┈┈┈┈┈┈┈┈┈┈┈┈┈┈┈┈┈┈┈┈┈┈┈┈┈┈┈┈┈┈┈┈┈┈┈┈┈┈┈┈┈┈┈┈┈┈┈┈┈┈┈┈┈┈┈┈┈
[INFO] [stderr] warning: use of deprecated method `core::sync::atomic::Atomic::<u32>::fetch_update`: renamed to `try_update` for consistency
[INFO] [stderr]   --> /opt/rustwide/workdir/src/demand.rs:59:10
[INFO] [stderr]    |
[INFO] [stderr] 59 |         .fetch_update(Ordering::Relaxed, Ordering::Relaxed, |id| id.checked_add(1))
[INFO] [stderr]    |          ^^^^^^^^^^^^
[INFO] [stderr]    |
[INFO] [stderr]    = note: `#[warn(deprecated)]` on by default
[INFO] [stderr] help: replace the use of the deprecated method
[INFO] [stderr]    |
[INFO] [stderr] 59 -         .fetch_update(Ordering::Relaxed, Ordering::Relaxed, |id| id.checked_add(1))
[INFO] [stderr] 59 +         .try_update(Ordering::Relaxed, Ordering::Relaxed, |id| id.checked_add(1))
[INFO] [stderr]    |
[INFO] [stderr] ┈┈┈┈┈┈┈┈┈┈┈┈┈┈┈┈┈┈┈┈┈┈┈┈┈┈┈┈┈┈┈┈┈┈┈┈┈┈┈┈┈┈┈┈┈┈┈┈┈┈┈┈┈┈┈┈┈┈┈┈
[INFO] [stderr] 
[INFO] [stderr] test tests/ui-pass/old_sweep_survives_abandon.rs [should pass] ... ok
[INFO] [stderr] 
[INFO] [stderr] STDERR:
[INFO] [stderr] ┈┈┈┈┈┈┈┈┈┈┈┈┈┈┈┈┈┈┈┈┈┈┈┈┈┈┈┈┈┈┈┈┈┈┈┈┈┈┈┈┈┈┈┈┈┈┈┈┈┈┈┈┈┈┈┈┈┈┈┈
[INFO] [stderr] warning: use of deprecated method `core::sync::atomic::Atomic::<u32>::fetch_update`: renamed to `try_update` for consistency
[INFO] [stderr]   --> /opt/rustwide/workdir/src/demand.rs:59:10
[INFO] [stderr]    |
[INFO] [stderr] 59 |         .fetch_update(Ordering::Relaxed, Ordering::Relaxed, |id| id.checked_add(1))
[INFO] [stderr]    |          ^^^^^^^^^^^^
[INFO] [stderr]    |
[INFO] [stderr]    = note: `#[warn(deprecated)]` on by default
[INFO] [stderr] help: replace the use of the deprecated method
[INFO] [stderr]    |
[INFO] [stderr] 59 -         .fetch_update(Ordering::Relaxed, Ordering::Relaxed, |id| id.checked_add(1))
[INFO] [stderr] 59 +         .try_update(Ordering::Relaxed, Ordering::Relaxed, |id| id.checked_add(1))
[INFO] [stderr]    |
[INFO] [stderr] ┈┈┈┈┈┈┈┈┈┈┈┈┈┈┈┈┈┈┈┈┈┈┈┈┈┈┈┈┈┈┈┈┈┈┈┈┈┈┈┈┈┈┈┈┈┈┈┈┈┈┈┈┈┈┈┈┈┈┈┈
[INFO] [stderr] 
[INFO] [stderr] test tests/ui-pass/shared_sent_spare_backing.rs [should pass] ... ok
[INFO] [stderr] 
[INFO] [stderr] STDERR:
[INFO] [stderr] ┈┈┈┈┈┈┈┈┈┈┈┈┈┈┈┈┈┈┈┈┈┈┈┈┈┈┈┈┈┈┈┈┈┈┈┈┈┈┈┈┈┈┈┈┈┈┈┈┈┈┈┈┈┈┈┈┈┈┈┈
[INFO] [stderr] warning: use of deprecated method `core::sync::atomic::Atomic::<u32>::fetch_update`: renamed to `try_update` for consistency
[INFO] [stderr]   --> /opt/rustwide/workdir/src/demand.rs:59:10
[INFO] [stderr]    |
[INFO] [stderr] 59 |         .fetch_update(Ordering::Relaxed, Ordering::Relaxed, |id| id.checked_add(1))
[INFO] [stderr]    |          ^^^^^^^^^^^^
[INFO] [stderr]    |
[INFO] [stderr]    = note: `#[warn(deprecated)]` on by default
[INFO] [stderr] help: replace the use of the deprecated method
[INFO] [stderr]    |
[INFO] [stderr] 59 -         .fetch_update(Ordering::Relaxed, Ordering::Relaxed, |id| id.checked_add(1))
[INFO] [stderr] 59 +         .try_update(Ordering::Relaxed, Ordering::Relaxed, |id| id.checked_add(1))
[INFO] [stderr]    |
[INFO] [stderr] ┈┈┈┈┈┈┈┈┈┈┈┈┈┈┈┈┈┈┈┈┈┈┈┈┈┈┈┈┈┈┈┈┈┈┈┈┈┈┈┈┈┈┈┈┈┈┈┈┈┈┈┈┈┈┈┈┈┈┈┈
[INFO] [stderr] 
[INFO] [stdout] test proof_boundaries_and_negative_controls ... FAILED
[INFO] [stderr] test tests/ui-pass/touch_reader_untorn_is_prose_only.rs [should pass] ... ok
[INFO] [stdout] 
[INFO] [stderr] 
[INFO] [stdout] failures:
[INFO] [stderr] STDERR:
[INFO] [stdout] 
[INFO] [stderr] ┈┈┈┈┈┈┈┈┈┈┈┈┈┈┈┈┈┈┈┈┈┈┈┈┈┈┈┈┈┈┈┈┈┈┈┈┈┈┈┈┈┈┈┈┈┈┈┈┈┈┈┈┈┈┈┈┈┈┈┈
[INFO] [stdout] ---- proof_boundaries_and_negative_controls stdout ----
[INFO] [stderr] warning: use of deprecated method `core::sync::atomic::Atomic::<u32>::fetch_update`: renamed to `try_update` for consistency
[INFO] [stdout] 
[INFO] [stderr]   --> /opt/rustwide/workdir/src/demand.rs:59:10
[INFO] [stdout] thread 'proof_boundaries_and_negative_controls' (546) panicked at /opt/rustwide/cargo-home/registry/src/index.crates.io-1949cf8c6b5b557f/trybuild-1.0.120/src/run.rs:103:13:
[INFO] [stderr]    |
[INFO] [stdout] 3 of 39 tests failed
[INFO] [stderr] 59 |         .fetch_update(Ordering::Relaxed, Ordering::Relaxed, |id| id.checked_add(1))
[INFO] [stdout] stack backtrace:
[INFO] [stderr]    |          ^^^^^^^^^^^^
[INFO] [stdout]    0:     0x5bfaa0feaea1 - <<std[617be2ca0a6fd877]::sys::backtrace::BacktraceLock>::print::DisplayBacktrace as core[a373ad73a504971]::fmt::Display>::fmt
[INFO] [stderr]    |
[INFO] [stdout]    1:     0x5bfaa100118a - core[a373ad73a504971]::fmt::write
[INFO] [stderr]    = note: `#[warn(deprecated)]` on by default
[INFO] [stdout]    2:     0x5bfaa0fef6ec - <alloc[2e1b2a31b91974c5]::vec::Vec<u8> as core[a373ad73a504971]::io::write::Write>::write_fmt
[INFO] [stderr] help: replace the use of the deprecated method
[INFO] [stdout]    3:     0x5bfaa0fc4306 - std[617be2ca0a6fd877]::panicking::default_hook::{closure#0}
[INFO] [stderr]    |
[INFO] [stdout]    4:     0x5bfaa0fe2449 - std[617be2ca0a6fd877]::panicking::default_hook
[INFO] [stderr] 59 -         .fetch_update(Ordering::Relaxed, Ordering::Relaxed, |id| id.checked_add(1))
[INFO] [stdout]    5:     0x5bfaa0f7ba50 - test[aada8e7e76ba119b]::test_main_inner::{closure#0}
[INFO] [stderr] 59 +         .try_update(Ordering::Relaxed, Ordering::Relaxed, |id| id.checked_add(1))
[INFO] [stdout]    6:     0x5bfaa0fe2602 - std[617be2ca0a6fd877]::panicking::panic_with_hook
[INFO] [stderr]    |
[INFO] [stdout]    7:     0x5bfaa0fc43b2 - std[617be2ca0a6fd877]::panicking::panic_handler::{closure#0}
[INFO] [stderr] ┈┈┈┈┈┈┈┈┈┈┈┈┈┈┈┈┈┈┈┈┈┈┈┈┈┈┈┈┈┈┈┈┈┈┈┈┈┈┈┈┈┈┈┈┈┈┈┈┈┈┈┈┈┈┈┈┈┈┈┈
[INFO] [stdout]    8:     0x5bfaa0fbcc09 - std[617be2ca0a6fd877]::sys::backtrace::__rust_end_short_backtrace::<std[617be2ca0a6fd877]::panicking::panic_handler::{closure#0}, !>
[INFO] [stderr] 
[INFO] [stdout]    9:     0x5bfaa0fc4fbd - __rustc[ea4f61d10b84890b]::rust_begin_unwind
[INFO] [stderr] 
[INFO] [stdout]   10:     0x5bfaa10018fc - core[a373ad73a504971]::panicking::panic_fmt
[INFO] [stderr] 
[INFO] [stdout]   11:     0x5bfaa0ecf5f8 - <trybuild[eb3d9be7d58457a9]::Runner>::run
[INFO] [stdout]   12:     0x5bfaa0ed2860 - <trybuild[eb3d9be7d58457a9]::TestCases as core[a373ad73a504971]::ops::drop::Drop>::drop
[INFO] [stdout]   13:     0x5bfaa0ec8e96 - ui[cc63cc3c1bc81386]::proof_boundaries_and_negative_controls
[INFO] [stdout]   14:     0x5bfaa0ec90c9 - <ui[cc63cc3c1bc81386]::proof_boundaries_and_negative_controls::{closure#0} as core[a373ad73a504971]::ops::function::FnOnce<()>>::call_once
[INFO] [stdout]   15:     0x5bfaa0f6ee9b - test[aada8e7e76ba119b]::__rust_begin_short_backtrace::<core[a373ad73a504971]::result::Result<(), alloc[2e1b2a31b91974c5]::string::String>, fn() -> core[a373ad73a504971]::result::Result<(), alloc[2e1b2a31b91974c5]::string::String>>
[INFO] [stdout]   16:     0x5bfaa0f7c075 - test[aada8e7e76ba119b]::run_test::{closure#0}
[INFO] [stdout]   17:     0x5bfaa0f75964 - std[617be2ca0a6fd877]::sys::backtrace::__rust_begin_short_backtrace::<test[aada8e7e76ba119b]::run_test::{closure#1}, ()>
[INFO] [stdout]   18:     0x5bfaa0f7f102 - <std[617be2ca0a6fd877]::thread::lifecycle::spawn_unchecked<test[aada8e7e76ba119b]::run_test::{closure#1}, ()>::{closure#1} as core[a373ad73a504971]::ops::function::FnOnce<()>>::call_once::{shim:vtable#0}
[INFO] [stdout]   19:     0x5bfaa0fea0ff - <std[617be2ca0a6fd877]::sys::thread::unix::Thread>::new::thread_start
[INFO] [stdout]   20:     0x712fca2cadfa - <unknown>
[INFO] [stdout]   21:     0x712fca35e3d4 - clone
[INFO] [stdout]   22:                0x0 - <unknown>
[INFO] [stdout] 
[INFO] [stdout] 
[INFO] [stdout] failures:
[INFO] [stdout]     proof_boundaries_and_negative_controls
[INFO] [stdout] 
[INFO] [stdout] test result: FAILED. 0 passed; 1 failed; 0 ignored; 0 measured; 0 filtered out; finished in 9.91s
[INFO] [stdout] 
[INFO] [stderr] error: test failed, to rerun pass `--test ui`
[INFO] running `Command { std: "docker" "inspect" "e793402c3c35a663b8bea72198669ae173c924e829a7eb2500a109298215f51c", kill_on_drop: false }`
[INFO] running `Command { std: "docker" "rm" "-f" "e793402c3c35a663b8bea72198669ae173c924e829a7eb2500a109298215f51c", kill_on_drop: false }`
[INFO] [stdout] e793402c3c35a663b8bea72198669ae173c924e829a7eb2500a109298215f51c
