[INFO] fetching crate kittage 0.4.0...
[INFO] testing kittage-0.4.0 against 1.100.0-beta.1+cargoflags=--release for beta-release-1.100-2
[INFO] extracting crate kittage 0.4.0 into /workspace/builds/worker-4-tc2/source
[INFO] started tweaking crates.io crate kittage 0.4.0
[INFO] finished tweaking crates.io crate kittage 0.4.0
[INFO] tweaked toml for crates.io crate kittage 0.4.0 written to /workspace/builds/worker-4-tc2/source/Cargo.toml
[INFO] validating manifest of crates.io crate kittage 0.4.0 on toolchain 1.100.0-beta.1
[INFO] running `Command { std: CARGO_HOME="/workspace/cargo-home" RUSTUP_HOME="/workspace/rustup-home" "/workspace/cargo-home/bin/cargo" "+1.100.0-beta.1" "metadata" "--manifest-path" "Cargo.toml" "--no-deps", kill_on_drop: false }`
[INFO] crate crates.io crate kittage 0.4.0 already has a lockfile, it will not be regenerated
[INFO] running `Command { std: CARGO_HOME="/workspace/cargo-home" RUSTUP_HOME="/workspace/rustup-home" "/workspace/cargo-home/bin/cargo" "+1.100.0-beta.1" "fetch" "--manifest-path" "Cargo.toml", kill_on_drop: false }`
[INFO] running `Command { std: "docker" "create" "-v" "/var/lib/crater-agent-workspace/builds/worker-4-tc2/source:/opt/rustwide/workdir:ro,Z" "-v" "/var/lib/crater-agent-workspace/builds/worker-4-tc2/target:/opt/rustwide/target:rw,Z" "-v" "/var/lib/crater-agent-workspace/cargo-home:/opt/rustwide/cargo-home:ro,Z" "-v" "/var/lib/crater-agent-workspace/rustup-home:/opt/rustwide/rustup-home:ro,Z" "-m" "1610612736" "--network" "none" "ghcr.io/rust-lang/crates-build-env/linux@sha256:77db811e55d90add9212f6832c23229e3de5f1c1f9905e8cb07319ea15df73ac" "sleep" "infinity", kill_on_drop: false }`
[INFO] [stdout] 9c16fee231b3659a3c66e3e3d5cb55f03c7d9857fecc1364aac22e8595fd0a81
[INFO] running `Command { std: "docker" "start" "9c16fee231b3659a3c66e3e3d5cb55f03c7d9857fecc1364aac22e8595fd0a81", kill_on_drop: false }`
[INFO] running `Command { std: "docker" "inspect" "9c16fee231b3659a3c66e3e3d5cb55f03c7d9857fecc1364aac22e8595fd0a81", kill_on_drop: false }`
[INFO] running `Command { std: "docker" "exec" "-e" "SOURCE_DIR=/opt/rustwide/workdir" "-e" "CARGO_HOME=/opt/rustwide/cargo-home" "-e" "RUSTUP_HOME=/opt/rustwide/rustup-home" "-e" "CARGO_TARGET_DIR=/opt/rustwide/target" "-w" "/opt/rustwide/workdir" "--user" "0:0" "9c16fee231b3659a3c66e3e3d5cb55f03c7d9857fecc1364aac22e8595fd0a81" "/opt/rustwide/cargo-home/bin/cargo" "+1.100.0-beta.1" "metadata" "--no-deps" "--format-version=1", kill_on_drop: false }`
[INFO] running `Command { std: "docker" "inspect" "9c16fee231b3659a3c66e3e3d5cb55f03c7d9857fecc1364aac22e8595fd0a81", kill_on_drop: false }`
[INFO] running `Command { std: "docker" "exec" "-e" "SOURCE_DIR=/opt/rustwide/workdir" "-e" "CARGO_HOME=/opt/rustwide/cargo-home" "-e" "RUSTUP_HOME=/opt/rustwide/rustup-home" "-e" "CARGO_TARGET_DIR=/opt/rustwide/target" "-e" "CARGO_INCREMENTAL=0" "-e" "RUST_BACKTRACE=full" "-e" "RUSTFLAGS=--cap-lints=warn" "-e" "RUSTDOCFLAGS=--cap-lints=warn" "-w" "/opt/rustwide/workdir" "--user" "0:0" "9c16fee231b3659a3c66e3e3d5cb55f03c7d9857fecc1364aac22e8595fd0a81" "/opt/rustwide/cargo-home/bin/cargo" "+1.100.0-beta.1" "build" "--frozen" "--message-format=json" "--release", kill_on_drop: false }`
[INFO] [stderr]    Compiling proc-macro2 v1.0.106
[INFO] [stderr]    Compiling quote v1.0.45
[INFO] [stderr]    Compiling libc v0.2.184
[INFO] [stderr]    Compiling rustix v1.1.4
[INFO] [stderr]    Compiling bitflags v2.11.0
[INFO] [stderr]    Compiling thiserror v2.0.18
[INFO] [stderr]    Compiling outref v0.5.2
[INFO] [stderr]    Compiling vsimd v0.8.0
[INFO] [stderr]    Compiling memchr v2.8.0
[INFO] [stderr]    Compiling base64-simd v0.8.0
[INFO] [stderr]    Compiling syn v2.0.117
[INFO] [stderr]    Compiling memmap2 v0.9.10
[INFO] [stderr]    Compiling psx-shm v0.2.1
[INFO] [stderr]    Compiling thiserror-impl v2.0.18
[INFO] [stderr]    Compiling kittage v0.4.0 (/opt/rustwide/workdir)
[INFO] [stderr]     Finished `release` profile [optimized] target(s) in 13.10s
[INFO] running `Command { std: "docker" "inspect" "9c16fee231b3659a3c66e3e3d5cb55f03c7d9857fecc1364aac22e8595fd0a81", kill_on_drop: false }`
[INFO] running `Command { std: "docker" "exec" "-e" "SOURCE_DIR=/opt/rustwide/workdir" "-e" "CARGO_HOME=/opt/rustwide/cargo-home" "-e" "RUSTUP_HOME=/opt/rustwide/rustup-home" "-e" "CARGO_TARGET_DIR=/opt/rustwide/target" "-e" "CARGO_INCREMENTAL=0" "-e" "RUST_BACKTRACE=full" "-e" "RUSTFLAGS=--cap-lints=warn" "-e" "RUSTDOCFLAGS=--cap-lints=warn" "-w" "/opt/rustwide/workdir" "--user" "0:0" "9c16fee231b3659a3c66e3e3d5cb55f03c7d9857fecc1364aac22e8595fd0a81" "/opt/rustwide/cargo-home/bin/cargo" "+1.100.0-beta.1" "test" "--frozen" "--no-run" "--message-format=json" "--release", kill_on_drop: false }`
[INFO] [stderr]    Compiling libc v0.2.184
[INFO] [stderr]    Compiling autocfg v1.5.0
[INFO] [stderr]    Compiling crossbeam-utils v0.8.21
[INFO] [stderr]    Compiling log v0.4.29
[INFO] [stderr]    Compiling simd-adler32 v0.3.9
[INFO] [stderr]    Compiling syn v2.0.117
[INFO] [stderr]    Compiling anyhow v1.0.102
[INFO] [stderr]    Compiling bitflags v2.11.0
[INFO] [stderr]    Compiling either v1.15.0
[INFO] [stderr]    Compiling adler2 v2.0.1
[INFO] [stderr]    Compiling num-traits v0.2.19
[INFO] [stderr]    Compiling arrayvec v0.7.6
[INFO] [stderr]    Compiling smallvec v1.15.1
[INFO] [stderr]    Compiling crc32fast v1.5.0
[INFO] [stderr]    Compiling zerocopy v0.8.48
[INFO] [stderr]    Compiling as-slice v0.2.1
[INFO] [stderr]    Compiling miniz_oxide v0.8.9
[INFO] [stderr]    Compiling built v0.8.0
[INFO] [stderr]    Compiling paste v1.0.15
[INFO] [stderr]    Compiling crossbeam-epoch v0.9.18
[INFO] [stderr]    Compiling rustix v1.1.4
[INFO] [stderr]    Compiling crossbeam-deque v0.8.6
[INFO] [stderr]    Compiling av-scenechange v0.14.1
[INFO] [stderr]    Compiling rav1e v0.8.1
[INFO] [stderr]    Compiling aligned v0.4.3
[INFO] [stderr]    Compiling num-integer v0.1.46
[INFO] [stderr]    Compiling rayon-core v1.13.0
[INFO] [stderr]    Compiling core2 v0.4.0
[INFO] [stderr]    Compiling nom v8.0.0
[INFO] [stderr]    Compiling pastey v0.1.1
[INFO] [stderr]    Compiling futures-core v0.3.32
[INFO] [stderr]    Compiling num-bigint v0.4.6
[INFO] [stderr]    Compiling signal-hook v0.3.18
[INFO] [stderr]    Compiling zlib-rs v0.6.3
[INFO] [stderr]    Compiling quick-error v2.0.1
[INFO] [stderr]    Compiling rayon v1.11.0
[INFO] [stderr]    Compiling errno v0.3.14
[INFO] [stderr]    Compiling y4m v0.8.0
[INFO] [stderr]    Compiling signal-hook-registry v1.4.8
[INFO] [stderr]    Compiling parking_lot_core v0.9.12
[INFO] [stderr]    Compiling bitstream-io v4.9.0
[INFO] [stderr]    Compiling num-rational v0.4.2
[INFO] [stderr]    Compiling itertools v0.14.0
[INFO] [stderr]    Compiling maybe-rayon v0.1.1
[INFO] [stderr]    Compiling simd_helpers v0.1.0
[INFO] [stderr]    Compiling new_debug_unreachable v1.0.6
[INFO] [stderr]    Compiling flate2 v1.1.9
[INFO] [stderr]    Compiling zune-core v0.5.1
[INFO] [stderr]    Compiling weezl v0.1.12
[INFO] [stderr]    Compiling cfg_aliases v0.2.1
[INFO] [stderr]    Compiling equator-macro v0.4.2
[INFO] [stderr]    Compiling thiserror-impl v2.0.18
[INFO] [stderr]    Compiling zerocopy-derive v0.8.48
[INFO] [stderr]    Compiling profiling-procmacros v1.0.17
[INFO] [stderr]    Compiling equator v0.4.2
[INFO] [stderr]    Compiling arg_enum_proc_macro v0.3.4
[INFO] [stderr]    Compiling aligned-vec v0.6.4
[INFO] [stderr]    Compiling profiling v1.0.17
[INFO] [stderr]    Compiling v_frame v0.3.9
[INFO] [stderr]    Compiling fax_derive v0.2.0
[INFO] [stderr]    Compiling num-derive v0.4.2
[INFO] [stderr]    Compiling av1-grain v0.2.5
[INFO] [stderr]    Compiling imgref v1.12.0
[INFO] [stderr]    Compiling thiserror v2.0.18
[INFO] [stderr]    Compiling futures-task v0.3.32
[INFO] [stderr]    Compiling noop_proc_macro v0.3.0
[INFO] [stderr]    Compiling futures-util v0.3.32
[INFO] [stderr]    Compiling loop9 v0.1.5
[INFO] [stderr]    Compiling fax v0.2.6
[INFO] [stderr]    Compiling nix v0.31.2
[INFO] [stderr]    Compiling zune-jpeg v0.5.15
[INFO] [stderr]    Compiling parking_lot v0.12.5
[INFO] [stderr]    Compiling memmap2 v0.9.10
[INFO] [stderr]    Compiling mio v1.2.0
[INFO] [stderr]    Compiling avif-serialize v0.8.8
[INFO] [stderr]    Compiling zune-inflate v0.2.54
[INFO] [stderr]    Compiling fdeflate v0.3.7
[INFO] [stderr]    Compiling lebe v0.5.3
[INFO] [stderr]    Compiling sdd v3.0.10
[INFO] [stderr]    Compiling litrs v1.0.0
[INFO] [stderr]    Compiling byteorder-lite v0.1.0
[INFO] [stderr]    Compiling pxfm v0.1.28
[INFO] [stderr]    Compiling bit_field v0.10.3
[INFO] [stderr]    Compiling rgb v0.8.53
[INFO] [stderr]    Compiling color_quant v1.1.0
[INFO] [stderr]    Compiling bytemuck v1.25.0
[INFO] [stderr]    Compiling gif v0.14.1
[INFO] [stderr]    Compiling document-features v0.2.12
[INFO] [stderr]    Compiling image-webp v0.2.4
[INFO] [stderr]    Compiling scc v2.4.0
[INFO] [stderr]    Compiling qoi v0.4.1
[INFO] [stderr]    Compiling futures-executor v0.3.32
[INFO] [stderr]    Compiling png v0.18.1
[INFO] [stderr]    Compiling signal-hook-mio v0.2.5
[INFO] [stderr]    Compiling psx-shm v0.2.1
[INFO] [stderr]    Compiling serial_test_derive v3.4.0
[INFO] [stderr]    Compiling tokio-macros v2.7.0
[INFO] [stderr]    Compiling tokio v1.51.1
[INFO] [stderr]    Compiling serial_test v3.4.0
[INFO] [stderr]    Compiling half v2.7.1
[INFO] [stderr]    Compiling tiff v0.11.3
[INFO] [stderr]    Compiling exr v1.74.0
[INFO] [stderr]    Compiling ravif v0.13.0
[INFO] [stderr]    Compiling moxcms v0.8.1
[INFO] [stderr]    Compiling crossterm v0.29.0
[INFO] [stderr]    Compiling kittage v0.4.0 (/opt/rustwide/workdir)
[INFO] [stderr]    Compiling image v0.25.10
[INFO] [stderr]     Finished `release` profile [optimized] target(s) in 4m 24s
[INFO] [stderr] warning: the following packages contain code that will be rejected by a future version of Rust: nix v0.31.2
[INFO] [stderr] note: to see what the problems were, use the option `--future-incompat-report`, or run `cargo report future-incompatibilities --id 1`
[INFO] running `Command { std: "docker" "inspect" "9c16fee231b3659a3c66e3e3d5cb55f03c7d9857fecc1364aac22e8595fd0a81", kill_on_drop: false }`
[INFO] running `Command { std: "docker" "exec" "-e" "SOURCE_DIR=/opt/rustwide/workdir" "-e" "CARGO_HOME=/opt/rustwide/cargo-home" "-e" "RUSTUP_HOME=/opt/rustwide/rustup-home" "-e" "CARGO_TARGET_DIR=/opt/rustwide/target" "-e" "CARGO_INCREMENTAL=0" "-e" "RUST_BACKTRACE=full" "-e" "RUSTFLAGS=--cap-lints=warn" "-e" "RUSTDOCFLAGS=--cap-lints=warn" "-w" "/opt/rustwide/workdir" "--user" "0:0" "9c16fee231b3659a3c66e3e3d5cb55f03c7d9857fecc1364aac22e8595fd0a81" "/opt/rustwide/cargo-home/bin/cargo" "+1.100.0-beta.1" "test" "--frozen" "--release", kill_on_drop: false }`
[INFO] [stderr]     Finished `release` profile [optimized] target(s) in 0.27s
[INFO] [stderr] warning: the following packages contain code that will be rejected by a future version of Rust: nix v0.31.2
[INFO] [stderr] note: to see what the problems were, use the option `--future-incompat-report`, or run `cargo report future-incompatibilities --id 1`
[INFO] [stderr]      Running unittests src/lib.rs (/opt/rustwide/target/release/build/kittage/d4ecb24e81fb3e6e/out/kittage-d4ecb24e81fb3e6e)
[INFO] [stdout] 
[INFO] [stdout] running 17 tests
[INFO] [stdout] test image::tests::parse_bad_responses ... ok
[INFO] [stdout] test lib_tests::direct_chunked_rgb24_succeeds ... FAILED
[INFO] [stdout] test event_stream::tests::fails_inside_kitty ... FAILED
[INFO] [stdout] test lib_tests::direct_unchunked_compressed_png_succeeds ... FAILED
[INFO] [stdout] test image::tests::parse_good_responses ... ok
[INFO] [stdout] test event_stream::tests::transmit_display_then_display ... FAILED
[INFO] [stdout] test lib_tests::direct_chunked_rgba32_succeeds ... FAILED
[INFO] [stdout] test lib_tests::direct_unchunked_compressed_rgb24_succeeds ... FAILED
[INFO] [stdout] test lib_tests::direct_unchunked_png_succeeds ... FAILED
[INFO] [stdout] test lib_tests::direct_unchunked_rgba32_succeeds ... FAILED
[INFO] [stdout] test event_stream::tests::spawning_kitty_receives_internal_exit_code ... FAILED
[INFO] [stdout] test lib_tests::correctly_fails ... FAILED
[INFO] [stdout] test lib_tests::png_unix_shm_succeeds ... FAILED
[INFO] [stdout] test lib_tests::file_path_png_succeeds ... FAILED
[INFO] [stdout] test lib_tests::direct_unchunked_rgb24_succeeds ... FAILED
[INFO] [stdout] test tmux::tests::only_encode_that_we_know_of ... ok
[INFO] [stderr] error: test failed, to rerun pass `--lib`
[INFO] [stdout] test lib_tests::basic_functionality ... FAILED
[INFO] [stdout] 
[INFO] [stdout] failures:
[INFO] [stdout] 
[INFO] [stdout] ---- lib_tests::direct_chunked_rgb24_succeeds stdout ----
[INFO] [stdout] 
[INFO] [stdout] thread 'lib_tests::direct_chunked_rgb24_succeeds' (2308) panicked at src/lib.rs:528:14:
[INFO] [stdout] called `Result::unwrap()` on an `Err` value: Os { code: 2, kind: NotFound, message: "No such file or directory" }
[INFO] [stdout] stack backtrace:
[INFO] [stdout]    0:     0x6069b1179ee1 - <<std[617be2ca0a6fd877]::sys::backtrace::BacktraceLock>::print::DisplayBacktrace as core[a373ad73a504971]::fmt::Display>::fmt
[INFO] [stdout]    1:     0x6069b119222a - core[a373ad73a504971]::fmt::write
[INFO] [stdout]    2:     0x6069b117fa0c - <alloc[2e1b2a31b91974c5]::vec::Vec<u8> as core[a373ad73a504971]::io::write::Write>::write_fmt
[INFO] [stdout]    3:     0x6069b1154436 - std[617be2ca0a6fd877]::panicking::default_hook::{closure#0}
[INFO] [stdout]    4:     0x6069b1171359 - std[617be2ca0a6fd877]::panicking::default_hook
[INFO] [stdout]    5:     0x6069b103b260 - test[aada8e7e76ba119b]::test_main_inner::{closure#0}
[INFO] [stdout]    6:     0x6069b1171682 - std[617be2ca0a6fd877]::panicking::panic_with_hook
[INFO] [stdout]    7:     0x6069b11544e2 - std[617be2ca0a6fd877]::panicking::panic_handler::{closure#0}
[INFO] [stdout]    8:     0x6069b114cf89 - std[617be2ca0a6fd877]::sys::backtrace::__rust_end_short_backtrace::<std[617be2ca0a6fd877]::panicking::panic_handler::{closure#0}, !>
[INFO] [stdout]    9:     0x6069b11550ed - __rustc[ea4f61d10b84890b]::rust_begin_unwind
[INFO] [stdout]   10:     0x6069b119298c - core[a373ad73a504971]::panicking::panic_fmt
[INFO] [stdout]   11:     0x6069b1192762 - core[a373ad73a504971]::result::unwrap_failed
[INFO] [stdout]   12:     0x6069b0fac7c8 - kittage[96f60ae89a6f4b1d]::lib_tests::direct_chunked_rgb24_succeeds::{closure#0}
[INFO] [stdout]   13:     0x6069b0fdd763 - <tokio[cf09d21b034e4828]::runtime::scheduler::current_thread::Context>::enter::<core[a373ad73a504971]::task::poll::Poll<()>, <tokio[cf09d21b034e4828]::runtime::scheduler::current_thread::CoreGuard>::block_on<core[a373ad73a504971]::pin::Pin<&mut core[a373ad73a504971]::pin::Pin<&mut dyn core[a373ad73a504971]::future::future::Future<Output = ()>>>>::{closure#0}::{closure#0}>
[INFO] [stdout]   14:     0x6069b0fe865c - <tokio[cf09d21b034e4828]::runtime::context::scoped::Scoped<tokio[cf09d21b034e4828]::runtime::scheduler::Context>>::set::<<tokio[cf09d21b034e4828]::runtime::scheduler::current_thread::CoreGuard>::enter<<tokio[cf09d21b034e4828]::runtime::scheduler::current_thread::CoreGuard>::block_on<core[a373ad73a504971]::pin::Pin<&mut core[a373ad73a504971]::pin::Pin<&mut dyn core[a373ad73a504971]::future::future::Future<Output = ()>>>>::{closure#0}, core[a373ad73a504971]::option::Option<()>>::{closure#0}, (alloc[2e1b2a31b91974c5]::boxed::Box<tokio[cf09d21b034e4828]::runtime::scheduler::current_thread::Core>, core[a373ad73a504971]::option::Option<()>)>
[INFO] [stdout]   15:     0x6069b0fddab7 - <tokio[cf09d21b034e4828]::runtime::scheduler::current_thread::CoreGuard>::block_on::<core[a373ad73a504971]::pin::Pin<&mut core[a373ad73a504971]::pin::Pin<&mut dyn core[a373ad73a504971]::future::future::Future<Output = ()>>>>
[INFO] [stdout]   16:     0x6069b0f641e7 - tokio[cf09d21b034e4828]::runtime::context::runtime::enter_runtime::<<tokio[cf09d21b034e4828]::runtime::scheduler::current_thread::CurrentThread>::block_on<core[a373ad73a504971]::pin::Pin<&mut dyn core[a373ad73a504971]::future::future::Future<Output = ()>>>::{closure#0}, ()>
[INFO] [stdout]   17:     0x6069b0fa8de5 - <tokio[cf09d21b034e4828]::runtime::runtime::Runtime>::block_on::<core[a373ad73a504971]::pin::Pin<&mut dyn core[a373ad73a504971]::future::future::Future<Output = ()>>>
[INFO] [stdout]   18:     0x6069b0fb1f9c - <kittage[96f60ae89a6f4b1d]::lib_tests::direct_chunked_rgb24_succeeds::{closure#0} as core[a373ad73a504971]::ops::function::FnOnce<()>>::call_once
[INFO] [stdout]   19:     0x6069b102e6ab - test[aada8e7e76ba119b]::__rust_begin_short_backtrace::<core[a373ad73a504971]::result::Result<(), alloc[2e1b2a31b91974c5]::string::String>, fn() -> core[a373ad73a504971]::result::Result<(), alloc[2e1b2a31b91974c5]::string::String>>
[INFO] [stdout]   20:     0x6069b103b885 - test[aada8e7e76ba119b]::run_test::{closure#0}
[INFO] [stdout]   21:     0x6069b1035174 - std[617be2ca0a6fd877]::sys::backtrace::__rust_begin_short_backtrace::<test[aada8e7e76ba119b]::run_test::{closure#1}, ()>
[INFO] [stdout]   22:     0x6069b103e912 - <std[617be2ca0a6fd877]::thread::lifecycle::spawn_unchecked<test[aada8e7e76ba119b]::run_test::{closure#1}, ()>::{closure#1} as core[a373ad73a504971]::ops::function::FnOnce<()>>::call_once::{shim:vtable#0}
[INFO] [stdout]   23:     0x6069b11789df - <std[617be2ca0a6fd877]::sys::thread::unix::Thread>::new::thread_start
[INFO] [stdout]   24:     0x772f4547adfa - <unknown>
[INFO] [stdout]   25:     0x772f4550e3d4 - clone
[INFO] [stdout]   26:                0x0 - <unknown>
[INFO] [stdout] 
[INFO] [stdout] ---- event_stream::tests::fails_inside_kitty stdout ----
[INFO] [stdout] 
[INFO] [stdout] thread 'event_stream::tests::fails_inside_kitty' (2301) panicked at src/event_stream.rs:295:9:
[INFO] [stdout] This test only works if you run it when already inside kitty. Yeah I don't fuckin get it either. Just open kitty and run the `cargo test` from there
[INFO] [stdout] stack backtrace:
[INFO] [stdout]    0:     0x6069b1179ee1 - <<std[617be2ca0a6fd877]::sys::backtrace::BacktraceLock>::print::DisplayBacktrace as core[a373ad73a504971]::fmt::Display>::fmt
[INFO] [stdout]    1:     0x6069b119222a - core[a373ad73a504971]::fmt::write
[INFO] [stdout]    2:     0x6069b117fa0c - <alloc[2e1b2a31b91974c5]::vec::Vec<u8> as core[a373ad73a504971]::io::write::Write>::write_fmt
[INFO] [stdout]    3:     0x6069b1154436 - std[617be2ca0a6fd877]::panicking::default_hook::{closure#0}
[INFO] [stdout]    4:     0x6069b1171359 - std[617be2ca0a6fd877]::panicking::default_hook
[INFO] [stdout]    5:     0x6069b103b260 - test[aada8e7e76ba119b]::test_main_inner::{closure#0}
[INFO] [stdout]    6:     0x6069b1171682 - std[617be2ca0a6fd877]::panicking::panic_with_hook
[INFO] [stdout]    7:     0x6069b1154514 - std[617be2ca0a6fd877]::panicking::panic_handler::{closure#0}
[INFO] [stdout]    8:     0x6069b114cf89 - std[617be2ca0a6fd877]::sys::backtrace::__rust_end_short_backtrace::<std[617be2ca0a6fd877]::panicking::panic_handler::{closure#0}, !>
[INFO] [stdout]    9:     0x6069b11550ed - __rustc[ea4f61d10b84890b]::rust_begin_unwind
[INFO] [stdout]   10:     0x6069b119298c - core[a373ad73a504971]::panicking::panic_fmt
[INFO] [stdout]   11:     0x6069b0f90c5f - kittage[96f60ae89a6f4b1d]::event_stream::tests::fails_inside_kitty::{closure#0}::{closure#0}
[INFO] [stdout]   12:     0x6069b0fdd763 - <tokio[cf09d21b034e4828]::runtime::scheduler::current_thread::Context>::enter::<core[a373ad73a504971]::task::poll::Poll<()>, <tokio[cf09d21b034e4828]::runtime::scheduler::current_thread::CoreGuard>::block_on<core[a373ad73a504971]::pin::Pin<&mut core[a373ad73a504971]::pin::Pin<&mut dyn core[a373ad73a504971]::future::future::Future<Output = ()>>>>::{closure#0}::{closure#0}>
[INFO] [stdout]   13:     0x6069b0fe865c - <tokio[cf09d21b034e4828]::runtime::context::scoped::Scoped<tokio[cf09d21b034e4828]::runtime::scheduler::Context>>::set::<<tokio[cf09d21b034e4828]::runtime::scheduler::current_thread::CoreGuard>::enter<<tokio[cf09d21b034e4828]::runtime::scheduler::current_thread::CoreGuard>::block_on<core[a373ad73a504971]::pin::Pin<&mut core[a373ad73a504971]::pin::Pin<&mut dyn core[a373ad73a504971]::future::future::Future<Output = ()>>>>::{closure#0}, core[a373ad73a504971]::option::Option<()>>::{closure#0}, (alloc[2e1b2a31b91974c5]::boxed::Box<tokio[cf09d21b034e4828]::runtime::scheduler::current_thread::Core>, core[a373ad73a504971]::option::Option<()>)>
[INFO] [stdout]   14:     0x6069b0fddab7 - <tokio[cf09d21b034e4828]::runtime::scheduler::current_thread::CoreGuard>::block_on::<core[a373ad73a504971]::pin::Pin<&mut core[a373ad73a504971]::pin::Pin<&mut dyn core[a373ad73a504971]::future::future::Future<Output = ()>>>>
[INFO] [stdout]   15:     0x6069b0f641e7 - tokio[cf09d21b034e4828]::runtime::context::runtime::enter_runtime::<<tokio[cf09d21b034e4828]::runtime::scheduler::current_thread::CurrentThread>::block_on<core[a373ad73a504971]::pin::Pin<&mut dyn core[a373ad73a504971]::future::future::Future<Output = ()>>>::{closure#0}, ()>
[INFO] [stdout]   16:     0x6069b0fa8de5 - <tokio[cf09d21b034e4828]::runtime::runtime::Runtime>::block_on::<core[a373ad73a504971]::pin::Pin<&mut dyn core[a373ad73a504971]::future::future::Future<Output = ()>>>
[INFO] [stdout]   17:     0x6069b0f94b79 - <kittage[96f60ae89a6f4b1d]::event_stream::tests::fails_inside_kitty::{closure#0} as core[a373ad73a504971]::ops::function::FnOnce<()>>::call_once
[INFO] [stdout]   18:     0x6069b101f737 - serial_test[267a62272e68a928]::serial_code_lock::local_serial_core
[INFO] [stdout]   19:     0x6069b0f949c0 - <kittage[96f60ae89a6f4b1d]::event_stream::tests::fails_inside_kitty::{closure#0} as core[a373ad73a504971]::ops::function::FnOnce<()>>::call_once
[INFO] [stdout]   20:     0x6069b102e6ab - test[aada8e7e76ba119b]::__rust_begin_short_backtrace::<core[a373ad73a504971]::result::Result<(), alloc[2e1b2a31b91974c5]::string::String>, fn() -> core[a373ad73a504971]::result::Result<(), alloc[2e1b2a31b91974c5]::string::String>>
[INFO] [stdout]   21:     0x6069b103b885 - test[aada8e7e76ba119b]::run_test::{closure#0}
[INFO] [stdout]   22:     0x6069b1035174 - std[617be2ca0a6fd877]::sys::backtrace::__rust_begin_short_backtrace::<test[aada8e7e76ba119b]::run_test::{closure#1}, ()>
[INFO] [stdout]   23:     0x6069b103e912 - <std[617be2ca0a6fd877]::thread::lifecycle::spawn_unchecked<test[aada8e7e76ba119b]::run_test::{closure#1}, ()>::{closure#1} as core[a373ad73a504971]::ops::function::FnOnce<()>>::call_once::{shim:vtable#0}
[INFO] [stdout]   24:     0x6069b11789df - <std[617be2ca0a6fd877]::sys::thread::unix::Thread>::new::thread_start
[INFO] [stdout]   25:     0x772f4547adfa - <unknown>
[INFO] [stdout]   26:     0x772f4550e3d4 - clone
[INFO] [stdout]   27:                0x0 - <unknown>
[INFO] [stdout] 
[INFO] [stdout] ---- lib_tests::direct_unchunked_compressed_png_succeeds stdout ----
[INFO] [stdout] 
[INFO] [stdout] thread 'lib_tests::direct_unchunked_compressed_png_succeeds' (2310) panicked at src/lib.rs:650:50:
[INFO] [stdout] called `Result::unwrap()` on an `Err` value: Os { code: 2, kind: NotFound, message: "No such file or directory" }
[INFO] [stdout] stack backtrace:
[INFO] [stdout]    0:     0x6069b1179ee1 - <<std[617be2ca0a6fd877]::sys::backtrace::BacktraceLock>::print::DisplayBacktrace as core[a373ad73a504971]::fmt::Display>::fmt
[INFO] [stdout]    1:     0x6069b119222a - core[a373ad73a504971]::fmt::write
[INFO] [stdout]    2:     0x6069b117fa0c - <alloc[2e1b2a31b91974c5]::vec::Vec<u8> as core[a373ad73a504971]::io::write::Write>::write_fmt
[INFO] [stdout]    3:     0x6069b1154436 - std[617be2ca0a6fd877]::panicking::default_hook::{closure#0}
[INFO] [stdout]    4:     0x6069b1171359 - std[617be2ca0a6fd877]::panicking::default_hook
[INFO] [stdout]    5:     0x6069b103b260 - test[aada8e7e76ba119b]::test_main_inner::{closure#0}
[INFO] [stdout]    6:     0x6069b1171682 - std[617be2ca0a6fd877]::panicking::panic_with_hook
[INFO] [stdout]    7:     0x6069b11544e2 - std[617be2ca0a6fd877]::panicking::panic_handler::{closure#0}
[INFO] [stdout]    8:     0x6069b114cf89 - std[617be2ca0a6fd877]::sys::backtrace::__rust_end_short_backtrace::<std[617be2ca0a6fd877]::panicking::panic_handler::{closure#0}, !>
[INFO] [stdout]    9:     0x6069b11550ed - __rustc[ea4f61d10b84890b]::rust_begin_unwind
[INFO] [stdout]   10:     0x6069b119298c - core[a373ad73a504971]::panicking::panic_fmt
[INFO] [stdout]   11:     0x6069b1192762 - core[a373ad73a504971]::result::unwrap_failed
[INFO] [stdout]   12:     0x6069b0fad864 - kittage[96f60ae89a6f4b1d]::lib_tests::direct_unchunked_compressed_png_succeeds::{closure#0}
[INFO] [stdout]   13:     0x6069b0fdd763 - <tokio[cf09d21b034e4828]::runtime::scheduler::current_thread::Context>::enter::<core[a373ad73a504971]::task::poll::Poll<()>, <tokio[cf09d21b034e4828]::runtime::scheduler::current_thread::CoreGuard>::block_on<core[a373ad73a504971]::pin::Pin<&mut core[a373ad73a504971]::pin::Pin<&mut dyn core[a373ad73a504971]::future::future::Future<Output = ()>>>>::{closure#0}::{closure#0}>
[INFO] [stdout]   14:     0x6069b0fe865c - <tokio[cf09d21b034e4828]::runtime::context::scoped::Scoped<tokio[cf09d21b034e4828]::runtime::scheduler::Context>>::set::<<tokio[cf09d21b034e4828]::runtime::scheduler::current_thread::CoreGuard>::enter<<tokio[cf09d21b034e4828]::runtime::scheduler::current_thread::CoreGuard>::block_on<core[a373ad73a504971]::pin::Pin<&mut core[a373ad73a504971]::pin::Pin<&mut dyn core[a373ad73a504971]::future::future::Future<Output = ()>>>>::{closure#0}, core[a373ad73a504971]::option::Option<()>>::{closure#0}, (alloc[2e1b2a31b91974c5]::boxed::Box<tokio[cf09d21b034e4828]::runtime::scheduler::current_thread::Core>, core[a373ad73a504971]::option::Option<()>)>
[INFO] [stdout]   15:     0x6069b0fddab7 - <tokio[cf09d21b034e4828]::runtime::scheduler::current_thread::CoreGuard>::block_on::<core[a373ad73a504971]::pin::Pin<&mut core[a373ad73a504971]::pin::Pin<&mut dyn core[a373ad73a504971]::future::future::Future<Output = ()>>>>
[INFO] [stdout]   16:     0x6069b0f641e7 - tokio[cf09d21b034e4828]::runtime::context::runtime::enter_runtime::<<tokio[cf09d21b034e4828]::runtime::scheduler::current_thread::CurrentThread>::block_on<core[a373ad73a504971]::pin::Pin<&mut dyn core[a373ad73a504971]::future::future::Future<Output = ()>>>::{closure#0}, ()>
[INFO] [stdout]   17:     0x6069b0fa8de5 - <tokio[cf09d21b034e4828]::runtime::runtime::Runtime>::block_on::<core[a373ad73a504971]::pin::Pin<&mut dyn core[a373ad73a504971]::future::future::Future<Output = ()>>>
[INFO] [stdout]   18:     0x6069b0fb25dc - <kittage[96f60ae89a6f4b1d]::lib_tests::direct_unchunked_compressed_png_succeeds::{closure#0} as core[a373ad73a504971]::ops::function::FnOnce<()>>::call_once
[INFO] [stdout]   19:     0x6069b102e6ab - test[aada8e7e76ba119b]::__rust_begin_short_backtrace::<core[a373ad73a504971]::result::Result<(), alloc[2e1b2a31b91974c5]::string::String>, fn() -> core[a373ad73a504971]::result::Result<(), alloc[2e1b2a31b91974c5]::string::String>>
[INFO] [stdout]   20:     0x6069b103b885 - test[aada8e7e76ba119b]::run_test::{closure#0}
[INFO] [stdout]   21:     0x6069b1035174 - std[617be2ca0a6fd877]::sys::backtrace::__rust_begin_short_backtrace::<test[aada8e7e76ba119b]::run_test::{closure#1}, ()>
[INFO] [stdout]   22:     0x6069b103e912 - <std[617be2ca0a6fd877]::thread::lifecycle::spawn_unchecked<test[aada8e7e76ba119b]::run_test::{closure#1}, ()>::{closure#1} as core[a373ad73a504971]::ops::function::FnOnce<()>>::call_once::{shim:vtable#0}
[INFO] [stdout]   23:     0x6069b11789df - <std[617be2ca0a6fd877]::sys::thread::unix::Thread>::new::thread_start
[INFO] [stdout]   24:     0x772f4547adfa - <unknown>
[INFO] [stdout]   25:     0x772f4550e3d4 - clone
[INFO] [stdout]   26:                0x0 - <unknown>
[INFO] [stdout] 
[INFO] [stdout] ---- event_stream::tests::transmit_display_then_display stdout ----
[INFO] [stdout] 
[INFO] [stdout] thread 'event_stream::tests::transmit_display_then_display' (2303) panicked at src/event_stream.rs:217:9:
[INFO] [stdout] This test only works if you run it when already inside kitty. Yeah I don't fuckin get it either. Just open kitty and run the `cargo test` from there
[INFO] [stdout] stack backtrace:
[INFO] [stdout]    0:     0x6069b1179ee1 - <<std[617be2ca0a6fd877]::sys::backtrace::BacktraceLock>::print::DisplayBacktrace as core[a373ad73a504971]::fmt::Display>::fmt
[INFO] [stdout]    1:     0x6069b119222a - core[a373ad73a504971]::fmt::write
[INFO] [stdout]    2:     0x6069b117fa0c - <alloc[2e1b2a31b91974c5]::vec::Vec<u8> as core[a373ad73a504971]::io::write::Write>::write_fmt
[INFO] [stdout]    3:     0x6069b1154436 - std[617be2ca0a6fd877]::panicking::default_hook::{closure#0}
[INFO] [stdout]    4:     0x6069b1171359 - std[617be2ca0a6fd877]::panicking::default_hook
[INFO] [stdout]    5:     0x6069b103b260 - test[aada8e7e76ba119b]::test_main_inner::{closure#0}
[INFO] [stdout]    6:     0x6069b1171682 - std[617be2ca0a6fd877]::panicking::panic_with_hook
[INFO] [stdout]    7:     0x6069b1154514 - std[617be2ca0a6fd877]::panicking::panic_handler::{closure#0}
[INFO] [stdout]    8:     0x6069b114cf89 - std[617be2ca0a6fd877]::sys::backtrace::__rust_end_short_backtrace::<std[617be2ca0a6fd877]::panicking::panic_handler::{closure#0}, !>
[INFO] [stdout]    9:     0x6069b11550ed - __rustc[ea4f61d10b84890b]::rust_begin_unwind
[INFO] [stdout]   10:     0x6069b119298c - core[a373ad73a504971]::panicking::panic_fmt
[INFO] [stdout]   11:     0x6069b0f913b9 - kittage[96f60ae89a6f4b1d]::event_stream::tests::transmit_display_then_display::{closure#0}::{closure#0}
[INFO] [stdout]   12:     0x6069b0fdd763 - <tokio[cf09d21b034e4828]::runtime::scheduler::current_thread::Context>::enter::<core[a373ad73a504971]::task::poll::Poll<()>, <tokio[cf09d21b034e4828]::runtime::scheduler::current_thread::CoreGuard>::block_on<core[a373ad73a504971]::pin::Pin<&mut core[a373ad73a504971]::pin::Pin<&mut dyn core[a373ad73a504971]::future::future::Future<Output = ()>>>>::{closure#0}::{closure#0}>
[INFO] [stdout]   13:     0x6069b0fe865c - <tokio[cf09d21b034e4828]::runtime::context::scoped::Scoped<tokio[cf09d21b034e4828]::runtime::scheduler::Context>>::set::<<tokio[cf09d21b034e4828]::runtime::scheduler::current_thread::CoreGuard>::enter<<tokio[cf09d21b034e4828]::runtime::scheduler::current_thread::CoreGuard>::block_on<core[a373ad73a504971]::pin::Pin<&mut core[a373ad73a504971]::pin::Pin<&mut dyn core[a373ad73a504971]::future::future::Future<Output = ()>>>>::{closure#0}, core[a373ad73a504971]::option::Option<()>>::{closure#0}, (alloc[2e1b2a31b91974c5]::boxed::Box<tokio[cf09d21b034e4828]::runtime::scheduler::current_thread::Core>, core[a373ad73a504971]::option::Option<()>)>
[INFO] [stdout]   14:     0x6069b0fddab7 - <tokio[cf09d21b034e4828]::runtime::scheduler::current_thread::CoreGuard>::block_on::<core[a373ad73a504971]::pin::Pin<&mut core[a373ad73a504971]::pin::Pin<&mut dyn core[a373ad73a504971]::future::future::Future<Output = ()>>>>
[INFO] [stdout]   15:     0x6069b0f641e7 - tokio[cf09d21b034e4828]::runtime::context::runtime::enter_runtime::<<tokio[cf09d21b034e4828]::runtime::scheduler::current_thread::CurrentThread>::block_on<core[a373ad73a504971]::pin::Pin<&mut dyn core[a373ad73a504971]::future::future::Future<Output = ()>>>::{closure#0}, ()>
[INFO] [stdout]   16:     0x6069b0fa8de5 - <tokio[cf09d21b034e4828]::runtime::runtime::Runtime>::block_on::<core[a373ad73a504971]::pin::Pin<&mut dyn core[a373ad73a504971]::future::future::Future<Output = ()>>>
[INFO] [stdout]   17:     0x6069b0f94cc9 - <kittage[96f60ae89a6f4b1d]::event_stream::tests::transmit_display_then_display::{closure#0} as core[a373ad73a504971]::ops::function::FnOnce<()>>::call_once
[INFO] [stdout]   18:     0x6069b101f737 - serial_test[267a62272e68a928]::serial_code_lock::local_serial_core
[INFO] [stdout]   19:     0x6069b0f94a40 - <kittage[96f60ae89a6f4b1d]::event_stream::tests::transmit_display_then_display::{closure#0} as core[a373ad73a504971]::ops::function::FnOnce<()>>::call_once
[INFO] [stdout]   20:     0x6069b102e6ab - test[aada8e7e76ba119b]::__rust_begin_short_backtrace::<core[a373ad73a504971]::result::Result<(), alloc[2e1b2a31b91974c5]::string::String>, fn() -> core[a373ad73a504971]::result::Result<(), alloc[2e1b2a31b91974c5]::string::String>>
[INFO] [stdout]   21:     0x6069b103b885 - test[aada8e7e76ba119b]::run_test::{closure#0}
[INFO] [stdout]   22:     0x6069b1035174 - std[617be2ca0a6fd877]::sys::backtrace::__rust_begin_short_backtrace::<test[aada8e7e76ba119b]::run_test::{closure#1}, ()>
[INFO] [stdout]   23:     0x6069b103e912 - <std[617be2ca0a6fd877]::thread::lifecycle::spawn_unchecked<test[aada8e7e76ba119b]::run_test::{closure#1}, ()>::{closure#1} as core[a373ad73a504971]::ops::function::FnOnce<()>>::call_once::{shim:vtable#0}
[INFO] [stdout]   24:     0x6069b11789df - <std[617be2ca0a6fd877]::sys::thread::unix::Thread>::new::thread_start
[INFO] [stdout]   25:     0x772f4547adfa - <unknown>
[INFO] [stdout]   26:     0x772f4550e3d4 - clone
[INFO] [stdout]   27:                0x0 - <unknown>
[INFO] [stdout] 
[INFO] [stdout] ---- lib_tests::direct_chunked_rgba32_succeeds stdout ----
[INFO] [stdout] 
[INFO] [stdout] thread 'lib_tests::direct_chunked_rgba32_succeeds' (2309) panicked at src/lib.rs:609:14:
[INFO] [stdout] called `Result::unwrap()` on an `Err` value: Os { code: 2, kind: NotFound, message: "No such file or directory" }
[INFO] [stdout] stack backtrace:
[INFO] [stdout]    0:     0x6069b1179ee1 - <<std[617be2ca0a6fd877]::sys::backtrace::BacktraceLock>::print::DisplayBacktrace as core[a373ad73a504971]::fmt::Display>::fmt
[INFO] [stdout]    1:     0x6069b119222a - core[a373ad73a504971]::fmt::write
[INFO] [stdout]    2:     0x6069b117fa0c - <alloc[2e1b2a31b91974c5]::vec::Vec<u8> as core[a373ad73a504971]::io::write::Write>::write_fmt
[INFO] [stdout]    3:     0x6069b1154436 - std[617be2ca0a6fd877]::panicking::default_hook::{closure#0}
[INFO] [stdout]    4:     0x6069b1171359 - std[617be2ca0a6fd877]::panicking::default_hook
[INFO] [stdout]    5:     0x6069b103b260 - test[aada8e7e76ba119b]::test_main_inner::{closure#0}
[INFO] [stdout]    6:     0x6069b1171682 - std[617be2ca0a6fd877]::panicking::panic_with_hook
[INFO] [stdout]    7:     0x6069b11544e2 - std[617be2ca0a6fd877]::panicking::panic_handler::{closure#0}
[INFO] [stdout]    8:     0x6069b114cf89 - std[617be2ca0a6fd877]::sys::backtrace::__rust_end_short_backtrace::<std[617be2ca0a6fd877]::panicking::panic_handler::{closure#0}, !>
[INFO] [stdout]    9:     0x6069b11550ed - __rustc[ea4f61d10b84890b]::rust_begin_unwind
[INFO] [stdout]   10:     0x6069b119298c - core[a373ad73a504971]::panicking::panic_fmt
[INFO] [stdout]   11:     0x6069b1192762 - core[a373ad73a504971]::result::unwrap_failed
[INFO] [stdout]   12:     0x6069b0facd48 - kittage[96f60ae89a6f4b1d]::lib_tests::direct_chunked_rgba32_succeeds::{closure#0}
[INFO] [stdout]   13:     0x6069b0fdd763 - <tokio[cf09d21b034e4828]::runtime::scheduler::current_thread::Context>::enter::<core[a373ad73a504971]::task::poll::Poll<()>, <tokio[cf09d21b034e4828]::runtime::scheduler::current_thread::CoreGuard>::block_on<core[a373ad73a504971]::pin::Pin<&mut core[a373ad73a504971]::pin::Pin<&mut dyn core[a373ad73a504971]::future::future::Future<Output = ()>>>>::{closure#0}::{closure#0}>
[INFO] [stdout]   14:     0x6069b0fe865c - <tokio[cf09d21b034e4828]::runtime::context::scoped::Scoped<tokio[cf09d21b034e4828]::runtime::scheduler::Context>>::set::<<tokio[cf09d21b034e4828]::runtime::scheduler::current_thread::CoreGuard>::enter<<tokio[cf09d21b034e4828]::runtime::scheduler::current_thread::CoreGuard>::block_on<core[a373ad73a504971]::pin::Pin<&mut core[a373ad73a504971]::pin::Pin<&mut dyn core[a373ad73a504971]::future::future::Future<Output = ()>>>>::{closure#0}, core[a373ad73a504971]::option::Option<()>>::{closure#0}, (alloc[2e1b2a31b91974c5]::boxed::Box<tokio[cf09d21b034e4828]::runtime::scheduler::current_thread::Core>, core[a373ad73a504971]::option::Option<()>)>
[INFO] [stdout]   15:     0x6069b0fddab7 - <tokio[cf09d21b034e4828]::runtime::scheduler::current_thread::CoreGuard>::block_on::<core[a373ad73a504971]::pin::Pin<&mut core[a373ad73a504971]::pin::Pin<&mut dyn core[a373ad73a504971]::future::future::Future<Output = ()>>>>
[INFO] [stdout]   16:     0x6069b0f641e7 - tokio[cf09d21b034e4828]::runtime::context::runtime::enter_runtime::<<tokio[cf09d21b034e4828]::runtime::scheduler::current_thread::CurrentThread>::block_on<core[a373ad73a504971]::pin::Pin<&mut dyn core[a373ad73a504971]::future::future::Future<Output = ()>>>::{closure#0}, ()>
[INFO] [stdout]   17:     0x6069b0fa8de5 - <tokio[cf09d21b034e4828]::runtime::runtime::Runtime>::block_on::<core[a373ad73a504971]::pin::Pin<&mut dyn core[a373ad73a504971]::future::future::Future<Output = ()>>>
[INFO] [stdout]   18:     0x6069b0fb221c - <kittage[96f60ae89a6f4b1d]::lib_tests::direct_chunked_rgba32_succeeds::{closure#0} as core[a373ad73a504971]::ops::function::FnOnce<()>>::call_once
[INFO] [stdout]   19:     0x6069b102e6ab - test[aada8e7e76ba119b]::__rust_begin_short_backtrace::<core[a373ad73a504971]::result::Result<(), alloc[2e1b2a31b91974c5]::string::String>, fn() -> core[a373ad73a504971]::result::Result<(), alloc[2e1b2a31b91974c5]::string::String>>
[INFO] [stdout]   20:     0x6069b103b885 - test[aada8e7e76ba119b]::run_test::{closure#0}
[INFO] [stdout]   21:     0x6069b1035174 - std[617be2ca0a6fd877]::sys::backtrace::__rust_begin_short_backtrace::<test[aada8e7e76ba119b]::run_test::{closure#1}, ()>
[INFO] [stdout]   22:     0x6069b103e912 - <std[617be2ca0a6fd877]::thread::lifecycle::spawn_unchecked<test[aada8e7e76ba119b]::run_test::{closure#1}, ()>::{closure#1} as core[a373ad73a504971]::ops::function::FnOnce<()>>::call_once::{shim:vtable#0}
[INFO] [stdout]   23:     0x6069b11789df - <std[617be2ca0a6fd877]::sys::thread::unix::Thread>::new::thread_start
[INFO] [stdout]   24:     0x772f4547adfa - <unknown>
[INFO] [stdout]   25:     0x772f4550e3d4 - clone
[INFO] [stdout]   26:                0x0 - <unknown>
[INFO] [stdout] 
[INFO] [stdout] ---- lib_tests::direct_unchunked_compressed_rgb24_succeeds stdout ----
[INFO] [stdout] 
[INFO] [stdout] thread 'lib_tests::direct_unchunked_compressed_rgb24_succeeds' (2311) panicked at src/lib.rs:554:14:
[INFO] [stdout] called `Result::unwrap()` on an `Err` value: Os { code: 2, kind: NotFound, message: "No such file or directory" }
[INFO] [stdout] stack backtrace:
[INFO] [stdout]    0:     0x6069b1179ee1 - <<std[617be2ca0a6fd877]::sys::backtrace::BacktraceLock>::print::DisplayBacktrace as core[a373ad73a504971]::fmt::Display>::fmt
[INFO] [stdout]    1:     0x6069b119222a - core[a373ad73a504971]::fmt::write
[INFO] [stdout]    2:     0x6069b117fa0c - <alloc[2e1b2a31b91974c5]::vec::Vec<u8> as core[a373ad73a504971]::io::write::Write>::write_fmt
[INFO] [stdout]    3:     0x6069b1154436 - std[617be2ca0a6fd877]::panicking::default_hook::{closure#0}
[INFO] [stdout]    4:     0x6069b1171359 - std[617be2ca0a6fd877]::panicking::default_hook
[INFO] [stdout]    5:     0x6069b103b260 - test[aada8e7e76ba119b]::test_main_inner::{closure#0}
[INFO] [stdout]    6:     0x6069b1171682 - std[617be2ca0a6fd877]::panicking::panic_with_hook
[INFO] [stdout]    7:     0x6069b11544e2 - std[617be2ca0a6fd877]::panicking::panic_handler::{closure#0}
[INFO] [stdout]    8:     0x6069b114cf89 - std[617be2ca0a6fd877]::sys::backtrace::__rust_end_short_backtrace::<std[617be2ca0a6fd877]::panicking::panic_handler::{closure#0}, !>
[INFO] [stdout]    9:     0x6069b11550ed - __rustc[ea4f61d10b84890b]::rust_begin_unwind
[INFO] [stdout]   10:     0x6069b119298c - core[a373ad73a504971]::panicking::panic_fmt
[INFO] [stdout]   11:     0x6069b1192762 - core[a373ad73a504971]::result::unwrap_failed
[INFO] [stdout]   12:     0x6069b0fadd73 - kittage[96f60ae89a6f4b1d]::lib_tests::direct_unchunked_compressed_rgb24_succeeds::{closure#0}
[INFO] [stdout]   13:     0x6069b0fdd763 - <tokio[cf09d21b034e4828]::runtime::scheduler::current_thread::Context>::enter::<core[a373ad73a504971]::task::poll::Poll<()>, <tokio[cf09d21b034e4828]::runtime::scheduler::current_thread::CoreGuard>::block_on<core[a373ad73a504971]::pin::Pin<&mut core[a373ad73a504971]::pin::Pin<&mut dyn core[a373ad73a504971]::future::future::Future<Output = ()>>>>::{closure#0}::{closure#0}>
[INFO] [stdout]   14:     0x6069b0fe865c - <tokio[cf09d21b034e4828]::runtime::context::scoped::Scoped<tokio[cf09d21b034e4828]::runtime::scheduler::Context>>::set::<<tokio[cf09d21b034e4828]::runtime::scheduler::current_thread::CoreGuard>::enter<<tokio[cf09d21b034e4828]::runtime::scheduler::current_thread::CoreGuard>::block_on<core[a373ad73a504971]::pin::Pin<&mut core[a373ad73a504971]::pin::Pin<&mut dyn core[a373ad73a504971]::future::future::Future<Output = ()>>>>::{closure#0}, core[a373ad73a504971]::option::Option<()>>::{closure#0}, (alloc[2e1b2a31b91974c5]::boxed::Box<tokio[cf09d21b034e4828]::runtime::scheduler::current_thread::Core>, core[a373ad73a504971]::option::Option<()>)>
[INFO] [stdout]   15:     0x6069b0fddab7 - <tokio[cf09d21b034e4828]::runtime::scheduler::current_thread::CoreGuard>::block_on::<core[a373ad73a504971]::pin::Pin<&mut core[a373ad73a504971]::pin::Pin<&mut dyn core[a373ad73a504971]::future::future::Future<Output = ()>>>>
[INFO] [stdout]   16:     0x6069b0f641e7 - tokio[cf09d21b034e4828]::runtime::context::runtime::enter_runtime::<<tokio[cf09d21b034e4828]::runtime::scheduler::current_thread::CurrentThread>::block_on<core[a373ad73a504971]::pin::Pin<&mut dyn core[a373ad73a504971]::future::future::Future<Output = ()>>>::{closure#0}, ()>
[INFO] [stdout]   17:     0x6069b0fa8de5 - <tokio[cf09d21b034e4828]::runtime::runtime::Runtime>::block_on::<core[a373ad73a504971]::pin::Pin<&mut dyn core[a373ad73a504971]::future::future::Future<Output = ()>>>
[INFO] [stdout]   18:     0x6069b0fb271c - <kittage[96f60ae89a6f4b1d]::lib_tests::direct_unchunked_compressed_rgb24_succeeds::{closure#0} as core[a373ad73a504971]::ops::function::FnOnce<()>>::call_once
[INFO] [stdout]   19:     0x6069b102e6ab - test[aada8e7e76ba119b]::__rust_begin_short_backtrace::<core[a373ad73a504971]::result::Result<(), alloc[2e1b2a31b91974c5]::string::String>, fn() -> core[a373ad73a504971]::result::Result<(), alloc[2e1b2a31b91974c5]::string::String>>
[INFO] [stdout]   20:     0x6069b103b885 - test[aada8e7e76ba119b]::run_test::{closure#0}
[INFO] [stdout]   21:     0x6069b1035174 - std[617be2ca0a6fd877]::sys::backtrace::__rust_begin_short_backtrace::<test[aada8e7e76ba119b]::run_test::{closure#1}, ()>
[INFO] [stdout]   22:     0x6069b103e912 - <std[617be2ca0a6fd877]::thread::lifecycle::spawn_unchecked<test[aada8e7e76ba119b]::run_test::{closure#1}, ()>::{closure#1} as core[a373ad73a504971]::ops::function::FnOnce<()>>::call_once::{shim:vtable#0}
[INFO] [stdout]   23:     0x6069b11789df - <std[617be2ca0a6fd877]::sys::thread::unix::Thread>::new::thread_start
[INFO] [stdout]   24:     0x772f4547adfa - <unknown>
[INFO] [stdout]   25:     0x772f4550e3d4 - clone
[INFO] [stdout]   26:                0x0 - <unknown>
[INFO] [stdout] 
[INFO] [stdout] ---- lib_tests::direct_unchunked_png_succeeds stdout ----
[INFO] [stdout] 
[INFO] [stdout] thread 'lib_tests::direct_unchunked_png_succeeds' (2313) panicked at src/lib.rs:634:50:
[INFO] [stdout] called `Result::unwrap()` on an `Err` value: Os { code: 2, kind: NotFound, message: "No such file or directory" }
[INFO] [stdout] stack backtrace:
[INFO] [stdout]    0:     0x6069b1179ee1 - <<std[617be2ca0a6fd877]::sys::backtrace::BacktraceLock>::print::DisplayBacktrace as core[a373ad73a504971]::fmt::Display>::fmt
[INFO] [stdout]    1:     0x6069b119222a - core[a373ad73a504971]::fmt::write
[INFO] [stdout]    2:     0x6069b117fa0c - <alloc[2e1b2a31b91974c5]::vec::Vec<u8> as core[a373ad73a504971]::io::write::Write>::write_fmt
[INFO] [stdout]    3:     0x6069b1154436 - std[617be2ca0a6fd877]::panicking::default_hook::{closure#0}
[INFO] [stdout]    4:     0x6069b1171359 - std[617be2ca0a6fd877]::panicking::default_hook
[INFO] [stdout]    5:     0x6069b103b260 - test[aada8e7e76ba119b]::test_main_inner::{closure#0}
[INFO] [stdout]    6:     0x6069b1171682 - std[617be2ca0a6fd877]::panicking::panic_with_hook
[INFO] [stdout]    7:     0x6069b11544e2 - std[617be2ca0a6fd877]::panicking::panic_handler::{closure#0}
[INFO] [stdout]    8:     0x6069b114cf89 - std[617be2ca0a6fd877]::sys::backtrace::__rust_end_short_backtrace::<std[617be2ca0a6fd877]::panicking::panic_handler::{closure#0}, !>
[INFO] [stdout]    9:     0x6069b11550ed - __rustc[ea4f61d10b84890b]::rust_begin_unwind
[INFO] [stdout]   10:     0x6069b119298c - core[a373ad73a504971]::panicking::panic_fmt
[INFO] [stdout]   11:     0x6069b1192762 - core[a373ad73a504971]::result::unwrap_failed
[INFO] [stdout]   12:     0x6069b0faca8a - kittage[96f60ae89a6f4b1d]::lib_tests::direct_unchunked_png_succeeds::{closure#0}
[INFO] [stdout]   13:     0x6069b0fdd763 - <tokio[cf09d21b034e4828]::runtime::scheduler::current_thread::Context>::enter::<core[a373ad73a504971]::task::poll::Poll<()>, <tokio[cf09d21b034e4828]::runtime::scheduler::current_thread::CoreGuard>::block_on<core[a373ad73a504971]::pin::Pin<&mut core[a373ad73a504971]::pin::Pin<&mut dyn core[a373ad73a504971]::future::future::Future<Output = ()>>>>::{closure#0}::{closure#0}>
[INFO] [stdout]   14:     0x6069b0fe865c - <tokio[cf09d21b034e4828]::runtime::context::scoped::Scoped<tokio[cf09d21b034e4828]::runtime::scheduler::Context>>::set::<<tokio[cf09d21b034e4828]::runtime::scheduler::current_thread::CoreGuard>::enter<<tokio[cf09d21b034e4828]::runtime::scheduler::current_thread::CoreGuard>::block_on<core[a373ad73a504971]::pin::Pin<&mut core[a373ad73a504971]::pin::Pin<&mut dyn core[a373ad73a504971]::future::future::Future<Output = ()>>>>::{closure#0}, core[a373ad73a504971]::option::Option<()>>::{closure#0}, (alloc[2e1b2a31b91974c5]::boxed::Box<tokio[cf09d21b034e4828]::runtime::scheduler::current_thread::Core>, core[a373ad73a504971]::option::Option<()>)>
[INFO] [stdout]   15:     0x6069b0fddab7 - <tokio[cf09d21b034e4828]::runtime::scheduler::current_thread::CoreGuard>::block_on::<core[a373ad73a504971]::pin::Pin<&mut core[a373ad73a504971]::pin::Pin<&mut dyn core[a373ad73a504971]::future::future::Future<Output = ()>>>>
[INFO] [stdout]   16:     0x6069b0f641e7 - tokio[cf09d21b034e4828]::runtime::context::runtime::enter_runtime::<<tokio[cf09d21b034e4828]::runtime::scheduler::current_thread::CurrentThread>::block_on<core[a373ad73a504971]::pin::Pin<&mut dyn core[a373ad73a504971]::future::future::Future<Output = ()>>>::{closure#0}, ()>
[INFO] [stdout]   17:     0x6069b0fa8de5 - <tokio[cf09d21b034e4828]::runtime::runtime::Runtime>::block_on::<core[a373ad73a504971]::pin::Pin<&mut dyn core[a373ad73a504971]::future::future::Future<Output = ()>>>
[INFO] [stdout]   18:     0x6069b0fb20dc - <kittage[96f60ae89a6f4b1d]::lib_tests::direct_unchunked_png_succeeds::{closure#0} as core[a373ad73a504971]::ops::function::FnOnce<()>>::call_once
[INFO] [stdout]   19:     0x6069b102e6ab - test[aada8e7e76ba119b]::__rust_begin_short_backtrace::<core[a373ad73a504971]::result::Result<(), alloc[2e1b2a31b91974c5]::string::String>, fn() -> core[a373ad73a504971]::result::Result<(), alloc[2e1b2a31b91974c5]::string::String>>
[INFO] [stdout]   20:     0x6069b103b885 - test[aada8e7e76ba119b]::run_test::{closure#0}
[INFO] [stdout]   21:     0x6069b1035174 - std[617be2ca0a6fd877]::sys::backtrace::__rust_begin_short_backtrace::<test[aada8e7e76ba119b]::run_test::{closure#1}, ()>
[INFO] [stdout]   22:     0x6069b103e912 - <std[617be2ca0a6fd877]::thread::lifecycle::spawn_unchecked<test[aada8e7e76ba119b]::run_test::{closure#1}, ()>::{closure#1} as core[a373ad73a504971]::ops::function::FnOnce<()>>::call_once::{shim:vtable#0}
[INFO] [stdout]   23:     0x6069b11789df - <std[617be2ca0a6fd877]::sys::thread::unix::Thread>::new::thread_start
[INFO] [stdout]   24:     0x772f4547adfa - <unknown>
[INFO] [stdout]   25:     0x772f4550e3d4 - clone
[INFO] [stdout]   26:                0x0 - <unknown>
[INFO] [stdout] 
[INFO] [stdout] ---- lib_tests::direct_unchunked_rgba32_succeeds stdout ----
[INFO] [stdout] 
[INFO] [stdout] thread 'lib_tests::direct_unchunked_rgba32_succeeds' (2315) panicked at src/lib.rs:583:14:
[INFO] [stdout] called `Result::unwrap()` on an `Err` value: Os { code: 2, kind: NotFound, message: "No such file or directory" }
[INFO] [stdout] stack backtrace:
[INFO] [stdout]    0:     0x6069b1179ee1 - <<std[617be2ca0a6fd877]::sys::backtrace::BacktraceLock>::print::DisplayBacktrace as core[a373ad73a504971]::fmt::Display>::fmt
[INFO] [stdout]    1:     0x6069b119222a - core[a373ad73a504971]::fmt::write
[INFO] [stdout]    2:     0x6069b117fa0c - <alloc[2e1b2a31b91974c5]::vec::Vec<u8> as core[a373ad73a504971]::io::write::Write>::write_fmt
[INFO] [stdout]    3:     0x6069b1154436 - std[617be2ca0a6fd877]::panicking::default_hook::{closure#0}
[INFO] [stdout]    4:     0x6069b1171359 - std[617be2ca0a6fd877]::panicking::default_hook
[INFO] [stdout]    5:     0x6069b103b260 - test[aada8e7e76ba119b]::test_main_inner::{closure#0}
[INFO] [stdout]    6:     0x6069b1171682 - std[617be2ca0a6fd877]::panicking::panic_with_hook
[INFO] [stdout]    7:     0x6069b11544e2 - std[617be2ca0a6fd877]::panicking::panic_handler::{closure#0}
[INFO] [stdout]    8:     0x6069b114cf89 - std[617be2ca0a6fd877]::sys::backtrace::__rust_end_short_backtrace::<std[617be2ca0a6fd877]::panicking::panic_handler::{closure#0}, !>
[INFO] [stdout]    9:     0x6069b11550ed - __rustc[ea4f61d10b84890b]::rust_begin_unwind
[INFO] [stdout]   10:     0x6069b119298c - core[a373ad73a504971]::panicking::panic_fmt
[INFO] [stdout]   11:     0x6069b1192762 - core[a373ad73a504971]::result::unwrap_failed
[INFO] [stdout]   12:     0x6069b0fad4c8 - kittage[96f60ae89a6f4b1d]::lib_tests::direct_unchunked_rgba32_succeeds::{closure#0}
[INFO] [stdout]   13:     0x6069b0fdd763 - <tokio[cf09d21b034e4828]::runtime::scheduler::current_thread::Context>::enter::<core[a373ad73a504971]::task::poll::Poll<()>, <tokio[cf09d21b034e4828]::runtime::scheduler::current_thread::CoreGuard>::block_on<core[a373ad73a504971]::pin::Pin<&mut core[a373ad73a504971]::pin::Pin<&mut dyn core[a373ad73a504971]::future::future::Future<Output = ()>>>>::{closure#0}::{closure#0}>
[INFO] [stdout]   14:     0x6069b0fe865c - <tokio[cf09d21b034e4828]::runtime::context::scoped::Scoped<tokio[cf09d21b034e4828]::runtime::scheduler::Context>>::set::<<tokio[cf09d21b034e4828]::runtime::scheduler::current_thread::CoreGuard>::enter<<tokio[cf09d21b034e4828]::runtime::scheduler::current_thread::CoreGuard>::block_on<core[a373ad73a504971]::pin::Pin<&mut core[a373ad73a504971]::pin::Pin<&mut dyn core[a373ad73a504971]::future::future::Future<Output = ()>>>>::{closure#0}, core[a373ad73a504971]::option::Option<()>>::{closure#0}, (alloc[2e1b2a31b91974c5]::boxed::Box<tokio[cf09d21b034e4828]::runtime::scheduler::current_thread::Core>, core[a373ad73a504971]::option::Option<()>)>
[INFO] [stdout]   15:     0x6069b0fddab7 - <tokio[cf09d21b034e4828]::runtime::scheduler::current_thread::CoreGuard>::block_on::<core[a373ad73a504971]::pin::Pin<&mut core[a373ad73a504971]::pin::Pin<&mut dyn core[a373ad73a504971]::future::future::Future<Output = ()>>>>
[INFO] [stdout]   16:     0x6069b0f641e7 - tokio[cf09d21b034e4828]::runtime::context::runtime::enter_runtime::<<tokio[cf09d21b034e4828]::runtime::scheduler::current_thread::CurrentThread>::block_on<core[a373ad73a504971]::pin::Pin<&mut dyn core[a373ad73a504971]::future::future::Future<Output = ()>>>::{closure#0}, ()>
[INFO] [stdout]   17:     0x6069b0fa8de5 - <tokio[cf09d21b034e4828]::runtime::runtime::Runtime>::block_on::<core[a373ad73a504971]::pin::Pin<&mut dyn core[a373ad73a504971]::future::future::Future<Output = ()>>>
[INFO] [stdout]   18:     0x6069b0fb249c - <kittage[96f60ae89a6f4b1d]::lib_tests::direct_unchunked_rgba32_succeeds::{closure#0} as core[a373ad73a504971]::ops::function::FnOnce<()>>::call_once
[INFO] [stdout]   19:     0x6069b102e6ab - test[aada8e7e76ba119b]::__rust_begin_short_backtrace::<core[a373ad73a504971]::result::Result<(), alloc[2e1b2a31b91974c5]::string::String>, fn() -> core[a373ad73a504971]::result::Result<(), alloc[2e1b2a31b91974c5]::string::String>>
[INFO] [stdout]   20:     0x6069b103b885 - test[aada8e7e76ba119b]::run_test::{closure#0}
[INFO] [stdout]   21:     0x6069b1035174 - std[617be2ca0a6fd877]::sys::backtrace::__rust_begin_short_backtrace::<test[aada8e7e76ba119b]::run_test::{closure#1}, ()>
[INFO] [stdout]   22:     0x6069b103e912 - <std[617be2ca0a6fd877]::thread::lifecycle::spawn_unchecked<test[aada8e7e76ba119b]::run_test::{closure#1}, ()>::{closure#1} as core[a373ad73a504971]::ops::function::FnOnce<()>>::call_once::{shim:vtable#0}
[INFO] [stdout]   23:     0x6069b11789df - <std[617be2ca0a6fd877]::sys::thread::unix::Thread>::new::thread_start
[INFO] [stdout]   24:     0x772f4547adfa - <unknown>
[INFO] [stdout]   25:     0x772f4550e3d4 - clone
[INFO] [stdout]   26:                0x0 - <unknown>
[INFO] [stdout] 
[INFO] [stdout] ---- event_stream::tests::spawning_kitty_receives_internal_exit_code stdout ----
[INFO] [stdout] 
[INFO] [stdout] thread 'event_stream::tests::spawning_kitty_receives_internal_exit_code' (2302) panicked at src/event_stream.rs:209:9:
[INFO] [stdout] This test only works if you run it when already inside kitty. Yeah I don't fuckin get it either. Just open kitty and run the `cargo test` from there
[INFO] [stdout] stack backtrace:
[INFO] [stdout]    0:     0x6069b1179ee1 - <<std[617be2ca0a6fd877]::sys::backtrace::BacktraceLock>::print::DisplayBacktrace as core[a373ad73a504971]::fmt::Display>::fmt
[INFO] [stdout]    1:     0x6069b119222a - core[a373ad73a504971]::fmt::write
[INFO] [stdout]    2:     0x6069b117fa0c - <alloc[2e1b2a31b91974c5]::vec::Vec<u8> as core[a373ad73a504971]::io::write::Write>::write_fmt
[INFO] [stdout]    3:     0x6069b1154436 - std[617be2ca0a6fd877]::panicking::default_hook::{closure#0}
[INFO] [stdout]    4:     0x6069b1171359 - std[617be2ca0a6fd877]::panicking::default_hook
[INFO] [stdout]    5:     0x6069b103b260 - test[aada8e7e76ba119b]::test_main_inner::{closure#0}
[INFO] [stdout]    6:     0x6069b1171682 - std[617be2ca0a6fd877]::panicking::panic_with_hook
[INFO] [stdout]    7:     0x6069b1154514 - std[617be2ca0a6fd877]::panicking::panic_handler::{closure#0}
[INFO] [stdout]    8:     0x6069b114cf89 - std[617be2ca0a6fd877]::sys::backtrace::__rust_end_short_backtrace::<std[617be2ca0a6fd877]::panicking::panic_handler::{closure#0}, !>
[INFO] [stdout]    9:     0x6069b11550ed - __rustc[ea4f61d10b84890b]::rust_begin_unwind
[INFO] [stdout]   10:     0x6069b119298c - core[a373ad73a504971]::panicking::panic_fmt
[INFO] [stdout]   11:     0x6069b0f94e4d - <kittage[96f60ae89a6f4b1d]::event_stream::tests::spawning_kitty_receives_internal_exit_code::{closure#0} as core[a373ad73a504971]::ops::function::FnOnce<()>>::call_once
[INFO] [stdout]   12:     0x6069b101f737 - serial_test[267a62272e68a928]::serial_code_lock::local_serial_core
[INFO] [stdout]   13:     0x6069b0f94ac0 - <kittage[96f60ae89a6f4b1d]::event_stream::tests::spawning_kitty_receives_internal_exit_code::{closure#0} as core[a373ad73a504971]::ops::function::FnOnce<()>>::call_once
[INFO] [stdout]   14:     0x6069b102e6ab - test[aada8e7e76ba119b]::__rust_begin_short_backtrace::<core[a373ad73a504971]::result::Result<(), alloc[2e1b2a31b91974c5]::string::String>, fn() -> core[a373ad73a504971]::result::Result<(), alloc[2e1b2a31b91974c5]::string::String>>
[INFO] [stdout]   15:     0x6069b103b885 - test[aada8e7e76ba119b]::run_test::{closure#0}
[INFO] [stdout]   16:     0x6069b1035174 - std[617be2ca0a6fd877]::sys::backtrace::__rust_begin_short_backtrace::<test[aada8e7e76ba119b]::run_test::{closure#1}, ()>
[INFO] [stdout]   17:     0x6069b103e912 - <std[617be2ca0a6fd877]::thread::lifecycle::spawn_unchecked<test[aada8e7e76ba119b]::run_test::{closure#1}, ()>::{closure#1} as core[a373ad73a504971]::ops::function::FnOnce<()>>::call_once::{shim:vtable#0}
[INFO] [stdout]   18:     0x6069b11789df - <std[617be2ca0a6fd877]::sys::thread::unix::Thread>::new::thread_start
[INFO] [stdout]   19:     0x772f4547adfa - <unknown>
[INFO] [stdout]   20:     0x772f4550e3d4 - clone
[INFO] [stdout]   21:                0x0 - <unknown>
[INFO] [stdout] 
[INFO] [stdout] ---- lib_tests::correctly_fails stdout ----
[INFO] [stdout] here's output: "\u{1b}_Ga=T,i=1,f=24,s=100,v=100,t=d;\u{1b}\\"
[INFO] [stdout] 
[INFO] [stdout] thread 'lib_tests::correctly_fails' (2307) panicked at src/lib.rs:409:14:
[INFO] [stdout] called `Result::unwrap()` on an `Err` value: Os { code: 2, kind: NotFound, message: "No such file or directory" }
[INFO] [stdout] stack backtrace:
[INFO] [stdout]    0:     0x6069b1179ee1 - <<std[617be2ca0a6fd877]::sys::backtrace::BacktraceLock>::print::DisplayBacktrace as core[a373ad73a504971]::fmt::Display>::fmt
[INFO] [stdout]    1:     0x6069b119222a - core[a373ad73a504971]::fmt::write
[INFO] [stdout]    2:     0x6069b117fa0c - <alloc[2e1b2a31b91974c5]::vec::Vec<u8> as core[a373ad73a504971]::io::write::Write>::write_fmt
[INFO] [stdout]    3:     0x6069b1154436 - std[617be2ca0a6fd877]::panicking::default_hook::{closure#0}
[INFO] [stdout]    4:     0x6069b1171359 - std[617be2ca0a6fd877]::panicking::default_hook
[INFO] [stdout]    5:     0x6069b103b260 - test[aada8e7e76ba119b]::test_main_inner::{closure#0}
[INFO] [stdout]    6:     0x6069b1171682 - std[617be2ca0a6fd877]::panicking::panic_with_hook
[INFO] [stdout]    7:     0x6069b11544e2 - std[617be2ca0a6fd877]::panicking::panic_handler::{closure#0}
[INFO] [stdout]    8:     0x6069b114cf89 - std[617be2ca0a6fd877]::sys::backtrace::__rust_end_short_backtrace::<std[617be2ca0a6fd877]::panicking::panic_handler::{closure#0}, !>
[INFO] [stdout]    9:     0x6069b11550ed - __rustc[ea4f61d10b84890b]::rust_begin_unwind
[INFO] [stdout]   10:     0x6069b119298c - core[a373ad73a504971]::panicking::panic_fmt
[INFO] [stdout]   11:     0x6069b1192762 - core[a373ad73a504971]::result::unwrap_failed
[INFO] [stdout]   12:     0x6069b0faf80b - kittage[96f60ae89a6f4b1d]::lib_tests::spawn_kitty_with_image
[INFO] [stdout]   13:     0x6069b0fabc40 - kittage[96f60ae89a6f4b1d]::lib_tests::correctly_fails::{closure#0}
[INFO] [stdout]   14:     0x6069b0fdd763 - <tokio[cf09d21b034e4828]::runtime::scheduler::current_thread::Context>::enter::<core[a373ad73a504971]::task::poll::Poll<()>, <tokio[cf09d21b034e4828]::runtime::scheduler::current_thread::CoreGuard>::block_on<core[a373ad73a504971]::pin::Pin<&mut core[a373ad73a504971]::pin::Pin<&mut dyn core[a373ad73a504971]::future::future::Future<Output = ()>>>>::{closure#0}::{closure#0}>
[INFO] [stdout]   15:     0x6069b0fe865c - <tokio[cf09d21b034e4828]::runtime::context::scoped::Scoped<tokio[cf09d21b034e4828]::runtime::scheduler::Context>>::set::<<tokio[cf09d21b034e4828]::runtime::scheduler::current_thread::CoreGuard>::enter<<tokio[cf09d21b034e4828]::runtime::scheduler::current_thread::CoreGuard>::block_on<core[a373ad73a504971]::pin::Pin<&mut core[a373ad73a504971]::pin::Pin<&mut dyn core[a373ad73a504971]::future::future::Future<Output = ()>>>>::{closure#0}, core[a373ad73a504971]::option::Option<()>>::{closure#0}, (alloc[2e1b2a31b91974c5]::boxed::Box<tokio[cf09d21b034e4828]::runtime::scheduler::current_thread::Core>, core[a373ad73a504971]::option::Option<()>)>
[INFO] [stdout]   16:     0x6069b0fddab7 - <tokio[cf09d21b034e4828]::runtime::scheduler::current_thread::CoreGuard>::block_on::<core[a373ad73a504971]::pin::Pin<&mut core[a373ad73a504971]::pin::Pin<&mut dyn core[a373ad73a504971]::future::future::Future<Output = ()>>>>
[INFO] [stdout]   17:     0x6069b0f641e7 - tokio[cf09d21b034e4828]::runtime::context::runtime::enter_runtime::<<tokio[cf09d21b034e4828]::runtime::scheduler::current_thread::CurrentThread>::block_on<core[a373ad73a504971]::pin::Pin<&mut dyn core[a373ad73a504971]::future::future::Future<Output = ()>>>::{closure#0}, ()>
[INFO] [stdout]   18:     0x6069b0fa8de5 - <tokio[cf09d21b034e4828]::runtime::runtime::Runtime>::block_on::<core[a373ad73a504971]::pin::Pin<&mut dyn core[a373ad73a504971]::future::future::Future<Output = ()>>>
[INFO] [stdout]   19:     0x6069b0fb1a9c - <kittage[96f60ae89a6f4b1d]::lib_tests::correctly_fails::{closure#0} as core[a373ad73a504971]::ops::function::FnOnce<()>>::call_once
[INFO] [stdout]   20:     0x6069b102e6ab - test[aada8e7e76ba119b]::__rust_begin_short_backtrace::<core[a373ad73a504971]::result::Result<(), alloc[2e1b2a31b91974c5]::string::String>, fn() -> core[a373ad73a504971]::result::Result<(), alloc[2e1b2a31b91974c5]::string::String>>
[INFO] [stdout]   21:     0x6069b103b885 - test[aada8e7e76ba119b]::run_test::{closure#0}
[INFO] [stdout]   22:     0x6069b1035174 - std[617be2ca0a6fd877]::sys::backtrace::__rust_begin_short_backtrace::<test[aada8e7e76ba119b]::run_test::{closure#1}, ()>
[INFO] [stdout]   23:     0x6069b103e912 - <std[617be2ca0a6fd877]::thread::lifecycle::spawn_unchecked<test[aada8e7e76ba119b]::run_test::{closure#1}, ()>::{closure#1} as core[a373ad73a504971]::ops::function::FnOnce<()>>::call_once::{shim:vtable#0}
[INFO] [stdout]   24:     0x6069b11789df - <std[617be2ca0a6fd877]::sys::thread::unix::Thread>::new::thread_start
[INFO] [stdout]   25:     0x772f4547adfa - <unknown>
[INFO] [stdout]   26:     0x772f4550e3d4 - clone
[INFO] [stdout]   27:                0x0 - <unknown>
[INFO] [stdout] 
[INFO] [stdout] ---- lib_tests::png_unix_shm_succeeds stdout ----
[INFO] [stdout] 
[INFO] [stdout] thread 'lib_tests::png_unix_shm_succeeds' (2317) panicked at src/lib.rs:685:46:
[INFO] [stdout] called `Result::unwrap()` on an `Err` value: Os { code: 2, kind: NotFound, message: "No such file or directory" }
[INFO] [stdout] stack backtrace:
[INFO] [stdout]    0:     0x6069b1179ee1 - <<std[617be2ca0a6fd877]::sys::backtrace::BacktraceLock>::print::DisplayBacktrace as core[a373ad73a504971]::fmt::Display>::fmt
[INFO] [stdout]    1:     0x6069b119222a - core[a373ad73a504971]::fmt::write
[INFO] [stdout]    2:     0x6069b117fa0c - <alloc[2e1b2a31b91974c5]::vec::Vec<u8> as core[a373ad73a504971]::io::write::Write>::write_fmt
[INFO] [stdout]    3:     0x6069b1154436 - std[617be2ca0a6fd877]::panicking::default_hook::{closure#0}
[INFO] [stdout]    4:     0x6069b1171359 - std[617be2ca0a6fd877]::panicking::default_hook
[INFO] [stdout]    5:     0x6069b103b260 - test[aada8e7e76ba119b]::test_main_inner::{closure#0}
[INFO] [stdout]    6:     0x6069b1171682 - std[617be2ca0a6fd877]::panicking::panic_with_hook
[INFO] [stdout]    7:     0x6069b11544e2 - std[617be2ca0a6fd877]::panicking::panic_handler::{closure#0}
[INFO] [stdout]    8:     0x6069b114cf89 - std[617be2ca0a6fd877]::sys::backtrace::__rust_end_short_backtrace::<std[617be2ca0a6fd877]::panicking::panic_handler::{closure#0}, !>
[INFO] [stdout]    9:     0x6069b11550ed - __rustc[ea4f61d10b84890b]::rust_begin_unwind
[INFO] [stdout]   10:     0x6069b119298c - core[a373ad73a504971]::panicking::panic_fmt
[INFO] [stdout]   11:     0x6069b1192762 - core[a373ad73a504971]::result::unwrap_failed
[INFO] [stdout]   12:     0x6069b0fac275 - kittage[96f60ae89a6f4b1d]::lib_tests::png_unix_shm_succeeds::{closure#0}
[INFO] [stdout]   13:     0x6069b0fdd763 - <tokio[cf09d21b034e4828]::runtime::scheduler::current_thread::Context>::enter::<core[a373ad73a504971]::task::poll::Poll<()>, <tokio[cf09d21b034e4828]::runtime::scheduler::current_thread::CoreGuard>::block_on<core[a373ad73a504971]::pin::Pin<&mut core[a373ad73a504971]::pin::Pin<&mut dyn core[a373ad73a504971]::future::future::Future<Output = ()>>>>::{closure#0}::{closure#0}>
[INFO] [stdout]   14:     0x6069b0fe865c - <tokio[cf09d21b034e4828]::runtime::context::scoped::Scoped<tokio[cf09d21b034e4828]::runtime::scheduler::Context>>::set::<<tokio[cf09d21b034e4828]::runtime::scheduler::current_thread::CoreGuard>::enter<<tokio[cf09d21b034e4828]::runtime::scheduler::current_thread::CoreGuard>::block_on<core[a373ad73a504971]::pin::Pin<&mut core[a373ad73a504971]::pin::Pin<&mut dyn core[a373ad73a504971]::future::future::Future<Output = ()>>>>::{closure#0}, core[a373ad73a504971]::option::Option<()>>::{closure#0}, (alloc[2e1b2a31b91974c5]::boxed::Box<tokio[cf09d21b034e4828]::runtime::scheduler::current_thread::Core>, core[a373ad73a504971]::option::Option<()>)>
[INFO] [stdout]   15:     0x6069b0fddab7 - <tokio[cf09d21b034e4828]::runtime::scheduler::current_thread::CoreGuard>::block_on::<core[a373ad73a504971]::pin::Pin<&mut core[a373ad73a504971]::pin::Pin<&mut dyn core[a373ad73a504971]::future::future::Future<Output = ()>>>>
[INFO] [stdout]   16:     0x6069b0f641e7 - tokio[cf09d21b034e4828]::runtime::context::runtime::enter_runtime::<<tokio[cf09d21b034e4828]::runtime::scheduler::current_thread::CurrentThread>::block_on<core[a373ad73a504971]::pin::Pin<&mut dyn core[a373ad73a504971]::future::future::Future<Output = ()>>>::{closure#0}, ()>
[INFO] [stdout]   17:     0x6069b0fa8de5 - <tokio[cf09d21b034e4828]::runtime::runtime::Runtime>::block_on::<core[a373ad73a504971]::pin::Pin<&mut dyn core[a373ad73a504971]::future::future::Future<Output = ()>>>
[INFO] [stdout]   18:     0x6069b0fb1d1c - <kittage[96f60ae89a6f4b1d]::lib_tests::png_unix_shm_succeeds::{closure#0} as core[a373ad73a504971]::ops::function::FnOnce<()>>::call_once
[INFO] [stdout]   19:     0x6069b102e6ab - test[aada8e7e76ba119b]::__rust_begin_short_backtrace::<core[a373ad73a504971]::result::Result<(), alloc[2e1b2a31b91974c5]::string::String>, fn() -> core[a373ad73a504971]::result::Result<(), alloc[2e1b2a31b91974c5]::string::String>>
[INFO] [stdout]   20:     0x6069b103b885 - test[aada8e7e76ba119b]::run_test::{closure#0}
[INFO] [stdout]   21:     0x6069b1035174 - std[617be2ca0a6fd877]::sys::backtrace::__rust_begin_short_backtrace::<test[aada8e7e76ba119b]::run_test::{closure#1}, ()>
[INFO] [stdout]   22:     0x6069b103e912 - <std[617be2ca0a6fd877]::thread::lifecycle::spawn_unchecked<test[aada8e7e76ba119b]::run_test::{closure#1}, ()>::{closure#1} as core[a373ad73a504971]::ops::function::FnOnce<()>>::call_once::{shim:vtable#0}
[INFO] [stdout]   23:     0x6069b11789df - <std[617be2ca0a6fd877]::sys::thread::unix::Thread>::new::thread_start
[INFO] [stdout]   24:     0x772f4547adfa - <unknown>
[INFO] [stdout]   25:     0x772f4550e3d4 - clone
[INFO] [stdout]   26:                0x0 - <unknown>
[INFO] [stdout] 
[INFO] [stdout] ---- lib_tests::file_path_png_succeeds stdout ----
[INFO] [stdout] here's output: "\u{1b}_Ga=T,i=1,f=100,t=f;L29wdC9ydXN0d2lkZS93b3JrZGlyL2tpdHR5LnBuZw\u{1b}\\"
[INFO] [stdout] 
[INFO] [stdout] thread 'lib_tests::file_path_png_succeeds' (2316) panicked at src/lib.rs:409:14:
[INFO] [stdout] called `Result::unwrap()` on an `Err` value: Os { code: 2, kind: NotFound, message: "No such file or directory" }
[INFO] [stdout] stack backtrace:
[INFO] [stdout]    0:     0x6069b1179ee1 - <<std[617be2ca0a6fd877]::sys::backtrace::BacktraceLock>::print::DisplayBacktrace as core[a373ad73a504971]::fmt::Display>::fmt
[INFO] [stdout]    1:     0x6069b119222a - core[a373ad73a504971]::fmt::write
[INFO] [stdout]    2:     0x6069b117fa0c - <alloc[2e1b2a31b91974c5]::vec::Vec<u8> as core[a373ad73a504971]::io::write::Write>::write_fmt
[INFO] [stdout]    3:     0x6069b1154436 - std[617be2ca0a6fd877]::panicking::default_hook::{closure#0}
[INFO] [stdout]    4:     0x6069b1171359 - std[617be2ca0a6fd877]::panicking::default_hook
[INFO] [stdout]    5:     0x6069b103b260 - test[aada8e7e76ba119b]::test_main_inner::{closure#0}
[INFO] [stdout]    6:     0x6069b1171682 - std[617be2ca0a6fd877]::panicking::panic_with_hook
[INFO] [stdout]    7:     0x6069b11544e2 - std[617be2ca0a6fd877]::panicking::panic_handler::{closure#0}
[INFO] [stdout]    8:     0x6069b114cf89 - std[617be2ca0a6fd877]::sys::backtrace::__rust_end_short_backtrace::<std[617be2ca0a6fd877]::panicking::panic_handler::{closure#0}, !>
[INFO] [stdout]    9:     0x6069b11550ed - __rustc[ea4f61d10b84890b]::rust_begin_unwind
[INFO] [stdout]   10:     0x6069b119298c - core[a373ad73a504971]::panicking::panic_fmt
[INFO] [stdout]   11:     0x6069b1192762 - core[a373ad73a504971]::result::unwrap_failed
[INFO] [stdout]   12:     0x6069b0faf80b - kittage[96f60ae89a6f4b1d]::lib_tests::spawn_kitty_with_image
[INFO] [stdout]   13:     0x6069b0fac533 - kittage[96f60ae89a6f4b1d]::lib_tests::file_path_png_succeeds::{closure#0}
[INFO] [stdout]   14:     0x6069b0fdd763 - <tokio[cf09d21b034e4828]::runtime::scheduler::current_thread::Context>::enter::<core[a373ad73a504971]::task::poll::Poll<()>, <tokio[cf09d21b034e4828]::runtime::scheduler::current_thread::CoreGuard>::block_on<core[a373ad73a504971]::pin::Pin<&mut core[a373ad73a504971]::pin::Pin<&mut dyn core[a373ad73a504971]::future::future::Future<Output = ()>>>>::{closure#0}::{closure#0}>
[INFO] [stdout]   15:     0x6069b0fe865c - <tokio[cf09d21b034e4828]::runtime::context::scoped::Scoped<tokio[cf09d21b034e4828]::runtime::scheduler::Context>>::set::<<tokio[cf09d21b034e4828]::runtime::scheduler::current_thread::CoreGuard>::enter<<tokio[cf09d21b034e4828]::runtime::scheduler::current_thread::CoreGuard>::block_on<core[a373ad73a504971]::pin::Pin<&mut core[a373ad73a504971]::pin::Pin<&mut dyn core[a373ad73a504971]::future::future::Future<Output = ()>>>>::{closure#0}, core[a373ad73a504971]::option::Option<()>>::{closure#0}, (alloc[2e1b2a31b91974c5]::boxed::Box<tokio[cf09d21b034e4828]::runtime::scheduler::current_thread::Core>, core[a373ad73a504971]::option::Option<()>)>
[INFO] [stdout]   16:     0x6069b0fddab7 - <tokio[cf09d21b034e4828]::runtime::scheduler::current_thread::CoreGuard>::block_on::<core[a373ad73a504971]::pin::Pin<&mut core[a373ad73a504971]::pin::Pin<&mut dyn core[a373ad73a504971]::future::future::Future<Output = ()>>>>
[INFO] [stdout]   17:     0x6069b0f641e7 - tokio[cf09d21b034e4828]::runtime::context::runtime::enter_runtime::<<tokio[cf09d21b034e4828]::runtime::scheduler::current_thread::CurrentThread>::block_on<core[a373ad73a504971]::pin::Pin<&mut dyn core[a373ad73a504971]::future::future::Future<Output = ()>>>::{closure#0}, ()>
[INFO] [stdout]   18:     0x6069b0fa8de5 - <tokio[cf09d21b034e4828]::runtime::runtime::Runtime>::block_on::<core[a373ad73a504971]::pin::Pin<&mut dyn core[a373ad73a504971]::future::future::Future<Output = ()>>>
[INFO] [stdout]   19:     0x6069b0fb1e5c - <kittage[96f60ae89a6f4b1d]::lib_tests::file_path_png_succeeds::{closure#0} as core[a373ad73a504971]::ops::function::FnOnce<()>>::call_once
[INFO] [stdout]   20:     0x6069b102e6ab - test[aada8e7e76ba119b]::__rust_begin_short_backtrace::<core[a373ad73a504971]::result::Result<(), alloc[2e1b2a31b91974c5]::string::String>, fn() -> core[a373ad73a504971]::result::Result<(), alloc[2e1b2a31b91974c5]::string::String>>
[INFO] [stdout]   21:     0x6069b103b885 - test[aada8e7e76ba119b]::run_test::{closure#0}
[INFO] [stdout]   22:     0x6069b1035174 - std[617be2ca0a6fd877]::sys::backtrace::__rust_begin_short_backtrace::<test[aada8e7e76ba119b]::run_test::{closure#1}, ()>
[INFO] [stdout]   23:     0x6069b103e912 - <std[617be2ca0a6fd877]::thread::lifecycle::spawn_unchecked<test[aada8e7e76ba119b]::run_test::{closure#1}, ()>::{closure#1} as core[a373ad73a504971]::ops::function::FnOnce<()>>::call_once::{shim:vtable#0}
[INFO] [stdout]   24:     0x6069b11789df - <std[617be2ca0a6fd877]::sys::thread::unix::Thread>::new::thread_start
[INFO] [stdout]   25:     0x772f4547adfa - <unknown>
[INFO] [stdout]   26:     0x772f4550e3d4 - clone
[INFO] [stdout]   27:                0x0 - <unknown>
[INFO] [stdout] 
[INFO] [stdout] ---- lib_tests::direct_unchunked_rgb24_succeeds stdout ----
[INFO] [stdout] 
[INFO] [stdout] thread 'lib_tests::direct_unchunked_rgb24_succeeds' (2314) panicked at src/lib.rs:501:14:
[INFO] [stdout] called `Result::unwrap()` on an `Err` value: Os { code: 2, kind: NotFound, message: "No such file or directory" }
[INFO] [stdout] stack backtrace:
[INFO] [stdout]    0:     0x6069b1179ee1 - <<std[617be2ca0a6fd877]::sys::backtrace::BacktraceLock>::print::DisplayBacktrace as core[a373ad73a504971]::fmt::Display>::fmt
[INFO] [stdout]    1:     0x6069b119222a - core[a373ad73a504971]::fmt::write
[INFO] [stdout]    2:     0x6069b117fa0c - <alloc[2e1b2a31b91974c5]::vec::Vec<u8> as core[a373ad73a504971]::io::write::Write>::write_fmt
[INFO] [stdout]    3:     0x6069b1154436 - std[617be2ca0a6fd877]::panicking::default_hook::{closure#0}
[INFO] [stdout]    4:     0x6069b1171359 - std[617be2ca0a6fd877]::panicking::default_hook
[INFO] [stdout]    5:     0x6069b103b260 - test[aada8e7e76ba119b]::test_main_inner::{closure#0}
[INFO] [stdout]    6:     0x6069b1171682 - std[617be2ca0a6fd877]::panicking::panic_with_hook
[INFO] [stdout]    7:     0x6069b11544e2 - std[617be2ca0a6fd877]::panicking::panic_handler::{closure#0}
[INFO] [stdout]    8:     0x6069b114cf89 - std[617be2ca0a6fd877]::sys::backtrace::__rust_end_short_backtrace::<std[617be2ca0a6fd877]::panicking::panic_handler::{closure#0}, !>
[INFO] [stdout]    9:     0x6069b11550ed - __rustc[ea4f61d10b84890b]::rust_begin_unwind
[INFO] [stdout]   10:     0x6069b119298c - core[a373ad73a504971]::panicking::panic_fmt
[INFO] [stdout]   11:     0x6069b1192762 - core[a373ad73a504971]::result::unwrap_failed
[INFO] [stdout]   12:     0x6069b0fad12f - kittage[96f60ae89a6f4b1d]::lib_tests::direct_unchunked_rgb24_succeeds::{closure#0}
[INFO] [stdout]   13:     0x6069b0fdd763 - <tokio[cf09d21b034e4828]::runtime::scheduler::current_thread::Context>::enter::<core[a373ad73a504971]::task::poll::Poll<()>, <tokio[cf09d21b034e4828]::runtime::scheduler::current_thread::CoreGuard>::block_on<core[a373ad73a504971]::pin::Pin<&mut core[a373ad73a504971]::pin::Pin<&mut dyn core[a373ad73a504971]::future::future::Future<Output = ()>>>>::{closure#0}::{closure#0}>
[INFO] [stdout]   14:     0x6069b0fe865c - <tokio[cf09d21b034e4828]::runtime::context::scoped::Scoped<tokio[cf09d21b034e4828]::runtime::scheduler::Context>>::set::<<tokio[cf09d21b034e4828]::runtime::scheduler::current_thread::CoreGuard>::enter<<tokio[cf09d21b034e4828]::runtime::scheduler::current_thread::CoreGuard>::block_on<core[a373ad73a504971]::pin::Pin<&mut core[a373ad73a504971]::pin::Pin<&mut dyn core[a373ad73a504971]::future::future::Future<Output = ()>>>>::{closure#0}, core[a373ad73a504971]::option::Option<()>>::{closure#0}, (alloc[2e1b2a31b91974c5]::boxed::Box<tokio[cf09d21b034e4828]::runtime::scheduler::current_thread::Core>, core[a373ad73a504971]::option::Option<()>)>
[INFO] [stdout]   15:     0x6069b0fddab7 - <tokio[cf09d21b034e4828]::runtime::scheduler::current_thread::CoreGuard>::block_on::<core[a373ad73a504971]::pin::Pin<&mut core[a373ad73a504971]::pin::Pin<&mut dyn core[a373ad73a504971]::future::future::Future<Output = ()>>>>
[INFO] [stdout]   16:     0x6069b0f641e7 - tokio[cf09d21b034e4828]::runtime::context::runtime::enter_runtime::<<tokio[cf09d21b034e4828]::runtime::scheduler::current_thread::CurrentThread>::block_on<core[a373ad73a504971]::pin::Pin<&mut dyn core[a373ad73a504971]::future::future::Future<Output = ()>>>::{closure#0}, ()>
[INFO] [stdout]   17:     0x6069b0fa8de5 - <tokio[cf09d21b034e4828]::runtime::runtime::Runtime>::block_on::<core[a373ad73a504971]::pin::Pin<&mut dyn core[a373ad73a504971]::future::future::Future<Output = ()>>>
[INFO] [stdout]   18:     0x6069b0fb235c - <kittage[96f60ae89a6f4b1d]::lib_tests::direct_unchunked_rgb24_succeeds::{closure#0} as core[a373ad73a504971]::ops::function::FnOnce<()>>::call_once
[INFO] [stdout]   19:     0x6069b102e6ab - test[aada8e7e76ba119b]::__rust_begin_short_backtrace::<core[a373ad73a504971]::result::Result<(), alloc[2e1b2a31b91974c5]::string::String>, fn() -> core[a373ad73a504971]::result::Result<(), alloc[2e1b2a31b91974c5]::string::String>>
[INFO] [stdout]   20:     0x6069b103b885 - test[aada8e7e76ba119b]::run_test::{closure#0}
[INFO] [stdout]   21:     0x6069b1035174 - std[617be2ca0a6fd877]::sys::backtrace::__rust_begin_short_backtrace::<test[aada8e7e76ba119b]::run_test::{closure#1}, ()>
[INFO] [stdout]   22:     0x6069b103e912 - <std[617be2ca0a6fd877]::thread::lifecycle::spawn_unchecked<test[aada8e7e76ba119b]::run_test::{closure#1}, ()>::{closure#1} as core[a373ad73a504971]::ops::function::FnOnce<()>>::call_once::{shim:vtable#0}
[INFO] [stdout]   23:     0x6069b11789df - <std[617be2ca0a6fd877]::sys::thread::unix::Thread>::new::thread_start
[INFO] [stdout]   24:     0x772f4547adfa - <unknown>
[INFO] [stdout]   25:     0x772f4550e3d4 - clone
[INFO] [stdout]   26:                0x0 - <unknown>
[INFO] [stdout] 
[INFO] [stdout] ---- lib_tests::basic_functionality stdout ----
[INFO] [stdout] here's output: "\u{1b}_Ga=T,i=1,f=24,s=50,v=50,t=f;L29wdC9ydXN0d2lkZS93b3JrZGlyL2tpdHR5LnBuZw\u{1b}\\"
[INFO] [stdout] 
[INFO] [stdout] thread 'lib_tests::basic_functionality' (2306) panicked at src/lib.rs:409:14:
[INFO] [stdout] called `Result::unwrap()` on an `Err` value: Os { code: 2, kind: NotFound, message: "No such file or directory" }
[INFO] [stdout] stack backtrace:
[INFO] [stdout]    0:     0x6069b1179ee1 - <<std[617be2ca0a6fd877]::sys::backtrace::BacktraceLock>::print::DisplayBacktrace as core[a373ad73a504971]::fmt::Display>::fmt
[INFO] [stdout]    1:     0x6069b119222a - core[a373ad73a504971]::fmt::write
[INFO] [stdout]    2:     0x6069b117fa0c - <alloc[2e1b2a31b91974c5]::vec::Vec<u8> as core[a373ad73a504971]::io::write::Write>::write_fmt
[INFO] [stdout]    3:     0x6069b1154436 - std[617be2ca0a6fd877]::panicking::default_hook::{closure#0}
[INFO] [stdout]    4:     0x6069b1171359 - std[617be2ca0a6fd877]::panicking::default_hook
[INFO] [stdout]    5:     0x6069b103b260 - test[aada8e7e76ba119b]::test_main_inner::{closure#0}
[INFO] [stdout]    6:     0x6069b1171682 - std[617be2ca0a6fd877]::panicking::panic_with_hook
[INFO] [stdout]    7:     0x6069b11544e2 - std[617be2ca0a6fd877]::panicking::panic_handler::{closure#0}
[INFO] [stdout]    8:     0x6069b114cf89 - std[617be2ca0a6fd877]::sys::backtrace::__rust_end_short_backtrace::<std[617be2ca0a6fd877]::panicking::panic_handler::{closure#0}, !>
[INFO] [stdout]    9:     0x6069b11550ed - __rustc[ea4f61d10b84890b]::rust_begin_unwind
[INFO] [stdout]   10:     0x6069b119298c - core[a373ad73a504971]::panicking::panic_fmt
[INFO] [stdout]   11:     0x6069b1192762 - core[a373ad73a504971]::result::unwrap_failed
[INFO] [stdout]   12:     0x6069b0faf80b - kittage[96f60ae89a6f4b1d]::lib_tests::spawn_kitty_with_image
[INFO] [stdout]   13:     0x6069b0fabefb - kittage[96f60ae89a6f4b1d]::lib_tests::basic_functionality::{closure#0}
[INFO] [stdout]   14:     0x6069b0fdd763 - <tokio[cf09d21b034e4828]::runtime::scheduler::current_thread::Context>::enter::<core[a373ad73a504971]::task::poll::Poll<()>, <tokio[cf09d21b034e4828]::runtime::scheduler::current_thread::CoreGuard>::block_on<core[a373ad73a504971]::pin::Pin<&mut core[a373ad73a504971]::pin::Pin<&mut dyn core[a373ad73a504971]::future::future::Future<Output = ()>>>>::{closure#0}::{closure#0}>
[INFO] [stdout]   15:     0x6069b0fe865c - <tokio[cf09d21b034e4828]::runtime::context::scoped::Scoped<tokio[cf09d21b034e4828]::runtime::scheduler::Context>>::set::<<tokio[cf09d21b034e4828]::runtime::scheduler::current_thread::CoreGuard>::enter<<tokio[cf09d21b034e4828]::runtime::scheduler::current_thread::CoreGuard>::block_on<core[a373ad73a504971]::pin::Pin<&mut core[a373ad73a504971]::pin::Pin<&mut dyn core[a373ad73a504971]::future::future::Future<Output = ()>>>>::{closure#0}, core[a373ad73a504971]::option::Option<()>>::{closure#0}, (alloc[2e1b2a31b91974c5]::boxed::Box<tokio[cf09d21b034e4828]::runtime::scheduler::current_thread::Core>, core[a373ad73a504971]::option::Option<()>)>
[INFO] [stdout]   16:     0x6069b0fddab7 - <tokio[cf09d21b034e4828]::runtime::scheduler::current_thread::CoreGuard>::block_on::<core[a373ad73a504971]::pin::Pin<&mut core[a373ad73a504971]::pin::Pin<&mut dyn core[a373ad73a504971]::future::future::Future<Output = ()>>>>
[INFO] [stdout]   17:     0x6069b0f641e7 - tokio[cf09d21b034e4828]::runtime::context::runtime::enter_runtime::<<tokio[cf09d21b034e4828]::runtime::scheduler::current_thread::CurrentThread>::block_on<core[a373ad73a504971]::pin::Pin<&mut dyn core[a373ad73a504971]::future::future::Future<Output = ()>>>::{closure#0}, ()>
[INFO] [stdout]   18:     0x6069b0fa8de5 - <tokio[cf09d21b034e4828]::runtime::runtime::Runtime>::block_on::<core[a373ad73a504971]::pin::Pin<&mut dyn core[a373ad73a504971]::future::future::Future<Output = ()>>>
[INFO] [stdout]   19:     0x6069b0fb1bdc - <kittage[96f60ae89a6f4b1d]::lib_tests::basic_functionality::{closure#0} as core[a373ad73a504971]::ops::function::FnOnce<()>>::call_once
[INFO] [stdout]   20:     0x6069b102e6ab - test[aada8e7e76ba119b]::__rust_begin_short_backtrace::<core[a373ad73a504971]::result::Result<(), alloc[2e1b2a31b91974c5]::string::String>, fn() -> core[a373ad73a504971]::result::Result<(), alloc[2e1b2a31b91974c5]::string::String>>
[INFO] [stdout]   21:     0x6069b103b885 - test[aada8e7e76ba119b]::run_test::{closure#0}
[INFO] [stdout]   22:     0x6069b1035174 - std[617be2ca0a6fd877]::sys::backtrace::__rust_begin_short_backtrace::<test[aada8e7e76ba119b]::run_test::{closure#1}, ()>
[INFO] [stdout]   23:     0x6069b103e912 - <std[617be2ca0a6fd877]::thread::lifecycle::spawn_unchecked<test[aada8e7e76ba119b]::run_test::{closure#1}, ()>::{closure#1} as core[a373ad73a504971]::ops::function::FnOnce<()>>::call_once::{shim:vtable#0}
[INFO] [stdout]   24:     0x6069b11789df - <std[617be2ca0a6fd877]::sys::thread::unix::Thread>::new::thread_start
[INFO] [stdout]   25:     0x772f4547adfa - <unknown>
[INFO] [stdout]   26:     0x772f4550e3d4 - clone
[INFO] [stdout]   27:                0x0 - <unknown>
[INFO] [stdout] 
[INFO] [stdout] 
[INFO] [stdout] failures:
[INFO] [stdout]     event_stream::tests::fails_inside_kitty
[INFO] [stdout]     event_stream::tests::spawning_kitty_receives_internal_exit_code
[INFO] [stdout]     event_stream::tests::transmit_display_then_display
[INFO] [stdout]     lib_tests::basic_functionality
[INFO] [stdout]     lib_tests::correctly_fails
[INFO] [stdout]     lib_tests::direct_chunked_rgb24_succeeds
[INFO] [stdout]     lib_tests::direct_chunked_rgba32_succeeds
[INFO] [stdout]     lib_tests::direct_unchunked_compressed_png_succeeds
[INFO] [stdout]     lib_tests::direct_unchunked_compressed_rgb24_succeeds
[INFO] [stdout]     lib_tests::direct_unchunked_png_succeeds
[INFO] [stdout]     lib_tests::direct_unchunked_rgb24_succeeds
[INFO] [stdout]     lib_tests::direct_unchunked_rgba32_succeeds
[INFO] [stdout]     lib_tests::file_path_png_succeeds
[INFO] [stdout]     lib_tests::png_unix_shm_succeeds
[INFO] [stdout] 
[INFO] [stdout] test result: FAILED. 3 passed; 14 failed; 0 ignored; 0 measured; 0 filtered out; finished in 0.01s
[INFO] [stdout] 
[INFO] running `Command { std: "docker" "inspect" "9c16fee231b3659a3c66e3e3d5cb55f03c7d9857fecc1364aac22e8595fd0a81", kill_on_drop: false }`
[INFO] running `Command { std: "docker" "rm" "-f" "9c16fee231b3659a3c66e3e3d5cb55f03c7d9857fecc1364aac22e8595fd0a81", kill_on_drop: false }`
[INFO] [stdout] 9c16fee231b3659a3c66e3e3d5cb55f03c7d9857fecc1364aac22e8595fd0a81
