[INFO] fetching crate kitoken 0.11.0...
[INFO] testing kitoken-0.11.0 against 1.100.0-beta.1+cargoflags=--release for beta-release-1.100-2
[INFO] extracting crate kitoken 0.11.0 into /workspace/builds/worker-2-tc2/source
[INFO] started tweaking crates.io crate kitoken 0.11.0
[INFO] finished tweaking crates.io crate kitoken 0.11.0
[INFO] tweaked toml for crates.io crate kitoken 0.11.0 written to /workspace/builds/worker-2-tc2/source/Cargo.toml
[INFO] validating manifest of crates.io crate kitoken 0.11.0 on toolchain 1.100.0-beta.1
[INFO] running `Command { std: CARGO_HOME="/workspace/cargo-home" RUSTUP_HOME="/workspace/rustup-home" "/workspace/cargo-home/bin/cargo" "+1.100.0-beta.1" "metadata" "--manifest-path" "Cargo.toml" "--no-deps", kill_on_drop: false }`
[INFO] crate crates.io crate kitoken 0.11.0 already has a lockfile, it will not be regenerated
[INFO] running `Command { std: CARGO_HOME="/workspace/cargo-home" RUSTUP_HOME="/workspace/rustup-home" "/workspace/cargo-home/bin/cargo" "+1.100.0-beta.1" "fetch" "--manifest-path" "Cargo.toml", kill_on_drop: false }`
[INFO] running `Command { std: "docker" "create" "-v" "/var/lib/crater-agent-workspace/builds/worker-2-tc2/source:/opt/rustwide/workdir:ro,Z" "-v" "/var/lib/crater-agent-workspace/builds/worker-2-tc2/target:/opt/rustwide/target:rw,Z" "-v" "/var/lib/crater-agent-workspace/cargo-home:/opt/rustwide/cargo-home:ro,Z" "-v" "/var/lib/crater-agent-workspace/rustup-home:/opt/rustwide/rustup-home:ro,Z" "-m" "1610612736" "--network" "none" "ghcr.io/rust-lang/crates-build-env/linux@sha256:77db811e55d90add9212f6832c23229e3de5f1c1f9905e8cb07319ea15df73ac" "sleep" "infinity", kill_on_drop: false }`
[INFO] [stdout] 681b3cb86cc8c94a21fdd301abeea6ffea2ebc81a9690ff5439e6fa8a7f0ec9f
[INFO] running `Command { std: "docker" "start" "681b3cb86cc8c94a21fdd301abeea6ffea2ebc81a9690ff5439e6fa8a7f0ec9f", kill_on_drop: false }`
[INFO] running `Command { std: "docker" "inspect" "681b3cb86cc8c94a21fdd301abeea6ffea2ebc81a9690ff5439e6fa8a7f0ec9f", kill_on_drop: false }`
[INFO] running `Command { std: "docker" "exec" "-e" "SOURCE_DIR=/opt/rustwide/workdir" "-e" "CARGO_HOME=/opt/rustwide/cargo-home" "-e" "RUSTUP_HOME=/opt/rustwide/rustup-home" "-e" "CARGO_TARGET_DIR=/opt/rustwide/target" "-w" "/opt/rustwide/workdir" "--user" "0:0" "681b3cb86cc8c94a21fdd301abeea6ffea2ebc81a9690ff5439e6fa8a7f0ec9f" "/opt/rustwide/cargo-home/bin/cargo" "+1.100.0-beta.1" "metadata" "--no-deps" "--format-version=1", kill_on_drop: false }`
[INFO] running `Command { std: "docker" "inspect" "681b3cb86cc8c94a21fdd301abeea6ffea2ebc81a9690ff5439e6fa8a7f0ec9f", kill_on_drop: false }`
[INFO] running `Command { std: "docker" "exec" "-e" "SOURCE_DIR=/opt/rustwide/workdir" "-e" "CARGO_HOME=/opt/rustwide/cargo-home" "-e" "RUSTUP_HOME=/opt/rustwide/rustup-home" "-e" "CARGO_TARGET_DIR=/opt/rustwide/target" "-e" "CARGO_INCREMENTAL=0" "-e" "RUST_BACKTRACE=full" "-e" "RUSTFLAGS=--cap-lints=warn" "-e" "RUSTDOCFLAGS=--cap-lints=warn" "-w" "/opt/rustwide/workdir" "--user" "0:0" "681b3cb86cc8c94a21fdd301abeea6ffea2ebc81a9690ff5439e6fa8a7f0ec9f" "/opt/rustwide/cargo-home/bin/cargo" "+1.100.0-beta.1" "build" "--frozen" "--message-format=json" "--release", kill_on_drop: false }`
[INFO] [stderr]    Compiling proc-macro2 v1.0.106
[INFO] [stderr]    Compiling unicode-ident v1.0.24
[INFO] [stderr]    Compiling quote v1.0.45
[INFO] [stderr]    Compiling anyhow v1.0.102
[INFO] [stderr]    Compiling regex-syntax v0.8.10
[INFO] [stderr]    Compiling either v1.15.0
[INFO] [stderr]    Compiling cfg-if v1.0.4
[INFO] [stderr]    Compiling bytes v1.11.1
[INFO] [stderr]    Compiling lazy_static v1.5.0
[INFO] [stderr]    Compiling fnv v1.0.7
[INFO] [stderr]    Compiling beef v0.5.2
[INFO] [stderr]    Compiling libc v0.2.186
[INFO] [stderr]    Compiling unicode-width v0.1.14
[INFO] [stderr]    Compiling thiserror v1.0.69
[INFO] [stderr]    Compiling getrandom v0.4.2
[INFO] [stderr]    Compiling once_cell v1.21.4
[INFO] [stderr]    Compiling rustix v1.1.4
[INFO] [stderr]    Compiling bitflags v2.11.1
[INFO] [stderr]    Compiling hashbrown v0.17.1
[INFO] [stderr]    Compiling prettyplease v0.2.37
[INFO] [stderr]    Compiling serde_core v1.0.228
[INFO] [stderr]    Compiling linux-raw-sys v0.12.1
[INFO] [stderr]    Compiling itertools v0.14.0
[INFO] [stderr]    Compiling equivalent v1.0.2
[INFO] [stderr]    Compiling target-features v0.1.6
[INFO] [stderr]    Compiling memchr v2.8.0
[INFO] [stderr]    Compiling fastrand v2.4.1
[INFO] [stderr]    Compiling fixedbitset v0.5.7
[INFO] [stderr]    Compiling heck v0.5.0
[INFO] [stderr]    Compiling thiserror v2.0.18
[INFO] [stderr]    Compiling multimap v0.10.1
[INFO] [stderr]    Compiling log v0.4.29
[INFO] [stderr]    Compiling serde v1.0.228
[INFO] [stderr]    Compiling zmij v1.0.21
[INFO] [stderr]    Compiling indexmap v2.14.0
[INFO] [stderr]    Compiling bit-vec v0.8.0
[INFO] [stderr]    Compiling serde_json v1.0.149
[INFO] [stderr]    Compiling tinyvec_macros v0.1.1
[INFO] [stderr]    Compiling aho-corasick v1.1.4
[INFO] [stderr]    Compiling tinyvec v1.11.0
[INFO] [stderr]    Compiling bit-set v0.8.0
[INFO] [stderr]    Compiling syn v2.0.117
[INFO] [stderr]    Compiling allocator-api2 v0.2.21
[INFO] [stderr]    Compiling itoa v1.0.18
[INFO] [stderr]    Compiling petgraph v0.7.1
[INFO] [stderr]    Compiling foldhash v0.2.0
[INFO] [stderr]    Compiling unicode-normalization v0.1.25
[INFO] [stderr]    Compiling base64 v0.22.1
[INFO] [stderr]    Compiling orx-priority-queue v1.8.0
[INFO] [stderr]    Compiling tempfile v3.27.0
[INFO] [stderr]    Compiling regex-automata v0.4.14
[INFO] [stderr]    Compiling regex v1.12.3
[INFO] [stderr]    Compiling logos-codegen v0.14.4
[INFO] [stderr]    Compiling bstr v1.12.1
[INFO] [stderr]    Compiling fancy-regex v0.18.0
[INFO] [stderr]    Compiling prost-derive v0.13.5
[INFO] [stderr]    Compiling logos-derive v0.14.4
[INFO] [stderr]    Compiling miette-derive v7.6.0
[INFO] [stderr]    Compiling thiserror-impl v1.0.69
[INFO] [stderr]    Compiling thiserror-impl v2.0.18
[INFO] [stderr]    Compiling serde_derive v1.0.228
[INFO] [stderr]    Compiling multiversion-macros v0.8.0
[INFO] [stderr]    Compiling derive_more-impl v2.1.1
[INFO] [stderr]    Compiling logos v0.14.4
[INFO] [stderr]    Compiling miette v7.6.0
[INFO] [stderr]    Compiling cobs v0.3.0
[INFO] [stderr]    Compiling multiversion v0.8.0
[INFO] [stderr]    Compiling derive_more v2.1.1
[INFO] [stderr]    Compiling prost v0.13.5
[INFO] [stderr]    Compiling prost-types v0.13.5
[INFO] [stderr]    Compiling prost-reflect v0.14.7
[INFO] [stderr]    Compiling protox-parse v0.7.0
[INFO] [stderr]    Compiling prost-build v0.13.5
[INFO] [stderr]    Compiling postcard v1.1.3
[INFO] [stderr]    Compiling protox v0.7.2
[INFO] [stderr]    Compiling sentencepiece-model v0.1.4
[INFO] [stderr]    Compiling kitoken v0.11.0 (/opt/rustwide/workdir)
[INFO] [stderr]     Finished `release` profile [optimized] target(s) in 1m 43s
[INFO] running `Command { std: "docker" "inspect" "681b3cb86cc8c94a21fdd301abeea6ffea2ebc81a9690ff5439e6fa8a7f0ec9f", kill_on_drop: false }`
[INFO] running `Command { std: "docker" "exec" "-e" "SOURCE_DIR=/opt/rustwide/workdir" "-e" "CARGO_HOME=/opt/rustwide/cargo-home" "-e" "RUSTUP_HOME=/opt/rustwide/rustup-home" "-e" "CARGO_TARGET_DIR=/opt/rustwide/target" "-e" "CARGO_INCREMENTAL=0" "-e" "RUST_BACKTRACE=full" "-e" "RUSTFLAGS=--cap-lints=warn" "-e" "RUSTDOCFLAGS=--cap-lints=warn" "-w" "/opt/rustwide/workdir" "--user" "0:0" "681b3cb86cc8c94a21fdd301abeea6ffea2ebc81a9690ff5439e6fa8a7f0ec9f" "/opt/rustwide/cargo-home/bin/cargo" "+1.100.0-beta.1" "test" "--frozen" "--no-run" "--message-format=json" "--release", kill_on_drop: false }`
[INFO] [stderr]    Compiling serde_core v1.0.228
[INFO] [stderr]    Compiling memchr v2.8.0
[INFO] [stderr]    Compiling serde v1.0.228
[INFO] [stderr]    Compiling libc v0.2.186
[INFO] [stderr]    Compiling regex-syntax v0.8.10
[INFO] [stderr]    Compiling itoa v1.0.18
[INFO] [stderr]    Compiling zerocopy v0.8.48
[INFO] [stderr]    Compiling serde_json v1.0.149
[INFO] [stderr]    Compiling zerocopy-derive v0.8.48
[INFO] [stderr]    Compiling find-msvc-tools v0.1.9
[INFO] [stderr]    Compiling shlex v1.3.0
[INFO] [stderr]    Compiling zmij v1.0.21
[INFO] [stderr]    Compiling autocfg v1.5.0
[INFO] [stderr]    Compiling cfg-if v1.0.4
[INFO] [stderr]    Compiling thiserror v2.0.18
[INFO] [stderr]    Compiling time-core v0.1.8
[INFO] [stderr]    Compiling num-conv v0.2.1
[INFO] [stderr]    Compiling cc v1.2.62
[INFO] [stderr]    Compiling either v1.15.0
[INFO] [stderr]    Compiling aho-corasick v1.1.4
[INFO] [stderr]    Compiling clap_lex v1.1.0
[INFO] [stderr]    Compiling ciborium-io v0.2.2
[INFO] [stderr]    Compiling bytes v1.11.1
[INFO] [stderr]    Compiling powerfmt v0.2.0
[INFO] [stderr]    Compiling anstyle v1.0.14
[INFO] [stderr]    Compiling tinyvec_macros v0.1.1
[INFO] [stderr]    Compiling bit-vec v0.8.0
[INFO] [stderr]    Compiling itertools v0.13.0
[INFO] [stderr]    Compiling clap_builder v4.6.0
[INFO] [stderr]    Compiling tinyvec v1.11.0
[INFO] [stderr]    Compiling time-macros v0.2.27
[INFO] [stderr]    Compiling bit-set v0.8.0
[INFO] [stderr]    Compiling deranged v0.5.8
[INFO] [stderr]    Compiling cobs v0.3.0
[INFO] [stderr]    Compiling target-features v0.1.6
[INFO] [stderr]    Compiling cast v0.3.0
[INFO] [stderr]    Compiling foldhash v0.2.0
[INFO] [stderr]    Compiling num_threads v0.1.7
[INFO] [stderr]    Compiling allocator-api2 v0.2.21
[INFO] [stderr]    Compiling same-file v1.0.6
[INFO] [stderr]    Compiling log v0.4.29
[INFO] [stderr]    Compiling walkdir v2.5.0
[INFO] [stderr]    Compiling prost v0.13.5
[INFO] [stderr]    Compiling unicode-normalization v0.1.25
[INFO] [stderr]    Compiling multiversion v0.8.0
[INFO] [stderr]    Compiling criterion-plot v0.8.2
[INFO] [stderr]    Compiling derive_more v2.1.1
[INFO] [stderr]    Compiling orx-priority-queue v1.8.0
[INFO] [stderr]    Compiling page_size v0.6.0
[INFO] [stderr]    Compiling base64 v0.22.1
[INFO] [stderr]    Compiling anes v0.1.6
[INFO] [stderr]    Compiling oorandom v11.1.5
[INFO] [stderr]    Compiling num-traits v0.2.19
[INFO] [stderr]    Compiling colored v3.1.1
[INFO] [stderr]    Compiling sentencepiece-model v0.1.4
[INFO] [stderr]    Compiling unicode-width v0.2.2
[INFO] [stderr]    Compiling once_cell v1.21.4
[INFO] [stderr]    Compiling console v0.16.3
[INFO] [stderr]    Compiling regex-automata v0.4.14
[INFO] [stderr]    Compiling time v0.3.47
[INFO] [stderr]    Compiling clap v4.6.1
[INFO] [stderr]    Compiling alloca v0.4.0
[INFO] [stderr]    Compiling hashbrown v0.17.1
[INFO] [stderr]    Compiling tinytemplate v1.2.1
[INFO] [stderr]    Compiling postcard v1.1.3
[INFO] [stderr]    Compiling simple_logger v5.2.0
[INFO] [stderr]    Compiling fancy-regex v0.18.0
[INFO] [stderr]    Compiling bstr v1.12.1
[INFO] [stderr]    Compiling regex v1.12.3
[INFO] [stderr]    Compiling half v2.7.1
[INFO] [stderr]    Compiling ciborium-ll v0.2.2
[INFO] [stderr]    Compiling ciborium v0.2.2
[INFO] [stderr]    Compiling kitoken v0.11.0 (/opt/rustwide/workdir)
[INFO] [stderr]    Compiling criterion v0.8.2
[INFO] [stderr]     Finished `release` profile [optimized] target(s) in 1m 28s
[INFO] running `Command { std: "docker" "inspect" "681b3cb86cc8c94a21fdd301abeea6ffea2ebc81a9690ff5439e6fa8a7f0ec9f", kill_on_drop: false }`
[INFO] running `Command { std: "docker" "exec" "-e" "SOURCE_DIR=/opt/rustwide/workdir" "-e" "CARGO_HOME=/opt/rustwide/cargo-home" "-e" "RUSTUP_HOME=/opt/rustwide/rustup-home" "-e" "CARGO_TARGET_DIR=/opt/rustwide/target" "-e" "CARGO_INCREMENTAL=0" "-e" "RUST_BACKTRACE=full" "-e" "RUSTFLAGS=--cap-lints=warn" "-e" "RUSTDOCFLAGS=--cap-lints=warn" "-w" "/opt/rustwide/workdir" "--user" "0:0" "681b3cb86cc8c94a21fdd301abeea6ffea2ebc81a9690ff5439e6fa8a7f0ec9f" "/opt/rustwide/cargo-home/bin/cargo" "+1.100.0-beta.1" "test" "--frozen" "--release", kill_on_drop: false }`
[INFO] [stderr]     Finished `release` profile [optimized] target(s) in 0.26s
[INFO] [stderr]      Running unittests src/lib.rs (/opt/rustwide/target/release/build/kitoken/e20067876bd1746e/out/kitoken-e20067876bd1746e)
[INFO] [stdout] 
[INFO] [stdout] running 30 tests
[INFO] [stdout] test config::processing::tests::test_processing_strip ... ok
[INFO] [stdout] test config::decoding::tests::test_decoding_replace ... ok
[INFO] [stdout] test config::processing::tests::test_processing_collapse ... ok
[INFO] [stdout] test config::decoding::tests::test_decoding_strip ... ok
[INFO] [stdout] test config::processing::tests::test_processing_pad ... ok
[INFO] [stdout] test config::normalization::tests::test_normalization_append ... ok
[INFO] [stdout] test config::normalization::tests::test_normalization_collapse ... ok
[INFO] [stdout] test config::decoding::tests::test_decoding_extend ... ok
[INFO] [stdout] test config::normalization::tests::test_normalization_conditional ... ok
[INFO] [stdout] test config::decoding::tests::test_decoding_collapse ... ok
[INFO] [stdout] test config::normalization::tests::test_normalization_extend ... ok
[INFO] [stdout] test config::normalization::tests::test_normalization_prepend ... ok
[INFO] [stdout] test config::normalization::tests::test_normalization_replace ... ok
[INFO] [stdout] test config::normalization::tests::test_normalization_strip ... ok
[INFO] [stdout] test config::normalization::tests::test_normalization_case_fold ... ok
[INFO] [stdout] test config::normalization::tests::test_normalization_nmt ... ok
[INFO] [stdout] test config::split::tests::test_split_isolate_char ... ok
[INFO] [stdout] test config::split::tests::test_split_isolate ... ok
[INFO] [stdout] test config::split::tests::test_split_merge_right ... ok
[INFO] [stdout] test config::split::tests::test_split_merge_char ... ok
[INFO] [stdout] test config::split::tests::test_split_merge_left_char ... ok
[INFO] [stdout] test config::split::tests::test_split_match ... ok
[INFO] [stdout] test config::split::tests::test_split_merge_right_char ... ok
[INFO] [stdout] test config::split::tests::test_split_match_char ... ok
[INFO] [stdout] test config::split::tests::test_split_merge_left ... ok
[INFO] [stdout] test config::split::tests::test_split_unicode_script ... FAILED
[INFO] [stdout] test config::processing::tests::test_processing_truncate ... ok
[INFO] [stdout] test config::split::tests::test_split_merge ... ok
[INFO] [stdout] test config::split::tests::test_split_remove ... ok
[INFO] [stdout] test config::split::tests::test_split_remove_char ... ok
[INFO] [stdout] 
[INFO] [stdout] failures:
[INFO] [stdout] 
[INFO] [stdout] ---- config::split::tests::test_split_unicode_script stdout ----
[INFO] [stdout] 
[INFO] [stdout] thread 'config::split::tests::test_split_unicode_script' (2891) panicked at src/config/split.rs:441:9:
[INFO] [stdout] assertion `left == right` failed
[INFO] [stdout]   left: [(0, 24)]
[INFO] [stdout]  right: [(0, 15), (15, 24)]
[INFO] [stdout] stack backtrace:
[INFO] [stdout]    0:     0x628ba8f97e57 - <unknown>
[INFO] [stdout]    1:     0x628ba8eeec44 - <unknown>
[INFO] [stdout]    2:     0x628ba8f9741b - <unknown>
[INFO] [stdout]    3:     0x628ba8f97019 - <unknown>
[INFO] [stdout]    4:     0x628ba8f96c9a - <unknown>
[INFO] [stdout]    5:     0x628ba8f967cb - <unknown>
[INFO] [stdout]    6:     0x628ba8fbc591 - <unknown>
[INFO] [stdout]    7:     0x628ba8fbc549 - <unknown>
[INFO] [stdout]    8:     0x628ba8fbca3c - <unknown>
[INFO] [stdout]    9:     0x628ba8eeeadb - <unknown>
[INFO] [stdout]   10:     0x628ba8eee9fa - <unknown>
[INFO] [stdout]   11:     0x628ba8eb9c86 - <unknown>
[INFO] [stdout]   12:     0x628ba8ec8728 - <unknown>
[INFO] [stdout]   13:     0x628ba8fd325b - <unknown>
[INFO] [stdout]   14:     0x628ba8fce932 - <unknown>
[INFO] [stdout]   15:     0x628ba8fce3dc - <unknown>
[INFO] [stdout]   16:     0x628ba8fed1ec - <unknown>
[INFO] [stdout]   17:     0x628ba8fbdf08 - <unknown>
[INFO] [stdout]   18:     0x7293ad6f6dfa - <unknown>
[INFO] [stdout]   19:     0x7293ad78a3d4 - clone
[INFO] [stdout]   20:                0x0 - <unknown>
[INFO] [stdout] 
[INFO] [stdout] 
[INFO] [stdout] failures:
[INFO] [stdout]     config::split::tests::test_split_unicode_script
[INFO] [stdout] 
[INFO] [stdout] test result: FAILED. 29 passed; 1 failed; 0 ignored; 0 measured; 0 filtered out; finished in 0.01s
[INFO] [stdout] 
[INFO] [stderr] error: test failed, to rerun pass `--lib`
[INFO] running `Command { std: "docker" "inspect" "681b3cb86cc8c94a21fdd301abeea6ffea2ebc81a9690ff5439e6fa8a7f0ec9f", kill_on_drop: false }`
[INFO] running `Command { std: "docker" "rm" "-f" "681b3cb86cc8c94a21fdd301abeea6ffea2ebc81a9690ff5439e6fa8a7f0ec9f", kill_on_drop: false }`
[INFO] [stdout] 681b3cb86cc8c94a21fdd301abeea6ffea2ebc81a9690ff5439e6fa8a7f0ec9f
